This is the mail archive of the
gcc-testresults@gcc.gnu.org
mailing list for the GCC project.
Results for 4.0.0 20041231 (experimental) testsuite on i686-pc-linux-gnu
- From: Greg Schafer <gws at tigers-lfs dot local>
- To: gcc-testresults at gcc dot gnu dot org
- Date: Sun, 02 Jan 2005 22:05:08 +1100
- Subject: Results for 4.0.0 20041231 (experimental) testsuite on i686-pc-linux-gnu
LAST_UPDATED: Fri Dec 31 22:54:33 UTC 2004
Native configuration is i686-pc-linux-gnu
=== g++ tests ===
Running target unix
XPASS: g++.dg/warn/Wunused-9.C (test for warnings, line 32)
WARNING: g++.old-deja/g++.mike/p10769a.C compilation failed to produce executable
XPASS: g++.old-deja/g++.other/init5.C execution test
=== g++ Summary ===
# of expected passes 10575
# of unexpected successes 2
# of expected failures 71
# of unsupported tests 56
/temptools/src/gcc-build/gcc/testsuite/../g++ version 4.0.0 20041231 (experimental)
=== gcc tests ===
Running target unix
FAIL: gcc.dg/debug/dwarf2/dwarf-die7.c scan-assembler 1.*DW_AT_inline
FAIL: gcc.dg/i386-sse-7.c execution test
=== gcc Summary ===
# of expected passes 32421
# of unexpected failures 2
# of expected failures 104
# of untested testcases 28
# of unsupported tests 302
/temptools/src/gcc-build/gcc/xgcc version 4.0.0 20041231 (experimental)
=== libmudflap tests ===
Running target unix
FAIL: libmudflap.cth/pass40-frag.c execution test
FAIL: libmudflap.cth/pass40-frag.c output pattern test
FAIL: libmudflap.cth/pass40-frag.c (-O2) execution test
FAIL: libmudflap.cth/pass40-frag.c (-O2) output pattern test
FAIL: libmudflap.cth/pass40-frag.c (-O3) execution test
FAIL: libmudflap.cth/pass40-frag.c (-O3) output pattern test
=== libmudflap Summary ===
# of expected passes 1238
# of unexpected failures 6
=== libstdc++-v3 check-abi Summary ===
# of added symbols: 54
# of missing symbols: 0
# of incompatible symbols: 0
using: /temptools/src/gcc-20041231T225435/libstdc++-v3/config/abi/i486-linux-gnu/baseline_symbols.txt
=== libstdc++ tests ===
Running target unix
XPASS: 22_locale/locale/cons/12658_thread-1.cc execution test
XPASS: 26_numerics/cmath/c99_classification_macros_c.cc (test for excess errors)
=== libstdc++ Summary ===
# of expected passes 3356
# of unexpected successes 2
# of expected failures 5
Compiler version: 4.0.0 20041231 (experimental)
Platform: i686-pc-linux-gnu
configure flags: --libexecdir=/usr/lib --enable-shared --enable-clocale=gnu --enable-threads=posix --enable-__cxa_atexit --disable-checking --enable-languages=c,c++