This is the mail archive of the
gcc-testresults@gcc.gnu.org
mailing list for the GCC project.
Results for 4.0.0-tree-profiling 20041219 (experimental) testsuite on x86_64-suse-linux-gnu
- From: aj at suse dot de (Andreas Jaeger)
- To: gcc-testresults at gcc dot gnu dot org
- Date: Sun, 26 Dec 2004 01:47:51 UT
- Subject: Results for 4.0.0-tree-profiling 20041219 (experimental) testsuite on x86_64-suse-linux-gnu
Bootstrap and regtesting on x86_64-suse-linux-gnu.
CVS sources: branch: tree-profiling-branch.
LAST_UPDATED: Sat Dec 25 23:30:59 UTC 2004
Native configuration is x86_64-suse-linux-gnu
=== gcc tests ===
Running target unix/-m32
FAIL: gcc.c-torture/compile/pr17529.c -O1 (test for excess errors)
FAIL: gcc.c-torture/compile/pr17529.c -O2 (test for excess errors)
FAIL: gcc.c-torture/compile/pr17529.c -O3 -fomit-frame-pointer (test for excess errors)
FAIL: gcc.c-torture/compile/pr17529.c -O3 -g (test for excess errors)
FAIL: gcc.c-torture/compile/pr17529.c -Os (test for excess errors)
FAIL: gcc.c-torture/execute/ieee/20010114-2.c execution, -O1
FAIL: gcc.c-torture/execute/ieee/20010114-2.c execution, -O2
FAIL: gcc.c-torture/execute/ieee/20010114-2.c execution, -Os
FAIL: gcc.c-torture/execute/ieee/20030331-1.c execution, -O1
FAIL: gcc.c-torture/execute/ieee/20030331-1.c execution, -O2
FAIL: gcc.c-torture/execute/ieee/20030331-1.c execution, -O3 -fomit-frame-pointer
FAIL: gcc.c-torture/execute/ieee/20030331-1.c execution, -O3 -g
FAIL: gcc.c-torture/execute/ieee/20030331-1.c execution, -Os
FAIL: gcc.c-torture/execute/ieee/980619-1.c execution, -O1
FAIL: gcc.c-torture/execute/ieee/980619-1.c execution, -O2
FAIL: gcc.c-torture/execute/ieee/980619-1.c execution, -O3 -fomit-frame-pointer
FAIL: gcc.c-torture/execute/ieee/980619-1.c execution, -O3 -fomit-frame-pointer -funroll-loops
FAIL: gcc.c-torture/execute/ieee/980619-1.c execution, -O3 -fomit-frame-pointer -funroll-all-loops -finline-functions
FAIL: gcc.c-torture/execute/ieee/980619-1.c execution, -O3 -g
FAIL: gcc.c-torture/execute/ieee/980619-1.c execution, -Os
FAIL: gcc.dg/compat/struct-by-value-22 c_compat_x_tst.o-c_compat_y_alt.o execute
FAIL: gcc.dg/compat/struct-by-value-22 c_compat_x_alt.o-c_compat_y_tst.o execute
FAIL: gcc.dg/compat/vector-1 c_compat_x_alt.o compile
FAIL: gcc.dg/compat/vector-1 c_compat_y_alt.o compile
UNRESOLVED: gcc.dg/compat/vector-1 c_compat_x_tst.o-c_compat_y_alt.o link
UNRESOLVED: gcc.dg/compat/vector-1 c_compat_x_tst.o-c_compat_y_alt.o execute
UNRESOLVED: gcc.dg/compat/vector-1 c_compat_x_alt.o-c_compat_y_tst.o link
UNRESOLVED: gcc.dg/compat/vector-1 c_compat_x_alt.o-c_compat_y_tst.o execute
UNRESOLVED: gcc.dg/compat/vector-1 c_compat_x_alt.o-c_compat_y_alt.o link
UNRESOLVED: gcc.dg/compat/vector-1 c_compat_x_alt.o-c_compat_y_alt.o execute
FAIL: gcc.dg/compat/vector-2 c_compat_x_alt.o compile
FAIL: gcc.dg/compat/vector-2 c_compat_y_alt.o compile
UNRESOLVED: gcc.dg/compat/vector-2 c_compat_x_tst.o-c_compat_y_alt.o link
UNRESOLVED: gcc.dg/compat/vector-2 c_compat_x_tst.o-c_compat_y_alt.o execute
UNRESOLVED: gcc.dg/compat/vector-2 c_compat_x_alt.o-c_compat_y_tst.o link
UNRESOLVED: gcc.dg/compat/vector-2 c_compat_x_alt.o-c_compat_y_tst.o execute
UNRESOLVED: gcc.dg/compat/vector-2 c_compat_x_alt.o-c_compat_y_alt.o link
UNRESOLVED: gcc.dg/compat/vector-2 c_compat_x_alt.o-c_compat_y_alt.o execute
FAIL: tmpdir-gcc.dg-struct-layout-1/t001 c_compat_x_tst.o-c_compat_y_alt.o execute
FAIL: tmpdir-gcc.dg-struct-layout-1/t001 c_compat_x_alt.o-c_compat_y_tst.o execute
FAIL: tmpdir-gcc.dg-struct-layout-1/t002 c_compat_x_tst.o-c_compat_y_alt.o execute
FAIL: tmpdir-gcc.dg-struct-layout-1/t002 c_compat_x_alt.o-c_compat_y_tst.o execute
FAIL: tmpdir-gcc.dg-struct-layout-1/t003 c_compat_x_tst.o-c_compat_y_alt.o execute
FAIL: tmpdir-gcc.dg-struct-layout-1/t003 c_compat_x_alt.o-c_compat_y_tst.o execute
FAIL: tmpdir-gcc.dg-struct-layout-1/t004 c_compat_x_tst.o-c_compat_y_alt.o execute
FAIL: tmpdir-gcc.dg-struct-layout-1/t004 c_compat_x_alt.o-c_compat_y_tst.o execute
FAIL: tmpdir-gcc.dg-struct-layout-1/t005 c_compat_x_tst.o-c_compat_y_alt.o execute
FAIL: tmpdir-gcc.dg-struct-layout-1/t005 c_compat_x_alt.o-c_compat_y_tst.o execute
FAIL: tmpdir-gcc.dg-struct-layout-1/t006 c_compat_x_tst.o-c_compat_y_alt.o execute
FAIL: tmpdir-gcc.dg-struct-layout-1/t006 c_compat_x_alt.o-c_compat_y_tst.o execute
FAIL: tmpdir-gcc.dg-struct-layout-1/t007 c_compat_x_tst.o-c_compat_y_alt.o execute
FAIL: tmpdir-gcc.dg-struct-layout-1/t007 c_compat_x_alt.o-c_compat_y_tst.o execute
FAIL: tmpdir-gcc.dg-struct-layout-1/t008 c_compat_x_tst.o-c_compat_y_alt.o execute
FAIL: tmpdir-gcc.dg-struct-layout-1/t008 c_compat_x_alt.o-c_compat_y_tst.o execute
FAIL: tmpdir-gcc.dg-struct-layout-1/t009 c_compat_x_tst.o-c_compat_y_alt.o execute
FAIL: tmpdir-gcc.dg-struct-layout-1/t009 c_compat_x_alt.o-c_compat_y_tst.o execute
FAIL: tmpdir-gcc.dg-struct-layout-1/t010 c_compat_x_tst.o-c_compat_y_alt.o execute
FAIL: tmpdir-gcc.dg-struct-layout-1/t010 c_compat_x_alt.o-c_compat_y_tst.o execute
FAIL: tmpdir-gcc.dg-struct-layout-1/t011 c_compat_x_tst.o-c_compat_y_alt.o execute
FAIL: tmpdir-gcc.dg-struct-layout-1/t011 c_compat_x_alt.o-c_compat_y_tst.o execute
FAIL: tmpdir-gcc.dg-struct-layout-1/t012 c_compat_x_tst.o-c_compat_y_alt.o execute
FAIL: tmpdir-gcc.dg-struct-layout-1/t012 c_compat_x_alt.o-c_compat_y_tst.o execute
FAIL: tmpdir-gcc.dg-struct-layout-1/t013 c_compat_x_tst.o-c_compat_y_alt.o execute
FAIL: tmpdir-gcc.dg-struct-layout-1/t013 c_compat_x_alt.o-c_compat_y_tst.o execute
FAIL: tmpdir-gcc.dg-struct-layout-1/t014 c_compat_x_tst.o-c_compat_y_alt.o execute
FAIL: tmpdir-gcc.dg-struct-layout-1/t014 c_compat_x_alt.o-c_compat_y_tst.o execute
FAIL: tmpdir-gcc.dg-struct-layout-1/t015 c_compat_x_tst.o-c_compat_y_alt.o execute
FAIL: tmpdir-gcc.dg-struct-layout-1/t015 c_compat_x_alt.o-c_compat_y_tst.o execute
FAIL: tmpdir-gcc.dg-struct-layout-1/t016 c_compat_x_tst.o-c_compat_y_alt.o execute
FAIL: tmpdir-gcc.dg-struct-layout-1/t016 c_compat_x_alt.o-c_compat_y_tst.o execute
FAIL: tmpdir-gcc.dg-struct-layout-1/t017 c_compat_x_tst.o-c_compat_y_alt.o execute
FAIL: tmpdir-gcc.dg-struct-layout-1/t017 c_compat_x_alt.o-c_compat_y_tst.o execute
FAIL: tmpdir-gcc.dg-struct-layout-1/t018 c_compat_x_tst.o-c_compat_y_alt.o execute
FAIL: tmpdir-gcc.dg-struct-layout-1/t018 c_compat_x_alt.o-c_compat_y_tst.o execute
FAIL: tmpdir-gcc.dg-struct-layout-1/t019 c_compat_x_tst.o-c_compat_y_alt.o execute
FAIL: tmpdir-gcc.dg-struct-layout-1/t019 c_compat_x_alt.o-c_compat_y_tst.o execute
FAIL: tmpdir-gcc.dg-struct-layout-1/t020 c_compat_x_tst.o-c_compat_y_alt.o execute
FAIL: tmpdir-gcc.dg-struct-layout-1/t020 c_compat_x_alt.o-c_compat_y_tst.o execute
FAIL: tmpdir-gcc.dg-struct-layout-1/t021 c_compat_x_tst.o-c_compat_y_alt.o execute
FAIL: tmpdir-gcc.dg-struct-layout-1/t021 c_compat_x_alt.o-c_compat_y_tst.o execute
FAIL: tmpdir-gcc.dg-struct-layout-1/t022 c_compat_x_tst.o-c_compat_y_alt.o execute
FAIL: tmpdir-gcc.dg-struct-layout-1/t022 c_compat_x_alt.o-c_compat_y_tst.o execute
FAIL: tmpdir-gcc.dg-struct-layout-1/t023 c_compat_x_tst.o-c_compat_y_alt.o execute
FAIL: tmpdir-gcc.dg-struct-layout-1/t023 c_compat_x_alt.o-c_compat_y_tst.o execute
FAIL: tmpdir-gcc.dg-struct-layout-1/t024 c_compat_x_tst.o-c_compat_y_alt.o execute
FAIL: tmpdir-gcc.dg-struct-layout-1/t024 c_compat_x_alt.o-c_compat_y_tst.o execute
FAIL: tmpdir-gcc.dg-struct-layout-1/t025 c_compat_x_alt.o compile
FAIL: tmpdir-gcc.dg-struct-layout-1/t025 c_compat_y_alt.o compile
UNRESOLVED: tmpdir-gcc.dg-struct-layout-1/t025 c_compat_x_tst.o-c_compat_y_alt.o link
UNRESOLVED: tmpdir-gcc.dg-struct-layout-1/t025 c_compat_x_tst.o-c_compat_y_alt.o execute
UNRESOLVED: tmpdir-gcc.dg-struct-layout-1/t025 c_compat_x_alt.o-c_compat_y_tst.o link
UNRESOLVED: tmpdir-gcc.dg-struct-layout-1/t025 c_compat_x_alt.o-c_compat_y_tst.o execute
UNRESOLVED: tmpdir-gcc.dg-struct-layout-1/t025 c_compat_x_alt.o-c_compat_y_alt.o link
UNRESOLVED: tmpdir-gcc.dg-struct-layout-1/t025 c_compat_x_alt.o-c_compat_y_alt.o execute
FAIL: tmpdir-gcc.dg-struct-layout-1/t026 c_compat_x_tst.o-c_compat_y_alt.o execute
FAIL: tmpdir-gcc.dg-struct-layout-1/t026 c_compat_x_alt.o-c_compat_y_tst.o execute
FAIL: tmpdir-gcc.dg-struct-layout-1/t026 c_compat_x_alt.o-c_compat_y_alt.o execute
FAIL: tmpdir-gcc.dg-struct-layout-1/t027 c_compat_x_alt.o compile
FAIL: tmpdir-gcc.dg-struct-layout-1/t027 c_compat_y_alt.o compile
UNRESOLVED: tmpdir-gcc.dg-struct-layout-1/t027 c_compat_x_tst.o-c_compat_y_alt.o link
UNRESOLVED: tmpdir-gcc.dg-struct-layout-1/t027 c_compat_x_tst.o-c_compat_y_alt.o execute
UNRESOLVED: tmpdir-gcc.dg-struct-layout-1/t027 c_compat_x_alt.o-c_compat_y_tst.o link
UNRESOLVED: tmpdir-gcc.dg-struct-layout-1/t027 c_compat_x_alt.o-c_compat_y_tst.o execute
UNRESOLVED: tmpdir-gcc.dg-struct-layout-1/t027 c_compat_x_alt.o-c_compat_y_alt.o link
UNRESOLVED: tmpdir-gcc.dg-struct-layout-1/t027 c_compat_x_alt.o-c_compat_y_alt.o execute
FAIL: tmpdir-gcc.dg-struct-layout-1/t028 c_compat_x_alt.o compile
FAIL: tmpdir-gcc.dg-struct-layout-1/t028 c_compat_y_alt.o compile
UNRESOLVED: tmpdir-gcc.dg-struct-layout-1/t028 c_compat_x_tst.o-c_compat_y_alt.o link
UNRESOLVED: tmpdir-gcc.dg-struct-layout-1/t028 c_compat_x_tst.o-c_compat_y_alt.o execute
UNRESOLVED: tmpdir-gcc.dg-struct-layout-1/t028 c_compat_x_alt.o-c_compat_y_tst.o link
UNRESOLVED: tmpdir-gcc.dg-struct-layout-1/t028 c_compat_x_alt.o-c_compat_y_tst.o execute
UNRESOLVED: tmpdir-gcc.dg-struct-layout-1/t028 c_compat_x_alt.o-c_compat_y_alt.o link
UNRESOLVED: tmpdir-gcc.dg-struct-layout-1/t028 c_compat_x_alt.o-c_compat_y_alt.o execute
FAIL: gcc.dg/i386-local.c scan-assembler magic[^\\\\n]*edi
FAIL: gcc.dg/pr18596-1.c (test for excess errors)
FAIL: gcc.dg/tree-ssa/ssa-dce-2.c scan-tree-dump-times if 0
=== gcc Summary for unix/-m32 ===
# of expected passes 32556
# of unexpected failures 86
# of expected failures 118
# of unresolved testcases 30
# of untested testcases 28
# of unsupported tests 410
Running target unix
FAIL: gcc.c-torture/compile/pr17529.c -O1 (test for excess errors)
FAIL: gcc.c-torture/compile/pr17529.c -O2 (test for excess errors)
FAIL: gcc.c-torture/compile/pr17529.c -O3 -fomit-frame-pointer (test for excess errors)
FAIL: gcc.c-torture/compile/pr17529.c -O3 -g (test for excess errors)
FAIL: gcc.c-torture/compile/pr17529.c -Os (test for excess errors)
FAIL: gcc.dg/compat/vector-1 c_compat_x_alt.o compile
FAIL: gcc.dg/compat/vector-1 c_compat_y_alt.o compile
UNRESOLVED: gcc.dg/compat/vector-1 c_compat_x_tst.o-c_compat_y_alt.o link
UNRESOLVED: gcc.dg/compat/vector-1 c_compat_x_tst.o-c_compat_y_alt.o execute
UNRESOLVED: gcc.dg/compat/vector-1 c_compat_x_alt.o-c_compat_y_tst.o link
UNRESOLVED: gcc.dg/compat/vector-1 c_compat_x_alt.o-c_compat_y_tst.o execute
UNRESOLVED: gcc.dg/compat/vector-1 c_compat_x_alt.o-c_compat_y_alt.o link
UNRESOLVED: gcc.dg/compat/vector-1 c_compat_x_alt.o-c_compat_y_alt.o execute
FAIL: gcc.dg/compat/vector-2 c_compat_x_alt.o compile
FAIL: gcc.dg/compat/vector-2 c_compat_y_alt.o compile
UNRESOLVED: gcc.dg/compat/vector-2 c_compat_x_tst.o-c_compat_y_alt.o link
UNRESOLVED: gcc.dg/compat/vector-2 c_compat_x_tst.o-c_compat_y_alt.o execute
UNRESOLVED: gcc.dg/compat/vector-2 c_compat_x_alt.o-c_compat_y_tst.o link
UNRESOLVED: gcc.dg/compat/vector-2 c_compat_x_alt.o-c_compat_y_tst.o execute
UNRESOLVED: gcc.dg/compat/vector-2 c_compat_x_alt.o-c_compat_y_alt.o link
UNRESOLVED: gcc.dg/compat/vector-2 c_compat_x_alt.o-c_compat_y_alt.o execute
FAIL: tmpdir-gcc.dg-struct-layout-1/t001 c_compat_x_alt.o compile
FAIL: tmpdir-gcc.dg-struct-layout-1/t001 c_compat_y_alt.o compile
UNRESOLVED: tmpdir-gcc.dg-struct-layout-1/t001 c_compat_x_tst.o-c_compat_y_alt.o link
UNRESOLVED: tmpdir-gcc.dg-struct-layout-1/t001 c_compat_x_tst.o-c_compat_y_alt.o execute
UNRESOLVED: tmpdir-gcc.dg-struct-layout-1/t001 c_compat_x_alt.o-c_compat_y_tst.o link
UNRESOLVED: tmpdir-gcc.dg-struct-layout-1/t001 c_compat_x_alt.o-c_compat_y_tst.o execute
UNRESOLVED: tmpdir-gcc.dg-struct-layout-1/t001 c_compat_x_alt.o-c_compat_y_alt.o link
UNRESOLVED: tmpdir-gcc.dg-struct-layout-1/t001 c_compat_x_alt.o-c_compat_y_alt.o execute
FAIL: tmpdir-gcc.dg-struct-layout-1/t002 c_compat_x_tst.o-c_compat_y_alt.o execute
FAIL: tmpdir-gcc.dg-struct-layout-1/t002 c_compat_x_alt.o-c_compat_y_tst.o execute
FAIL: tmpdir-gcc.dg-struct-layout-1/t003 c_compat_x_tst.o-c_compat_y_alt.o execute
FAIL: tmpdir-gcc.dg-struct-layout-1/t003 c_compat_x_alt.o-c_compat_y_tst.o execute
FAIL: tmpdir-gcc.dg-struct-layout-1/t004 c_compat_x_tst.o-c_compat_y_alt.o execute
FAIL: tmpdir-gcc.dg-struct-layout-1/t004 c_compat_x_alt.o-c_compat_y_tst.o execute
FAIL: tmpdir-gcc.dg-struct-layout-1/t005 c_compat_x_tst.o-c_compat_y_alt.o execute
FAIL: tmpdir-gcc.dg-struct-layout-1/t005 c_compat_x_alt.o-c_compat_y_tst.o execute
FAIL: tmpdir-gcc.dg-struct-layout-1/t006 c_compat_x_tst.o-c_compat_y_alt.o execute
FAIL: tmpdir-gcc.dg-struct-layout-1/t006 c_compat_x_alt.o-c_compat_y_tst.o execute
FAIL: tmpdir-gcc.dg-struct-layout-1/t007 c_compat_x_tst.o-c_compat_y_alt.o execute
FAIL: tmpdir-gcc.dg-struct-layout-1/t007 c_compat_x_alt.o-c_compat_y_tst.o execute
FAIL: tmpdir-gcc.dg-struct-layout-1/t011 c_compat_x_alt.o compile
FAIL: tmpdir-gcc.dg-struct-layout-1/t011 c_compat_y_alt.o compile
UNRESOLVED: tmpdir-gcc.dg-struct-layout-1/t011 c_compat_x_tst.o-c_compat_y_alt.o link
UNRESOLVED: tmpdir-gcc.dg-struct-layout-1/t011 c_compat_x_tst.o-c_compat_y_alt.o execute
UNRESOLVED: tmpdir-gcc.dg-struct-layout-1/t011 c_compat_x_alt.o-c_compat_y_tst.o link
UNRESOLVED: tmpdir-gcc.dg-struct-layout-1/t011 c_compat_x_alt.o-c_compat_y_tst.o execute
UNRESOLVED: tmpdir-gcc.dg-struct-layout-1/t011 c_compat_x_alt.o-c_compat_y_alt.o link
UNRESOLVED: tmpdir-gcc.dg-struct-layout-1/t011 c_compat_x_alt.o-c_compat_y_alt.o execute
FAIL: tmpdir-gcc.dg-struct-layout-1/t014 c_compat_x_tst.o-c_compat_y_alt.o execute
FAIL: tmpdir-gcc.dg-struct-layout-1/t014 c_compat_x_alt.o-c_compat_y_tst.o execute
FAIL: tmpdir-gcc.dg-struct-layout-1/t017 c_compat_x_tst.o-c_compat_y_alt.o execute
FAIL: tmpdir-gcc.dg-struct-layout-1/t017 c_compat_x_alt.o-c_compat_y_tst.o execute
FAIL: tmpdir-gcc.dg-struct-layout-1/t019 c_compat_x_tst.o-c_compat_y_alt.o execute
FAIL: tmpdir-gcc.dg-struct-layout-1/t019 c_compat_x_alt.o-c_compat_y_tst.o execute
FAIL: tmpdir-gcc.dg-struct-layout-1/t020 c_compat_x_tst.o-c_compat_y_alt.o execute
FAIL: tmpdir-gcc.dg-struct-layout-1/t020 c_compat_x_alt.o-c_compat_y_tst.o execute
FAIL: tmpdir-gcc.dg-struct-layout-1/t021 c_compat_x_tst.o-c_compat_y_alt.o execute
FAIL: tmpdir-gcc.dg-struct-layout-1/t021 c_compat_x_alt.o-c_compat_y_tst.o execute
FAIL: tmpdir-gcc.dg-struct-layout-1/t022 c_compat_x_tst.o-c_compat_y_alt.o execute
FAIL: tmpdir-gcc.dg-struct-layout-1/t022 c_compat_x_alt.o-c_compat_y_tst.o execute
FAIL: tmpdir-gcc.dg-struct-layout-1/t023 c_compat_x_tst.o-c_compat_y_alt.o execute
FAIL: tmpdir-gcc.dg-struct-layout-1/t023 c_compat_x_alt.o-c_compat_y_tst.o execute
FAIL: tmpdir-gcc.dg-struct-layout-1/t024 c_compat_x_tst.o-c_compat_y_alt.o execute
FAIL: tmpdir-gcc.dg-struct-layout-1/t024 c_compat_x_alt.o-c_compat_y_tst.o execute
FAIL: tmpdir-gcc.dg-struct-layout-1/t025 c_compat_x_alt.o compile
FAIL: tmpdir-gcc.dg-struct-layout-1/t025 c_compat_y_alt.o compile
UNRESOLVED: tmpdir-gcc.dg-struct-layout-1/t025 c_compat_x_tst.o-c_compat_y_alt.o link
UNRESOLVED: tmpdir-gcc.dg-struct-layout-1/t025 c_compat_x_tst.o-c_compat_y_alt.o execute
UNRESOLVED: tmpdir-gcc.dg-struct-layout-1/t025 c_compat_x_alt.o-c_compat_y_tst.o link
UNRESOLVED: tmpdir-gcc.dg-struct-layout-1/t025 c_compat_x_alt.o-c_compat_y_tst.o execute
UNRESOLVED: tmpdir-gcc.dg-struct-layout-1/t025 c_compat_x_alt.o-c_compat_y_alt.o link
UNRESOLVED: tmpdir-gcc.dg-struct-layout-1/t025 c_compat_x_alt.o-c_compat_y_alt.o execute
FAIL: tmpdir-gcc.dg-struct-layout-1/t026 c_compat_x_tst.o-c_compat_y_alt.o execute
FAIL: tmpdir-gcc.dg-struct-layout-1/t026 c_compat_x_alt.o-c_compat_y_tst.o execute
FAIL: tmpdir-gcc.dg-struct-layout-1/t027 c_compat_x_tst.o-c_compat_y_tst.o execute
FAIL: tmpdir-gcc.dg-struct-layout-1/t027 c_compat_x_tst.o-c_compat_y_alt.o execute
FAIL: tmpdir-gcc.dg-struct-layout-1/t027 c_compat_x_alt.o-c_compat_y_tst.o execute
FAIL: tmpdir-gcc.dg-struct-layout-1/t027 c_compat_x_alt.o-c_compat_y_alt.o execute
FAIL: tmpdir-gcc.dg-struct-layout-1/t028 c_compat_x_alt.o compile
FAIL: tmpdir-gcc.dg-struct-layout-1/t028 c_compat_y_alt.o compile
UNRESOLVED: tmpdir-gcc.dg-struct-layout-1/t028 c_compat_x_tst.o-c_compat_y_alt.o link
UNRESOLVED: tmpdir-gcc.dg-struct-layout-1/t028 c_compat_x_tst.o-c_compat_y_alt.o execute
UNRESOLVED: tmpdir-gcc.dg-struct-layout-1/t028 c_compat_x_alt.o-c_compat_y_tst.o link
UNRESOLVED: tmpdir-gcc.dg-struct-layout-1/t028 c_compat_x_alt.o-c_compat_y_tst.o execute
UNRESOLVED: tmpdir-gcc.dg-struct-layout-1/t028 c_compat_x_alt.o-c_compat_y_alt.o link
UNRESOLVED: tmpdir-gcc.dg-struct-layout-1/t028 c_compat_x_alt.o-c_compat_y_alt.o execute
FAIL: gcc.dg/i386-sse-2.c (test for excess errors)
FAIL: gcc.dg/pr18596-1.c (test for excess errors)
FAIL: gcc.dg/tree-ssa/loop-4.c scan-tree-dump-times arr_base[^\\n\\r]*= 0
FAIL: gcc.dg/tree-ssa/ssa-dce-2.c scan-tree-dump-times if 0
FAIL: gcc.dg/vect/vect-27a.c scan-tree-dump-times vectorized 1 loops 1
FAIL: gcc.dg/vect/vect-29a.c scan-tree-dump-times vectorized 1 loops 1
FAIL: gcc.dg/vect/vect-48a.c scan-tree-dump-times vectorized 1 loops 1
FAIL: gcc.dg/vect/vect-56a.c scan-tree-dump-times vectorized 1 loops 1
FAIL: gcc.dg/vect/vect-72a.c scan-tree-dump-times vectorized 1 loops 1
FAIL: gcc.dg/vect/vect-77a.c scan-tree-dump-times vectorized 1 loops 1
=== gcc Summary for unix ===
# of expected passes 32575
# of unexpected failures 61
# of expected failures 118
# of unresolved testcases 36
# of untested testcases 28
# of unsupported tests 410
=== gcc Summary ===
# of expected passes 65131
# of unexpected failures 147
# of expected failures 236
# of unresolved testcases 66
# of untested testcases 56
# of unsupported tests 820
/builds/gcc/misc/gcc/xgcc version 4.0.0-tree-profiling 20041219 (experimental)
=== gfortran tests ===
Running target unix/-m32
XPASS: gfortran.dg/ret_pointer_1.f90 -O0 execution test
XPASS: gfortran.dg/ret_pointer_1.f90 -O1 execution test
XPASS: gfortran.dg/ret_pointer_1.f90 -O2 execution test
XPASS: gfortran.dg/ret_pointer_1.f90 -O3 -fomit-frame-pointer execution test
XPASS: gfortran.dg/ret_pointer_1.f90 -O3 -fomit-frame-pointer -funroll-loops execution test
XPASS: gfortran.dg/ret_pointer_1.f90 -O3 -fomit-frame-pointer -funroll-all-loops -finline-functions execution test
XPASS: gfortran.dg/ret_pointer_1.f90 -O3 -g execution test
XPASS: gfortran.dg/ret_pointer_1.f90 -Os execution test
FAIL: gfortran.fortran-torture/execute/forall_3.f90 execution, -O1
FAIL: gfortran.fortran-torture/execute/intrinsic_rrspacing.f90 execution, -O0
FAIL: gfortran.fortran-torture/execute/intrinsic_rrspacing.f90 execution, -O1
FAIL: gfortran.fortran-torture/execute/intrinsic_rrspacing.f90 execution, -O2
FAIL: gfortran.fortran-torture/execute/intrinsic_rrspacing.f90 execution, -O3 -fomit-frame-pointer
FAIL: gfortran.fortran-torture/execute/intrinsic_rrspacing.f90 execution, -O3 -fomit-frame-pointer -funroll-loops
FAIL: gfortran.fortran-torture/execute/intrinsic_rrspacing.f90 execution, -O3 -fomit-frame-pointer -funroll-all-loops -finline-functions
FAIL: gfortran.fortran-torture/execute/intrinsic_rrspacing.f90 execution, -O3 -g
FAIL: gfortran.fortran-torture/execute/intrinsic_rrspacing.f90 execution, -Os
=== gfortran Summary for unix/-m32 ===
# of expected passes 4791
# of unexpected failures 9
# of unexpected successes 8
# of expected failures 18
# of unsupported tests 8
Running target unix
XPASS: gfortran.dg/ret_pointer_1.f90 -O0 execution test
XPASS: gfortran.dg/ret_pointer_1.f90 -O1 execution test
XPASS: gfortran.dg/ret_pointer_1.f90 -O2 execution test
XPASS: gfortran.dg/ret_pointer_1.f90 -O3 -fomit-frame-pointer execution test
XPASS: gfortran.dg/ret_pointer_1.f90 -O3 -fomit-frame-pointer -funroll-loops execution test
XPASS: gfortran.dg/ret_pointer_1.f90 -O3 -fomit-frame-pointer -funroll-all-loops -finline-functions execution test
XPASS: gfortran.dg/ret_pointer_1.f90 -O3 -g execution test
XPASS: gfortran.dg/ret_pointer_1.f90 -Os execution test
FAIL: gfortran.fortran-torture/execute/forall_3.f90 execution, -O0
FAIL: gfortran.fortran-torture/execute/forall_3.f90 execution, -O2
FAIL: gfortran.fortran-torture/execute/forall_3.f90 execution, -O3 -fomit-frame-pointer
FAIL: gfortran.fortran-torture/execute/forall_3.f90 execution, -O3 -fomit-frame-pointer -funroll-loops
FAIL: gfortran.fortran-torture/execute/forall_3.f90 execution, -O3 -fomit-frame-pointer -funroll-all-loops -finline-functions
FAIL: gfortran.fortran-torture/execute/forall_3.f90 execution, -O3 -g
FAIL: gfortran.fortran-torture/execute/forall_3.f90 execution, -Os
=== gfortran Summary for unix ===
# of expected passes 4793
# of unexpected failures 7
# of unexpected successes 8
# of expected failures 18
# of unsupported tests 8
=== gfortran Summary ===
# of expected passes 9584
# of unexpected failures 16
# of unexpected successes 16
# of expected failures 36
# of unsupported tests 16
/builds/gcc/misc/gcc/testsuite/../gfortran version 4.0.0-tree-profiling 20041219 (experimental)
=== g++ tests ===
Running target unix/-m32
FAIL: g++.dg/eh/simd-1.C (test for excess errors)
FAIL: g++.dg/eh/simd-2.C (test for excess errors)
FAIL: g++.dg/other/static11.C (test for excess errors)
WARNING: g++.old-deja/g++.mike/p10769a.C compilation failed to produce executable
XPASS: g++.old-deja/g++.other/init5.C execution test
=== g++ Summary for unix/-m32 ===
# of expected passes 10465
# of unexpected failures 3
# of unexpected successes 1
# of expected failures 70
# of unsupported tests 88
Running target unix
FAIL: g++.dg/other/mmintrin.C (test for excess errors)
FAIL: g++.dg/other/static11.C (test for excess errors)
WARNING: g++.old-deja/g++.mike/p10769a.C compilation failed to produce executable
XPASS: g++.old-deja/g++.other/init5.C execution test
=== g++ Summary for unix ===
# of expected passes 10434
# of unexpected failures 2
# of unexpected successes 1
# of expected failures 70
# of unsupported tests 90
=== g++ Summary ===
# of expected passes 20899
# of unexpected failures 5
# of unexpected successes 2
# of expected failures 140
# of unsupported tests 178
/builds/gcc/misc/gcc/testsuite/../g++ version 4.0.0-tree-profiling 20041219 (experimental)
=== objc tests ===
Running target unix/-m32
=== objc Summary for unix/-m32 ===
# of expected passes 1525
# of unsupported tests 10
Running target unix
=== objc Summary for unix ===
# of expected passes 1525
# of unsupported tests 10
=== objc Summary ===
# of expected passes 3050
# of unsupported tests 20
/builds/gcc/misc/gcc/xgcc version 4.0.0-tree-profiling 20041219 (experimental)
=== libffi tests ===
Running target unix/-m32
=== libffi Summary for unix/-m32 ===
# of expected passes 216
# of unsupported tests 2
Running target unix
FAIL: libffi.call/cls_12byte.c output pattern test, is 7 4 9 1 5 3: 8 9 12
FAIL: libffi.call/cls_16byte.c output pattern test, is 7 8 9 1 9 3: 8 17 12
FAIL: libffi.call/cls_18byte.c output pattern test, is 1 127 126 3 4 125 124 5: 5 252 250 8
FAIL: libffi.call/cls_19byte.c output pattern test, is 1 127 126 3 120 4 125 124 5 119: 5 252 250 8 239
FAIL: libffi.call/cls_1_1byte.c execution test
FAIL: libffi.call/cls_20byte.c output pattern test, is 1 2 3 4 5 7: 5 7 10
FAIL: libffi.call/cls_20byte1.c output pattern test, is 1 2 3 4 5 7: 5 7 10
FAIL: libffi.call/cls_24byte.c execution test
FAIL: libffi.call/cls_2byte.c output pattern test, is 12 127 1 13: 13 140
FAIL: libffi.call/cls_3_1byte.c output pattern test, is 12 13 14 178 179 180: 190 192 194
FAIL: libffi.call/cls_3byte1.c output pattern test, is 12 119 1 15: 13 134
FAIL: libffi.call/cls_3byte2.c output pattern test, is 15 125 9 19: 24 144
FAIL: libffi.call/cls_4_1byte.c output pattern test, is 12 13 14 15 178 179 180 181: 190 192 194 196
FAIL: libffi.call/cls_4byte.c output pattern test, is 127 120 12 128: 139 248
FAIL: libffi.call/cls_5byte.c output pattern test, is 127 120 1 12 128 9: 139 248 10
FAIL: libffi.call/cls_64byte.c execution test
FAIL: libffi.call/cls_6byte.c output pattern test, is 127 120 1 128 12 128 9 127: 139 248 10 255
FAIL: libffi.call/cls_7byte.c output pattern test, is 127 120 1 254 12 128 9 255: 139 248 10 509
FAIL: libffi.call/cls_8byte.c output pattern test, is 1 2 4 5: 5 7
FAIL: libffi.call/cls_9byte1.c output pattern test, is 7 8 1 9: 8 17
FAIL: libffi.call/cls_9byte2.c output pattern test, is 7 8 1 9: 8 17
FAIL: libffi.call/cls_align_double.c output pattern test, is 12 4951 127 1 9320 13: 13 14271 140
FAIL: libffi.call/cls_align_float.c output pattern test, is 12 4951 127 1 9320 13: 13 14271 140
FAIL: libffi.call/cls_align_longdouble.c output pattern test, is 12 4951 127 1 9320 13: 13 14271 140
FAIL: libffi.call/cls_align_pointer.c output pattern test, is 12 4951 127 1 9320 13: 13 14271 140
FAIL: libffi.call/cls_align_sint16.c output pattern test, is 12 4951 127 1 9320 13: 13 14271 140
FAIL: libffi.call/cls_align_sint32.c output pattern test, is 12 4951 127 1 9320 13: 13 14271 140
FAIL: libffi.call/cls_align_sint64.c output pattern test, is 12 4951 127 1 9320 13: 13 14271 140
FAIL: libffi.call/cls_align_uint16.c output pattern test, is 12 4951 127 1 9320 13: 13 14271 140
FAIL: libffi.call/cls_align_uint32.c output pattern test, is 12 4951 127 1 9320 13: 13 14271 140
FAIL: libffi.call/cls_align_uint64.c output pattern test, is 12 4951 127 1 9320 13: 13 14271 140
FAIL: libffi.call/nested_struct.c execution test
FAIL: libffi.call/nested_struct1.c output pattern test, is 9 2 6 1 2 3 4 5 6 3 1 8 3 2 4: 15 10 13 10 12 13
FAIL: libffi.call/nested_struct2.c output pattern test, is 1 7 12 127 99: 13 233 134
FAIL: libffi.call/nested_struct3.c output pattern test, is 1 7 12 127 99: 13 233 134
FAIL: libffi.call/problem1.c output pattern test, is 1 2 3 1 2 3: 2 4 6
FAIL: libffi.call/pyobjc-tc.c execution test
=== libffi Summary for unix ===
# of expected passes 175
# of unexpected failures 37
# of unsupported tests 2
=== libffi Summary ===
# of expected passes 391
# of unexpected failures 37
# of unsupported tests 4
=== libjava tests ===
Running target unix/-m32
XPASS: pr13107_3 compilation from bytecode
XPASS: pr13107_3 -O3 compilation from bytecode
FAIL: stringconst -O3 compilation from bytecode
FAIL: stringconst2 -O3 compilation from bytecode
=== libjava Summary for unix/-m32 ===
# of expected passes 3693
# of unexpected failures 2
# of unexpected successes 2
# of expected failures 12
# of untested testcases 16
Running target unix
XPASS: pr13107_3 compilation from bytecode
XPASS: pr13107_3 -O3 compilation from bytecode
FAIL: stringconst -O3 compilation from bytecode
FAIL: stringconst2 -O3 compilation from bytecode
=== libjava Summary for unix ===
# of expected passes 3693
# of unexpected failures 2
# of unexpected successes 2
# of expected failures 12
# of untested testcases 16
=== libjava Summary ===
# of expected passes 7386
# of unexpected failures 4
# of unexpected successes 4
# of expected failures 24
# of untested testcases 32
=== libmudflap tests ===
Running target unix/-m32
FAIL: libmudflap.cth/pass40-frag.c execution test
FAIL: libmudflap.cth/pass40-frag.c output pattern test
FAIL: libmudflap.cth/pass40-frag.c (-O2) execution test
FAIL: libmudflap.cth/pass40-frag.c (-O2) output pattern test
FAIL: libmudflap.cth/pass40-frag.c (-O3) execution test
FAIL: libmudflap.cth/pass40-frag.c (-O3) output pattern test
=== libmudflap Summary for unix/-m32 ===
# of expected passes 1238
# of unexpected failures 6
Running target unix
=== libmudflap Summary for unix ===
# of expected passes 1244
=== libmudflap Summary ===
# of expected passes 2482
# of unexpected failures 6
=== libstdc++-v3 check-abi Summary ===
# of added symbols: 53
# of missing symbols: 0
# of incompatible symbols: 0
using: /cvs/gcc-tree-profiling-branch/libstdc++-v3/config/abi/x86_64-linux-gnu/baseline_symbols.txt
=== libstdc++ tests ===
Running target unix/-m32
XPASS: 22_locale/locale/cons/12658_thread-1.cc execution test
FAIL: 22_locale/messages/members/char/1.cc execution test
FAIL: 22_locale/messages/members/char/2.cc execution test
FAIL: 22_locale/messages/members/char/wrapped_env.cc execution test
FAIL: 22_locale/messages/members/char/wrapped_locale.cc execution test
FAIL: 22_locale/messages_byname/named_equivalence.cc execution test
FAIL: 23_containers/bitset/operations/2.cc execution test
XPASS: 26_numerics/cmath/c99_classification_macros_c.cc (test for excess errors)
=== libstdc++ Summary for unix/-m32 ===
# of expected passes 3154
# of unexpected failures 6
# of unexpected successes 2
# of expected failures 5
Running target unix
XPASS: 22_locale/locale/cons/12658_thread-1.cc execution test
FAIL: 22_locale/messages/members/char/1.cc execution test
FAIL: 22_locale/messages/members/char/2.cc execution test
FAIL: 22_locale/messages/members/char/wrapped_env.cc execution test
FAIL: 22_locale/messages/members/char/wrapped_locale.cc execution test
FAIL: 22_locale/messages_byname/named_equivalence.cc execution test
XPASS: 26_numerics/cmath/c99_classification_macros_c.cc (test for excess errors)
XPASS: 27_io/fpos/14320-1.cc execution test
=== libstdc++ Summary for unix ===
# of expected passes 3155
# of unexpected failures 5
# of unexpected successes 3
# of expected failures 4
=== libstdc++ Summary ===
# of expected passes 6309
# of unexpected failures 11
# of unexpected successes 5
# of expected failures 9
Compiler version: 4.0.0-tree-profiling 20041219 (experimental)
Platform: x86_64-suse-linux-gnu
configure flags: --prefix=/opt/gcc/tree-profiling-branch --disable-nls --enable-threads=posix --enable-clocale=gnu --enable-__cxa_atexit --enable-shared --with-system-zlib x86_64-suse-linux-gnu --enable-languages=c,c++,f95,java,objc
Version of binutils: GNU ld version 2.15.91.0.2 20040727 (SuSE Linux)
Version of glibc (/lib/libc.so.6): 2.3.3 (20040917)
Version of glibc (/lib64/libc.so.6): 2.3.3 (20040917)