This is the mail archive of the
gcc-testresults@gcc.gnu.org
mailing list for the GCC project.
Results for 4.0.0 20041221 (experimental) testsuite on hppa-unknown-linux-gnu
- From: dave at hiauly6 dot hia dot nrc dot ca (John David Anglin)
- To: dave at hiauly6 dot hia dot nrc dot ca, gcc-testresults at gcc dot gnu dot org
- Date: Tue, 21 Dec 2004 20:07:23 -0500 (EST)
- Subject: Results for 4.0.0 20041221 (experimental) testsuite on hppa-unknown-linux-gnu
LAST_UPDATED: Tue Dec 21 00:43:30 UTC 2004
Native configuration is hppa-unknown-linux-gnu
=== g++ tests ===
Running target unix
WARNING: g++.old-deja/g++.mike/p10769a.C compilation failed to produce executable
XPASS: g++.old-deja/g++.other/init5.C execution test
FAIL: g++.old-deja/g++.other/thunk1.C (test for excess errors)
WARNING: g++.old-deja/g++.other/thunk1.C compilation failed to produce executable
=== g++ Summary ===
# of expected passes 10443
# of unexpected failures 1
# of unexpected successes 1
# of expected failures 70
# of unsupported tests 92
/home/dave/gnu/gcc-4.0/objdir/gcc/testsuite/../g++ version 4.0.0 20041221 (experimental)
=== gcc tests ===
Running target unix
FAIL: gcc.c-torture/execute/ieee/compare-fp-3.c compilation, -O1
UNRESOLVED: gcc.c-torture/execute/ieee/compare-fp-3.c execution, -O1
FAIL: gcc.c-torture/execute/ieee/compare-fp-3.c compilation, -O2
UNRESOLVED: gcc.c-torture/execute/ieee/compare-fp-3.c execution, -O2
FAIL: gcc.c-torture/execute/ieee/compare-fp-3.c compilation, -O3 -fomit-frame-pointer
UNRESOLVED: gcc.c-torture/execute/ieee/compare-fp-3.c execution, -O3 -fomit-frame-pointer
FAIL: gcc.c-torture/execute/ieee/compare-fp-3.c compilation, -O3 -g
UNRESOLVED: gcc.c-torture/execute/ieee/compare-fp-3.c execution, -O3 -g
FAIL: gcc.c-torture/execute/ieee/compare-fp-3.c compilation, -Os
UNRESOLVED: gcc.c-torture/execute/ieee/compare-fp-3.c execution, -Os
FAIL: gcc.dg/debug/dwarf2/dwarf-die7.c scan-assembler 1.*DW_AT_inline
FAIL: gcc.dg/cleanup-10.c execution test
FAIL: gcc.dg/cleanup-11.c execution test
XPASS: gcc.dg/const-elim-1.c scan-assembler-not L\\\\\$?C[^A-Z]
FAIL: gcc.dg/pr18596-1.c (test for excess errors)
FAIL: gcc.dg/struct-ret-1.c (test for excess errors)
FAIL: gcc.dg/tree-ssa/asm-2.c (test for excess errors)
FAIL: gcc.dg/tree-ssa/asm-3.c (test for excess errors)
=== gcc Summary ===
# of expected passes 31655
# of unexpected failures 12
# of unexpected successes 1
# of expected failures 74
# of unresolved testcases 5
# of untested testcases 28
# of unsupported tests 452
/home/dave/gnu/gcc-4.0/objdir/gcc/xgcc version 4.0.0 20041221 (experimental)
=== gfortran tests ===
Running target unix
XPASS: gfortran.dg/ret_pointer_1.f90 -O0 execution test
XPASS: gfortran.dg/ret_pointer_1.f90 -O1 execution test
XPASS: gfortran.dg/ret_pointer_1.f90 -O2 execution test
XPASS: gfortran.dg/ret_pointer_1.f90 -O3 -fomit-frame-pointer execution test
XPASS: gfortran.dg/ret_pointer_1.f90 -O3 -fomit-frame-pointer -funroll-loops execution test
XPASS: gfortran.dg/ret_pointer_1.f90 -O3 -fomit-frame-pointer -funroll-all-loops -finline-functions execution test
XPASS: gfortran.dg/ret_pointer_1.f90 -O3 -g execution test
XPASS: gfortran.dg/ret_pointer_1.f90 -Os execution test
FAIL: gfortran.dg/g77/980628-0.f -O0 execution test
FAIL: gfortran.dg/g77/980628-0.f -O1 execution test
FAIL: gfortran.dg/g77/980628-0.f -O2 execution test
FAIL: gfortran.dg/g77/980628-0.f -O3 -fomit-frame-pointer execution test
FAIL: gfortran.dg/g77/980628-0.f -O3 -fomit-frame-pointer -funroll-loops execution test
FAIL: gfortran.dg/g77/980628-0.f -O3 -fomit-frame-pointer -funroll-all-loops -finline-functions execution test
FAIL: gfortran.dg/g77/980628-0.f -O3 -g execution test
FAIL: gfortran.dg/g77/980628-0.f -Os execution test
FAIL: gfortran.dg/g77/980628-1.f -O0 execution test
FAIL: gfortran.dg/g77/980628-1.f -O1 execution test
FAIL: gfortran.dg/g77/980628-1.f -O2 execution test
FAIL: gfortran.dg/g77/980628-1.f -O3 -fomit-frame-pointer execution test
FAIL: gfortran.dg/g77/980628-1.f -O3 -fomit-frame-pointer -funroll-loops execution test
FAIL: gfortran.dg/g77/980628-1.f -O3 -fomit-frame-pointer -funroll-all-loops -finline-functions execution test
FAIL: gfortran.dg/g77/980628-1.f -O3 -g execution test
FAIL: gfortran.dg/g77/980628-1.f -Os execution test
FAIL: gfortran.dg/g77/980628-10.f -O0 execution test
FAIL: gfortran.dg/g77/980628-10.f -O1 execution test
FAIL: gfortran.dg/g77/980628-10.f -O2 execution test
FAIL: gfortran.dg/g77/980628-10.f -O3 -fomit-frame-pointer execution test
FAIL: gfortran.dg/g77/980628-10.f -O3 -fomit-frame-pointer -funroll-loops execution test
FAIL: gfortran.dg/g77/980628-10.f -O3 -fomit-frame-pointer -funroll-all-loops -finline-functions execution test
FAIL: gfortran.dg/g77/980628-10.f -O3 -g execution test
FAIL: gfortran.dg/g77/980628-10.f -Os execution test
FAIL: gfortran.dg/g77/980628-2.f -O0 execution test
FAIL: gfortran.dg/g77/980628-2.f -O1 execution test
FAIL: gfortran.dg/g77/980628-2.f -O2 execution test
FAIL: gfortran.dg/g77/980628-2.f -O3 -fomit-frame-pointer execution test
FAIL: gfortran.dg/g77/980628-2.f -O3 -fomit-frame-pointer -funroll-loops execution test
FAIL: gfortran.dg/g77/980628-2.f -O3 -fomit-frame-pointer -funroll-all-loops -finline-functions execution test
FAIL: gfortran.dg/g77/980628-2.f -O3 -g execution test
FAIL: gfortran.dg/g77/980628-2.f -Os execution test
FAIL: gfortran.dg/g77/980628-3.f -O0 execution test
FAIL: gfortran.dg/g77/980628-3.f -O1 execution test
FAIL: gfortran.dg/g77/980628-3.f -O2 execution test
FAIL: gfortran.dg/g77/980628-3.f -O3 -fomit-frame-pointer execution test
FAIL: gfortran.dg/g77/980628-3.f -O3 -fomit-frame-pointer -funroll-loops execution test
FAIL: gfortran.dg/g77/980628-3.f -O3 -fomit-frame-pointer -funroll-all-loops -finline-functions execution test
FAIL: gfortran.dg/g77/980628-3.f -O3 -g execution test
FAIL: gfortran.dg/g77/980628-3.f -Os execution test
FAIL: gfortran.dg/g77/980628-7.f -O0 execution test
FAIL: gfortran.dg/g77/980628-7.f -O1 execution test
FAIL: gfortran.dg/g77/980628-7.f -O2 execution test
FAIL: gfortran.dg/g77/980628-7.f -O3 -fomit-frame-pointer execution test
FAIL: gfortran.dg/g77/980628-7.f -O3 -fomit-frame-pointer -funroll-loops execution test
FAIL: gfortran.dg/g77/980628-7.f -O3 -fomit-frame-pointer -funroll-all-loops -finline-functions execution test
FAIL: gfortran.dg/g77/980628-7.f -O3 -g execution test
FAIL: gfortran.dg/g77/980628-7.f -Os execution test
FAIL: gfortran.dg/g77/980628-8.f -O0 execution test
FAIL: gfortran.dg/g77/980628-8.f -O1 execution test
FAIL: gfortran.dg/g77/980628-8.f -O2 execution test
FAIL: gfortran.dg/g77/980628-8.f -O3 -fomit-frame-pointer execution test
FAIL: gfortran.dg/g77/980628-8.f -O3 -fomit-frame-pointer -funroll-loops execution test
FAIL: gfortran.dg/g77/980628-8.f -O3 -fomit-frame-pointer -funroll-all-loops -finline-functions execution test
FAIL: gfortran.dg/g77/980628-8.f -O3 -g execution test
FAIL: gfortran.dg/g77/980628-8.f -Os execution test
FAIL: gfortran.dg/g77/980628-9.f -O0 execution test
FAIL: gfortran.dg/g77/980628-9.f -O1 execution test
FAIL: gfortran.dg/g77/980628-9.f -O2 execution test
FAIL: gfortran.dg/g77/980628-9.f -O3 -fomit-frame-pointer execution test
FAIL: gfortran.dg/g77/980628-9.f -O3 -fomit-frame-pointer -funroll-loops execution test
FAIL: gfortran.dg/g77/980628-9.f -O3 -fomit-frame-pointer -funroll-all-loops -finline-functions execution test
FAIL: gfortran.dg/g77/980628-9.f -O3 -g execution test
FAIL: gfortran.dg/g77/980628-9.f -Os execution test
FAIL: gfortran.fortran-torture/execute/forall_3.f90 execution, -O1
FAIL: gfortran.fortran-torture/execute/forall_3.f90 execution, -Os
=== gfortran Summary ===
# of expected passes 4734
# of unexpected failures 66
# of unexpected successes 8
# of expected failures 18
# of unsupported tests 8
/home/dave/gnu/gcc-4.0/objdir/gcc/testsuite/../gfortran version 4.0.0 20041221 (experimental)
=== objc tests ===
Running target unix
=== objc Summary ===
# of expected passes 1525
# of unsupported tests 10
/home/dave/gnu/gcc-4.0/objdir/gcc/xgcc version 4.0.0 20041221 (experimental)
=== libffi tests ===
Running target unix
FAIL: libffi.call/cls_5byte.c output pattern test, is 127 120 1 12 128 9: 139 248 10
FAIL: libffi.call/cls_6byte.c output pattern test, is 127 120 1 128 12 128 9 127: 139 248 10 255
FAIL: libffi.call/cls_align_sint16.c output pattern test, is 12 4951 127 1 9320 13: 13 14271 140
FAIL: libffi.call/cls_align_uint16.c output pattern test, is 12 4951 127 1 9320 13: 13 14271 140
=== libffi Summary ===
# of expected passes 212
# of unexpected failures 4
# of unsupported tests 2
=== libjava tests ===
Running target unix
WARNING: program timed out.
FAIL: PR218 execution - source compiled test
WARNING: program timed out.
FAIL: PR218 execution - bytecode->native test
WARNING: program timed out.
FAIL: PR218 -O3 execution - source compiled test
WARNING: program timed out.
FAIL: PR218 -O3 execution - bytecode->native test
FAIL: Serialization output - gij test
FAIL: Serialization output - gij test
WARNING: program timed out.
FAIL: SyncTest -O3 execution - source compiled test
FAIL: Thread_Interrupt -O3 execution - source compiled test
FAIL: negzero output - gij test
FAIL: negzero output - gij test
XPASS: pr13107_3 compilation from bytecode
XPASS: pr13107_3 -O3 compilation from bytecode
=== libjava Summary ===
# of expected passes 3683
# of unexpected failures 10
# of unexpected successes 2
# of expected failures 12
# of untested testcases 18
=== libmudflap tests ===
Running target unix
FAIL: libmudflap.c/pass49-frag.c execution test
FAIL: libmudflap.c/pass49-frag.c output pattern test
FAIL: libmudflap.c/pass49-frag.c (-static) execution test
FAIL: libmudflap.c/pass49-frag.c (-static) output pattern test
FAIL: libmudflap.c/pass49-frag.c (-O2) execution test
FAIL: libmudflap.c/pass49-frag.c (-O2) output pattern test
FAIL: libmudflap.c/pass49-frag.c (-O3) execution test
FAIL: libmudflap.c/pass49-frag.c (-O3) output pattern test
FAIL: libmudflap.cth/pass40-frag.c execution test
FAIL: libmudflap.cth/pass40-frag.c output pattern test
FAIL: libmudflap.cth/pass40-frag.c (-O2) execution test
FAIL: libmudflap.cth/pass40-frag.c (-O2) output pattern test
FAIL: libmudflap.cth/pass40-frag.c (-O3) execution test
FAIL: libmudflap.cth/pass40-frag.c (-O3) output pattern test
=== libmudflap Summary ===
# of expected passes 1230
# of unexpected failures 14
=== libstdc++-v3 check-abi Summary ===
# of added symbols: 63
# of missing symbols: 0
# of incompatible symbols: 0
using: /home/dave/gnu/gcc-4.0/gcc/libstdc++-v3/config/abi/hppa-linux-gnu/baseline_symbols.txt
=== libstdc++ tests ===
Running target unix
XPASS: 22_locale/locale/cons/12658_thread-1.cc execution test
XPASS: 26_numerics/cmath/c99_classification_macros_c.cc (test for excess errors)
FAIL: 27_io/basic_filebuf/sgetn/char/1-in.cc execution test
FAIL: 27_io/basic_filebuf/sgetn/char/1-io.cc execution test
FAIL: 27_io/basic_filebuf/sgetn/char/2-in.cc execution test
FAIL: 27_io/basic_filebuf/sgetn/char/2-io.cc execution test
FAIL: 27_io/basic_filebuf/underflow/wchar_t/11603.cc execution test
FAIL: 27_io/basic_istream/readsome/char/6746-2.cc execution test
FAIL: 27_io/basic_istream/readsome/wchar_t/6746-2.cc execution test
=== libstdc++ Summary ===
# of expected passes 3310
# of unexpected failures 7
# of unexpected successes 2
# of expected failures 5
Compiler version: 4.0.0 20041221 (experimental)
Platform: hppa-unknown-linux-gnu
configure flags: --with-gnu-as --with-as=/home/dave/opt/gnu/bin/as --with-gnu-ld --with-ld=/home/dave/opt/gnu/bin/ld --enable-shared --prefix=/home/dave/opt/gnu/gcc/gcc-4.0.0 --with-local-prefix=/home/dave/opt/gnu --enable-threads=posix --enable-__cxa_atexit --host=hppa-linux --enable-clocale=gnu --enable-java-gc=boehm --enable-java-awt=xlib --enable-languages=c,c++,f95,java,objc