This is the mail archive of the
gcc-testresults@gcc.gnu.org
mailing list for the GCC project.
Results for 4.0.0 20041218 (experimental) testsuite on i686-unknown-openbsd3.1
- From: Andrew Thomas Pinski <pinskia at physics dot uc dot edu>
- To: gcc-testresults at gcc dot gnu dot org
- Date: Sat, 18 Dec 2004 04:44:14 -0500 (EST)
- Subject: Results for 4.0.0 20041218 (experimental) testsuite on i686-unknown-openbsd3.1
LAST_UPDATED: Sat Dec 18 05:03:01 UTC 2004
Native configuration is i686-unknown-openbsd3.1
=== g++ tests ===
Running target unix
FAIL: g++.dg/abi/bitfield7.C (test for warnings, line 4)
FAIL: g++.dg/abi/local1.C execution test
FAIL: g++.dg/expr/unary2.C (test for errors, line 12)
FAIL: g++.dg/ext/attrib9.C (test for warnings, line 2)
FAIL: g++.dg/ext/attrib9.C (test for warnings, line 3)
FAIL: g++.dg/ext/attrib9.C (test for warnings, line 5)
FAIL: g++.dg/ext/case-range2.C (test for errors, line 14)
FAIL: g++.dg/ext/case-range2.C (test for errors, line 15)
FAIL: g++.dg/ext/case-range2.C (test for errors, line 23)
FAIL: g++.dg/ext/case-range2.C (test for errors, line 25)
FAIL: g++.dg/other/abstract1.C (test for errors, line 18)
FAIL: g++.dg/other/abstract1.C (test for errors, line 19)
FAIL: g++.dg/other/abstract1.C (test for errors, line 20)
FAIL: g++.dg/other/abstract1.C (test for errors, line 23)
FAIL: g++.dg/other/abstract1.C (test for errors, line 26)
FAIL: g++.dg/other/abstract1.C (test for errors, line 35)
FAIL: g++.dg/other/abstract1.C (test for errors, line 38)
FAIL: g++.dg/other/access2.C (test for errors, line 26)
FAIL: g++.dg/other/const1.C (test for errors, line 16)
FAIL: g++.dg/other/const1.C (test for excess errors)
FAIL: g++.dg/other/java1.C (test for errors, line 21)
FAIL: g++.dg/other/offsetof3.C (test for warnings, line 15)
FAIL: g++.dg/overload/arg4.C (test for errors, line 13)
FAIL: g++.dg/overload/arg4.C (test for errors, line 14)
FAIL: g++.dg/overload/arg4.C (test for errors, line 15)
FAIL: g++.dg/parse/access6.C (test for errors, line 23)
FAIL: g++.dg/parse/crash12.C (test for errors, line 12)
FAIL: g++.dg/parse/crash17.C (test for errors, line 8)
FAIL: g++.dg/parse/crash17.C (test for excess errors)
FAIL: g++.dg/parse/crash19.C (test for errors, line 7)
FAIL: g++.dg/parse/crash19.C (test for excess errors)
FAIL: g++.dg/parse/elab1.C (test for errors, line 3)
FAIL: g++.dg/parse/elab2.C (test for errors, line 5)
FAIL: g++.dg/parse/error11.C (test for errors, line 35)
FAIL: g++.dg/parse/error11.C (test for errors, line 40)
FAIL: g++.dg/parse/error11.C (test for errors, line 41)
FAIL: g++.dg/parse/error11.C (test for errors, line 49)
FAIL: g++.dg/parse/error15.C (test for errors, line 20)
FAIL: g++.dg/parse/error15.C (test for errors, line 21)
FAIL: g++.dg/parse/error15.C (test for errors, line 22)
FAIL: g++.dg/parse/error15.C (test for errors, line 23)
FAIL: g++.dg/parse/error15.C (test for errors, line 24)
FAIL: g++.dg/parse/error15.C (test for errors, line 30)
FAIL: g++.dg/parse/error15.C (test for errors, line 31)
FAIL: g++.dg/parse/error15.C (test for errors, line 32)
FAIL: g++.dg/parse/error15.C (test for errors, line 33)
FAIL: g++.dg/parse/error15.C (test for errors, line 34)
XPASS: g++.dg/parse/error15.C bogus excess errors in declaration (test for bogus messages, line 16)
FAIL: g++.dg/parse/qualified3.C (test for errors, line 7)
FAIL: g++.dg/parse/saved1.C (test for errors, line 5)
FAIL: g++.dg/parse/saved1.C (test for errors, line 6)
FAIL: g++.dg/parse/typename7.C (test for errors, line 21)
FAIL: g++.dg/parse/typename7.C (test for errors, line 23)
FAIL: g++.dg/parse/undefined4.C (test for errors, line 11)
FAIL: g++.dg/tc1/dr142.C (test for errors, line 5)
FAIL: g++.dg/tc1/dr142.C (test for errors, line 30)
FAIL: g++.dg/tc1/dr142.C (test for errors, line 31)
FAIL: g++.dg/tc1/dr166.C (test for errors, line 22)
FAIL: g++.dg/tc1/dr166.C (test for errors, line 27)
FAIL: g++.dg/tc1/dr166.C (test for errors, line 35)
FAIL: g++.dg/tc1/dr166.C (test for errors, line 44)
FAIL: g++.dg/tc1/dr166.C (test for errors, line 45)
FAIL: g++.dg/tc1/dr166.C (test for errors, line 50)
FAIL: g++.dg/tc1/dr166.C (test for errors, line 59)
XPASS: g++.dg/tc1/dr176.C injected class name in derived classes (test for bogus messages, line 13)
XPASS: g++.dg/tc1/dr176.C injected class name in derived classes (test for bogus messages, line 15)
XPASS: g++.dg/tc1/dr176.C everything should be looked up at parsing time (after DR224) (test for bogus messages, line 18)
XPASS: g++.dg/tc1/dr176.C (test for bogus messages, line 25)
FAIL: g++.dg/tc1/dr80.C (test for errors, line 32)
FAIL: g++.dg/tc1/dr80.C (test for errors, line 38)
FAIL: g++.dg/tc1/dr80.C (test for errors, line 52)
FAIL: g++.dg/template/array9.C (test for errors, line 11)
FAIL: g++.dg/template/crash26.C (test for errors, line 7)
FAIL: g++.dg/template/deduce3.C (test for errors, line 8)
FAIL: g++.dg/template/error10.C (test for errors, line 70)
FAIL: g++.dg/template/error11.C (test for errors, line 4)
FAIL: g++.dg/template/error7.C (test for errors, line 6)
FAIL: g++.dg/template/incomplete1.C (test for errors, line 11)
FAIL: g++.dg/template/incomplete1.C (test for errors, line 14)
FAIL: g++.dg/template/instantiate5.C (test for errors, line 16)
FAIL: g++.dg/template/memclass1.C (test for errors, line 15)
FAIL: g++.dg/template/memclass1.C (test for excess errors)
FAIL: g++.dg/template/memfriend7.C (test for errors, line 39)
FAIL: g++.dg/template/memfriend7.C (test for errors, line 45)
FAIL: g++.dg/template/memfriend7.C (test for errors, line 51)
FAIL: g++.dg/template/memfriend7.C (test for errors, line 57)
FAIL: g++.dg/template/memfriend7.C (test for errors, line 63)
FAIL: g++.dg/template/memfriend7.C (test for errors, line 83)
FAIL: g++.dg/template/memfriend7.C (test for errors, line 101)
FAIL: g++.dg/template/memfriend7.C (test for errors, line 107)
FAIL: g++.dg/template/memfriend7.C (test for errors, line 113)
FAIL: g++.dg/template/memfriend7.C (test for errors, line 119)
FAIL: g++.dg/template/memfriend7.C (test for errors, line 120)
FAIL: g++.dg/template/memfriend7.C (test for errors, line 121)
FAIL: g++.dg/template/memfriend7.C (test for errors, line 122)
FAIL: g++.dg/template/memfriend7.C (test for errors, line 123)
FAIL: g++.dg/template/memfriend7.C (test for errors, line 124)
FAIL: g++.dg/template/memfriend7.C (test for errors, line 127)
FAIL: g++.dg/template/memfriend7.C (test for errors, line 131)
FAIL: g++.dg/template/memfriend7.C (test for excess errors)
FAIL: g++.dg/template/nontype3.C constant-expression (test for errors, line 33)
FAIL: g++.dg/template/nontype3.C constant-expression (test for errors, line 36)
FAIL: g++.dg/template/nontype5.C (test for errors, line 14)
FAIL: g++.dg/template/nontype6.C (test for errors, line 15)
FAIL: g++.dg/template/nontype6.C (test for errors, line 15)
FAIL: g++.dg/template/nontype6.C (test for errors, line 19)
FAIL: g++.dg/template/nontype6.C (test for excess errors)
FAIL: g++.dg/template/nontype8.C (test for errors, line 11)
FAIL: g++.dg/template/ptrmem8.C (test for errors, line 19)
FAIL: g++.dg/template/spec15.C (test for errors, line 25)
FAIL: g++.dg/template/spec15.C (test for errors, line 28)
FAIL: g++.dg/template/spec15.C (test for errors, line 30)
FAIL: g++.dg/template/spec15.C (test for errors, line 31)
FAIL: g++.dg/template/typedef1.C (test for errors, line 15)
FAIL: g++.dg/template/typedef1.C (test for errors, line 16)
FAIL: g++.dg/template/typedef1.C (test for errors, line 17)
FAIL: g++.dg/template/typedef1.C (test for errors, line 18)
FAIL: g++.dg/template/typedef1.C (test for excess errors)
FAIL: g++.dg/warn/Wunused-6.C (test for warnings, line 8)
FAIL: g++.dg/warn/deprecated.C (test for warnings, line 53)
FAIL: g++.dg/warn/deprecated.C (test for warnings, line 55)
FAIL: g++.dg/warn/deprecated.C (test for warnings, line 55)
FAIL: g++.dg/warn/deprecated.C (test for warnings, line 55)
FAIL: g++.dg/warn/deprecated.C (test for warnings, line 55)
FAIL: g++.dg/warn/deprecated.C (test for warnings, line 59)
FAIL: g++.dg/warn/deprecated.C (test for warnings, line 67)
FAIL: g++.dg/warn/deprecated.C (test for warnings, line 68)
FAIL: g++.dg/warn/deprecated.C (test for warnings, line 72)
FAIL: g++.dg/warn/deprecated.C (test for warnings, line 73)
FAIL: g++.dg/warn/deprecated.C (test for warnings, line 73)
FAIL: g++.dg/warn/deprecated.C (test for warnings, line 79)
FAIL: g++.dg/warn/deprecated.C (test for warnings, line 82)
FAIL: g++.dg/warn/deprecated.C (test for warnings, line 86)
FAIL: g++.dg/warn/deprecated.C (test for warnings, line 89)
FAIL: g++.dg/warn/deprecated.C (test for warnings, line 96)
FAIL: g++.dg/warn/deprecated.C (test for warnings, line 107)
FAIL: g++.dg/warn/deprecated.C (test for warnings, line 108)
FAIL: g++.dg/warn/deprecated.C (test for warnings, line 109)
FAIL: g++.dg/warn/deprecated.C (test for warnings, line 110)
FAIL: g++.dg/warn/deprecated.C (test for warnings, line 113)
FAIL: g++.dg/warn/missing-field-init-2.C (test for warnings, line 7)
FAIL: g++.dg/warn/missing-field-init-2.C (test for warnings, line 8)
FAIL: g++.old-deja/g++.brendan/crash9.C (test for errors, line 16)
FAIL: g++.old-deja/g++.brendan/crash9.C (test for errors, line 22)
FAIL: g++.old-deja/g++.brendan/crash9.C (test for excess errors)
FAIL: g++.old-deja/g++.brendan/sizeof4.C (test for errors, line 10)
FAIL: g++.old-deja/g++.brendan/sizeof4.C (test for excess errors)
FAIL: g++.old-deja/g++.brendan/visibility2.C (test for errors, line 9)
FAIL: g++.old-deja/g++.bugs/900210_02.C (test for errors, line 102)
FAIL: g++.old-deja/g++.bugs/900210_02.C (test for errors, line 103)
FAIL: g++.old-deja/g++.bugs/900210_02.C (test for errors, line 104)
FAIL: g++.old-deja/g++.bugs/900210_02.C (test for errors, line 105)
FAIL: g++.old-deja/g++.bugs/900210_02.C (test for errors, line 106)
FAIL: g++.old-deja/g++.bugs/900210_02.C (test for errors, line 107)
FAIL: g++.old-deja/g++.bugs/900210_02.C (test for errors, line 108)
FAIL: g++.old-deja/g++.bugs/900210_02.C (test for errors, line 109)
FAIL: g++.old-deja/g++.bugs/900210_02.C (test for errors, line 110)
FAIL: g++.old-deja/g++.bugs/900210_02.C (test for errors, line 111)
FAIL: g++.old-deja/g++.bugs/900428_01.C (test for warnings, line 82)
FAIL: g++.old-deja/g++.bugs/900428_01.C (test for warnings, line 90)
FAIL: g++.old-deja/g++.bugs/900428_01.C (test for warnings, line 91)
FAIL: g++.old-deja/g++.bugs/900428_01.C (test for warnings, line 92)
FAIL: g++.old-deja/g++.bugs/900428_01.C (test for warnings, line 93)
FAIL: g++.old-deja/g++.bugs/900428_01.C (test for warnings, line 94)
FAIL: g++.old-deja/g++.bugs/900428_01.C (test for warnings, line 97)
FAIL: g++.old-deja/g++.bugs/900428_01.C (test for warnings, line 99)
FAIL: g++.old-deja/g++.bugs/900428_01.C (test for warnings, line 131)
FAIL: g++.old-deja/g++.bugs/900428_01.C (test for warnings, line 132)
FAIL: g++.old-deja/g++.bugs/900428_01.C (test for warnings, line 133)
FAIL: g++.old-deja/g++.bugs/900428_01.C (test for warnings, line 134)
FAIL: g++.old-deja/g++.bugs/900428_01.C (test for warnings, line 135)
FAIL: g++.old-deja/g++.bugs/900428_01.C (test for warnings, line 140)
FAIL: g++.old-deja/g++.bugs/900428_01.C (test for warnings, line 156)
FAIL: g++.old-deja/g++.bugs/900428_01.C (test for warnings, line 161)
FAIL: g++.old-deja/g++.bugs/900428_01.C (test for warnings, line 163)
FAIL: g++.old-deja/g++.bugs/900519_02.C (test for errors, line 29)
FAIL: g++.old-deja/g++.bugs/900519_02.C (test for errors, line 30)
FAIL: g++.old-deja/g++.bugs/900519_02.C (test for excess errors)
FAIL: g++.old-deja/g++.eh/spec6.C (test for errors, line 89)
FAIL: g++.old-deja/g++.eh/spec6.C (test for errors, line 90)
FAIL: g++.old-deja/g++.eh/spec6.C (test for errors, line 91)
FAIL: g++.old-deja/g++.eh/spec6.C (test for errors, line 92)
FAIL: g++.old-deja/g++.eh/spec6.C (test for errors, line 106)
FAIL: g++.old-deja/g++.eh/spec6.C (test for errors, line 107)
FAIL: g++.old-deja/g++.eh/spec6.C (test for errors, line 108)
FAIL: g++.old-deja/g++.eh/spec6.C (test for errors, line 109)
FAIL: g++.old-deja/g++.jason/access18.C (test for errors, line 16)
FAIL: g++.old-deja/g++.jason/access18.C (test for errors, line 17)
FAIL: g++.old-deja/g++.jason/overload21.C (test for excess errors)
FAIL: g++.old-deja/g++.jason/typeck.C (test for errors, line 16)
FAIL: g++.old-deja/g++.jason/typeck.C (test for errors, line 19)
FAIL: g++.old-deja/g++.law/access5.C (test for errors, line 22)
FAIL: g++.old-deja/g++.law/init1.C (test for errors, line 16)
FAIL: g++.old-deja/g++.law/operators21.C (test for errors, line 14)
FAIL: g++.old-deja/g++.law/profile1.C (test for excess errors)
WARNING: g++.old-deja/g++.law/profile1.C compilation failed to produce executable
FAIL: g++.old-deja/g++.law/visibility5.C (test for errors, line 16)
FAIL: g++.old-deja/g++.mike/explicit2.C (test for errors, line 18)
WARNING: g++.old-deja/g++.mike/p10769a.C compilation failed to produce executable
FAIL: g++.old-deja/g++.mike/p700.C (test for errors, line 260)
FAIL: g++.old-deja/g++.mike/p700.C (test for errors, line 261)
FAIL: g++.old-deja/g++.mike/p700.C (test for errors, line 262)
FAIL: g++.old-deja/g++.mike/p700.C (test for errors, line 263)
FAIL: g++.old-deja/g++.mike/p700.C (test for errors, line 264)
FAIL: g++.old-deja/g++.mike/p700.C (test for errors, line 265)
FAIL: g++.old-deja/g++.mike/p700.C (test for errors, line 266)
FAIL: g++.old-deja/g++.mike/p700.C (test for errors, line 267)
FAIL: g++.old-deja/g++.mike/p700.C (test for errors, line 268)
FAIL: g++.old-deja/g++.mike/p700.C (test for errors, line 282)
FAIL: g++.old-deja/g++.mike/p700.C (test for errors, line 283)
FAIL: g++.old-deja/g++.mike/p700.C (test for errors, line 284)
FAIL: g++.old-deja/g++.mike/p700.C (test for errors, line 285)
FAIL: g++.old-deja/g++.mike/p700.C (test for errors, line 286)
FAIL: g++.old-deja/g++.mike/p700.C (test for errors, line 294)
FAIL: g++.old-deja/g++.mike/p700.C (test for errors, line 295)
FAIL: g++.old-deja/g++.mike/p700.C (test for errors, line 296)
FAIL: g++.old-deja/g++.mike/p700.C (test for errors, line 297)
FAIL: g++.old-deja/g++.mike/p700.C (test for errors, line 298)
FAIL: g++.old-deja/g++.mike/p700.C (test for errors, line 299)
FAIL: g++.old-deja/g++.mike/p700.C (test for errors, line 301)
FAIL: g++.old-deja/g++.mike/p700.C (test for errors, line 302)
FAIL: g++.old-deja/g++.mike/p700.C (test for errors, line 303)
FAIL: g++.old-deja/g++.mike/p700.C (test for errors, line 304)
FAIL: g++.old-deja/g++.mike/p700.C (test for errors, line 305)
FAIL: g++.old-deja/g++.mike/p700.C (test for errors, line 306)
FAIL: g++.old-deja/g++.mike/p700.C (test for errors, line 307)
FAIL: g++.old-deja/g++.mike/p700.C (test for errors, line 308)
FAIL: g++.old-deja/g++.mike/p700.C (test for errors, line 309)
FAIL: g++.old-deja/g++.mike/p700.C (test for errors, line 310)
FAIL: g++.old-deja/g++.mike/p700.C (test for errors, line 311)
FAIL: g++.old-deja/g++.mike/p700.C (test for errors, line 312)
FAIL: g++.old-deja/g++.mike/p700.C (test for errors, line 313)
FAIL: g++.old-deja/g++.mike/p700.C (test for errors, line 314)
FAIL: g++.old-deja/g++.mike/p700.C (test for errors, line 315)
FAIL: g++.old-deja/g++.mike/p700.C (test for errors, line 316)
FAIL: g++.old-deja/g++.mike/p700.C (test for errors, line 317)
FAIL: g++.old-deja/g++.mike/p700.C (test for errors, line 601)
FAIL: g++.old-deja/g++.mike/p700.C (test for errors, line 656)
FAIL: g++.old-deja/g++.mike/p700.C (test for errors, line 657)
FAIL: g++.old-deja/g++.mike/p700.C (test for errors, line 658)
FAIL: g++.old-deja/g++.mike/p700.C (test for errors, line 659)
FAIL: g++.old-deja/g++.mike/p784.C (test for errors, line 1621)
FAIL: g++.old-deja/g++.mike/p784.C (test for errors, line 1623)
FAIL: g++.old-deja/g++.mike/p784.C (test for errors, line 1626)
FAIL: g++.old-deja/g++.mike/p784.C (test for errors, line 1628)
FAIL: g++.old-deja/g++.mike/p784.C (test for errors, line 1631)
FAIL: g++.old-deja/g++.mike/p784.C (test for errors, line 1633)
FAIL: g++.old-deja/g++.mike/p9129.C (test for errors, line 12)
FAIL: g++.old-deja/g++.ns/overload2.C (test for errors, line 3)
FAIL: g++.old-deja/g++.ns/overload2.C (test for errors, line 8)
FAIL: g++.old-deja/g++.ns/using12.C (test for errors, line 8)
FAIL: g++.old-deja/g++.ns/using12.C (test for errors, line 9)
FAIL: g++.old-deja/g++.ns/using12.C (test for errors, line 12)
FAIL: g++.old-deja/g++.oliva/overload1.C (test for errors, line 22)
FAIL: g++.old-deja/g++.other/cast5.C (test for errors, line 29)
FAIL: g++.old-deja/g++.other/crash31.C (test for errors, line 9)
FAIL: g++.old-deja/g++.other/crash31.C (test for excess errors)
FAIL: g++.old-deja/g++.other/crash36.C (test for errors, line 17)
FAIL: g++.old-deja/g++.other/crash36.C (test for errors, line 20)
FAIL: g++.old-deja/g++.other/overload11.C (test for errors, line 63)
FAIL: g++.old-deja/g++.other/overload11.C (test for errors, line 64)
FAIL: g++.old-deja/g++.other/overload11.C (test for errors, line 65)
FAIL: g++.old-deja/g++.other/overload11.C (test for errors, line 66)
FAIL: g++.old-deja/g++.other/overload11.C (test for warnings, line 75)
FAIL: g++.old-deja/g++.other/overload11.C (test for errors, line 76)
FAIL: g++.old-deja/g++.other/overload11.C (test for errors, line 77)
FAIL: g++.old-deja/g++.other/overload11.C (test for errors, line 79)
FAIL: g++.old-deja/g++.other/overload11.C (test for errors, line 80)
FAIL: g++.old-deja/g++.other/overload11.C (test for errors, line 82)
FAIL: g++.old-deja/g++.other/overload11.C (test for errors, line 83)
FAIL: g++.old-deja/g++.other/overload11.C (test for errors, line 85)
FAIL: g++.old-deja/g++.other/overload11.C (test for errors, line 86)
FAIL: g++.old-deja/g++.other/overload11.C (test for errors, line 88)
FAIL: g++.old-deja/g++.other/overload11.C (test for errors, line 89)
FAIL: g++.old-deja/g++.other/ptrmem7.C (test for errors, line 37)
FAIL: g++.old-deja/g++.other/ptrmem7.C (test for errors, line 38)
FAIL: g++.old-deja/g++.other/sizeof4.C (test for errors, line 30)
FAIL: g++.old-deja/g++.other/sizeof4.C (test for errors, line 32)
FAIL: g++.old-deja/g++.other/sizeof4.C (test for errors, line 33)
FAIL: g++.old-deja/g++.other/sizeof4.C (test for errors, line 34)
FAIL: g++.old-deja/g++.other/struct1.C (test for errors, line 31)
FAIL: g++.old-deja/g++.other/struct1.C (test for errors, line 38)
FAIL: g++.old-deja/g++.other/struct1.C (test for errors, line 41)
FAIL: g++.old-deja/g++.other/typedef7.C (test for errors, line 11)
FAIL: g++.old-deja/g++.other/typedef7.C (test for errors, line 17)
FAIL: g++.old-deja/g++.other/typedef7.C (test for errors, line 18)
FAIL: g++.old-deja/g++.other/virtual10.C (test for errors, line 12)
FAIL: g++.old-deja/g++.pt/crash14.C (test for errors, line 5)
FAIL: g++.old-deja/g++.pt/crash14.C (test for excess errors)
FAIL: g++.old-deja/g++.pt/defarg6.C (test for errors, line 20)
FAIL: g++.old-deja/g++.pt/defarg6.C (test for errors, line 23)
FAIL: g++.old-deja/g++.pt/defarg6.C (test for errors, line 27)
FAIL: g++.old-deja/g++.pt/error2.C (test for errors, line 5)
FAIL: g++.old-deja/g++.pt/expr8.C (test for errors, line 19)
FAIL: g++.old-deja/g++.pt/expr8.C (test for errors, line 23)
FAIL: g++.old-deja/g++.pt/expr8.C (test for errors, line 24)
FAIL: g++.old-deja/g++.pt/friend38.C (test for errors, line 8)
FAIL: g++.old-deja/g++.pt/spec31.C (test for errors, line 2)
FAIL: g++.old-deja/g++.pt/spec31.C (test for errors, line 3)
FAIL: g++.old-deja/g++.pt/spec31.C (test for excess errors)
FAIL: g++.old-deja/g++.pt/spec35.C (test for errors, line 11)
FAIL: g++.old-deja/g++.pt/spec35.C (test for errors, line 12)
FAIL: g++.old-deja/g++.pt/spec35.C (test for errors, line 14)
FAIL: g++.old-deja/g++.pt/spec35.C (test for errors, line 15)
FAIL: g++.old-deja/g++.pt/spec35.C (test for errors, line 29)
FAIL: g++.old-deja/g++.pt/spec35.C (test for excess errors)
FAIL: g++.old-deja/g++.pt/typename8.C (test for errors, line 8)
FAIL: g++.old-deja/g++.pt/typename8.C (test for errors, line 11)
FAIL: g++.old-deja/g++.pt/typename8.C (test for errors, line 15)
=== g++ Summary ===
# of expected passes 9956
# of unexpected failures 302
# of unexpected successes 5
# of expected failures 66
# of unsupported tests 96
/export/gates/pinskia/src/gnu/gcc/src/objdir.openbsd/gcc/testsuite/../g++ version 4.0.0 20041218 (experimental)
=== gcc tests ===
Running target unix
FAIL: gcc.c-torture/execute/conversion.c execution, -O0
FAIL: gcc.c-torture/execute/conversion.c execution, -O1
FAIL: gcc.c-torture/execute/conversion.c execution, -O2
FAIL: gcc.c-torture/execute/conversion.c execution, -Os
FAIL: gcc.c-torture/execute/ieee/rbug.c execution, -O0
FAIL: gcc.c-torture/execute/ieee/rbug.c execution, -O1
FAIL: gcc.c-torture/execute/ieee/rbug.c execution, -O2
FAIL: tmpdir-gcc.dg-struct-layout-1/t001 c_compat_x_tst.o-c_compat_y_tst.o execute
FAIL: tmpdir-gcc.dg-struct-layout-1/t025 c_compat_x_tst.o-c_compat_y_tst.o execute
FAIL: tmpdir-gcc.dg-struct-layout-1/t027 c_compat_x_tst.o-c_compat_y_tst.o execute
FAIL: tmpdir-gcc.dg-struct-layout-1/t028 c_compat_x_tst.o-c_compat_y_tst.o execute
FAIL: gcc.dg/20021014-1.c (test for excess errors)
WARNING: gcc.dg/20021014-1.c compilation failed to produce executable
FAIL: gcc.dg/i386-3dnow-1.c (test for excess errors)
FAIL: gcc.dg/i386-3dnow-2.c (test for excess errors)
FAIL: gcc.dg/i386-3dnowA-1.c (test for excess errors)
FAIL: gcc.dg/i386-3dnowA-2.c (test for excess errors)
FAIL: gcc.dg/i386-mmx-4.c (test for excess errors)
WARNING: gcc.dg/i386-mmx-4.c compilation failed to produce executable
FAIL: gcc.dg/i386-sse-10.c (test for excess errors)
WARNING: gcc.dg/i386-sse-10.c compilation failed to produce executable
FAIL: gcc.dg/i386-sse-6.c (test for excess errors)
WARNING: gcc.dg/i386-sse-6.c compilation failed to produce executable
FAIL: gcc.dg/i386-sse-7.c (test for excess errors)
WARNING: gcc.dg/i386-sse-7.c compilation failed to produce executable
FAIL: gcc.dg/i386-sse-9.c (test for excess errors)
WARNING: gcc.dg/i386-sse-9.c compilation failed to produce executable
FAIL: gcc.dg/intmax_t-1.c (test for excess errors)
FAIL: gcc.dg/nest.c (test for excess errors)
WARNING: gcc.dg/nest.c compilation failed to produce executable
FAIL: gcc.dg/pr17957.c (test for excess errors)
FAIL: gcc.dg/pr18596-1.c (test for excess errors)
FAIL: gcc.dg/wchar_t-1.c (test for excess errors)
FAIL: gcc.dg/wint_t-1.c (test for excess errors)
FAIL: largefile.c (test for excess errors)
FAIL: largefile.c (test for excess errors)
FAIL: largefile.c (test for excess errors)
FAIL: largefile.c (test for excess errors)
FAIL: largefile.c (test for excess errors)
FAIL: largefile.c (test for excess errors)
FAIL: largefile.c (test for excess errors)
FAIL: gcc.dg/special/weak-1.c execution test
FAIL: gcc.dg/vect/pr18400.c (test for excess errors)
WARNING: gcc.dg/vect/pr18400.c compilation failed to produce executable
FAIL: gcc.dg/vect/pr18536.c (test for excess errors)
WARNING: gcc.dg/vect/pr18536.c compilation failed to produce executable
FAIL: gcc.dg/vect/vect-11.c (test for excess errors)
WARNING: gcc.dg/vect/vect-11.c compilation failed to produce executable
FAIL: gcc.dg/vect/vect-12.c (test for excess errors)
WARNING: gcc.dg/vect/vect-12.c compilation failed to produce executable
FAIL: gcc.dg/vect/vect-13.c (test for excess errors)
WARNING: gcc.dg/vect/vect-13.c compilation failed to produce executable
FAIL: gcc.dg/vect/vect-16.c (test for excess errors)
WARNING: gcc.dg/vect/vect-16.c compilation failed to produce executable
FAIL: gcc.dg/vect/vect-2.c (test for excess errors)
WARNING: gcc.dg/vect/vect-2.c compilation failed to produce executable
FAIL: gcc.dg/vect/vect-20.c (test for excess errors)
WARNING: gcc.dg/vect/vect-20.c compilation failed to produce executable
FAIL: gcc.dg/vect/vect-21.c (test for excess errors)
WARNING: gcc.dg/vect/vect-21.c compilation failed to produce executable
FAIL: gcc.dg/vect/vect-22.c (test for excess errors)
WARNING: gcc.dg/vect/vect-22.c compilation failed to produce executable
FAIL: gcc.dg/vect/vect-25.c (test for excess errors)
WARNING: gcc.dg/vect/vect-25.c compilation failed to produce executable
FAIL: gcc.dg/vect/vect-26.c (test for excess errors)
WARNING: gcc.dg/vect/vect-26.c compilation failed to produce executable
FAIL: gcc.dg/vect/vect-27a.c (test for excess errors)
WARNING: gcc.dg/vect/vect-27a.c compilation failed to produce executable
FAIL: gcc.dg/vect/vect-28.c (test for excess errors)
WARNING: gcc.dg/vect/vect-28.c compilation failed to produce executable
FAIL: gcc.dg/vect/vect-29a.c (test for excess errors)
WARNING: gcc.dg/vect/vect-29a.c compilation failed to produce executable
FAIL: gcc.dg/vect/vect-3.c (test for excess errors)
WARNING: gcc.dg/vect/vect-3.c compilation failed to produce executable
FAIL: gcc.dg/vect/vect-30.c (test for excess errors)
WARNING: gcc.dg/vect/vect-30.c compilation failed to produce executable
FAIL: gcc.dg/vect/vect-31.c (test for excess errors)
WARNING: gcc.dg/vect/vect-31.c compilation failed to produce executable
FAIL: gcc.dg/vect/vect-32.c (test for excess errors)
WARNING: gcc.dg/vect/vect-32.c compilation failed to produce executable
FAIL: gcc.dg/vect/vect-34.c (test for excess errors)
WARNING: gcc.dg/vect/vect-34.c compilation failed to produce executable
FAIL: gcc.dg/vect/vect-36.c (test for excess errors)
WARNING: gcc.dg/vect/vect-36.c compilation failed to produce executable
FAIL: gcc.dg/vect/vect-38.c (test for excess errors)
WARNING: gcc.dg/vect/vect-38.c compilation failed to produce executable
FAIL: gcc.dg/vect/vect-4.c (test for excess errors)
WARNING: gcc.dg/vect/vect-4.c compilation failed to produce executable
FAIL: gcc.dg/vect/vect-40.c (test for excess errors)
WARNING: gcc.dg/vect/vect-40.c compilation failed to produce executable
FAIL: gcc.dg/vect/vect-42.c (test for excess errors)
WARNING: gcc.dg/vect/vect-42.c compilation failed to produce executable
FAIL: gcc.dg/vect/vect-43.c (test for excess errors)
WARNING: gcc.dg/vect/vect-43.c compilation failed to produce executable
FAIL: gcc.dg/vect/vect-46.c (test for excess errors)
WARNING: gcc.dg/vect/vect-46.c compilation failed to produce executable
FAIL: gcc.dg/vect/vect-48a.c (test for excess errors)
WARNING: gcc.dg/vect/vect-48a.c compilation failed to produce executable
FAIL: gcc.dg/vect/vect-5.c (test for excess errors)
WARNING: gcc.dg/vect/vect-5.c compilation failed to produce executable
FAIL: gcc.dg/vect/vect-56a.c (test for excess errors)
WARNING: gcc.dg/vect/vect-56a.c compilation failed to produce executable
FAIL: gcc.dg/vect/vect-6.c (test for excess errors)
WARNING: gcc.dg/vect/vect-6.c compilation failed to produce executable
FAIL: gcc.dg/vect/vect-62.c (test for excess errors)
WARNING: gcc.dg/vect/vect-62.c compilation failed to produce executable
FAIL: gcc.dg/vect/vect-63.c (test for excess errors)
WARNING: gcc.dg/vect/vect-63.c compilation failed to produce executable
FAIL: gcc.dg/vect/vect-64.c (test for excess errors)
WARNING: gcc.dg/vect/vect-64.c compilation failed to produce executable
FAIL: gcc.dg/vect/vect-65.c (test for excess errors)
WARNING: gcc.dg/vect/vect-65.c compilation failed to produce executable
FAIL: gcc.dg/vect/vect-66.c (test for excess errors)
WARNING: gcc.dg/vect/vect-66.c compilation failed to produce executable
FAIL: gcc.dg/vect/vect-68.c (test for excess errors)
WARNING: gcc.dg/vect/vect-68.c compilation failed to produce executable
FAIL: gcc.dg/vect/vect-69.c (test for excess errors)
WARNING: gcc.dg/vect/vect-69.c compilation failed to produce executable
FAIL: gcc.dg/vect/vect-7.c (test for excess errors)
WARNING: gcc.dg/vect/vect-7.c compilation failed to produce executable
FAIL: gcc.dg/vect/vect-72a.c (test for excess errors)
WARNING: gcc.dg/vect/vect-72a.c compilation failed to produce executable
FAIL: gcc.dg/vect/vect-73.c (test for excess errors)
WARNING: gcc.dg/vect/vect-73.c compilation failed to produce executable
FAIL: gcc.dg/vect/vect-74.c (test for excess errors)
WARNING: gcc.dg/vect/vect-74.c compilation failed to produce executable
FAIL: gcc.dg/vect/vect-75.c (test for excess errors)
WARNING: gcc.dg/vect/vect-75.c compilation failed to produce executable
FAIL: gcc.dg/vect/vect-76.c (test for excess errors)
WARNING: gcc.dg/vect/vect-76.c compilation failed to produce executable
FAIL: gcc.dg/vect/vect-77a.c (test for excess errors)
WARNING: gcc.dg/vect/vect-77a.c compilation failed to produce executable
FAIL: gcc.dg/vect/vect-8.c (test for excess errors)
WARNING: gcc.dg/vect/vect-8.c compilation failed to produce executable
FAIL: gcc.dg/vect/vect-86.c (test for excess errors)
WARNING: gcc.dg/vect/vect-86.c compilation failed to produce executable
FAIL: gcc.dg/vect/vect-87.c (test for excess errors)
WARNING: gcc.dg/vect/vect-87.c compilation failed to produce executable
FAIL: gcc.dg/vect/vect-88.c (test for excess errors)
WARNING: gcc.dg/vect/vect-88.c compilation failed to produce executable
FAIL: gcc.dg/vect/vect-89.c (test for excess errors)
WARNING: gcc.dg/vect/vect-89.c compilation failed to produce executable
FAIL: gcc.dg/vect/vect-9.c (test for excess errors)
WARNING: gcc.dg/vect/vect-9.c compilation failed to produce executable
FAIL: gcc.dg/vect/vect-all.c (test for excess errors)
WARNING: gcc.dg/vect/vect-all.c compilation failed to produce executable
=== gcc Summary ===
# of expected passes 31750
# of unexpected failures 87
# of expected failures 117
# of untested testcases 35
# of unsupported tests 334
/export/gates/pinskia/src/gnu/gcc/src/objdir.openbsd/gcc/xgcc version 4.0.0 20041218 (experimental)
=== objc tests ===
Running target unix
FAIL: objc.dg/class-protocol-1.m (test for warnings, line 197)
FAIL: objc.dg/class-protocol-1.m (test for warnings, line 198)
FAIL: objc.dg/class-protocol-1.m (test for warnings, line 214)
FAIL: objc.dg/class-protocol-1.m (test for warnings, line 251)
FAIL: objc.dg/class-protocol-1.m (test for warnings, line 252)
FAIL: objc.dg/class-protocol-1.m (test for warnings, line 253)
FAIL: objc.dg/class-protocol-1.m (test for warnings, line 256)
FAIL: objc.dg/class-protocol-1.m (test for warnings, line 258)
FAIL: objc.dg/comp-types-3.m (test for warnings, line 44)
FAIL: objc.dg/stabs-1.m scan-assembler .text\\n\\t.stabs.*100,0,0,(\\\\.)?Letext[0-9]*\\n(\\\\.)?Letext
FAIL: objc.dg/type-size-1.m (test for errors, line 9)
FAIL: objc.dg/type-size-1.m (test for errors, line 11)
FAIL: objc.dg/type-size-1.m (test for errors, line 11)
FAIL: objc.dg/type-size-1.m (test for errors, line 15)
=== objc Summary ===
# of expected passes 1511
# of unexpected failures 14
# of unsupported tests 10
/export/gates/pinskia/src/gnu/gcc/src/objdir.openbsd/gcc/xgcc version 4.0.0 20041218 (experimental)
=== libstdc++ tests ===
Running target unix
FAIL: 26_numerics/complex/13450.cc (test for excess errors)
WARNING: 26_numerics/complex/13450.cc compilation failed to produce executable
FAIL: 26_numerics/complex/complex_value.cc (test for excess errors)
WARNING: 26_numerics/complex/complex_value.cc compilation failed to produce executable
FAIL: 26_numerics/complex/pow.cc (test for excess errors)
WARNING: 26_numerics/complex/pow.cc compilation failed to produce executable
FAIL: 27_io/basic_filebuf/close/12790-1.cc execution test
FAIL: 27_io/basic_filebuf/close/char/1.cc execution test
WARNING: program timed out.
FAIL: 27_io/basic_filebuf/close/char/9964.cc execution test
FAIL: 27_io/basic_filebuf/imbue/char/2.cc execution test
FAIL: 27_io/basic_filebuf/is_open/char/1.cc execution test
FAIL: 27_io/basic_filebuf/open/char/1.cc execution test
WARNING: program timed out.
FAIL: 27_io/basic_filebuf/open/char/9507.cc execution test
FAIL: 27_io/basic_filebuf/sbumpc/char/9825.cc execution test
FAIL: 27_io/basic_filebuf/seekoff/12790-1.cc execution test
FAIL: 27_io/basic_filebuf/seekoff/12790-2.cc execution test
FAIL: 27_io/basic_filebuf/seekoff/12790-3.cc execution test
FAIL: 27_io/basic_filebuf/seekoff/12790-4.cc execution test
FAIL: 27_io/basic_filebuf/seekoff/char/1-in.cc execution test
FAIL: 27_io/basic_filebuf/seekoff/char/1-io.cc execution test
FAIL: 27_io/basic_filebuf/seekoff/char/1-out.cc execution test
FAIL: 27_io/basic_filebuf/seekoff/char/11543.cc execution test
FAIL: 27_io/basic_filebuf/seekoff/char/2-in.cc execution test
FAIL: 27_io/basic_filebuf/seekoff/char/2-io.cc execution test
FAIL: 27_io/basic_filebuf/seekoff/char/2-out.cc execution test
FAIL: 27_io/basic_filebuf/seekoff/char/3-in.cc execution test
FAIL: 27_io/basic_filebuf/seekoff/char/3-io.cc execution test
FAIL: 27_io/basic_filebuf/seekoff/char/3-out.cc execution test
FAIL: 27_io/basic_filebuf/seekpos/12790-1.cc execution test
FAIL: 27_io/basic_filebuf/seekpos/12790-2.cc execution test
FAIL: 27_io/basic_filebuf/seekpos/12790-3.cc execution test
FAIL: 27_io/basic_filebuf/seekpos/char/1-in.cc execution test
FAIL: 27_io/basic_filebuf/seekpos/char/1-io.cc execution test
FAIL: 27_io/basic_filebuf/seekpos/char/1-out.cc execution test
FAIL: 27_io/basic_filebuf/seekpos/char/2-in.cc execution test
FAIL: 27_io/basic_filebuf/seekpos/char/2-io.cc execution test
FAIL: 27_io/basic_filebuf/seekpos/char/2-out.cc execution test
FAIL: 27_io/basic_filebuf/seekpos/char/3-in.cc execution test
FAIL: 27_io/basic_filebuf/seekpos/char/3-io.cc execution test
FAIL: 27_io/basic_filebuf/seekpos/char/3-out.cc execution test
WARNING: program timed out.
FAIL: 27_io/basic_filebuf/showmanyc/char/9533-1.cc execution test
FAIL: 27_io/basic_filebuf/sputbackc/char/1-in.cc execution test
FAIL: 27_io/basic_filebuf/sputbackc/char/1-io.cc execution test
FAIL: 27_io/basic_filebuf/sputbackc/char/2-in.cc execution test
FAIL: 27_io/basic_filebuf/sputbackc/char/2-io.cc execution test
FAIL: 27_io/basic_filebuf/sungetc/char/1-in.cc execution test
FAIL: 27_io/basic_filebuf/sungetc/char/1-io.cc execution test
FAIL: 27_io/basic_filebuf/sungetc/char/2-in.cc execution test
FAIL: 27_io/basic_filebuf/sungetc/char/2-io.cc execution test
WARNING: program timed out.
FAIL: 27_io/basic_filebuf/underflow/char/10097.cc execution test
FAIL: 27_io/basic_istream/seekg/char/fstream.cc execution test
FAIL: 27_io/basic_istream/tellg/char/1.cc execution test
FAIL: 27_io/basic_istream/tellg/char/fstream.cc execution test
FAIL: 27_io/basic_ostream/seekp/char/2346-fstream.cc execution test
FAIL: 27_io/basic_ostream/tellp/char/1.cc execution test
FAIL: 27_io/basic_streambuf/in_avail/char/9701-3.cc execution test
WARNING: program timed out.
FAIL: 27_io/objects/char/7.cc execution test
WARNING: program timed out.
FAIL: 27_io/objects/char/9661-1.cc execution test
=== libstdc++ Summary ===
# of expected passes 2254
# of unexpected failures 55
# of expected failures 4
Compiler version: 4.0.0 20041218 (experimental)
Platform: i686-unknown-openbsd3.1
configure flags: --target=i686-unknown-openbsd3.1 --host=i686-unknown-openbsd3.1 --build=i686-unknown-openbsd3.1 --disable-nls --verbose --enable-cpp --prefix=/home/gates/pinskia/openbsd --enable-shared --disable-libmudflap --enable-languages=c,c++,objc