This is the mail archive of the
gcc-testresults@gcc.gnu.org
mailing list for the GCC project.
Results for 3.4.4 20041202 (prerelease) gcc testsuite on vax--netbsdelf
- From: matt at 3am-software dot com (Matt Thomas)
- To: gcc-testresults at gcc dot gnu dot org
- Date: Thu, 2 Dec 2004 22:49:06 -0800 (PST)
- Subject: Results for 3.4.4 20041202 (prerelease) gcc testsuite on vax--netbsdelf
LAST_UPDATED:
Target is vax--netbsdelf
Host is powerpc--netbsd
=== gcc tests ===
Running target cougar
FAIL: gcc.c-torture/compile/20020807-1.c (test for excess errors)
FAIL: gcc.c-torture/compile/20020807-1.c (test for excess errors)
FAIL: gcc.c-torture/compile/20020807-1.c (test for excess errors)
FAIL: gcc.c-torture/compile/20020807-1.c (test for excess errors)
FAIL: gcc.c-torture/compile/20020807-1.c (test for excess errors)
FAIL: gcc.c-torture/compile/20031231-1.c (test for excess errors)
FAIL: gcc.c-torture/compile/20031231-1.c (test for excess errors)
FAIL: gcc.c-torture/compile/20031231-1.c (test for excess errors)
FAIL: gcc.c-torture/compile/20031231-1.c (test for excess errors)
FAIL: gcc.c-torture/compile/20031231-1.c (test for excess errors)
FAIL: gcc.c-torture/compile/20031231-1.c (test for excess errors)
FAIL: gcc.c-torture/compile/20031231-1.c (test for excess errors)
FAIL: gcc.c-torture/compile/920415-1.c (test for excess errors)
FAIL: gcc.c-torture/compile/930926-1.c (test for excess errors)
FAIL: gcc.c-torture/compile/930926-1.c (test for excess errors)
FAIL: gcc.c-torture/compile/930926-1.c (test for excess errors)
FAIL: gcc.c-torture/compile/991026-2.c (test for excess errors)
FAIL: gcc.c-torture/compile/991026-2.c (test for excess errors)
FAIL: gcc.c-torture/compile/991026-2.c (test for excess errors)
FAIL: gcc.c-torture/compile/991026-2.c (test for excess errors)
FAIL: gcc.c-torture/compile/991026-2.c (test for excess errors)
FAIL: gcc.c-torture/compile/991026-2.c (test for excess errors)
FAIL: gcc.c-torture/compile/991026-2.c (test for excess errors)
FAIL: gcc.c-torture/execute/20000801-2.c compilation, -O2
UNRESOLVED: gcc.c-torture/execute/20000801-2.c execution, -O2
FAIL: gcc.c-torture/execute/20000801-2.c compilation, -Os
UNRESOLVED: gcc.c-torture/execute/20000801-2.c execution, -Os
FAIL: gcc.c-torture/execute/20000818-1.c compilation, -O2
UNRESOLVED: gcc.c-torture/execute/20000818-1.c execution, -O2
FAIL: gcc.c-torture/execute/20000818-1.c compilation, -Os
UNRESOLVED: gcc.c-torture/execute/20000818-1.c execution, -Os
FAIL: gcc.c-torture/execute/20000914-1.c compilation, -O1
UNRESOLVED: gcc.c-torture/execute/20000914-1.c execution, -O1
FAIL: gcc.c-torture/execute/20000914-1.c compilation, -O2
UNRESOLVED: gcc.c-torture/execute/20000914-1.c execution, -O2
FAIL: gcc.c-torture/execute/20000914-1.c compilation, -Os
UNRESOLVED: gcc.c-torture/execute/20000914-1.c execution, -Os
FAIL: gcc.c-torture/execute/20001228-1.c compilation, -O1
UNRESOLVED: gcc.c-torture/execute/20001228-1.c execution, -O1
FAIL: gcc.c-torture/execute/20001228-1.c compilation, -O2
UNRESOLVED: gcc.c-torture/execute/20001228-1.c execution, -O2
FAIL: gcc.c-torture/execute/20001228-1.c compilation, -Os
UNRESOLVED: gcc.c-torture/execute/20001228-1.c execution, -Os
FAIL: gcc.c-torture/execute/20010206-1.c compilation, -O1
UNRESOLVED: gcc.c-torture/execute/20010206-1.c execution, -O1
FAIL: gcc.c-torture/execute/20010206-1.c compilation, -O2
UNRESOLVED: gcc.c-torture/execute/20010206-1.c execution, -O2
FAIL: gcc.c-torture/execute/20010206-1.c compilation, -Os
UNRESOLVED: gcc.c-torture/execute/20010206-1.c execution, -Os
FAIL: gcc.c-torture/execute/20010723-1.c compilation, -O2
UNRESOLVED: gcc.c-torture/execute/20010723-1.c execution, -O2
FAIL: gcc.c-torture/execute/20010723-1.c compilation, -Os
UNRESOLVED: gcc.c-torture/execute/20010723-1.c execution, -Os
FAIL: gcc.c-torture/execute/20020219-1.c compilation, -O1
UNRESOLVED: gcc.c-torture/execute/20020219-1.c execution, -O1
FAIL: gcc.c-torture/execute/20020219-1.c compilation, -O2
UNRESOLVED: gcc.c-torture/execute/20020219-1.c execution, -O2
FAIL: gcc.c-torture/execute/20020219-1.c compilation, -Os
UNRESOLVED: gcc.c-torture/execute/20020219-1.c execution, -Os
FAIL: gcc.c-torture/execute/20020619-1.c compilation, -O1
UNRESOLVED: gcc.c-torture/execute/20020619-1.c execution, -O1
FAIL: gcc.c-torture/execute/20020720-1.c compilation, -O1
UNRESOLVED: gcc.c-torture/execute/20020720-1.c execution, -O1
FAIL: gcc.c-torture/execute/20020720-1.c compilation, -O2
UNRESOLVED: gcc.c-torture/execute/20020720-1.c execution, -O2
FAIL: gcc.c-torture/execute/20020720-1.c compilation, -O3 -fomit-frame-pointer
UNRESOLVED: gcc.c-torture/execute/20020720-1.c execution, -O3 -fomit-frame-pointer
FAIL: gcc.c-torture/execute/20020720-1.c compilation, -O3 -g
UNRESOLVED: gcc.c-torture/execute/20020720-1.c execution, -O3 -g
FAIL: gcc.c-torture/execute/20020720-1.c compilation, -Os
UNRESOLVED: gcc.c-torture/execute/20020720-1.c execution, -Os
FAIL: gcc.c-torture/execute/20021010-1.c compilation, -O1
UNRESOLVED: gcc.c-torture/execute/20021010-1.c execution, -O1
FAIL: gcc.c-torture/execute/20021010-1.c compilation, -O2
UNRESOLVED: gcc.c-torture/execute/20021010-1.c execution, -O2
FAIL: gcc.c-torture/execute/20021010-1.c compilation, -Os
UNRESOLVED: gcc.c-torture/execute/20021010-1.c execution, -Os
FAIL: gcc.c-torture/execute/20030401-1.c compilation, -O1
UNRESOLVED: gcc.c-torture/execute/20030401-1.c execution, -O1
FAIL: gcc.c-torture/execute/20030401-1.c compilation, -O2
UNRESOLVED: gcc.c-torture/execute/20030401-1.c execution, -O2
FAIL: gcc.c-torture/execute/20030401-1.c compilation, -Os
UNRESOLVED: gcc.c-torture/execute/20030401-1.c execution, -Os
FAIL: gcc.c-torture/execute/20031003-1.c compilation, -O1
UNRESOLVED: gcc.c-torture/execute/20031003-1.c execution, -O1
FAIL: gcc.c-torture/execute/20031003-1.c compilation, -O2
UNRESOLVED: gcc.c-torture/execute/20031003-1.c execution, -O2
FAIL: gcc.c-torture/execute/20031003-1.c compilation, -Os
UNRESOLVED: gcc.c-torture/execute/20031003-1.c execution, -Os
FAIL: gcc.c-torture/execute/20031216-1.c compilation, -O1
UNRESOLVED: gcc.c-torture/execute/20031216-1.c execution, -O1
FAIL: gcc.c-torture/execute/20031216-1.c compilation, -O2
UNRESOLVED: gcc.c-torture/execute/20031216-1.c execution, -O2
FAIL: gcc.c-torture/execute/20031216-1.c compilation, -Os
UNRESOLVED: gcc.c-torture/execute/20031216-1.c execution, -Os
FAIL: gcc.c-torture/execute/920409-1.c compilation, -O1
UNRESOLVED: gcc.c-torture/execute/920409-1.c execution, -O1
FAIL: gcc.c-torture/execute/920409-1.c compilation, -O2
UNRESOLVED: gcc.c-torture/execute/920409-1.c execution, -O2
FAIL: gcc.c-torture/execute/920409-1.c compilation, -Os
UNRESOLVED: gcc.c-torture/execute/920409-1.c execution, -Os
FAIL: gcc.c-torture/execute/920415-1.c compilation, -O1
UNRESOLVED: gcc.c-torture/execute/920415-1.c execution, -O1
FAIL: gcc.c-torture/execute/920501-9.c compilation, -O1
UNRESOLVED: gcc.c-torture/execute/920501-9.c execution, -O1
FAIL: gcc.c-torture/execute/920501-9.c compilation, -O2
UNRESOLVED: gcc.c-torture/execute/920501-9.c execution, -O2
FAIL: gcc.c-torture/execute/920501-9.c compilation, -Os
UNRESOLVED: gcc.c-torture/execute/920501-9.c execution, -Os
FAIL: gcc.c-torture/execute/920728-1.c compilation, -O1
UNRESOLVED: gcc.c-torture/execute/920728-1.c execution, -O1
FAIL: gcc.c-torture/execute/920728-1.c compilation, -O2
UNRESOLVED: gcc.c-torture/execute/920728-1.c execution, -O2
FAIL: gcc.c-torture/execute/920728-1.c compilation, -Os
UNRESOLVED: gcc.c-torture/execute/920728-1.c execution, -Os
FAIL: gcc.c-torture/execute/920730-1.c compilation, -O1
UNRESOLVED: gcc.c-torture/execute/920730-1.c execution, -O1
FAIL: gcc.c-torture/execute/920730-1.c compilation, -O2
UNRESOLVED: gcc.c-torture/execute/920730-1.c execution, -O2
FAIL: gcc.c-torture/execute/920730-1.c compilation, -Os
UNRESOLVED: gcc.c-torture/execute/920730-1.c execution, -Os
FAIL: gcc.c-torture/execute/921207-1.c compilation, -O1
UNRESOLVED: gcc.c-torture/execute/921207-1.c execution, -O1
FAIL: gcc.c-torture/execute/921207-1.c compilation, -O2
UNRESOLVED: gcc.c-torture/execute/921207-1.c execution, -O2
FAIL: gcc.c-torture/execute/921207-1.c compilation, -Os
UNRESOLVED: gcc.c-torture/execute/921207-1.c execution, -Os
FAIL: gcc.c-torture/execute/921218-1.c compilation, -O1
UNRESOLVED: gcc.c-torture/execute/921218-1.c execution, -O1
FAIL: gcc.c-torture/execute/921218-1.c compilation, -O2
UNRESOLVED: gcc.c-torture/execute/921218-1.c execution, -O2
FAIL: gcc.c-torture/execute/921218-1.c compilation, -Os
UNRESOLVED: gcc.c-torture/execute/921218-1.c execution, -Os
FAIL: gcc.c-torture/execute/921218-2.c compilation, -O1
UNRESOLVED: gcc.c-torture/execute/921218-2.c execution, -O1
FAIL: gcc.c-torture/execute/921218-2.c compilation, -O2
UNRESOLVED: gcc.c-torture/execute/921218-2.c execution, -O2
FAIL: gcc.c-torture/execute/921218-2.c compilation, -Os
UNRESOLVED: gcc.c-torture/execute/921218-2.c execution, -Os
FAIL: gcc.c-torture/execute/930106-1.c compilation, -O1
UNRESOLVED: gcc.c-torture/execute/930106-1.c execution, -O1
FAIL: gcc.c-torture/execute/930106-1.c compilation, -O2
UNRESOLVED: gcc.c-torture/execute/930106-1.c execution, -O2
FAIL: gcc.c-torture/execute/930106-1.c compilation, -Os
UNRESOLVED: gcc.c-torture/execute/930106-1.c execution, -Os
FAIL: gcc.c-torture/execute/930603-1.c compilation, -O2
UNRESOLVED: gcc.c-torture/execute/930603-1.c execution, -O2
FAIL: gcc.c-torture/execute/930603-1.c compilation, -Os
UNRESOLVED: gcc.c-torture/execute/930603-1.c execution, -Os
FAIL: gcc.c-torture/execute/930621-1.c compilation, -O1
UNRESOLVED: gcc.c-torture/execute/930621-1.c execution, -O1
FAIL: gcc.c-torture/execute/930621-1.c compilation, -O2
UNRESOLVED: gcc.c-torture/execute/930621-1.c execution, -O2
FAIL: gcc.c-torture/execute/930621-1.c compilation, -Os
UNRESOLVED: gcc.c-torture/execute/930621-1.c execution, -Os
FAIL: gcc.c-torture/execute/930622-1.c compilation, -O1
UNRESOLVED: gcc.c-torture/execute/930622-1.c execution, -O1
FAIL: gcc.c-torture/execute/930622-1.c compilation, -O2
UNRESOLVED: gcc.c-torture/execute/930622-1.c execution, -O2
FAIL: gcc.c-torture/execute/930622-1.c compilation, -Os
UNRESOLVED: gcc.c-torture/execute/930622-1.c execution, -Os
FAIL: gcc.c-torture/execute/930930-2.c compilation, -O1
UNRESOLVED: gcc.c-torture/execute/930930-2.c execution, -O1
FAIL: gcc.c-torture/execute/930930-2.c compilation, -O2
UNRESOLVED: gcc.c-torture/execute/930930-2.c execution, -O2
FAIL: gcc.c-torture/execute/930930-2.c compilation, -Os
UNRESOLVED: gcc.c-torture/execute/930930-2.c execution, -Os
FAIL: gcc.c-torture/execute/931017-1.c compilation, -O1
UNRESOLVED: gcc.c-torture/execute/931017-1.c execution, -O1
FAIL: gcc.c-torture/execute/931017-1.c compilation, -O2
UNRESOLVED: gcc.c-torture/execute/931017-1.c execution, -O2
FAIL: gcc.c-torture/execute/931017-1.c compilation, -Os
UNRESOLVED: gcc.c-torture/execute/931017-1.c execution, -Os
FAIL: gcc.c-torture/execute/931208-1.c compilation, -O1
UNRESOLVED: gcc.c-torture/execute/931208-1.c execution, -O1
FAIL: gcc.c-torture/execute/931208-1.c compilation, -O2
UNRESOLVED: gcc.c-torture/execute/931208-1.c execution, -O2
FAIL: gcc.c-torture/execute/931208-1.c compilation, -Os
UNRESOLVED: gcc.c-torture/execute/931208-1.c execution, -Os
FAIL: gcc.c-torture/execute/941101-1.c compilation, -O1
UNRESOLVED: gcc.c-torture/execute/941101-1.c execution, -O1
FAIL: gcc.c-torture/execute/941101-1.c compilation, -O2
UNRESOLVED: gcc.c-torture/execute/941101-1.c execution, -O2
FAIL: gcc.c-torture/execute/941101-1.c compilation, -Os
UNRESOLVED: gcc.c-torture/execute/941101-1.c execution, -Os
FAIL: gcc.c-torture/execute/951003-1.c compilation, -O1
UNRESOLVED: gcc.c-torture/execute/951003-1.c execution, -O1
FAIL: gcc.c-torture/execute/951003-1.c compilation, -O2
UNRESOLVED: gcc.c-torture/execute/951003-1.c execution, -O2
FAIL: gcc.c-torture/execute/951003-1.c compilation, -Os
UNRESOLVED: gcc.c-torture/execute/951003-1.c execution, -Os
FAIL: gcc.c-torture/execute/960801-1.c compilation, -O1
UNRESOLVED: gcc.c-torture/execute/960801-1.c execution, -O1
FAIL: gcc.c-torture/execute/960801-1.c compilation, -O2
UNRESOLVED: gcc.c-torture/execute/960801-1.c execution, -O2
FAIL: gcc.c-torture/execute/960801-1.c compilation, -Os
UNRESOLVED: gcc.c-torture/execute/960801-1.c execution, -Os
FAIL: gcc.c-torture/execute/960802-1.c compilation, -O1
UNRESOLVED: gcc.c-torture/execute/960802-1.c execution, -O1
FAIL: gcc.c-torture/execute/960802-1.c compilation, -O2
UNRESOLVED: gcc.c-torture/execute/960802-1.c execution, -O2
FAIL: gcc.c-torture/execute/960802-1.c compilation, -Os
UNRESOLVED: gcc.c-torture/execute/960802-1.c execution, -Os
FAIL: gcc.c-torture/execute/980506-2.c compilation, -O2
UNRESOLVED: gcc.c-torture/execute/980506-2.c execution, -O2
FAIL: gcc.c-torture/execute/980506-2.c compilation, -Os
UNRESOLVED: gcc.c-torture/execute/980506-2.c execution, -Os
FAIL: gcc.c-torture/execute/980612-1.c compilation, -O1
UNRESOLVED: gcc.c-torture/execute/980612-1.c execution, -O1
FAIL: gcc.c-torture/execute/980612-1.c compilation, -O2
UNRESOLVED: gcc.c-torture/execute/980612-1.c execution, -O2
FAIL: gcc.c-torture/execute/980612-1.c compilation, -Os
UNRESOLVED: gcc.c-torture/execute/980612-1.c execution, -Os
FAIL: gcc.c-torture/execute/990628-1.c compilation, -O1
UNRESOLVED: gcc.c-torture/execute/990628-1.c execution, -O1
FAIL: gcc.c-torture/execute/990628-1.c compilation, -O2
UNRESOLVED: gcc.c-torture/execute/990628-1.c execution, -O2
FAIL: gcc.c-torture/execute/990628-1.c compilation, -Os
UNRESOLVED: gcc.c-torture/execute/990628-1.c execution, -Os
FAIL: gcc.c-torture/execute/990804-1.c compilation, -O1
UNRESOLVED: gcc.c-torture/execute/990804-1.c execution, -O1
FAIL: gcc.c-torture/execute/990804-1.c compilation, -O2
UNRESOLVED: gcc.c-torture/execute/990804-1.c execution, -O2
FAIL: gcc.c-torture/execute/990804-1.c compilation, -Os
UNRESOLVED: gcc.c-torture/execute/990804-1.c execution, -Os
FAIL: gcc.c-torture/execute/991014-1.c compilation, -O1
UNRESOLVED: gcc.c-torture/execute/991014-1.c execution, -O1
FAIL: gcc.c-torture/execute/991014-1.c compilation, -O2
UNRESOLVED: gcc.c-torture/execute/991014-1.c execution, -O2
FAIL: gcc.c-torture/execute/991014-1.c compilation, -Os
UNRESOLVED: gcc.c-torture/execute/991014-1.c execution, -Os
FAIL: gcc.c-torture/execute/991202-2.c compilation, -O1
UNRESOLVED: gcc.c-torture/execute/991202-2.c execution, -O1
FAIL: gcc.c-torture/execute/991202-2.c compilation, -O2
UNRESOLVED: gcc.c-torture/execute/991202-2.c execution, -O2
FAIL: gcc.c-torture/execute/991202-2.c compilation, -Os
UNRESOLVED: gcc.c-torture/execute/991202-2.c execution, -Os
FAIL: gcc.c-torture/execute/alloca-1.c compilation, -O1
UNRESOLVED: gcc.c-torture/execute/alloca-1.c execution, -O1
FAIL: gcc.c-torture/execute/alloca-1.c compilation, -O2
UNRESOLVED: gcc.c-torture/execute/alloca-1.c execution, -O2
FAIL: gcc.c-torture/execute/alloca-1.c compilation, -O3 -fomit-frame-pointer
UNRESOLVED: gcc.c-torture/execute/alloca-1.c execution, -O3 -fomit-frame-pointer
FAIL: gcc.c-torture/execute/alloca-1.c compilation, -O3 -g
UNRESOLVED: gcc.c-torture/execute/alloca-1.c execution, -O3 -g
FAIL: gcc.c-torture/execute/alloca-1.c compilation, -Os
UNRESOLVED: gcc.c-torture/execute/alloca-1.c execution, -Os
FAIL: gcc.c-torture/execute/builtin-prefetch-4.c compilation, -O1
UNRESOLVED: gcc.c-torture/execute/builtin-prefetch-4.c execution, -O1
FAIL: gcc.c-torture/execute/builtin-prefetch-4.c compilation, -O2
UNRESOLVED: gcc.c-torture/execute/builtin-prefetch-4.c execution, -O2
FAIL: gcc.c-torture/execute/builtin-prefetch-4.c compilation, -Os
UNRESOLVED: gcc.c-torture/execute/builtin-prefetch-4.c execution, -Os
FAIL: gcc.c-torture/execute/conversion.c execution, -O3 -fomit-frame-pointer
FAIL: gcc.c-torture/execute/conversion.c execution, -O3 -g
FAIL: gcc.c-torture/execute/loop-2e.c execution, -O2
FAIL: gcc.c-torture/execute/loop-2e.c execution, -Os
FAIL: gcc.c-torture/execute/loop-9.c compilation, -O1
UNRESOLVED: gcc.c-torture/execute/loop-9.c execution, -O1
FAIL: gcc.c-torture/execute/loop-9.c compilation, -O2
UNRESOLVED: gcc.c-torture/execute/loop-9.c execution, -O2
FAIL: gcc.c-torture/execute/loop-9.c compilation, -Os
UNRESOLVED: gcc.c-torture/execute/loop-9.c execution, -Os
FAIL: gcc.c-torture/execute/strct-pack-4.c compilation, -O1
UNRESOLVED: gcc.c-torture/execute/strct-pack-4.c execution, -O1
FAIL: gcc.c-torture/execute/strct-pack-4.c compilation, -O2
UNRESOLVED: gcc.c-torture/execute/strct-pack-4.c execution, -O2
FAIL: gcc.c-torture/execute/strct-pack-4.c compilation, -Os
UNRESOLVED: gcc.c-torture/execute/strct-pack-4.c execution, -Os
FAIL: gcc.c-torture/execute/struct-ret-2.c compilation, -O1
UNRESOLVED: gcc.c-torture/execute/struct-ret-2.c execution, -O1
FAIL: gcc.c-torture/execute/struct-ret-2.c compilation, -O2
UNRESOLVED: gcc.c-torture/execute/struct-ret-2.c execution, -O2
FAIL: gcc.c-torture/execute/struct-ret-2.c compilation, -Os
UNRESOLVED: gcc.c-torture/execute/struct-ret-2.c execution, -Os
FAIL: gcc.c-torture/unsorted/ex.c, -O1
FAIL: gcc.c-torture/unsorted/ex.c, -O2
FAIL: gcc.c-torture/unsorted/ex.c, -Os
FAIL: gcc.dg/cpp/assert4.c (test for excess errors)
FAIL: gcc.dg/debug/20010207-1.c (test for excess errors)
FAIL: gcc.dg/debug/20010207-1.c (test for excess errors)
FAIL: gcc.dg/debug/20010207-1.c (test for excess errors)
FAIL: gcc.dg/debug/20010207-1.c (test for excess errors)
FAIL: gcc.dg/debug/20010207-1.c (test for excess errors)
FAIL: gcc.dg/debug/20010207-1.c (test for excess errors)
FAIL: gcc.dg/debug/20010207-1.c (test for excess errors)
FAIL: gcc.dg/debug/20010207-1.c (test for excess errors)
FAIL: gcc.dg/debug/20010207-1.c (test for excess errors)
FAIL: gcc.dg/20021014-1.c (test for excess errors)
WARNING: gcc.dg/20021014-1.c compilation failed to produce executable
FAIL: gcc.dg/20040127-2.c (test for excess errors)
FAIL: gcc.dg/20040625-1.c (test for excess errors)
WARNING: gcc.dg/20040625-1.c compilation failed to produce executable
FAIL: gcc.dg/builtins-1.c (test for excess errors)
FAIL: gcc.dg/builtins-18.c (test for excess errors)
FAIL: gcc.dg/builtins-20.c (test for excess errors)
FAIL: gcc.dg/const-elim-1.c scan-assembler-not L\\\\\$?C[^A-Z]
FAIL: gcc.dg/funcorder.c (test for excess errors)
ERROR: gcc.dg/funcorder.c: error executing dg-final: couldn't open "funcorder.s": no such file or directory
UNRESOLVED: gcc.dg/funcorder.c: error executing dg-final: couldn't open "funcorder.s": no such file or directory
FAIL: gcc.dg/inline-2.c (test for excess errors)
FAIL: gcc.dg/nest.c (test for excess errors)
WARNING: gcc.dg/nest.c compilation failed to produce executable
XPASS: gcc.dg/sibcall-3.c execution test
XPASS: gcc.dg/sibcall-4.c execution test
FAIL: gcc.dg/winline-7.c (test for excess errors)
FAIL: gcc.dg/torture/builtin-attr-1.c (test for excess errors)
FAIL: gcc.dg/torture/builtin-attr-1.c (test for excess errors)
FAIL: gcc.dg/torture/builtin-attr-1.c (test for excess errors)
FAIL: gcc.dg/torture/builtin-attr-1.c (test for excess errors)
FAIL: gcc.dg/torture/builtin-attr-1.c (test for excess errors)
FAIL: gcc.dg/torture/builtin-attr-1.c (test for excess errors)
FAIL: gcc.dg/weak/typeof-2.c scan-assembler baz3.*baz3.*baz3.*baz3.*baz3.*baz3
FAIL: gcc.misc-tests/bprob-1.c execution: file bprob-1.gcda does not exist, -g -fprofile-arcs
UNRESOLVED: gcc.misc-tests/bprob-1.c compilation, -g -fbranch-probabilities
UNRESOLVED: gcc.misc-tests/bprob-1.c execution, -g -fbranch-probabilities
FAIL: gcc.misc-tests/bprob-1.c execution: file bprob-1.gcda does not exist, -O0 -fprofile-arcs
UNRESOLVED: gcc.misc-tests/bprob-1.c compilation, -O0 -fbranch-probabilities
UNRESOLVED: gcc.misc-tests/bprob-1.c execution, -O0 -fbranch-probabilities
FAIL: gcc.misc-tests/bprob-1.c execution: file bprob-1.gcda does not exist, -O1 -fprofile-arcs
UNRESOLVED: gcc.misc-tests/bprob-1.c compilation, -O1 -fbranch-probabilities
UNRESOLVED: gcc.misc-tests/bprob-1.c execution, -O1 -fbranch-probabilities
FAIL: gcc.misc-tests/bprob-1.c execution: file bprob-1.gcda does not exist, -O2 -DPERFTIME -fprofile-arcs
UNRESOLVED: gcc.misc-tests/bprob-1.c compilation, -O2 -DPERFTIME -fbranch-probabilities
UNRESOLVED: gcc.misc-tests/bprob-1.c execution, -O2 -DPERFTIME -fbranch-probabilities
FAIL: gcc.misc-tests/bprob-1.c execution: file bprob-1.gcda does not exist, -O3 -DPERFTIME -fprofile-arcs
UNRESOLVED: gcc.misc-tests/bprob-1.c compilation, -O3 -DPERFTIME -fbranch-probabilities
UNRESOLVED: gcc.misc-tests/bprob-1.c execution, -O3 -DPERFTIME -fbranch-probabilities
FAIL: gcc.misc-tests/bprob-1.c execution: file bprob-1.gcda does not exist, -O3 -g -DPERFTIME -fprofile-arcs
UNRESOLVED: gcc.misc-tests/bprob-1.c compilation, -O3 -g -DPERFTIME -fbranch-probabilities
UNRESOLVED: gcc.misc-tests/bprob-1.c execution, -O3 -g -DPERFTIME -fbranch-probabilities
FAIL: gcc.misc-tests/bprob-1.c execution: file bprob-1.gcda does not exist, -Os -fprofile-arcs
UNRESOLVED: gcc.misc-tests/bprob-1.c compilation, -Os -fbranch-probabilities
UNRESOLVED: gcc.misc-tests/bprob-1.c execution, -Os -fbranch-probabilities
FAIL: gcc.misc-tests/bprob-2.c execution: file bprob-2.gcda does not exist, -g -fprofile-arcs
UNRESOLVED: gcc.misc-tests/bprob-2.c compilation, -g -fbranch-probabilities
UNRESOLVED: gcc.misc-tests/bprob-2.c execution, -g -fbranch-probabilities
FAIL: gcc.misc-tests/bprob-2.c execution: file bprob-2.gcda does not exist, -O0 -fprofile-arcs
UNRESOLVED: gcc.misc-tests/bprob-2.c compilation, -O0 -fbranch-probabilities
UNRESOLVED: gcc.misc-tests/bprob-2.c execution, -O0 -fbranch-probabilities
FAIL: gcc.misc-tests/bprob-2.c execution: file bprob-2.gcda does not exist, -O1 -fprofile-arcs
UNRESOLVED: gcc.misc-tests/bprob-2.c compilation, -O1 -fbranch-probabilities
UNRESOLVED: gcc.misc-tests/bprob-2.c execution, -O1 -fbranch-probabilities
FAIL: gcc.misc-tests/bprob-2.c execution: file bprob-2.gcda does not exist, -O2 -DPERFTIME -fprofile-arcs
UNRESOLVED: gcc.misc-tests/bprob-2.c compilation, -O2 -DPERFTIME -fbranch-probabilities
UNRESOLVED: gcc.misc-tests/bprob-2.c execution, -O2 -DPERFTIME -fbranch-probabilities
FAIL: gcc.misc-tests/bprob-2.c execution: file bprob-2.gcda does not exist, -O3 -DPERFTIME -fprofile-arcs
UNRESOLVED: gcc.misc-tests/bprob-2.c compilation, -O3 -DPERFTIME -fbranch-probabilities
UNRESOLVED: gcc.misc-tests/bprob-2.c execution, -O3 -DPERFTIME -fbranch-probabilities
FAIL: gcc.misc-tests/bprob-2.c execution: file bprob-2.gcda does not exist, -O3 -g -DPERFTIME -fprofile-arcs
UNRESOLVED: gcc.misc-tests/bprob-2.c compilation, -O3 -g -DPERFTIME -fbranch-probabilities
UNRESOLVED: gcc.misc-tests/bprob-2.c execution, -O3 -g -DPERFTIME -fbranch-probabilities
FAIL: gcc.misc-tests/bprob-2.c execution: file bprob-2.gcda does not exist, -Os -fprofile-arcs
UNRESOLVED: gcc.misc-tests/bprob-2.c compilation, -Os -fbranch-probabilities
UNRESOLVED: gcc.misc-tests/bprob-2.c execution, -Os -fbranch-probabilities
=== gcc Summary ===
# of expected passes 23731
# of unexpected failures 196
# of unexpected successes 2
# of expected failures 68
# of unresolved testcases 153
# of untested testcases 7
# of unsupported tests 369
/u2/toolchain/powerpc--vax/gcc-3.4/gcc/xgcc version 3.4.4 20041202 (prerelease)
Compiler version: 3.4.4 20041202 (prerelease) gcc
Platform: vax--netbsdelf
configure flags: --target=vax--netbsdelf --host=powerpc--netbsd --build=powerpc--netbsd --disable-multilib --disable-shared --enable-threads=posix