This is the mail archive of the
gcc-testresults@gcc.gnu.org
mailing list for the GCC project.
Results for 3.4.4 20041110 (prerelease) gcc testsuite on vax-dec-ultrix4.3
- From: John David Anglin <dave at hiauly1 dot hia dot nrc dot ca>
- To: dave at hiauly1 dot hia dot nrc dot ca, gcc-testresults at gcc dot gnu dot org
- Date: Sat, 27 Nov 2004 13:44:39 -0500 (EST)
- Subject: Results for 3.4.4 20041110 (prerelease) gcc testsuite on vax-dec-ultrix4.3
LAST_UPDATED: Wed Nov 10 05:00:45 EST 2004
Native configuration is vax-dec-ultrix4.3
=== gcc tests ===
Running target unix
WARNING: program timed out.
FAIL: gcc.c-torture/compile/20001226-1.c (test for excess errors)
WARNING: program timed out.
FAIL: gcc.c-torture/compile/20001226-1.c (test for excess errors)
WARNING: program timed out.
FAIL: gcc.c-torture/compile/20001226-1.c (test for excess errors)
WARNING: program timed out.
FAIL: gcc.c-torture/compile/20001226-1.c (test for excess errors)
WARNING: program timed out.
FAIL: gcc.c-torture/compile/20001226-1.c (test for excess errors)
FAIL: gcc.c-torture/compile/920625-2.c (test for excess errors)
FAIL: gcc.c-torture/compile/init-1.c (test for excess errors)
FAIL: gcc.c-torture/compile/init-1.c (test for excess errors)
FAIL: gcc.c-torture/compile/init-1.c (test for excess errors)
FAIL: gcc.c-torture/compile/init-1.c (test for excess errors)
FAIL: gcc.c-torture/compile/init-1.c (test for excess errors)
FAIL: gcc.c-torture/compile/init-1.c (test for excess errors)
FAIL: gcc.c-torture/execute/20020720-1.c compilation, -O1
UNRESOLVED: gcc.c-torture/execute/20020720-1.c execution, -O1
FAIL: gcc.c-torture/execute/20020720-1.c compilation, -O2
UNRESOLVED: gcc.c-torture/execute/20020720-1.c execution, -O2
FAIL: gcc.c-torture/execute/20020720-1.c compilation, -O3 -fomit-frame-pointer
UNRESOLVED: gcc.c-torture/execute/20020720-1.c execution, -O3 -fomit-frame-pointer
FAIL: gcc.c-torture/execute/20020720-1.c compilation, -O3 -g
UNRESOLVED: gcc.c-torture/execute/20020720-1.c execution, -O3 -g
FAIL: gcc.c-torture/execute/20020720-1.c compilation, -Os
UNRESOLVED: gcc.c-torture/execute/20020720-1.c execution, -Os
FAIL: gcc.c-torture/execute/20030626-1.c execution, -O0
FAIL: gcc.c-torture/execute/20030626-2.c execution, -O0
FAIL: gcc.c-torture/execute/20030626-2.c execution, -O1
FAIL: gcc.c-torture/execute/20030626-2.c execution, -O2
FAIL: gcc.c-torture/execute/20030626-2.c execution, -O3 -fomit-frame-pointer
FAIL: gcc.c-torture/execute/20030626-2.c execution, -O3 -g
FAIL: gcc.c-torture/execute/20030626-2.c execution, -Os
WARNING: program timed out.
FAIL: gcc.c-torture/execute/conversion.c compilation, -O2
UNRESOLVED: gcc.c-torture/execute/conversion.c execution, -O2
FAIL: gcc.c-torture/execute/conversion.c execution, -O3 -fomit-frame-pointer
FAIL: gcc.c-torture/execute/conversion.c execution, -O3 -g
FAIL: gcc.c-torture/execute/loop-2e.c execution, -O2
FAIL: gcc.c-torture/execute/loop-2e.c execution, -Os
FAIL: gcc.c-torture/execute/string-opt-16.c execution, -O0
FAIL: gcc.dg/compat/struct-align-2 c_compat_x_tst.o compile
ERROR: gcc.dg/cpp/19990228-1.c: error executing dg-final: bad option "map": must be compare, first, index, last, length, match, range, tolower, toupper, trim, trimleft, trimright, wordend, or wordstart
UNRESOLVED: gcc.dg/cpp/19990228-1.c: error executing dg-final: bad option "map": must be compare, first, index, last, length, match, range, tolower, toupper, trim, trimleft, trimright, wordend, or wordstart
FAIL: gcc.dg/cpp/Wunused.c (test for bogus messages, line 13)
FAIL: gcc.dg/cpp/Wunused.c (test for bogus messages, line 14)
FAIL: gcc.dg/cpp/Wunused.c (test for bogus messages, line 15)
FAIL: gcc.dg/cpp/Wunused.c (test for bogus messages, line 16)
FAIL: gcc.dg/cpp/Wunused.c (test for excess errors)
ERROR: gcc.dg/cpp/_Pragma4.c: error executing dg-final: bad option "map": must be compare, first, index, last, length, match, range, tolower, toupper, trim, trimleft, trimright, wordend, or wordstart
UNRESOLVED: gcc.dg/cpp/_Pragma4.c: error executing dg-final: bad option "map": must be compare, first, index, last, length, match, range, tolower, toupper, trim, trimleft, trimright, wordend, or wordstart
ERROR: gcc.dg/cpp/_Pragma5.c: error executing dg-final: bad option "map": must be compare, first, index, last, length, match, range, tolower, toupper, trim, trimleft, trimright, wordend, or wordstart
UNRESOLVED: gcc.dg/cpp/_Pragma5.c: error executing dg-final: bad option "map": must be compare, first, index, last, length, match, range, tolower, toupper, trim, trimleft, trimright, wordend, or wordstart
ERROR: gcc.dg/cpp/avoidpaste1.c: error executing dg-final: bad option "map": must be compare, first, index, last, length, match, range, tolower, toupper, trim, trimleft, trimright, wordend, or wordstart
UNRESOLVED: gcc.dg/cpp/avoidpaste1.c: error executing dg-final: bad option "map": must be compare, first, index, last, length, match, range, tolower, toupper, trim, trimleft, trimright, wordend, or wordstart
ERROR: gcc.dg/cpp/avoidpaste2.c: error executing dg-final: bad option "map": must be compare, first, index, last, length, match, range, tolower, toupper, trim, trimleft, trimright, wordend, or wordstart
UNRESOLVED: gcc.dg/cpp/avoidpaste2.c: error executing dg-final: bad option "map": must be compare, first, index, last, length, match, range, tolower, toupper, trim, trimleft, trimright, wordend, or wordstart
ERROR: gcc.dg/cpp/cmdlne-C2.c: error executing dg-final: bad option "map": must be compare, first, index, last, length, match, range, tolower, toupper, trim, trimleft, trimright, wordend, or wordstart
UNRESOLVED: gcc.dg/cpp/cmdlne-C2.c: error executing dg-final: bad option "map": must be compare, first, index, last, length, match, range, tolower, toupper, trim, trimleft, trimright, wordend, or wordstart
ERROR: gcc.dg/cpp/cmdlne-P.c: error executing dg-final: bad option "map": must be compare, first, index, last, length, match, range, tolower, toupper, trim, trimleft, trimright, wordend, or wordstart
UNRESOLVED: gcc.dg/cpp/cmdlne-P.c: error executing dg-final: bad option "map": must be compare, first, index, last, length, match, range, tolower, toupper, trim, trimleft, trimright, wordend, or wordstart
ERROR: gcc.dg/cpp/cmdlne-dD-M.c: error executing dg-final: bad option "map": must be compare, first, index, last, length, match, range, tolower, toupper, trim, trimleft, trimright, wordend, or wordstart
UNRESOLVED: gcc.dg/cpp/cmdlne-dD-M.c: error executing dg-final: bad option "map": must be compare, first, index, last, length, match, range, tolower, toupper, trim, trimleft, trimright, wordend, or wordstart
ERROR: gcc.dg/cpp/cmdlne-dD-dM.c: error executing dg-final: bad option "map": must be compare, first, index, last, length, match, range, tolower, toupper, trim, trimleft, trimright, wordend, or wordstart
UNRESOLVED: gcc.dg/cpp/cmdlne-dD-dM.c: error executing dg-final: bad option "map": must be compare, first, index, last, length, match, range, tolower, toupper, trim, trimleft, trimright, wordend, or wordstart
ERROR: gcc.dg/cpp/cmdlne-dI-M.c: error executing dg-final: bad option "map": must be compare, first, index, last, length, match, range, tolower, toupper, trim, trimleft, trimright, wordend, or wordstart
UNRESOLVED: gcc.dg/cpp/cmdlne-dI-M.c: error executing dg-final: bad option "map": must be compare, first, index, last, length, match, range, tolower, toupper, trim, trimleft, trimright, wordend, or wordstart
ERROR: gcc.dg/cpp/cmdlne-dM-M.c: error executing dg-final: bad option "map": must be compare, first, index, last, length, match, range, tolower, toupper, trim, trimleft, trimright, wordend, or wordstart
UNRESOLVED: gcc.dg/cpp/cmdlne-dM-M.c: error executing dg-final: bad option "map": must be compare, first, index, last, length, match, range, tolower, toupper, trim, trimleft, trimright, wordend, or wordstart
ERROR: gcc.dg/cpp/cmdlne-dM-dD.c: error executing dg-final: bad option "map": must be compare, first, index, last, length, match, range, tolower, toupper, trim, trimleft, trimright, wordend, or wordstart
UNRESOLVED: gcc.dg/cpp/cmdlne-dM-dD.c: error executing dg-final: bad option "map": must be compare, first, index, last, length, match, range, tolower, toupper, trim, trimleft, trimright, wordend, or wordstart
ERROR: gcc.dg/cpp/cmdlne-dN-M.c: error executing dg-final: bad option "map": must be compare, first, index, last, length, match, range, tolower, toupper, trim, trimleft, trimright, wordend, or wordstart
UNRESOLVED: gcc.dg/cpp/cmdlne-dN-M.c: error executing dg-final: bad option "map": must be compare, first, index, last, length, match, range, tolower, toupper, trim, trimleft, trimright, wordend, or wordstart
ERROR: gcc.dg/cpp/cxxcom1.c: error executing dg-final: bad option "map": must be compare, first, index, last, length, match, range, tolower, toupper, trim, trimleft, trimright, wordend, or wordstart
UNRESOLVED: gcc.dg/cpp/cxxcom1.c: error executing dg-final: bad option "map": must be compare, first, index, last, length, match, range, tolower, toupper, trim, trimleft, trimright, wordend, or wordstart
ERROR: gcc.dg/cpp/cxxcom2.c: error executing dg-final: bad option "map": must be compare, first, index, last, length, match, range, tolower, toupper, trim, trimleft, trimright, wordend, or wordstart
UNRESOLVED: gcc.dg/cpp/cxxcom2.c: error executing dg-final: bad option "map": must be compare, first, index, last, length, match, range, tolower, toupper, trim, trimleft, trimright, wordend, or wordstart
ERROR: gcc.dg/cpp/ident-1.c: error executing dg-final: bad option "map": must be compare, first, index, last, length, match, range, tolower, toupper, trim, trimleft, trimright, wordend, or wordstart
UNRESOLVED: gcc.dg/cpp/ident-1.c: error executing dg-final: bad option "map": must be compare, first, index, last, length, match, range, tolower, toupper, trim, trimleft, trimright, wordend, or wordstart
ERROR: gcc.dg/cpp/line1.c: error executing dg-final: bad option "map": must be compare, first, index, last, length, match, range, tolower, toupper, trim, trimleft, trimright, wordend, or wordstart
UNRESOLVED: gcc.dg/cpp/line1.c: error executing dg-final: bad option "map": must be compare, first, index, last, length, match, range, tolower, toupper, trim, trimleft, trimright, wordend, or wordstart
ERROR: gcc.dg/cpp/maccom1.c: error executing dg-final: bad option "map": must be compare, first, index, last, length, match, range, tolower, toupper, trim, trimleft, trimright, wordend, or wordstart
UNRESOLVED: gcc.dg/cpp/maccom1.c: error executing dg-final: bad option "map": must be compare, first, index, last, length, match, range, tolower, toupper, trim, trimleft, trimright, wordend, or wordstart
ERROR: gcc.dg/cpp/maccom2.c: error executing dg-final: bad option "map": must be compare, first, index, last, length, match, range, tolower, toupper, trim, trimleft, trimright, wordend, or wordstart
UNRESOLVED: gcc.dg/cpp/maccom2.c: error executing dg-final: bad option "map": must be compare, first, index, last, length, match, range, tolower, toupper, trim, trimleft, trimright, wordend, or wordstart
ERROR: gcc.dg/cpp/maccom3.c: error executing dg-final: bad option "map": must be compare, first, index, last, length, match, range, tolower, toupper, trim, trimleft, trimright, wordend, or wordstart
UNRESOLVED: gcc.dg/cpp/maccom3.c: error executing dg-final: bad option "map": must be compare, first, index, last, length, match, range, tolower, toupper, trim, trimleft, trimright, wordend, or wordstart
ERROR: gcc.dg/cpp/maccom4.c: error executing dg-final: bad option "map": must be compare, first, index, last, length, match, range, tolower, toupper, trim, trimleft, trimright, wordend, or wordstart
UNRESOLVED: gcc.dg/cpp/maccom4.c: error executing dg-final: bad option "map": must be compare, first, index, last, length, match, range, tolower, toupper, trim, trimleft, trimright, wordend, or wordstart
ERROR: gcc.dg/cpp/maccom5.c: error executing dg-final: bad option "map": must be compare, first, index, last, length, match, range, tolower, toupper, trim, trimleft, trimright, wordend, or wordstart
UNRESOLVED: gcc.dg/cpp/maccom5.c: error executing dg-final: bad option "map": must be compare, first, index, last, length, match, range, tolower, toupper, trim, trimleft, trimright, wordend, or wordstart
ERROR: gcc.dg/cpp/maccom6.c: error executing dg-final: bad option "map": must be compare, first, index, last, length, match, range, tolower, toupper, trim, trimleft, trimright, wordend, or wordstart
UNRESOLVED: gcc.dg/cpp/maccom6.c: error executing dg-final: bad option "map": must be compare, first, index, last, length, match, range, tolower, toupper, trim, trimleft, trimright, wordend, or wordstart
ERROR: gcc.dg/cpp/multiline.c: error executing dg-final: bad option "map": must be compare, first, index, last, length, match, range, tolower, toupper, trim, trimleft, trimright, wordend, or wordstart
UNRESOLVED: gcc.dg/cpp/multiline.c: error executing dg-final: bad option "map": must be compare, first, index, last, length, match, range, tolower, toupper, trim, trimleft, trimright, wordend, or wordstart
ERROR: gcc.dg/cpp/spacing1.c: error executing dg-final: bad option "map": must be compare, first, index, last, length, match, range, tolower, toupper, trim, trimleft, trimright, wordend, or wordstart
UNRESOLVED: gcc.dg/cpp/spacing1.c: error executing dg-final: bad option "map": must be compare, first, index, last, length, match, range, tolower, toupper, trim, trimleft, trimright, wordend, or wordstart
ERROR: gcc.dg/cpp/spacing2.c: error executing dg-final: bad option "map": must be compare, first, index, last, length, match, range, tolower, toupper, trim, trimleft, trimright, wordend, or wordstart
UNRESOLVED: gcc.dg/cpp/spacing2.c: error executing dg-final: bad option "map": must be compare, first, index, last, length, match, range, tolower, toupper, trim, trimleft, trimright, wordend, or wordstart
FAIL: gcc.dg/cpp/trad/Wunused.c (test for bogus messages, line 12)
FAIL: gcc.dg/cpp/trad/Wunused.c (test for bogus messages, line 13)
FAIL: gcc.dg/cpp/trad/Wunused.c (test for bogus messages, line 14)
FAIL: gcc.dg/cpp/trad/Wunused.c (test for bogus messages, line 15)
FAIL: gcc.dg/cpp/trad/Wunused.c (test for excess errors)
ERROR: gcc.dg/cpp/trad/cmdlne-C2.c: error executing dg-final: bad option "map": must be compare, first, index, last, length, match, range, tolower, toupper, trim, trimleft, trimright, wordend, or wordstart
UNRESOLVED: gcc.dg/cpp/trad/cmdlne-C2.c: error executing dg-final: bad option "map": must be compare, first, index, last, length, match, range, tolower, toupper, trim, trimleft, trimright, wordend, or wordstart
ERROR: gcc.dg/cpp/trad/maccom1.c: error executing dg-final: bad option "map": must be compare, first, index, last, length, match, range, tolower, toupper, trim, trimleft, trimright, wordend, or wordstart
UNRESOLVED: gcc.dg/cpp/trad/maccom1.c: error executing dg-final: bad option "map": must be compare, first, index, last, length, match, range, tolower, toupper, trim, trimleft, trimright, wordend, or wordstart
ERROR: gcc.dg/cpp/trad/maccom2.c: error executing dg-final: bad option "map": must be compare, first, index, last, length, match, range, tolower, toupper, trim, trimleft, trimright, wordend, or wordstart
UNRESOLVED: gcc.dg/cpp/trad/maccom2.c: error executing dg-final: bad option "map": must be compare, first, index, last, length, match, range, tolower, toupper, trim, trimleft, trimright, wordend, or wordstart
ERROR: gcc.dg/cpp/trad/maccom3.c: error executing dg-final: bad option "map": must be compare, first, index, last, length, match, range, tolower, toupper, trim, trimleft, trimright, wordend, or wordstart
UNRESOLVED: gcc.dg/cpp/trad/maccom3.c: error executing dg-final: bad option "map": must be compare, first, index, last, length, match, range, tolower, toupper, trim, trimleft, trimright, wordend, or wordstart
ERROR: gcc.dg/cpp/trad/maccom4.c: error executing dg-final: bad option "map": must be compare, first, index, last, length, match, range, tolower, toupper, trim, trimleft, trimright, wordend, or wordstart
UNRESOLVED: gcc.dg/cpp/trad/maccom4.c: error executing dg-final: bad option "map": must be compare, first, index, last, length, match, range, tolower, toupper, trim, trimleft, trimright, wordend, or wordstart
ERROR: gcc.dg/cpp/trad/maccom6.c: error executing dg-final: bad option "map": must be compare, first, index, last, length, match, range, tolower, toupper, trim, trimleft, trimright, wordend, or wordstart
UNRESOLVED: gcc.dg/cpp/trad/maccom6.c: error executing dg-final: bad option "map": must be compare, first, index, last, length, match, range, tolower, toupper, trim, trimleft, trimright, wordend, or wordstart
ERROR: gcc.dg/cpp/trad/xwin1.c: error executing dg-final: bad option "map": must be compare, first, index, last, length, match, range, tolower, toupper, trim, trimleft, trimright, wordend, or wordstart
UNRESOLVED: gcc.dg/cpp/trad/xwin1.c: error executing dg-final: bad option "map": must be compare, first, index, last, length, match, range, tolower, toupper, trim, trimleft, trimright, wordend, or wordstart
ERROR: gcc.dg/debug/debug-1.c: error executing dg-final: bad option "map": must be compare, first, index, last, length, match, range, tolower, toupper, trim, trimleft, trimright, wordend, or wordstart
UNRESOLVED: gcc.dg/debug/debug-1.c: error executing dg-final: bad option "map": must be compare, first, index, last, length, match, range, tolower, toupper, trim, trimleft, trimright, wordend, or wordstart
ERROR: gcc.dg/debug/debug-1.c: error executing dg-final: bad option "map": must be compare, first, index, last, length, match, range, tolower, toupper, trim, trimleft, trimright, wordend, or wordstart
UNRESOLVED: gcc.dg/debug/debug-1.c: error executing dg-final: bad option "map": must be compare, first, index, last, length, match, range, tolower, toupper, trim, trimleft, trimright, wordend, or wordstart
ERROR: gcc.dg/debug/debug-1.c: error executing dg-final: bad option "map": must be compare, first, index, last, length, match, range, tolower, toupper, trim, trimleft, trimright, wordend, or wordstart
UNRESOLVED: gcc.dg/debug/debug-1.c: error executing dg-final: bad option "map": must be compare, first, index, last, length, match, range, tolower, toupper, trim, trimleft, trimright, wordend, or wordstart
ERROR: gcc.dg/debug/debug-1.c: error executing dg-final: bad option "map": must be compare, first, index, last, length, match, range, tolower, toupper, trim, trimleft, trimright, wordend, or wordstart
UNRESOLVED: gcc.dg/debug/debug-1.c: error executing dg-final: bad option "map": must be compare, first, index, last, length, match, range, tolower, toupper, trim, trimleft, trimright, wordend, or wordstart
ERROR: gcc.dg/debug/debug-2.c: error executing dg-final: bad option "map": must be compare, first, index, last, length, match, range, tolower, toupper, trim, trimleft, trimright, wordend, or wordstart
UNRESOLVED: gcc.dg/debug/debug-2.c: error executing dg-final: bad option "map": must be compare, first, index, last, length, match, range, tolower, toupper, trim, trimleft, trimright, wordend, or wordstart
ERROR: gcc.dg/debug/debug-2.c: error executing dg-final: bad option "map": must be compare, first, index, last, length, match, range, tolower, toupper, trim, trimleft, trimright, wordend, or wordstart
UNRESOLVED: gcc.dg/debug/debug-2.c: error executing dg-final: bad option "map": must be compare, first, index, last, length, match, range, tolower, toupper, trim, trimleft, trimright, wordend, or wordstart
ERROR: gcc.dg/debug/debug-2.c: error executing dg-final: bad option "map": must be compare, first, index, last, length, match, range, tolower, toupper, trim, trimleft, trimright, wordend, or wordstart
UNRESOLVED: gcc.dg/debug/debug-2.c: error executing dg-final: bad option "map": must be compare, first, index, last, length, match, range, tolower, toupper, trim, trimleft, trimright, wordend, or wordstart
ERROR: gcc.dg/debug/debug-2.c: error executing dg-final: bad option "map": must be compare, first, index, last, length, match, range, tolower, toupper, trim, trimleft, trimright, wordend, or wordstart
UNRESOLVED: gcc.dg/debug/debug-2.c: error executing dg-final: bad option "map": must be compare, first, index, last, length, match, range, tolower, toupper, trim, trimleft, trimright, wordend, or wordstart
ERROR: gcc.dg/debug/debug-6.c: error executing dg-final: bad option "map": must be compare, first, index, last, length, match, range, tolower, toupper, trim, trimleft, trimright, wordend, or wordstart
UNRESOLVED: gcc.dg/debug/debug-6.c: error executing dg-final: bad option "map": must be compare, first, index, last, length, match, range, tolower, toupper, trim, trimleft, trimright, wordend, or wordstart
ERROR: gcc.dg/debug/debug-6.c: error executing dg-final: bad option "map": must be compare, first, index, last, length, match, range, tolower, toupper, trim, trimleft, trimright, wordend, or wordstart
UNRESOLVED: gcc.dg/debug/debug-6.c: error executing dg-final: bad option "map": must be compare, first, index, last, length, match, range, tolower, toupper, trim, trimleft, trimright, wordend, or wordstart
ERROR: gcc.dg/debug/debug-6.c: error executing dg-final: bad option "map": must be compare, first, index, last, length, match, range, tolower, toupper, trim, trimleft, trimright, wordend, or wordstart
UNRESOLVED: gcc.dg/debug/debug-6.c: error executing dg-final: bad option "map": must be compare, first, index, last, length, match, range, tolower, toupper, trim, trimleft, trimright, wordend, or wordstart
ERROR: gcc.dg/debug/debug-6.c: error executing dg-final: bad option "map": must be compare, first, index, last, length, match, range, tolower, toupper, trim, trimleft, trimright, wordend, or wordstart
UNRESOLVED: gcc.dg/debug/debug-6.c: error executing dg-final: bad option "map": must be compare, first, index, last, length, match, range, tolower, toupper, trim, trimleft, trimright, wordend, or wordstart
ERROR: gcc.dg/debug/debug-6.c: error executing dg-final: bad option "map": must be compare, first, index, last, length, match, range, tolower, toupper, trim, trimleft, trimright, wordend, or wordstart
UNRESOLVED: gcc.dg/debug/debug-6.c: error executing dg-final: bad option "map": must be compare, first, index, last, length, match, range, tolower, toupper, trim, trimleft, trimright, wordend, or wordstart
ERROR: gcc.dg/debug/debug-6.c: error executing dg-final: bad option "map": must be compare, first, index, last, length, match, range, tolower, toupper, trim, trimleft, trimright, wordend, or wordstart
UNRESOLVED: gcc.dg/debug/debug-6.c: error executing dg-final: bad option "map": must be compare, first, index, last, length, match, range, tolower, toupper, trim, trimleft, trimright, wordend, or wordstart
ERROR: gcc.dg/debug/debug-6.c: error executing dg-final: bad option "map": must be compare, first, index, last, length, match, range, tolower, toupper, trim, trimleft, trimright, wordend, or wordstart
UNRESOLVED: gcc.dg/debug/debug-6.c: error executing dg-final: bad option "map": must be compare, first, index, last, length, match, range, tolower, toupper, trim, trimleft, trimright, wordend, or wordstart
ERROR: gcc.dg/debug/debug-6.c: error executing dg-final: bad option "map": must be compare, first, index, last, length, match, range, tolower, toupper, trim, trimleft, trimright, wordend, or wordstart
UNRESOLVED: gcc.dg/debug/debug-6.c: error executing dg-final: bad option "map": must be compare, first, index, last, length, match, range, tolower, toupper, trim, trimleft, trimright, wordend, or wordstart
ERROR: gcc.dg/debug/debug-6.c: error executing dg-final: bad option "map": must be compare, first, index, last, length, match, range, tolower, toupper, trim, trimleft, trimright, wordend, or wordstart
UNRESOLVED: gcc.dg/debug/debug-6.c: error executing dg-final: bad option "map": must be compare, first, index, last, length, match, range, tolower, toupper, trim, trimleft, trimright, wordend, or wordstart
ERROR: gcc.dg/debug/debug-6.c: error executing dg-final: bad option "map": must be compare, first, index, last, length, match, range, tolower, toupper, trim, trimleft, trimright, wordend, or wordstart
UNRESOLVED: gcc.dg/debug/debug-6.c: error executing dg-final: bad option "map": must be compare, first, index, last, length, match, range, tolower, toupper, trim, trimleft, trimright, wordend, or wordstart
ERROR: gcc.dg/debug/debug-6.c: error executing dg-final: bad option "map": must be compare, first, index, last, length, match, range, tolower, toupper, trim, trimleft, trimright, wordend, or wordstart
UNRESOLVED: gcc.dg/debug/debug-6.c: error executing dg-final: bad option "map": must be compare, first, index, last, length, match, range, tolower, toupper, trim, trimleft, trimright, wordend, or wordstart
ERROR: gcc.dg/debug/debug-6.c: error executing dg-final: bad option "map": must be compare, first, index, last, length, match, range, tolower, toupper, trim, trimleft, trimright, wordend, or wordstart
UNRESOLVED: gcc.dg/debug/debug-6.c: error executing dg-final: bad option "map": must be compare, first, index, last, length, match, range, tolower, toupper, trim, trimleft, trimright, wordend, or wordstart
WARNING: program timed out.
FAIL: gcc.dg/20020425-1.c (test for excess errors)
FAIL: gcc.dg/20021014-1.c (test for excess errors)
WARNING: gcc.dg/20021014-1.c compilation failed to produce executable
ERROR: gcc.dg/20021029-1.c: error executing dg-final: bad option "map": must be compare, first, index, last, length, match, range, tolower, toupper, trim, trimleft, trimright, wordend, or wordstart
UNRESOLVED: gcc.dg/20021029-1.c: error executing dg-final: bad option "map": must be compare, first, index, last, length, match, range, tolower, toupper, trim, trimleft, trimright, wordend, or wordstart
ERROR: gcc.dg/20021029-2.c: error executing dg-final: bad option "map": must be compare, first, index, last, length, match, range, tolower, toupper, trim, trimleft, trimright, wordend, or wordstart
UNRESOLVED: gcc.dg/20021029-2.c: error executing dg-final: bad option "map": must be compare, first, index, last, length, match, range, tolower, toupper, trim, trimleft, trimright, wordend, or wordstart
ERROR: gcc.dg/20040123-1.c: error executing dg-final: bad option "map": must be compare, first, index, last, length, match, range, tolower, toupper, trim, trimleft, trimright, wordend, or wordstart
UNRESOLVED: gcc.dg/20040123-1.c: error executing dg-final: bad option "map": must be compare, first, index, last, length, match, range, tolower, toupper, trim, trimleft, trimright, wordend, or wordstart
ERROR: gcc.dg/20041024-1.c: error executing dg-final: bad option "map": must be compare, first, index, last, length, match, range, tolower, toupper, trim, trimleft, trimright, wordend, or wordstart
UNRESOLVED: gcc.dg/20041024-1.c: error executing dg-final: bad option "map": must be compare, first, index, last, length, match, range, tolower, toupper, trim, trimleft, trimright, wordend, or wordstart
ERROR: gcc.dg/array-quals-1.c: error executing dg-final: bad option "map": must be compare, first, index, last, length, match, range, tolower, toupper, trim, trimleft, trimright, wordend, or wordstart
UNRESOLVED: gcc.dg/array-quals-1.c: error executing dg-final: bad option "map": must be compare, first, index, last, length, match, range, tolower, toupper, trim, trimleft, trimright, wordend, or wordstart
ERROR: gcc.dg/asm-2.c: error executing dg-final: bad option "map": must be compare, first, index, last, length, match, range, tolower, toupper, trim, trimleft, trimright, wordend, or wordstart
UNRESOLVED: gcc.dg/asm-2.c: error executing dg-final: bad option "map": must be compare, first, index, last, length, match, range, tolower, toupper, trim, trimleft, trimright, wordend, or wordstart
ERROR: gcc.dg/asm-3.c: error executing dg-final: bad option "map": must be compare, first, index, last, length, match, range, tolower, toupper, trim, trimleft, trimright, wordend, or wordstart
UNRESOLVED: gcc.dg/asm-3.c: error executing dg-final: bad option "map": must be compare, first, index, last, length, match, range, tolower, toupper, trim, trimleft, trimright, wordend, or wordstart
ERROR: gcc.dg/asm-fs-1.c: error executing dg-final: bad option "map": must be compare, first, index, last, length, match, range, tolower, toupper, trim, trimleft, trimright, wordend, or wordstart
UNRESOLVED: gcc.dg/asm-fs-1.c: error executing dg-final: bad option "map": must be compare, first, index, last, length, match, range, tolower, toupper, trim, trimleft, trimright, wordend, or wordstart
ERROR: gcc.dg/asm-names.c: error executing dg-final: bad option "map": must be compare, first, index, last, length, match, range, tolower, toupper, trim, trimleft, trimright, wordend, or wordstart
UNRESOLVED: gcc.dg/asm-names.c: error executing dg-final: bad option "map": must be compare, first, index, last, length, match, range, tolower, toupper, trim, trimleft, trimright, wordend, or wordstart
ERROR: gcc.dg/attr-alwaysinline.c: error executing dg-final: bad option "map": must be compare, first, index, last, length, match, range, tolower, toupper, trim, trimleft, trimright, wordend, or wordstart
UNRESOLVED: gcc.dg/attr-alwaysinline.c: error executing dg-final: bad option "map": must be compare, first, index, last, length, match, range, tolower, toupper, trim, trimleft, trimright, wordend, or wordstart
ERROR: gcc.dg/attr-noinline.c: error executing dg-final: bad option "map": must be compare, first, index, last, length, match, range, tolower, toupper, trim, trimleft, trimright, wordend, or wordstart
UNRESOLVED: gcc.dg/attr-noinline.c: error executing dg-final: bad option "map": must be compare, first, index, last, length, match, range, tolower, toupper, trim, trimleft, trimright, wordend, or wordstart
ERROR: gcc.dg/attr-used-2.c: error executing dg-final: bad option "map": must be compare, first, index, last, length, match, range, tolower, toupper, trim, trimleft, trimright, wordend, or wordstart
UNRESOLVED: gcc.dg/attr-used-2.c: error executing dg-final: bad option "map": must be compare, first, index, last, length, match, range, tolower, toupper, trim, trimleft, trimright, wordend, or wordstart
ERROR: gcc.dg/attr-used.c: error executing dg-final: bad option "map": must be compare, first, index, last, length, match, range, tolower, toupper, trim, trimleft, trimright, wordend, or wordstart
UNRESOLVED: gcc.dg/attr-used.c: error executing dg-final: bad option "map": must be compare, first, index, last, length, match, range, tolower, toupper, trim, trimleft, trimright, wordend, or wordstart
FAIL: gcc.dg/bitfld-3.c (test for excess errors)
FAIL: gcc.dg/builtins-1.c (test for excess errors)
ERROR: gcc.dg/builtins-1.c: error executing dg-final: bad option "map": must be compare, first, index, last, length, match, range, tolower, toupper, trim, trimleft, trimright, wordend, or wordstart
UNRESOLVED: gcc.dg/builtins-1.c: error executing dg-final: bad option "map": must be compare, first, index, last, length, match, range, tolower, toupper, trim, trimleft, trimright, wordend, or wordstart
ERROR: gcc.dg/builtins-12.c: error executing dg-final: bad option "map": must be compare, first, index, last, length, match, range, tolower, toupper, trim, trimleft, trimright, wordend, or wordstart
UNRESOLVED: gcc.dg/builtins-12.c: error executing dg-final: bad option "map": must be compare, first, index, last, length, match, range, tolower, toupper, trim, trimleft, trimright, wordend, or wordstart
ERROR: gcc.dg/builtins-16.c: error executing dg-final: bad option "map": must be compare, first, index, last, length, match, range, tolower, toupper, trim, trimleft, trimright, wordend, or wordstart
UNRESOLVED: gcc.dg/builtins-16.c: error executing dg-final: bad option "map": must be compare, first, index, last, length, match, range, tolower, toupper, trim, trimleft, trimright, wordend, or wordstart
FAIL: gcc.dg/builtins-18.c (test for excess errors)
FAIL: gcc.dg/builtins-20.c (test for excess errors)
FAIL: gcc.dg/c99-complit-1.c (test for excess errors)
WARNING: gcc.dg/c99-complit-1.c compilation failed to produce executable
FAIL: gcc.dg/c99-complit-2.c non-const (test for errors, line 42)
WARNING: program timed out.
FAIL: gcc.dg/c99-intconst-1.c (test for excess errors)
ERROR: gcc.dg/cleanup-6.c: error executing dg-final: bad option "map": must be compare, first, index, last, length, match, range, tolower, toupper, trim, trimleft, trimright, wordend, or wordstart
UNRESOLVED: gcc.dg/cleanup-6.c: error executing dg-final: bad option "map": must be compare, first, index, last, length, match, range, tolower, toupper, trim, trimleft, trimright, wordend, or wordstart
ERROR: gcc.dg/const-elim-1.c: error executing dg-final: bad option "map": must be compare, first, index, last, length, match, range, tolower, toupper, trim, trimleft, trimright, wordend, or wordstart
UNRESOLVED: gcc.dg/const-elim-1.c: error executing dg-final: bad option "map": must be compare, first, index, last, length, match, range, tolower, toupper, trim, trimleft, trimright, wordend, or wordstart
ERROR: gcc.dg/const-elim-2.c: error executing dg-final: bad switch "-inline": must be -indices, -nocase, or --
UNRESOLVED: gcc.dg/const-elim-2.c: error executing dg-final: bad switch "-inline": must be -indices, -nocase, or --
ERROR: gcc.dg/funcorder.c: error executing dg-final: bad option "map": must be compare, first, index, last, length, match, range, tolower, toupper, trim, trimleft, trimright, wordend, or wordstart
UNRESOLVED: gcc.dg/funcorder.c: error executing dg-final: bad option "map": must be compare, first, index, last, length, match, range, tolower, toupper, trim, trimleft, trimright, wordend, or wordstart
ERROR: gcc.dg/gnu89-init-2.c: error executing dg-final: bad option "map": must be compare, first, index, last, length, match, range, tolower, toupper, trim, trimleft, trimright, wordend, or wordstart
UNRESOLVED: gcc.dg/gnu89-init-2.c: error executing dg-final: bad option "map": must be compare, first, index, last, length, match, range, tolower, toupper, trim, trimleft, trimright, wordend, or wordstart
ERROR: gcc.dg/inline-1.c: error executing dg-final: bad option "map": must be compare, first, index, last, length, match, range, tolower, toupper, trim, trimleft, trimright, wordend, or wordstart
UNRESOLVED: gcc.dg/inline-1.c: error executing dg-final: bad option "map": must be compare, first, index, last, length, match, range, tolower, toupper, trim, trimleft, trimright, wordend, or wordstart
ERROR: gcc.dg/inline-3.c: error executing dg-final: bad option "map": must be compare, first, index, last, length, match, range, tolower, toupper, trim, trimleft, trimright, wordend, or wordstart
UNRESOLVED: gcc.dg/inline-3.c: error executing dg-final: bad option "map": must be compare, first, index, last, length, match, range, tolower, toupper, trim, trimleft, trimright, wordend, or wordstart
ERROR: gcc.dg/inline-4.c: error executing dg-final: bad option "map": must be compare, first, index, last, length, match, range, tolower, toupper, trim, trimleft, trimright, wordend, or wordstart
UNRESOLVED: gcc.dg/inline-4.c: error executing dg-final: bad option "map": must be compare, first, index, last, length, match, range, tolower, toupper, trim, trimleft, trimright, wordend, or wordstart
ERROR: gcc.dg/intermod-1.c: error executing dg-final: bad option "map": must be compare, first, index, last, length, match, range, tolower, toupper, trim, trimleft, trimright, wordend, or wordstart
UNRESOLVED: gcc.dg/intermod-1.c: error executing dg-final: bad option "map": must be compare, first, index, last, length, match, range, tolower, toupper, trim, trimleft, trimright, wordend, or wordstart
FAIL: gcc.dg/nest.c (test for excess errors)
WARNING: gcc.dg/nest.c compilation failed to produce executable
ERROR: gcc.dg/old-style-asm-1.c: error executing dg-final: bad option "map": must be compare, first, index, last, length, match, range, tolower, toupper, trim, trimleft, trimright, wordend, or wordstart
UNRESOLVED: gcc.dg/old-style-asm-1.c: error executing dg-final: bad option "map": must be compare, first, index, last, length, match, range, tolower, toupper, trim, trimleft, trimright, wordend, or wordstart
ERROR: gcc.dg/section1.c: error executing dg-final: bad option "map": must be compare, first, index, last, length, match, range, tolower, toupper, trim, trimleft, trimright, wordend, or wordstart
UNRESOLVED: gcc.dg/section1.c: error executing dg-final: bad option "map": must be compare, first, index, last, length, match, range, tolower, toupper, trim, trimleft, trimright, wordend, or wordstart
XPASS: gcc.dg/sibcall-3.c execution test
XPASS: gcc.dg/sibcall-4.c execution test
ERROR: gcc.dg/string-opt-1.c: error executing dg-final: bad option "map": must be compare, first, index, last, length, match, range, tolower, toupper, trim, trimleft, trimright, wordend, or wordstart
UNRESOLVED: gcc.dg/string-opt-1.c: error executing dg-final: bad option "map": must be compare, first, index, last, length, match, range, tolower, toupper, trim, trimleft, trimright, wordend, or wordstart
ERROR: gcc.dg/typeof-1.c: error executing dg-final: bad option "map": must be compare, first, index, last, length, match, range, tolower, toupper, trim, trimleft, trimright, wordend, or wordstart
UNRESOLVED: gcc.dg/typeof-1.c: error executing dg-final: bad option "map": must be compare, first, index, last, length, match, range, tolower, toupper, trim, trimleft, trimright, wordend, or wordstart
ERROR: gcc.dg/unused-5.c: error executing dg-final: bad option "map": must be compare, first, index, last, length, match, range, tolower, toupper, trim, trimleft, trimright, wordend, or wordstart
UNRESOLVED: gcc.dg/unused-5.c: error executing dg-final: bad option "map": must be compare, first, index, last, length, match, range, tolower, toupper, trim, trimleft, trimright, wordend, or wordstart
FAIL: gcc.dg/wchar_t-1.c (test for excess errors)
FAIL: gcc.dg/wint_t-1.c (test for excess errors)
FAIL: gcc.dg/pch/common-1.c (test for excess errors)
FAIL: gcc.dg/pch/common-1.c (test for excess errors)
FAIL: gcc.dg/pch/common-1.c (test for excess errors)
FAIL: gcc.dg/pch/common-1.c (test for excess errors)
FAIL: gcc.dg/pch/common-1.c (test for excess errors)
FAIL: gcc.dg/pch/common-1.c (test for excess errors)
FAIL: gcc.dg/pch/common-1.c (test for excess errors)
FAIL: gcc.dg/pch/cpp-1.c (test for excess errors)
FAIL: gcc.dg/pch/cpp-1.c (test for excess errors)
FAIL: gcc.dg/pch/cpp-1.c (test for excess errors)
FAIL: gcc.dg/pch/cpp-1.c (test for excess errors)
FAIL: gcc.dg/pch/cpp-1.c (test for excess errors)
FAIL: gcc.dg/pch/cpp-1.c (test for excess errors)
FAIL: gcc.dg/pch/cpp-1.c (test for excess errors)
FAIL: gcc.dg/pch/cpp-2.c (test for excess errors)
FAIL: gcc.dg/pch/cpp-2.c (test for excess errors)
FAIL: gcc.dg/pch/cpp-2.c (test for excess errors)
FAIL: gcc.dg/pch/cpp-2.c (test for excess errors)
FAIL: gcc.dg/pch/cpp-2.c (test for excess errors)
FAIL: gcc.dg/pch/cpp-2.c (test for excess errors)
FAIL: gcc.dg/pch/cpp-2.c (test for excess errors)
FAIL: gcc.dg/pch/decl-1.c (test for excess errors)
FAIL: gcc.dg/pch/decl-1.c (test for excess errors)
FAIL: gcc.dg/pch/decl-1.c (test for excess errors)
FAIL: gcc.dg/pch/decl-1.c (test for excess errors)
FAIL: gcc.dg/pch/decl-1.c (test for excess errors)
FAIL: gcc.dg/pch/decl-1.c (test for excess errors)
FAIL: gcc.dg/pch/decl-1.c (test for excess errors)
FAIL: gcc.dg/pch/decl-2.c (test for excess errors)
FAIL: gcc.dg/pch/decl-2.c (test for excess errors)
FAIL: gcc.dg/pch/decl-2.c (test for excess errors)
FAIL: gcc.dg/pch/decl-2.c (test for excess errors)
FAIL: gcc.dg/pch/decl-2.c (test for excess errors)
FAIL: gcc.dg/pch/decl-2.c (test for excess errors)
FAIL: gcc.dg/pch/decl-2.c (test for excess errors)
FAIL: gcc.dg/pch/decl-3.c (test for excess errors)
FAIL: gcc.dg/pch/decl-3.c (test for excess errors)
FAIL: gcc.dg/pch/decl-3.c (test for excess errors)
FAIL: gcc.dg/pch/decl-3.c (test for excess errors)
FAIL: gcc.dg/pch/decl-3.c (test for excess errors)
FAIL: gcc.dg/pch/decl-3.c (test for excess errors)
FAIL: gcc.dg/pch/decl-3.c (test for excess errors)
FAIL: gcc.dg/pch/decl-4.c (test for excess errors)
FAIL: gcc.dg/pch/decl-4.c (test for excess errors)
FAIL: gcc.dg/pch/decl-4.c (test for excess errors)
FAIL: gcc.dg/pch/decl-4.c (test for excess errors)
FAIL: gcc.dg/pch/decl-4.c (test for excess errors)
FAIL: gcc.dg/pch/decl-4.c (test for excess errors)
FAIL: gcc.dg/pch/decl-4.c (test for excess errors)
FAIL: gcc.dg/pch/decl-5.c (test for excess errors)
FAIL: gcc.dg/pch/decl-5.c (test for excess errors)
FAIL: gcc.dg/pch/decl-5.c (test for excess errors)
FAIL: gcc.dg/pch/decl-5.c (test for excess errors)
FAIL: gcc.dg/pch/decl-5.c (test for excess errors)
FAIL: gcc.dg/pch/decl-5.c (test for excess errors)
FAIL: gcc.dg/pch/decl-5.c (test for excess errors)
FAIL: gcc.dg/pch/empty.c (test for excess errors)
FAIL: gcc.dg/pch/empty.c (test for excess errors)
FAIL: gcc.dg/pch/empty.c (test for excess errors)
FAIL: gcc.dg/pch/empty.c (test for excess errors)
FAIL: gcc.dg/pch/empty.c (test for excess errors)
FAIL: gcc.dg/pch/empty.c (test for excess errors)
FAIL: gcc.dg/pch/empty.c (test for excess errors)
FAIL: gcc.dg/pch/except-1.c (test for excess errors)
FAIL: gcc.dg/pch/except-1.c (test for excess errors)
FAIL: gcc.dg/pch/except-1.c (test for excess errors)
FAIL: gcc.dg/pch/except-1.c (test for excess errors)
FAIL: gcc.dg/pch/except-1.c (test for excess errors)
FAIL: gcc.dg/pch/except-1.c (test for excess errors)
FAIL: gcc.dg/pch/except-1.c (test for excess errors)
FAIL: gcc.dg/pch/global-1.c (test for excess errors)
FAIL: gcc.dg/pch/global-1.c (test for excess errors)
FAIL: gcc.dg/pch/global-1.c (test for excess errors)
FAIL: gcc.dg/pch/global-1.c (test for excess errors)
FAIL: gcc.dg/pch/global-1.c (test for excess errors)
FAIL: gcc.dg/pch/global-1.c (test for excess errors)
FAIL: gcc.dg/pch/global-1.c (test for excess errors)
FAIL: gcc.dg/pch/inline-1.c (test for excess errors)
FAIL: gcc.dg/pch/inline-1.c (test for excess errors)
FAIL: gcc.dg/pch/inline-1.c (test for excess errors)
FAIL: gcc.dg/pch/inline-1.c (test for excess errors)
FAIL: gcc.dg/pch/inline-1.c (test for excess errors)
FAIL: gcc.dg/pch/inline-1.c (test for excess errors)
FAIL: gcc.dg/pch/inline-1.c (test for excess errors)
FAIL: gcc.dg/pch/inline-2.c (test for excess errors)
FAIL: gcc.dg/pch/inline-2.c (test for excess errors)
FAIL: gcc.dg/pch/inline-2.c (test for excess errors)
FAIL: gcc.dg/pch/inline-2.c (test for excess errors)
FAIL: gcc.dg/pch/inline-2.c (test for excess errors)
FAIL: gcc.dg/pch/inline-2.c (test for excess errors)
FAIL: gcc.dg/pch/inline-2.c (test for excess errors)
FAIL: gcc.dg/pch/inline-3.c (test for excess errors)
FAIL: gcc.dg/pch/inline-3.c (test for excess errors)
FAIL: gcc.dg/pch/inline-3.c (test for excess errors)
FAIL: gcc.dg/pch/inline-3.c (test for excess errors)
FAIL: gcc.dg/pch/inline-3.c (test for excess errors)
FAIL: gcc.dg/pch/inline-3.c (test for excess errors)
FAIL: gcc.dg/pch/inline-3.c (test for excess errors)
FAIL: gcc.dg/pch/inline-4.c (test for excess errors)
FAIL: gcc.dg/pch/inline-4.c (test for excess errors)
FAIL: gcc.dg/pch/inline-4.c (test for excess errors)
FAIL: gcc.dg/pch/inline-4.c (test for excess errors)
FAIL: gcc.dg/pch/inline-4.c (test for excess errors)
FAIL: gcc.dg/pch/inline-4.c (test for excess errors)
FAIL: gcc.dg/pch/inline-4.c (test for excess errors)
FAIL: gcc.dg/pch/macro-1.c (test for excess errors)
FAIL: gcc.dg/pch/macro-1.c (test for excess errors)
FAIL: gcc.dg/pch/macro-1.c (test for excess errors)
FAIL: gcc.dg/pch/macro-1.c (test for excess errors)
FAIL: gcc.dg/pch/macro-1.c (test for excess errors)
FAIL: gcc.dg/pch/macro-1.c (test for excess errors)
FAIL: gcc.dg/pch/macro-1.c (test for excess errors)
FAIL: gcc.dg/pch/macro-2.c (test for excess errors)
FAIL: gcc.dg/pch/macro-2.c (test for excess errors)
FAIL: gcc.dg/pch/macro-2.c (test for excess errors)
FAIL: gcc.dg/pch/macro-2.c (test for excess errors)
FAIL: gcc.dg/pch/macro-2.c (test for excess errors)
FAIL: gcc.dg/pch/macro-2.c (test for excess errors)
FAIL: gcc.dg/pch/macro-2.c (test for excess errors)
FAIL: gcc.dg/pch/macro-3.c (test for excess errors)
FAIL: gcc.dg/pch/macro-3.c (test for excess errors)
FAIL: gcc.dg/pch/macro-3.c (test for excess errors)
FAIL: gcc.dg/pch/macro-3.c (test for excess errors)
FAIL: gcc.dg/pch/macro-3.c (test for excess errors)
FAIL: gcc.dg/pch/macro-3.c (test for excess errors)
FAIL: gcc.dg/pch/macro-3.c (test for excess errors)
FAIL: gcc.dg/pch/static-1.c (test for excess errors)
FAIL: gcc.dg/pch/static-1.c (test for excess errors)
FAIL: gcc.dg/pch/static-1.c (test for excess errors)
FAIL: gcc.dg/pch/static-1.c (test for excess errors)
FAIL: gcc.dg/pch/static-1.c (test for excess errors)
FAIL: gcc.dg/pch/static-1.c (test for excess errors)
FAIL: gcc.dg/pch/static-1.c (test for excess errors)
FAIL: gcc.dg/pch/static-2.c (test for excess errors)
FAIL: gcc.dg/pch/static-2.c (test for excess errors)
FAIL: gcc.dg/pch/static-2.c (test for excess errors)
FAIL: gcc.dg/pch/static-2.c (test for excess errors)
FAIL: gcc.dg/pch/static-2.c (test for excess errors)
FAIL: gcc.dg/pch/static-2.c (test for excess errors)
FAIL: gcc.dg/pch/static-2.c (test for excess errors)
FAIL: gcc.dg/pch/static-3.c (test for excess errors)
FAIL: gcc.dg/pch/static-3.c (test for excess errors)
FAIL: gcc.dg/pch/static-3.c (test for excess errors)
FAIL: gcc.dg/pch/static-3.c (test for excess errors)
FAIL: gcc.dg/pch/static-3.c (test for excess errors)
FAIL: gcc.dg/pch/static-3.c (test for excess errors)
FAIL: gcc.dg/pch/static-3.c (test for excess errors)
FAIL: gcc.dg/pch/system-1.c (test for excess errors)
FAIL: gcc.dg/pch/system-1.c (test for excess errors)
FAIL: gcc.dg/pch/system-1.c (test for excess errors)
FAIL: gcc.dg/pch/system-1.c (test for excess errors)
FAIL: gcc.dg/pch/system-1.c (test for excess errors)
FAIL: gcc.dg/pch/system-1.c (test for excess errors)
FAIL: gcc.dg/pch/system-1.c (test for excess errors)
FAIL: gcc.dg/special/gcsec-1.c (test for excess errors)
FAIL: gcc.dg/special/weak-1.c (test for excess errors)
WARNING: gcc.dg/special/weak-1.c compilation failed to produce executable
FAIL: gcc.dg/special/weak-2.c (test for excess errors)
WARNING: gcc.dg/special/weak-2.c compilation failed to produce executable
FAIL: gcc.dg/torture/builtin-attr-1.c (test for excess errors)
FAIL: gcc.dg/torture/builtin-attr-1.c (test for excess errors)
FAIL: gcc.dg/torture/builtin-attr-1.c (test for excess errors)
FAIL: gcc.dg/torture/builtin-attr-1.c (test for excess errors)
FAIL: gcc.dg/torture/builtin-attr-1.c (test for excess errors)
FAIL: gcc.dg/torture/builtin-attr-1.c (test for excess errors)
FAIL: gcc.dg/torture/builtin-noret-1.c (test for excess errors)
FAIL: gcc.dg/torture/builtin-noret-1.c (test for excess errors)
FAIL: gcc.dg/torture/builtin-noret-1.c (test for excess errors)
FAIL: gcc.dg/torture/builtin-noret-1.c (test for excess errors)
FAIL: gcc.dg/torture/builtin-noret-1.c (test for excess errors)
FAIL: gcc.dg/torture/builtin-noret-1.c (test for excess errors)
FAIL: gcc.dg/torture/builtin-noret-2.c (test for excess errors)
FAIL: gcc.dg/torture/builtin-noret-2.c (test for excess errors)
FAIL: gcc.dg/torture/builtin-noret-2.c (test for excess errors)
FAIL: gcc.dg/torture/builtin-noret-2.c (test for excess errors)
FAIL: gcc.dg/torture/builtin-noret-2.c (test for excess errors)
FAIL: gcc.dg/torture/builtin-noret-2.c (test for excess errors)
ERROR: gcc.dg/torture/nested-fn-1.c: error executing dg-final: bad option "map": must be compare, first, index, last, length, match, range, tolower, toupper, trim, trimleft, trimright, wordend, or wordstart
UNRESOLVED: gcc.dg/torture/nested-fn-1.c: error executing dg-final: bad option "map": must be compare, first, index, last, length, match, range, tolower, toupper, trim, trimleft, trimright, wordend, or wordstart
ERROR: gcc.dg/torture/nested-fn-1.c: error executing dg-final: bad option "map": must be compare, first, index, last, length, match, range, tolower, toupper, trim, trimleft, trimright, wordend, or wordstart
UNRESOLVED: gcc.dg/torture/nested-fn-1.c: error executing dg-final: bad option "map": must be compare, first, index, last, length, match, range, tolower, toupper, trim, trimleft, trimright, wordend, or wordstart
ERROR: gcc.dg/torture/nested-fn-1.c: error executing dg-final: bad option "map": must be compare, first, index, last, length, match, range, tolower, toupper, trim, trimleft, trimright, wordend, or wordstart
UNRESOLVED: gcc.dg/torture/nested-fn-1.c: error executing dg-final: bad option "map": must be compare, first, index, last, length, match, range, tolower, toupper, trim, trimleft, trimright, wordend, or wordstart
ERROR: gcc.dg/torture/nested-fn-1.c: error executing dg-final: bad option "map": must be compare, first, index, last, length, match, range, tolower, toupper, trim, trimleft, trimright, wordend, or wordstart
UNRESOLVED: gcc.dg/torture/nested-fn-1.c: error executing dg-final: bad option "map": must be compare, first, index, last, length, match, range, tolower, toupper, trim, trimleft, trimright, wordend, or wordstart
ERROR: gcc.dg/torture/nested-fn-1.c: error executing dg-final: bad option "map": must be compare, first, index, last, length, match, range, tolower, toupper, trim, trimleft, trimright, wordend, or wordstart
UNRESOLVED: gcc.dg/torture/nested-fn-1.c: error executing dg-final: bad option "map": must be compare, first, index, last, length, match, range, tolower, toupper, trim, trimleft, trimright, wordend, or wordstart
ERROR: gcc.dg/torture/nested-fn-1.c: error executing dg-final: bad option "map": must be compare, first, index, last, length, match, range, tolower, toupper, trim, trimleft, trimright, wordend, or wordstart
UNRESOLVED: gcc.dg/torture/nested-fn-1.c: error executing dg-final: bad option "map": must be compare, first, index, last, length, match, range, tolower, toupper, trim, trimleft, trimright, wordend, or wordstart
FAIL: gcc.dg/weak/typeof-2.c (test for excess errors)
ERROR: gcc.dg/weak/typeof-2.c: error executing dg-final: bad option "map": must be compare, first, index, last, length, match, range, tolower, toupper, trim, trimleft, trimright, wordend, or wordstart
UNRESOLVED: gcc.dg/weak/typeof-2.c: error executing dg-final: bad option "map": must be compare, first, index, last, length, match, range, tolower, toupper, trim, trimleft, trimright, wordend, or wordstart
FAIL: gcc.dg/weak/weak-1.c (test for excess errors)
ERROR: gcc.dg/weak/weak-1.c: error executing dg-final: bad option "map": must be compare, first, index, last, length, match, range, tolower, toupper, trim, trimleft, trimright, wordend, or wordstart
UNRESOLVED: gcc.dg/weak/weak-1.c: error executing dg-final: bad option "map": must be compare, first, index, last, length, match, range, tolower, toupper, trim, trimleft, trimright, wordend, or wordstart
FAIL: gcc.dg/weak/weak-2.c applying #pragma weak (test for warnings, line 27)
FAIL: gcc.dg/weak/weak-2.c (test for excess errors)
ERROR: gcc.dg/weak/weak-2.c: error executing dg-final: bad option "map": must be compare, first, index, last, length, match, range, tolower, toupper, trim, trimleft, trimright, wordend, or wordstart
UNRESOLVED: gcc.dg/weak/weak-2.c: error executing dg-final: bad option "map": must be compare, first, index, last, length, match, range, tolower, toupper, trim, trimleft, trimright, wordend, or wordstart
FAIL: gcc.dg/weak/weak-3.c (test for excess errors)
ERROR: gcc.dg/weak/weak-3.c: error executing dg-final: bad option "map": must be compare, first, index, last, length, match, range, tolower, toupper, trim, trimleft, trimright, wordend, or wordstart
UNRESOLVED: gcc.dg/weak/weak-3.c: error executing dg-final: bad option "map": must be compare, first, index, last, length, match, range, tolower, toupper, trim, trimleft, trimright, wordend, or wordstart
FAIL: gcc.dg/weak/weak-4.c applying #pragma weak (test for warnings, line 35)
FAIL: gcc.dg/weak/weak-4.c applying #pragma weak (test for warnings, line 67)
FAIL: gcc.dg/weak/weak-4.c (test for excess errors)
ERROR: gcc.dg/weak/weak-4.c: error executing dg-final: bad option "map": must be compare, first, index, last, length, match, range, tolower, toupper, trim, trimleft, trimright, wordend, or wordstart
UNRESOLVED: gcc.dg/weak/weak-4.c: error executing dg-final: bad option "map": must be compare, first, index, last, length, match, range, tolower, toupper, trim, trimleft, trimright, wordend, or wordstart
FAIL: gcc.dg/weak/weak-5.c (test for excess errors)
ERROR: gcc.dg/weak/weak-5.c: error executing dg-final: bad option "map": must be compare, first, index, last, length, match, range, tolower, toupper, trim, trimleft, trimright, wordend, or wordstart
UNRESOLVED: gcc.dg/weak/weak-5.c: error executing dg-final: bad option "map": must be compare, first, index, last, length, match, range, tolower, toupper, trim, trimleft, trimright, wordend, or wordstart
FAIL: gcc.dg/weak/weak-7.c (test for excess errors)
FAIL: gcc.dg/weak/weak-8.c (test for excess errors)
FAIL: gcc.dg/weak/weak-9.c (test for excess errors)
ERROR: gcc.dg/weak/weak-9.c: error executing dg-final: bad option "map": must be compare, first, index, last, length, match, range, tolower, toupper, trim, trimleft, trimright, wordend, or wordstart
UNRESOLVED: gcc.dg/weak/weak-9.c: error executing dg-final: bad option "map": must be compare, first, index, last, length, match, range, tolower, toupper, trim, trimleft, trimright, wordend, or wordstart
WARNING: program timed out.
FAIL: gcc.misc-tests/gcov-5b.c execution test
FAIL: gcc.misc-tests/gcov-5b.c gcov failed: gcov-5b.c.gcov does not exist
=== gcc Summary ===
# of expected passes 23088
# of unexpected failures 242
# of unexpected successes 2
# of expected failures 64
# of unresolved testcases 102
# of untested testcases 161
# of unsupported tests 366
/xxx/gnu/gcc-3.4/objdir/gcc/xgcc version 3.4.4 20041110 (prerelease)
Compiler version: 3.4.4 20041110 (prerelease) gcc
Platform: vax-dec-ultrix4.3
configure flags: --prefix=/usr/local/gcc/gcc-3.4.3 --with-gnu-as --with-gnu-ld --enable-languages=c --disable-libmudflap --disable-nls