This is the mail archive of the gcc-testresults@gcc.gnu.org mailing list for the GCC project.
Index Nav: | [Date Index] [Subject Index] [Author Index] [Thread Index] | |
---|---|---|
Message Nav: | [Date Prev] [Date Next] | [Thread Prev] [Thread Next] |
Other format: | [Raw text] |
LAST_UPDATED: Sat Nov 20 18:02:52 UTC 2004 Native configuration is ia64-unknown-linux-gnu === g++ tests === Running target unix WARNING: program timed out. FAIL: g++.dg/opt/longbranch1.C (test for excess errors) WARNING: g++.old-deja/g++.mike/p10769a.C compilation failed to produce executable === g++ Summary === # of expected passes 9961 # of unexpected failures 1 # of expected failures 75 # of unsupported tests 84 /export/build/gnu/gcc/build-ia64-linux/gcc/testsuite/../g++ version 4.0.0 20041120 (experimental) === gcc tests === Running target unix XPASS: gcc.c-torture/execute/20020227-1.c execution, -O3 -fomit-frame-pointer XPASS: gcc.c-torture/execute/20020227-1.c execution, -O3 -g FAIL: gcc.c-torture/execute/ieee/fp-cmp-4q.c compilation, -O0 UNRESOLVED: gcc.c-torture/execute/ieee/fp-cmp-4q.c execution, -O0 FAIL: gcc.c-torture/execute/ieee/fp-cmp-4q.c compilation, -O1 UNRESOLVED: gcc.c-torture/execute/ieee/fp-cmp-4q.c execution, -O1 FAIL: gcc.c-torture/execute/ieee/fp-cmp-4q.c compilation, -O2 UNRESOLVED: gcc.c-torture/execute/ieee/fp-cmp-4q.c execution, -O2 FAIL: gcc.c-torture/execute/ieee/fp-cmp-4q.c compilation, -O3 -fomit-frame-pointer UNRESOLVED: gcc.c-torture/execute/ieee/fp-cmp-4q.c execution, -O3 -fomit-frame-pointer FAIL: gcc.c-torture/execute/ieee/fp-cmp-4q.c compilation, -O3 -g UNRESOLVED: gcc.c-torture/execute/ieee/fp-cmp-4q.c execution, -O3 -g FAIL: gcc.c-torture/execute/ieee/fp-cmp-4q.c compilation, -Os UNRESOLVED: gcc.c-torture/execute/ieee/fp-cmp-4q.c execution, -Os FAIL: gcc.c-torture/execute/ieee/fp-cmp-8q.c compilation, -O0 UNRESOLVED: gcc.c-torture/execute/ieee/fp-cmp-8q.c execution, -O0 FAIL: gcc.c-torture/execute/ieee/fp-cmp-8q.c compilation, -O1 UNRESOLVED: gcc.c-torture/execute/ieee/fp-cmp-8q.c execution, -O1 FAIL: gcc.c-torture/execute/ieee/fp-cmp-8q.c compilation, -O2 UNRESOLVED: gcc.c-torture/execute/ieee/fp-cmp-8q.c execution, -O2 FAIL: gcc.c-torture/execute/ieee/fp-cmp-8q.c compilation, -O3 -fomit-frame-pointer UNRESOLVED: gcc.c-torture/execute/ieee/fp-cmp-8q.c execution, -O3 -fomit-frame-pointer FAIL: gcc.c-torture/execute/ieee/fp-cmp-8q.c compilation, -O3 -g UNRESOLVED: gcc.c-torture/execute/ieee/fp-cmp-8q.c execution, -O3 -g FAIL: gcc.c-torture/execute/ieee/fp-cmp-8q.c compilation, -Os UNRESOLVED: gcc.c-torture/execute/ieee/fp-cmp-8q.c execution, -Os FAIL: gcc.dg/compat/struct-by-value-18 c_compat_x_tst.o-c_compat_y_tst.o execute FAIL: gcc.dg/compat/struct-by-value-7a c_compat_x_tst.o-c_compat_y_tst.o execute FAIL: gcc.dg/compat/struct-by-value-7b c_compat_x_tst.o-c_compat_y_tst.o execute FAIL: tmpdir-gcc.dg-struct-layout-1/t001 c_compat_x_tst.o-c_compat_y_tst.o execute FAIL: tmpdir-gcc.dg-struct-layout-1/t011 c_compat_x_tst.o compile UNRESOLVED: tmpdir-gcc.dg-struct-layout-1/t011 c_compat_x_tst.o-c_compat_y_tst.o link UNRESOLVED: tmpdir-gcc.dg-struct-layout-1/t011 c_compat_x_tst.o-c_compat_y_tst.o execute FAIL: tmpdir-gcc.dg-struct-layout-1/t024 c_compat_x_tst.o-c_compat_y_tst.o execute FAIL: tmpdir-gcc.dg-struct-layout-1/t027 c_compat_x_tst.o compile FAIL: tmpdir-gcc.dg-struct-layout-1/t027 c_compat_y_tst.o compile UNRESOLVED: tmpdir-gcc.dg-struct-layout-1/t027 c_compat_x_tst.o-c_compat_y_tst.o link UNRESOLVED: tmpdir-gcc.dg-struct-layout-1/t027 c_compat_x_tst.o-c_compat_y_tst.o execute FAIL: tmpdir-gcc.dg-struct-layout-1/t028 c_compat_x_tst.o compile FAIL: tmpdir-gcc.dg-struct-layout-1/t028 c_compat_y_tst.o compile UNRESOLVED: tmpdir-gcc.dg-struct-layout-1/t028 c_compat_x_tst.o-c_compat_y_tst.o link UNRESOLVED: tmpdir-gcc.dg-struct-layout-1/t028 c_compat_x_tst.o-c_compat_y_tst.o execute FAIL: gcc.dg/debug/dwarf2/dwarf-die7.c scan-assembler 1.*DW_AT_inline FAIL: gcc.dg/20040813-1.c (test for excess errors) ERROR: gcc.dg/20040813-1.c: error executing dg-final: couldn't open "20040813-1.s": no such file or directory UNRESOLVED: gcc.dg/20040813-1.c: error executing dg-final: couldn't open "20040813-1.s": no such file or directory FAIL: gcc.dg/special/gcsec-1.c (test for excess errors) === gcc Summary === # of expected passes 30739 # of unexpected failures 25 # of unexpected successes 2 # of expected failures 77 # of unresolved testcases 19 # of untested testcases 28 # of unsupported tests 420 /export/build/gnu/gcc/build-ia64-linux/gcc/xgcc version 4.0.0 20041120 (experimental) === objc tests === Running target unix === objc Summary === # of expected passes 1521 # of unsupported tests 10 /export/build/gnu/gcc/build-ia64-linux/gcc/xgcc version 4.0.0 20041120 (experimental) === libffi tests === Running target unix FAIL: libffi.call/cls_64byte.c execution test FAIL: libffi.call/cls_align_longdouble.c output pattern test, is 12 0 233 181 0 152: 193 0 129 FAIL: libffi.call/float.c execution test FAIL: libffi.call/float2.c execution test === libffi Summary === # of expected passes 211 # of unexpected failures 4 # of unsupported tests 2 === libjava tests === Running target unix === libjava Summary === # of expected passes 3649 # of expected failures 14 # of untested testcases 16 === libmudflap tests === Running target unix === libmudflap Summary === # of expected passes 1244 === libstdc++ tests === Running target unix XPASS: 22_locale/locale/cons/12658_thread-1.cc execution test FAIL: 23_containers/vector/capacity/8230.cc execution test XPASS: 26_numerics/cmath/c99_classification_macros_c.cc (test for excess errors) XPASS: 27_io/fpos/14320-1.cc execution test === libstdc++ Summary === # of expected passes 3084 # of unexpected failures 1 # of unexpected successes 3 # of expected failures 4 Compiler version: 4.0.0 20041120 (experimental) Platform: ia64-unknown-linux-gnu configure flags: --enable-clocale=gnu --with-system-zlib --with-demangler-in-ld --enable-threads=posix --enable-haifa --disable-checking --prefix=/usr/gcc-4.0 --with-local-prefix=/usr/local --enable-languages=c,c++,java,objc
Index Nav: | [Date Index] [Subject Index] [Author Index] [Thread Index] | |
---|---|---|
Message Nav: | [Date Prev] [Date Next] | [Thread Prev] [Thread Next] |