This is the mail archive of the
gcc-testresults@gcc.gnu.org
mailing list for the GCC project.
Results for 4.0.0 20041115 (experimental) testsuite on powerpc-unknown-linux-gnu
- From: Aldy Hernandez <aldyh at cure81 dot build dot redhat dot com>
- To: aldyh at redhat dot com, gcc-testresults at gcc dot gnu dot org
- Date: Mon, 15 Nov 2004 05:40:34 -0500
- Subject: Results for 4.0.0 20041115 (experimental) testsuite on powerpc-unknown-linux-gnu
LAST_UPDATED:
Native configuration is powerpc-unknown-linux-gnu
=== g++ tests ===
Running target unix
WARNING: g++.old-deja/g++.mike/p10769a.C compilation failed to produce executable
=== g++ Summary ===
# of expected passes 10381
# of expected failures 75
# of unsupported tests 76
/tmp/aldyh/nightly-builds/powerpc-linux-gnu/cure81.build.redhat.com/gcc/testsuite/../g++ version 4.0.0 20041115 (experimental)
=== gcc tests ===
Running target unix
FAIL: gcc.dg/compat/vector-2 c_compat_x_tst.o compile
FAIL: gcc.dg/compat/vector-2 c_compat_y_tst.o compile
UNRESOLVED: gcc.dg/compat/vector-2 c_compat_x_tst.o-c_compat_y_tst.o link
UNRESOLVED: gcc.dg/compat/vector-2 c_compat_x_tst.o-c_compat_y_tst.o execute
FAIL: gcc.dg/debug/dwarf2/dwarf-die7.c scan-assembler 1.*DW_AT_inline
FAIL: gcc.dg/debug/dwarf2/dwarf-die7.c scan-assembler 1.*DW_AT_inline
FAIL: gcc.dg/20020103-1.c scan-assembler-not LC
FAIL: gcc.dg/pr17055-1.c (test for excess errors)
FAIL: gcc.dg/vect/pr18400.c execution test
FAIL: gcc.dg/vect/vect-13.c execution test
FAIL: gcc.dg/vect/vect-17.c execution test
FAIL: gcc.dg/vect/vect-18.c execution test
FAIL: gcc.dg/vect/vect-19.c execution test
FAIL: gcc.dg/vect/vect-2.c execution test
FAIL: gcc.dg/vect/vect-20.c execution test
FAIL: gcc.dg/vect/vect-25.c execution test
FAIL: gcc.dg/vect/vect-26.c execution test
FAIL: gcc.dg/vect/vect-27.c execution test
FAIL: gcc.dg/vect/vect-27a.c execution test
FAIL: gcc.dg/vect/vect-28.c execution test
FAIL: gcc.dg/vect/vect-29.c execution test
FAIL: gcc.dg/vect/vect-29a.c execution test
FAIL: gcc.dg/vect/vect-3.c execution test
FAIL: gcc.dg/vect/vect-30.c execution test
FAIL: gcc.dg/vect/vect-31.c execution test
FAIL: gcc.dg/vect/vect-32.c execution test
FAIL: gcc.dg/vect/vect-34.c execution test
FAIL: gcc.dg/vect/vect-36.c execution test
FAIL: gcc.dg/vect/vect-37.c execution test
FAIL: gcc.dg/vect/vect-4.c execution test
FAIL: gcc.dg/vect/vect-40.c execution test
FAIL: gcc.dg/vect/vect-42.c execution test
FAIL: gcc.dg/vect/vect-43.c execution test
FAIL: gcc.dg/vect/vect-44.c execution test
FAIL: gcc.dg/vect/vect-46.c execution test
FAIL: gcc.dg/vect/vect-48.c execution test
FAIL: gcc.dg/vect/vect-48a.c execution test
FAIL: gcc.dg/vect/vect-5.c execution test
FAIL: gcc.dg/vect/vect-50.c execution test
FAIL: gcc.dg/vect/vect-52.c execution test
FAIL: gcc.dg/vect/vect-54.c execution test
FAIL: gcc.dg/vect/vect-56.c execution test
FAIL: gcc.dg/vect/vect-56a.c execution test
FAIL: gcc.dg/vect/vect-58.c execution test
FAIL: gcc.dg/vect/vect-6.c execution test
FAIL: gcc.dg/vect/vect-60.c execution test
FAIL: gcc.dg/vect/vect-62.c execution test
FAIL: gcc.dg/vect/vect-64.c execution test
FAIL: gcc.dg/vect/vect-65.c execution test
FAIL: gcc.dg/vect/vect-66.c execution test
FAIL: gcc.dg/vect/vect-68.c execution test
FAIL: gcc.dg/vect/vect-69.c execution test
FAIL: gcc.dg/vect/vect-7.c execution test
FAIL: gcc.dg/vect/vect-72.c execution test
FAIL: gcc.dg/vect/vect-72a.c execution test
FAIL: gcc.dg/vect/vect-73.c execution test
FAIL: gcc.dg/vect/vect-74.c execution test
FAIL: gcc.dg/vect/vect-75.c execution test
FAIL: gcc.dg/vect/vect-76.c execution test
FAIL: gcc.dg/vect/vect-77.c execution test
FAIL: gcc.dg/vect/vect-77a.c execution test
FAIL: gcc.dg/vect/vect-78.c execution test
FAIL: gcc.dg/vect/vect-8.c execution test
FAIL: gcc.dg/vect/vect-80.c execution test
FAIL: gcc.dg/vect/vect-all.c execution test
=== gcc Summary ===
# of expected passes 33497
# of unexpected failures 63
# of expected failures 98
# of unresolved testcases 2
# of untested testcases 28
# of unsupported tests 396
/tmp/aldyh/nightly-builds/powerpc-linux-gnu/cure81.build.redhat.com/gcc/xgcc version 4.0.0 20041115 (experimental)
=== libmudflap tests ===
Running target unix
=== libmudflap Summary ===
# of expected passes 1244
=== libstdc++-v3 check-abi Summary ===
# of added symbols: 63
# of missing symbols: 0
# of incompatible symbols: 15
using: /tmp/aldyh/untainted-sources/gcc/libstdc++-v3/config/abi/powerpc-linux-gnu/baseline_symbols.txt
=== libstdc++ tests ===
Running target unix
XPASS: 22_locale/locale/cons/12658_thread-1.cc execution test
XPASS: 26_numerics/cmath/c99_classification_macros_c.cc (test for excess errors)
FAIL: ext/array_allocator/2.cc execution test
=== libstdc++ Summary ===
# of expected passes 3082
# of unexpected failures 1
# of unexpected successes 2
# of expected failures 5
Compiler version: 4.0.0 20041115 (experimental)
Platform: powerpc-unknown-linux-gnu
configure flags: --host=powerpc-linux-gnu --enable-languages=c,c++