This is the mail archive of the
gcc-testresults@gcc.gnu.org
mailing list for the GCC project.
Results for 4.0.0 20041109 (experimental) testsuite on i686-unknown-openbsd3.1
- From: Andrew Thomas Pinski <pinskia at physics dot uc dot edu>
- To: gcc-testresults at gcc dot gnu dot org
- Date: Tue, 9 Nov 2004 04:57:10 -0500 (EST)
- Subject: Results for 4.0.0 20041109 (experimental) testsuite on i686-unknown-openbsd3.1
LAST_UPDATED: Tue Nov 9 05:02:07 UTC 2004
Native configuration is i686-unknown-openbsd3.1
=== g++ tests ===
Running target unix
FAIL: g++.dg/debug/debug7.C (test for errors, line 10)
FAIL: g++.dg/debug/debug7.C (test for excess errors)
FAIL: g++.dg/abi/local1.C execution test
FAIL: g++.dg/init/brace2.C (test for errors, line 7)
FAIL: g++.dg/other/offsetof3.C (test for warnings, line 15)
FAIL: g++.dg/overload/builtin1.C candidate (test for errors, line 10)
FAIL: g++.dg/parse/crash10.C (test for errors, line 13)
FAIL: g++.dg/parse/error11.C (test for errors, line 20)
FAIL: g++.dg/parse/error11.C (test for errors, line 22)
FAIL: g++.dg/parse/error11.C (test for errors, line 27)
FAIL: g++.dg/parse/error11.C (test for errors, line 33)
FAIL: g++.dg/parse/error11.C (test for errors, line 35)
FAIL: g++.dg/parse/error11.C (test for errors, line 40)
FAIL: g++.dg/parse/error11.C (test for errors, line 41)
FAIL: g++.dg/parse/error11.C (test for errors, line 49)
FAIL: g++.dg/parse/error11.C (test for errors, line 18)
FAIL: g++.dg/parse/error15.C (test for errors, line 20)
FAIL: g++.dg/parse/error15.C (test for errors, line 21)
FAIL: g++.dg/parse/error15.C (test for errors, line 22)
FAIL: g++.dg/parse/error15.C (test for errors, line 23)
FAIL: g++.dg/parse/error15.C (test for errors, line 24)
FAIL: g++.dg/parse/error15.C (test for errors, line 30)
FAIL: g++.dg/parse/error15.C (test for errors, line 31)
FAIL: g++.dg/parse/error15.C (test for errors, line 32)
FAIL: g++.dg/parse/error15.C (test for errors, line 33)
FAIL: g++.dg/parse/error15.C (test for errors, line 34)
XPASS: g++.dg/parse/error15.C bogus excess errors in declaration (test for bogus messages, line 16)
FAIL: g++.dg/warn/Wswitch-1.C enum e2 (test for warnings, line 22)
FAIL: g++.dg/warn/Wswitch-1.C enum e2 (test for warnings, line 29)
FAIL: g++.dg/warn/Wswitch-1.C excess 3 (test for warnings, line 53)
FAIL: g++.old-deja/g++.benjamin/tem03.C (test for errors, line 97)
FAIL: g++.old-deja/g++.benjamin/tem03.C (test for errors, line 105)
FAIL: g++.old-deja/g++.benjamin/tem03.C (test for errors, line 114)
FAIL: g++.old-deja/g++.benjamin/tem03.C (test for errors, line 119)
FAIL: g++.old-deja/g++.benjamin/tem03.C (test for errors, line 121)
FAIL: g++.old-deja/g++.benjamin/tem03.C (test for errors, line 129)
FAIL: g++.old-deja/g++.benjamin/tem03.C (test for errors, line 130)
FAIL: g++.old-deja/g++.benjamin/tem03.C (test for errors, line 161)
FAIL: g++.old-deja/g++.benjamin/tem03.C (test for errors, line 162)
FAIL: g++.old-deja/g++.benjamin/tem03.C (test for errors, line 168)
FAIL: g++.old-deja/g++.benjamin/tem03.C (test for errors, line 171)
FAIL: g++.old-deja/g++.benjamin/tem03.C (test for errors, line 178)
FAIL: g++.old-deja/g++.benjamin/tem03.C (test for errors, line 181)
FAIL: g++.old-deja/g++.benjamin/tem03.C (test for errors, line 191)
FAIL: g++.old-deja/g++.benjamin/tem03.C (test for errors, line 193)
FAIL: g++.old-deja/g++.benjamin/tem03.C (test for errors, line 195)
FAIL: g++.old-deja/g++.bugs/900210_01.C (test for errors, line 95)
FAIL: g++.old-deja/g++.bugs/900210_01.C (test for errors, line 96)
FAIL: g++.old-deja/g++.bugs/900210_01.C (test for errors, line 97)
FAIL: g++.old-deja/g++.bugs/900210_01.C (test for errors, line 98)
FAIL: g++.old-deja/g++.bugs/900210_01.C (test for errors, line 99)
FAIL: g++.old-deja/g++.bugs/900210_01.C (test for errors, line 100)
FAIL: g++.old-deja/g++.bugs/900210_01.C (test for errors, line 101)
FAIL: g++.old-deja/g++.bugs/900210_01.C (test for errors, line 102)
FAIL: g++.old-deja/g++.bugs/900210_01.C (test for errors, line 103)
FAIL: g++.old-deja/g++.bugs/900210_01.C (test for errors, line 104)
FAIL: g++.old-deja/g++.bugs/900210_01.C (test for errors, line 105)
FAIL: g++.old-deja/g++.bugs/900210_01.C (test for errors, line 106)
FAIL: g++.old-deja/g++.bugs/900210_01.C (test for errors, line 107)
FAIL: g++.old-deja/g++.bugs/900210_01.C (test for errors, line 108)
FAIL: g++.old-deja/g++.bugs/900210_01.C (test for errors, line 109)
FAIL: g++.old-deja/g++.bugs/900210_01.C (test for errors, line 110)
FAIL: g++.old-deja/g++.bugs/900322_01.C (test for errors, line 46)
FAIL: g++.old-deja/g++.bugs/900322_01.C (test for errors, line 51)
FAIL: g++.old-deja/g++.bugs/900322_01.C (test for errors, line 52)
FAIL: g++.old-deja/g++.bugs/900428_01.C (test for warnings, line 156)
FAIL: g++.old-deja/g++.bugs/900428_01.C (test for warnings, line 161)
FAIL: g++.old-deja/g++.bugs/900428_01.C (test for warnings, line 163)
FAIL: g++.old-deja/g++.bugs/900428_01.C (test for excess errors)
FAIL: g++.old-deja/g++.bugs/900428_02.C (test for errors, line 21)
FAIL: g++.old-deja/g++.bugs/900428_02.C (test for errors, line 23)
FAIL: g++.old-deja/g++.bugs/900428_02.C (test for errors, line 24)
FAIL: g++.old-deja/g++.bugs/900428_02.C (test for errors, line 25)
FAIL: g++.old-deja/g++.bugs/900428_02.C (test for errors, line 26)
FAIL: g++.old-deja/g++.jason/rfg27.C (test for errors, line 6)
FAIL: g++.old-deja/g++.jason/rfg27.C (test for errors, line 7)
FAIL: g++.old-deja/g++.jason/rfg27.C (test for errors, line 8)
FAIL: g++.old-deja/g++.law/access5.C (test for errors, line 22)
FAIL: g++.old-deja/g++.law/profile1.C (test for excess errors)
WARNING: g++.old-deja/g++.law/profile1.C compilation failed to produce executable
XPASS: g++.old-deja/g++.mike/p10769a.C (test for bogus messages, line 44)
WARNING: g++.old-deja/g++.mike/p10769a.C compilation failed to produce executable
FAIL: g++.old-deja/g++.mike/p700.C (test for errors, line 652)
FAIL: g++.old-deja/g++.mike/p700.C (test for errors, line 653)
FAIL: g++.old-deja/g++.mike/p700.C (test for errors, line 654)
FAIL: g++.old-deja/g++.mike/p700.C (test for errors, line 655)
FAIL: g++.old-deja/g++.mike/p700.C (test for errors, line 656)
FAIL: g++.old-deja/g++.mike/p700.C (test for errors, line 657)
FAIL: g++.old-deja/g++.mike/p700.C (test for errors, line 658)
FAIL: g++.old-deja/g++.mike/p700.C (test for errors, line 659)
=== g++ Summary ===
# of expected passes 9996
# of unexpected failures 86
# of unexpected successes 2
# of expected failures 71
# of unsupported tests 90
/export/gates/pinskia/src/gnu/gcc/src/objdir.openbsd/gcc/testsuite/../g++ version 4.0.0 20041109 (experimental)
=== gcc tests ===
Running target unix
FAIL: gcc.c-torture/execute/conversion.c execution, -O0
FAIL: gcc.c-torture/execute/conversion.c execution, -O1
FAIL: gcc.c-torture/execute/conversion.c execution, -O2
FAIL: gcc.c-torture/execute/conversion.c execution, -Os
FAIL: gcc.c-torture/execute/ieee/rbug.c execution, -O0
FAIL: gcc.c-torture/execute/ieee/rbug.c execution, -O1
FAIL: gcc.c-torture/execute/ieee/rbug.c execution, -O2
FAIL: tmpdir-gcc.dg-struct-layout-1/t001 c_compat_x_tst.o-c_compat_y_tst.o execute
FAIL: tmpdir-gcc.dg-struct-layout-1/t025 c_compat_x_tst.o-c_compat_y_tst.o execute
FAIL: tmpdir-gcc.dg-struct-layout-1/t027 c_compat_x_tst.o-c_compat_y_tst.o execute
FAIL: tmpdir-gcc.dg-struct-layout-1/t028 c_compat_x_tst.o-c_compat_y_tst.o execute
FAIL: gcc.dg/20021014-1.c (test for excess errors)
WARNING: gcc.dg/20021014-1.c compilation failed to produce executable
FAIL: gcc.dg/i386-3dnow-1.c (test for excess errors)
FAIL: gcc.dg/i386-3dnow-2.c (test for excess errors)
FAIL: gcc.dg/i386-3dnowA-1.c (test for excess errors)
FAIL: gcc.dg/i386-3dnowA-2.c (test for excess errors)
FAIL: gcc.dg/i386-mmx-4.c (test for excess errors)
WARNING: gcc.dg/i386-mmx-4.c compilation failed to produce executable
FAIL: gcc.dg/i386-sse-6.c (test for excess errors)
WARNING: gcc.dg/i386-sse-6.c compilation failed to produce executable
FAIL: gcc.dg/i386-sse-7.c (test for excess errors)
WARNING: gcc.dg/i386-sse-7.c compilation failed to produce executable
FAIL: gcc.dg/intmax_t-1.c (test for excess errors)
FAIL: gcc.dg/nest.c (test for excess errors)
WARNING: gcc.dg/nest.c compilation failed to produce executable
FAIL: gcc.dg/wchar_t-1.c (test for excess errors)
FAIL: gcc.dg/wint_t-1.c (test for excess errors)
FAIL: largefile.c (test for excess errors)
FAIL: largefile.c (test for excess errors)
FAIL: largefile.c (test for excess errors)
FAIL: largefile.c (test for excess errors)
FAIL: largefile.c (test for excess errors)
FAIL: largefile.c (test for excess errors)
FAIL: largefile.c (test for excess errors)
FAIL: gcc.dg/special/weak-1.c execution test
FAIL: gcc.dg/vect/vect-15.c (test for excess errors)
WARNING: gcc.dg/vect/vect-15.c compilation failed to produce executable
FAIL: gcc.dg/vect/vect-2.c (test for excess errors)
WARNING: gcc.dg/vect/vect-2.c compilation failed to produce executable
FAIL: gcc.dg/vect/vect-25.c (test for excess errors)
WARNING: gcc.dg/vect/vect-25.c compilation failed to produce executable
FAIL: gcc.dg/vect/vect-26.c (test for excess errors)
WARNING: gcc.dg/vect/vect-26.c compilation failed to produce executable
FAIL: gcc.dg/vect/vect-27a.c (test for excess errors)
WARNING: gcc.dg/vect/vect-27a.c compilation failed to produce executable
FAIL: gcc.dg/vect/vect-28.c (test for excess errors)
WARNING: gcc.dg/vect/vect-28.c compilation failed to produce executable
FAIL: gcc.dg/vect/vect-29a.c (test for excess errors)
WARNING: gcc.dg/vect/vect-29a.c compilation failed to produce executable
FAIL: gcc.dg/vect/vect-3.c (test for excess errors)
WARNING: gcc.dg/vect/vect-3.c compilation failed to produce executable
FAIL: gcc.dg/vect/vect-30.c (test for excess errors)
WARNING: gcc.dg/vect/vect-30.c compilation failed to produce executable
FAIL: gcc.dg/vect/vect-31.c (test for excess errors)
WARNING: gcc.dg/vect/vect-31.c compilation failed to produce executable
FAIL: gcc.dg/vect/vect-32.c (test for excess errors)
WARNING: gcc.dg/vect/vect-32.c compilation failed to produce executable
FAIL: gcc.dg/vect/vect-34.c (test for excess errors)
WARNING: gcc.dg/vect/vect-34.c compilation failed to produce executable
FAIL: gcc.dg/vect/vect-36.c (test for excess errors)
WARNING: gcc.dg/vect/vect-36.c compilation failed to produce executable
FAIL: gcc.dg/vect/vect-38.c (test for excess errors)
WARNING: gcc.dg/vect/vect-38.c compilation failed to produce executable
FAIL: gcc.dg/vect/vect-4.c (test for excess errors)
WARNING: gcc.dg/vect/vect-4.c compilation failed to produce executable
FAIL: gcc.dg/vect/vect-40.c (test for excess errors)
WARNING: gcc.dg/vect/vect-40.c compilation failed to produce executable
FAIL: gcc.dg/vect/vect-42.c (test for excess errors)
WARNING: gcc.dg/vect/vect-42.c compilation failed to produce executable
FAIL: gcc.dg/vect/vect-43.c (test for excess errors)
WARNING: gcc.dg/vect/vect-43.c compilation failed to produce executable
FAIL: gcc.dg/vect/vect-46.c (test for excess errors)
WARNING: gcc.dg/vect/vect-46.c compilation failed to produce executable
FAIL: gcc.dg/vect/vect-48a.c (test for excess errors)
WARNING: gcc.dg/vect/vect-48a.c compilation failed to produce executable
FAIL: gcc.dg/vect/vect-5.c (test for excess errors)
WARNING: gcc.dg/vect/vect-5.c compilation failed to produce executable
FAIL: gcc.dg/vect/vect-56a.c (test for excess errors)
WARNING: gcc.dg/vect/vect-56a.c compilation failed to produce executable
FAIL: gcc.dg/vect/vect-6.c (test for excess errors)
WARNING: gcc.dg/vect/vect-6.c compilation failed to produce executable
FAIL: gcc.dg/vect/vect-62.c (test for excess errors)
WARNING: gcc.dg/vect/vect-62.c compilation failed to produce executable
FAIL: gcc.dg/vect/vect-64.c (test for excess errors)
WARNING: gcc.dg/vect/vect-64.c compilation failed to produce executable
FAIL: gcc.dg/vect/vect-65.c (test for excess errors)
WARNING: gcc.dg/vect/vect-65.c compilation failed to produce executable
FAIL: gcc.dg/vect/vect-66.c (test for excess errors)
WARNING: gcc.dg/vect/vect-66.c compilation failed to produce executable
FAIL: gcc.dg/vect/vect-68.c (test for excess errors)
WARNING: gcc.dg/vect/vect-68.c compilation failed to produce executable
FAIL: gcc.dg/vect/vect-69.c (test for excess errors)
WARNING: gcc.dg/vect/vect-69.c compilation failed to produce executable
FAIL: gcc.dg/vect/vect-7.c (test for excess errors)
WARNING: gcc.dg/vect/vect-7.c compilation failed to produce executable
FAIL: gcc.dg/vect/vect-72a.c (test for excess errors)
WARNING: gcc.dg/vect/vect-72a.c compilation failed to produce executable
FAIL: gcc.dg/vect/vect-73.c (test for excess errors)
WARNING: gcc.dg/vect/vect-73.c compilation failed to produce executable
FAIL: gcc.dg/vect/vect-74.c (test for excess errors)
WARNING: gcc.dg/vect/vect-74.c compilation failed to produce executable
FAIL: gcc.dg/vect/vect-75.c (test for excess errors)
WARNING: gcc.dg/vect/vect-75.c compilation failed to produce executable
FAIL: gcc.dg/vect/vect-76.c (test for excess errors)
WARNING: gcc.dg/vect/vect-76.c compilation failed to produce executable
FAIL: gcc.dg/vect/vect-77a.c (test for excess errors)
WARNING: gcc.dg/vect/vect-77a.c compilation failed to produce executable
FAIL: gcc.dg/vect/vect-8.c (test for excess errors)
WARNING: gcc.dg/vect/vect-8.c compilation failed to produce executable
FAIL: gcc.dg/vect/vect-all.c (test for excess errors)
WARNING: gcc.dg/vect/vect-all.c compilation failed to produce executable
=== gcc Summary ===
# of expected passes 31158
# of unexpected failures 69
# of expected failures 114
# of untested testcases 35
# of unsupported tests 313
/export/gates/pinskia/src/gnu/gcc/src/objdir.openbsd/gcc/xgcc version 4.0.0 20041109 (experimental)
=== objc tests ===
Running target unix
FAIL: objc.dg/method-2.m (test for warnings, line 29)
FAIL: objc.dg/proto-lossage-4.m (test for warnings, line 28)
FAIL: objc.dg/proto-lossage-4.m (test for warnings, line 34)
FAIL: objc.dg/proto-lossage-4.m (test for warnings, line 34)
FAIL: objc.dg/proto-lossage-4.m (test for warnings, line 42)
FAIL: objc.dg/proto-lossage-4.m (test for warnings, line 42)
FAIL: objc.dg/proto-lossage-4.m (test for warnings, line )
FAIL: objc.dg/proto-lossage-4.m (test for warnings, line )
=== objc Summary ===
# of expected passes 1506
# of unexpected failures 8
# of unsupported tests 8
/export/gates/pinskia/src/gnu/gcc/src/objdir.openbsd/gcc/xgcc version 4.0.0 20041109 (experimental)
=== libstdc++ tests ===
Running target unix
FAIL: 26_numerics/complex/13450.cc (test for excess errors)
WARNING: 26_numerics/complex/13450.cc compilation failed to produce executable
FAIL: 26_numerics/complex/complex_value.cc (test for excess errors)
WARNING: 26_numerics/complex/complex_value.cc compilation failed to produce executable
FAIL: 26_numerics/complex/pow.cc (test for excess errors)
WARNING: 26_numerics/complex/pow.cc compilation failed to produce executable
FAIL: 27_io/basic_filebuf/close/12790-1.cc execution test
FAIL: 27_io/basic_filebuf/close/char/1.cc execution test
WARNING: program timed out.
FAIL: 27_io/basic_filebuf/close/char/9964.cc execution test
FAIL: 27_io/basic_filebuf/imbue/char/2.cc execution test
FAIL: 27_io/basic_filebuf/is_open/char/1.cc execution test
FAIL: 27_io/basic_filebuf/open/char/1.cc execution test
WARNING: program timed out.
FAIL: 27_io/basic_filebuf/open/char/9507.cc execution test
FAIL: 27_io/basic_filebuf/sbumpc/char/9825.cc execution test
FAIL: 27_io/basic_filebuf/seekoff/12790-1.cc execution test
FAIL: 27_io/basic_filebuf/seekoff/12790-2.cc execution test
FAIL: 27_io/basic_filebuf/seekoff/12790-3.cc execution test
FAIL: 27_io/basic_filebuf/seekoff/12790-4.cc execution test
FAIL: 27_io/basic_filebuf/seekoff/char/1-in.cc execution test
FAIL: 27_io/basic_filebuf/seekoff/char/1-io.cc execution test
FAIL: 27_io/basic_filebuf/seekoff/char/1-out.cc execution test
FAIL: 27_io/basic_filebuf/seekoff/char/11543.cc execution test
FAIL: 27_io/basic_filebuf/seekoff/char/2-in.cc execution test
FAIL: 27_io/basic_filebuf/seekoff/char/2-io.cc execution test
FAIL: 27_io/basic_filebuf/seekoff/char/2-out.cc execution test
FAIL: 27_io/basic_filebuf/seekoff/char/3-in.cc execution test
FAIL: 27_io/basic_filebuf/seekoff/char/3-io.cc execution test
FAIL: 27_io/basic_filebuf/seekoff/char/3-out.cc execution test
FAIL: 27_io/basic_filebuf/seekpos/12790-1.cc execution test
FAIL: 27_io/basic_filebuf/seekpos/12790-2.cc execution test
FAIL: 27_io/basic_filebuf/seekpos/12790-3.cc execution test
FAIL: 27_io/basic_filebuf/seekpos/char/1-in.cc execution test
FAIL: 27_io/basic_filebuf/seekpos/char/1-io.cc execution test
FAIL: 27_io/basic_filebuf/seekpos/char/1-out.cc execution test
FAIL: 27_io/basic_filebuf/seekpos/char/2-in.cc execution test
FAIL: 27_io/basic_filebuf/seekpos/char/2-io.cc execution test
FAIL: 27_io/basic_filebuf/seekpos/char/2-out.cc execution test
FAIL: 27_io/basic_filebuf/seekpos/char/3-in.cc execution test
FAIL: 27_io/basic_filebuf/seekpos/char/3-io.cc execution test
FAIL: 27_io/basic_filebuf/seekpos/char/3-out.cc execution test
WARNING: program timed out.
FAIL: 27_io/basic_filebuf/showmanyc/char/9533-1.cc execution test
FAIL: 27_io/basic_filebuf/sputbackc/char/1-in.cc execution test
FAIL: 27_io/basic_filebuf/sputbackc/char/1-io.cc execution test
FAIL: 27_io/basic_filebuf/sputbackc/char/2-in.cc execution test
FAIL: 27_io/basic_filebuf/sputbackc/char/2-io.cc execution test
FAIL: 27_io/basic_filebuf/sungetc/char/1-in.cc execution test
FAIL: 27_io/basic_filebuf/sungetc/char/1-io.cc execution test
FAIL: 27_io/basic_filebuf/sungetc/char/2-in.cc execution test
FAIL: 27_io/basic_filebuf/sungetc/char/2-io.cc execution test
WARNING: program timed out.
FAIL: 27_io/basic_filebuf/underflow/char/10097.cc execution test
FAIL: 27_io/basic_istream/seekg/char/fstream.cc execution test
FAIL: 27_io/basic_istream/tellg/char/1.cc execution test
FAIL: 27_io/basic_istream/tellg/char/fstream.cc execution test
FAIL: 27_io/basic_ostream/seekp/char/2346-fstream.cc execution test
FAIL: 27_io/basic_ostream/tellp/char/1.cc execution test
FAIL: 27_io/basic_streambuf/in_avail/char/9701-3.cc execution test
WARNING: program timed out.
FAIL: 27_io/objects/char/7.cc execution test
WARNING: program timed out.
FAIL: 27_io/objects/char/9661-1.cc execution test
=== libstdc++ Summary ===
# of expected passes 2166
# of unexpected failures 55
# of expected failures 4
Compiler version: 4.0.0 20041109 (experimental)
Platform: i686-unknown-openbsd3.1
configure flags: --target=i686-unknown-openbsd3.1 --host=i686-unknown-openbsd3.1 --build=i686-unknown-openbsd3.1 --disable-nls --verbose --enable-cpp --prefix=/home/gates/pinskia/openbsd --enable-shared --disable-libmudflap --enable-languages=c,c++,objc