This is the mail archive of the
gcc-testresults@gcc.gnu.org
mailing list for the GCC project.
Results for 3.4.3 testsuite on i686-pc-linux-gnu
- From: ahs3 at fcahs3 dot fc dot hp dot com (Al Stone)
- To: gcc-testresults at gcc dot gnu dot org
- Date: Sat, 6 Nov 2004 03:34:25 -0700 (MST)
- Subject: Results for 3.4.3 testsuite on i686-pc-linux-gnu
LAST_UPDATED: Sat Nov 6 09:20:59 UTC 2004
Native configuration is i686-pc-linux-gnu
=== gcc tests ===
Running target unix
FAIL: gcc.c-torture/execute/va-arg-25.c execution, -Os
=== gcc Summary ===
# of expected passes 24920
# of unexpected failures 1
# of expected failures 70
# of untested testcases 7
# of unsupported tests 200
/opt/toolchain/i686/obj/gcc-3.4/gcc/xgcc version 3.4.3
=== g++ tests ===
Running target unix
XPASS: g++.dg/rtti/tinfo1.C scan-assembler _ZTIP9CTemplateIhE:
XPASS: g++.dg/rtti/tinfo1.C scan-assembler-not .globl[ \\t]+_ZTIP9CTemplateIhE
WARNING: g++.old-deja/g++.mike/p10769a.C compilation failed to produce executable
WARNING: g++.old-deja/g++.other/enum5.C compilation failed to produce executable
WARNING: g++.old-deja/g++.pt/friend44.C compilation failed to produce executable
=== g++ Summary ===
# of expected passes 9730
# of unexpected successes 2
# of expected failures 72
# of unsupported tests 43
/opt/toolchain/i686/obj/gcc-3.4/gcc/testsuite/../g++ version 3.4.3
=== libstdc++ tests ===
Running target unix
XPASS: 22_locale/locale/cons/12658_thread.cc execution test
XPASS: 26_numerics/c99_classification_macros_c.cc (test for excess errors)
=== libstdc++ Summary ===
# of expected passes 2722
# of unexpected successes 2
# of expected failures 5
=== g++ tests ===
Running target unix
XPASS: g++.dg/rtti/tinfo1.C scan-assembler _ZTIP9CTemplateIhE:
XPASS: g++.dg/rtti/tinfo1.C scan-assembler-not .globl[ \\t]+_ZTIP9CTemplateIhE
WARNING: g++.old-deja/g++.mike/p10769a.C compilation failed to produce executable
WARNING: g++.old-deja/g++.other/enum5.C compilation failed to produce executable
WARNING: g++.old-deja/g++.pt/friend44.C compilation failed to produce executable
=== g++ Summary ===
# of expected passes 9730
# of unexpected successes 2
# of expected failures 72
# of unsupported tests 43
/opt/toolchain/i686/obj/gcc-3.4/gcc/testsuite/../g++ version 3.4.3
=== gcc tests ===
Running target unix
FAIL: gcc.c-torture/execute/va-arg-25.c execution, -Os
=== gcc Summary ===
# of expected passes 24920
# of unexpected failures 1
# of expected failures 70
# of untested testcases 7
# of unsupported tests 200
/opt/toolchain/i686/obj/gcc-3.4/gcc/xgcc version 3.4.3
=== libstdc++ tests ===
Running target unix
XPASS: 22_locale/locale/cons/12658_thread.cc execution test
XPASS: 26_numerics/c99_classification_macros_c.cc (test for excess errors)
=== libstdc++ Summary ===
# of expected passes 2722
# of unexpected successes 2
# of expected failures 5
Compiler version: 3.4.3
Platform: i686-pc-linux-gnu
configure flags: --enable-shared --enable-languages=c,c++ --program-suffix=-3.4 --with-system-zlib --enable-nls --without-included-gettext --prefix=/opt/toolchain/i686
Counting all warnings,
there are 19 warnings in stage3 of this bootstrap.
Number of warnings per file:
11 gengtype-lex.c
3 insn-conditions.c
3 gcc/gcc.c
1 gcc/libgcc2.c
1 gcc/config/i386/i386.md
Number of warning types:
6 string length \`???' is greater than the length \`???' ISO C89 compilers are required to support
1 operand 1 missing mode?
1 no previous prototype for 'yyset_out'
1 no previous prototype for 'yyset_lineno'
1 no previous prototype for 'yyset_in'
1 no previous prototype for 'yyset_debug'
1 no previous prototype for 'yylex_destroy'
1 no previous prototype for 'yyget_text'
1 no previous prototype for 'yyget_out'
1 no previous prototype for 'yyget_lineno'
1 no previous prototype for 'yyget_leng'
1 no previous prototype for 'yyget_in'
1 no previous prototype for 'yyget_debug'
1 no previous prototype for '__enable_execute_stack'