This is the mail archive of the
gcc-testresults@gcc.gnu.org
mailing list for the GCC project.
Results for 4.0.0 20041105 (experimental) testsuite on ia64-suse-linux-gnu
- From: Andreas Schwab <schwab at suse dot de>
- To: gcc-testresults at gcc dot gnu dot org
- Date: Fri, 05 Nov 2004 15:54:37 +0100
- Subject: Results for 4.0.0 20041105 (experimental) testsuite on ia64-suse-linux-gnu
LAST_UPDATED: Fri Nov 5 12:11:04 UTC 2004
Native configuration is ia64-suse-linux-gnu
=== g++ tests ===
Running target unix
FAIL: g++.dg/abi/inline1.C scan-assembler-not _ZTV1S
FAIL: g++.dg/ext/member-attr.C (test for errors, line 12)
FAIL: g++.dg/ext/member-attr.C (test for errors, line 13)
FAIL: g++.dg/ext/member-attr.C (test for excess errors)
FAIL: g++.dg/inherit/thunk1.C (test for excess errors)
WARNING: g++.dg/inherit/thunk1.C compilation failed to produce executable
FAIL: g++.dg/opt/longbranch1.C (test for excess errors)
FAIL: g++.dg/other/classkey1.C (test for errors, line 9)
FAIL: g++.dg/other/classkey1.C (test for errors, line 11)
FAIL: g++.dg/other/classkey1.C (test for errors, line 14)
FAIL: g++.dg/other/classkey1.C (test for errors, line 17)
FAIL: g++.dg/other/classkey1.C (test for excess errors)
FAIL: g++.dg/other/error8.C (test for errors, line 8)
FAIL: g++.dg/other/error8.C duplicate error messages (test for bogus messages, line 8)
FAIL: g++.dg/other/init1.C (test for errors, line 20)
FAIL: g++.dg/other/init1.C (test for excess errors)
FAIL: g++.dg/overload/pmf1.C (test for excess errors)
FAIL: g++.dg/parse/cast1.C (test for excess errors)
FAIL: g++.dg/parse/error15.C (test for errors, line 13)
FAIL: g++.dg/parse/error15.C (test for errors, line 14)
FAIL: g++.dg/parse/error15.C (test for errors, line 15)
FAIL: g++.dg/parse/error15.C (test for errors, line 21)
FAIL: g++.dg/parse/error15.C (test for errors, line 22)
FAIL: g++.dg/parse/error15.C (test for errors, line 23)
FAIL: g++.dg/parse/error15.C (test for errors, line 31)
FAIL: g++.dg/parse/error15.C (test for errors, line 32)
FAIL: g++.dg/parse/error15.C (test for errors, line 33)
FAIL: g++.dg/parse/error15.C (test for excess errors)
FAIL: g++.dg/template/error10.C (test for errors, line 12)
FAIL: g++.dg/template/error10.C (test for errors, line 13)
FAIL: g++.dg/template/error10.C (test for excess errors)
FAIL: g++.dg/template/meminit2.C (test for errors, line 10)
FAIL: g++.dg/template/meminit2.C (test for errors, line 11)
FAIL: g++.dg/template/meminit2.C (test for excess errors)
FAIL: g++.dg/template/qualttp20.C (test for errors, line 18)
FAIL: g++.dg/template/qualttp20.C (test for excess errors)
FAIL: g++.dg/warn/Wswitch-1.C enum e1 (test for warnings, line 22)
FAIL: g++.dg/warn/Wswitch-1.C enum e2 (test for warnings, line 22)
FAIL: g++.dg/warn/Wswitch-1.C enum e2 (test for warnings, line 29)
FAIL: g++.dg/warn/Wswitch-1.C excess 3 (test for warnings, line 53)
FAIL: g++.dg/warn/Wswitch-1.C (test for excess errors)
FAIL: g++.dg/warn/Wswitch-2.C enum e4 (test for warnings, line 16)
FAIL: g++.dg/warn/Wswitch-2.C enum e1 (test for warnings, line 25)
FAIL: g++.dg/warn/Wswitch-2.C (test for excess errors)
FAIL: g++.dg/warn/deprecated-2.C (test for warnings, line 10)
FAIL: g++.dg/warn/deprecated-2.C (test for excess errors)
FAIL: g++.dg/warn/deprecated.C (test for warnings, line 9)
FAIL: g++.dg/warn/deprecated.C (test for warnings, line 12)
FAIL: g++.dg/warn/deprecated.C (test for warnings, line 16)
FAIL: g++.dg/warn/deprecated.C (test for warnings, line 19)
FAIL: g++.dg/warn/deprecated.C (test for warnings, line 20)
FAIL: g++.dg/warn/deprecated.C (test for warnings, line 28)
FAIL: g++.dg/warn/deprecated.C (test for warnings, line 49)
FAIL: g++.dg/warn/deprecated.C (test for warnings, line 53)
FAIL: g++.dg/warn/deprecated.C (test for warnings, line 55)
FAIL: g++.dg/warn/deprecated.C (test for warnings, line 55)
FAIL: g++.dg/warn/deprecated.C (test for warnings, line 55)
FAIL: g++.dg/warn/deprecated.C (test for warnings, line 55)
FAIL: g++.dg/warn/deprecated.C (test for warnings, line 59)
FAIL: g++.dg/warn/deprecated.C (test for warnings, line 67)
FAIL: g++.dg/warn/deprecated.C (test for warnings, line 68)
FAIL: g++.dg/warn/deprecated.C (test for warnings, line 72)
FAIL: g++.dg/warn/deprecated.C (test for warnings, line 73)
FAIL: g++.dg/warn/deprecated.C (test for warnings, line 73)
FAIL: g++.dg/warn/deprecated.C (test for warnings, line 79)
FAIL: g++.dg/warn/deprecated.C (test for warnings, line 82)
FAIL: g++.dg/warn/deprecated.C (test for warnings, line 86)
FAIL: g++.dg/warn/deprecated.C (test for warnings, line 89)
FAIL: g++.dg/warn/deprecated.C (test for warnings, line 96)
FAIL: g++.dg/warn/deprecated.C (test for warnings, line 107)
FAIL: g++.dg/warn/deprecated.C (test for warnings, line 108)
FAIL: g++.dg/warn/deprecated.C (test for warnings, line 109)
FAIL: g++.dg/warn/deprecated.C (test for warnings, line 110)
FAIL: g++.dg/warn/deprecated.C (test for warnings, line 113)
FAIL: g++.dg/warn/deprecated.C (test for excess errors)
FAIL: g++.dg/warn/incomplete1.C (test for warnings, line 12)
FAIL: g++.dg/warn/incomplete1.C (test for warnings, line 14)
FAIL: g++.dg/warn/incomplete1.C (test for excess errors)
FAIL: g++.dg/tls/diag-2.C (test for errors, line 3)
FAIL: g++.dg/tls/diag-2.C (test for errors, line 4)
FAIL: g++.dg/tls/diag-2.C (test for errors, line 5)
FAIL: g++.dg/tls/diag-2.C (test for errors, line 10)
FAIL: g++.dg/tls/diag-2.C (test for errors, line 12)
FAIL: g++.dg/tls/diag-2.C (test for excess errors)
FAIL: g++.old-deja/g++.bugs/900404_04.C (test for errors, line 16)
FAIL: g++.old-deja/g++.bugs/900404_04.C (test for excess errors)
WARNING: g++.old-deja/g++.mike/p10769a.C compilation failed to produce executable
FAIL: g++.old-deja/g++.mike/p784.C (test for excess errors)
XPASS: g++.old-deja/g++.other/init5.C execution test
=== g++ Summary ===
# of expected passes 9867
# of unexpected failures 86
# of unexpected successes 1
# of expected failures 72
# of unsupported tests 81
/tmp/cvs/gcc-20041105/Build/gcc/testsuite/../g++ version 4.0.0 20041105 (experimental)
=== gcc tests ===
Running target unix
XPASS: gcc.c-torture/execute/20020227-1.c execution, -O3 -fomit-frame-pointer
XPASS: gcc.c-torture/execute/20020227-1.c execution, -O3 -g
FAIL: gcc.c-torture/execute/va-arg-26.c compilation, -O2
UNRESOLVED: gcc.c-torture/execute/va-arg-26.c execution, -O2
FAIL: gcc.c-torture/execute/va-arg-26.c compilation, -O3 -fomit-frame-pointer
UNRESOLVED: gcc.c-torture/execute/va-arg-26.c execution, -O3 -fomit-frame-pointer
FAIL: gcc.c-torture/execute/va-arg-26.c compilation, -O3 -g
UNRESOLVED: gcc.c-torture/execute/va-arg-26.c execution, -O3 -g
FAIL: gcc.c-torture/execute/va-arg-26.c compilation, -Os
UNRESOLVED: gcc.c-torture/execute/va-arg-26.c execution, -Os
FAIL: gcc.c-torture/execute/ieee/fp-cmp-4q.c compilation, -O0
UNRESOLVED: gcc.c-torture/execute/ieee/fp-cmp-4q.c execution, -O0
FAIL: gcc.c-torture/execute/ieee/fp-cmp-4q.c compilation, -O1
UNRESOLVED: gcc.c-torture/execute/ieee/fp-cmp-4q.c execution, -O1
FAIL: gcc.c-torture/execute/ieee/fp-cmp-4q.c compilation, -O2
UNRESOLVED: gcc.c-torture/execute/ieee/fp-cmp-4q.c execution, -O2
FAIL: gcc.c-torture/execute/ieee/fp-cmp-4q.c compilation, -O3 -fomit-frame-pointer
UNRESOLVED: gcc.c-torture/execute/ieee/fp-cmp-4q.c execution, -O3 -fomit-frame-pointer
FAIL: gcc.c-torture/execute/ieee/fp-cmp-4q.c compilation, -O3 -g
UNRESOLVED: gcc.c-torture/execute/ieee/fp-cmp-4q.c execution, -O3 -g
FAIL: gcc.c-torture/execute/ieee/fp-cmp-4q.c compilation, -Os
UNRESOLVED: gcc.c-torture/execute/ieee/fp-cmp-4q.c execution, -Os
FAIL: gcc.c-torture/execute/ieee/fp-cmp-8q.c compilation, -O0
UNRESOLVED: gcc.c-torture/execute/ieee/fp-cmp-8q.c execution, -O0
FAIL: gcc.c-torture/execute/ieee/fp-cmp-8q.c compilation, -O1
UNRESOLVED: gcc.c-torture/execute/ieee/fp-cmp-8q.c execution, -O1
FAIL: gcc.c-torture/execute/ieee/fp-cmp-8q.c compilation, -O2
UNRESOLVED: gcc.c-torture/execute/ieee/fp-cmp-8q.c execution, -O2
FAIL: gcc.c-torture/execute/ieee/fp-cmp-8q.c compilation, -O3 -fomit-frame-pointer
UNRESOLVED: gcc.c-torture/execute/ieee/fp-cmp-8q.c execution, -O3 -fomit-frame-pointer
FAIL: gcc.c-torture/execute/ieee/fp-cmp-8q.c compilation, -O3 -g
UNRESOLVED: gcc.c-torture/execute/ieee/fp-cmp-8q.c execution, -O3 -g
FAIL: gcc.c-torture/execute/ieee/fp-cmp-8q.c compilation, -Os
UNRESOLVED: gcc.c-torture/execute/ieee/fp-cmp-8q.c execution, -Os
FAIL: gcc.dg/compat/scalar-by-value-3 c_compat_x_tst.o compile
UNRESOLVED: gcc.dg/compat/scalar-by-value-3 c_compat_x_tst.o-c_compat_y_tst.o link
UNRESOLVED: gcc.dg/compat/scalar-by-value-3 c_compat_x_tst.o-c_compat_y_tst.o execute
FAIL: gcc.dg/compat/scalar-return-3 c_compat_x_tst.o compile
UNRESOLVED: gcc.dg/compat/scalar-return-3 c_compat_x_tst.o-c_compat_y_tst.o link
UNRESOLVED: gcc.dg/compat/scalar-return-3 c_compat_x_tst.o-c_compat_y_tst.o execute
FAIL: gcc.dg/compat/struct-by-value-18 c_compat_x_tst.o-c_compat_y_tst.o execute
FAIL: gcc.dg/compat/struct-by-value-7a c_compat_x_tst.o-c_compat_y_tst.o execute
FAIL: gcc.dg/compat/struct-by-value-7b c_compat_x_tst.o-c_compat_y_tst.o execute
FAIL: tmpdir-gcc.dg-struct-layout-1/t001 c_compat_x_tst.o-c_compat_y_tst.o execute
FAIL: tmpdir-gcc.dg-struct-layout-1/t011 c_compat_x_tst.o compile
UNRESOLVED: tmpdir-gcc.dg-struct-layout-1/t011 c_compat_x_tst.o-c_compat_y_tst.o link
UNRESOLVED: tmpdir-gcc.dg-struct-layout-1/t011 c_compat_x_tst.o-c_compat_y_tst.o execute
FAIL: tmpdir-gcc.dg-struct-layout-1/t024 c_compat_x_tst.o-c_compat_y_tst.o execute
FAIL: tmpdir-gcc.dg-struct-layout-1/t027 c_compat_x_tst.o compile
FAIL: tmpdir-gcc.dg-struct-layout-1/t027 c_compat_y_tst.o compile
UNRESOLVED: tmpdir-gcc.dg-struct-layout-1/t027 c_compat_x_tst.o-c_compat_y_tst.o link
UNRESOLVED: tmpdir-gcc.dg-struct-layout-1/t027 c_compat_x_tst.o-c_compat_y_tst.o execute
FAIL: tmpdir-gcc.dg-struct-layout-1/t028 c_compat_x_tst.o compile
FAIL: tmpdir-gcc.dg-struct-layout-1/t028 c_compat_y_tst.o compile
UNRESOLVED: tmpdir-gcc.dg-struct-layout-1/t028 c_compat_x_tst.o-c_compat_y_tst.o link
UNRESOLVED: tmpdir-gcc.dg-struct-layout-1/t028 c_compat_x_tst.o-c_compat_y_tst.o execute
FAIL: gcc.dg/debug/dwarf2/dwarf-die7.c scan-assembler 1.*DW_AT_inline
FAIL: gcc.dg/20030225-2.c (test for excess errors)
FAIL: gcc.dg/20040813-1.c (test for excess errors)
ERROR: gcc.dg/20040813-1.c: error executing dg-final: couldn't open "20040813-1.s": no such file or directory
UNRESOLVED: gcc.dg/20040813-1.c: error executing dg-final: couldn't open "20040813-1.s": no such file or directory
FAIL: gcc.dg/20040910-1.c (test for errors, line 2)
FAIL: gcc.dg/20040910-1.c (test for excess errors)
FAIL: gcc.dg/20040920-1.c (test for errors, line 10)
FAIL: gcc.dg/20040920-1.c (test for errors, line 11)
FAIL: gcc.dg/20040920-1.c (test for excess errors)
FAIL: gcc.dg/Wbad-function-cast-1.c (test for warnings, line 41)
FAIL: gcc.dg/Wbad-function-cast-1.c (test for warnings, line 42)
FAIL: gcc.dg/Wbad-function-cast-1.c (test for warnings, line 43)
FAIL: gcc.dg/Wbad-function-cast-1.c (test for warnings, line 44)
FAIL: gcc.dg/Wbad-function-cast-1.c (test for warnings, line 45)
FAIL: gcc.dg/Wbad-function-cast-1.c (test for warnings, line 46)
FAIL: gcc.dg/Wbad-function-cast-1.c (test for warnings, line 47)
FAIL: gcc.dg/Wbad-function-cast-1.c (test for warnings, line 48)
FAIL: gcc.dg/Wbad-function-cast-1.c (test for warnings, line 49)
FAIL: gcc.dg/Wbad-function-cast-1.c (test for warnings, line 50)
FAIL: gcc.dg/Wbad-function-cast-1.c (test for excess errors)
FAIL: gcc.dg/Wconversion-2.c (test for warnings, line 42)
FAIL: gcc.dg/Wconversion-2.c (test for warnings, line 43)
FAIL: gcc.dg/Wconversion-2.c (test for warnings, line 44)
FAIL: gcc.dg/Wconversion-2.c (test for warnings, line 45)
FAIL: gcc.dg/Wconversion-2.c (test for warnings, line 46)
FAIL: gcc.dg/Wconversion-2.c (test for warnings, line 47)
FAIL: gcc.dg/Wconversion-2.c (test for warnings, line 48)
FAIL: gcc.dg/Wconversion-2.c (test for warnings, line 49)
FAIL: gcc.dg/Wconversion-2.c (test for warnings, line 50)
FAIL: gcc.dg/Wconversion-2.c (test for warnings, line 51)
FAIL: gcc.dg/Wconversion-2.c (test for warnings, line 52)
FAIL: gcc.dg/Wconversion-2.c (test for warnings, line 53)
FAIL: gcc.dg/Wconversion-2.c (test for warnings, line 54)
FAIL: gcc.dg/Wconversion-2.c (test for warnings, line 55)
FAIL: gcc.dg/Wconversion-2.c (test for warnings, line 56)
FAIL: gcc.dg/Wconversion-2.c (test for warnings, line 57)
FAIL: gcc.dg/Wconversion-2.c (test for warnings, line 58)
FAIL: gcc.dg/Wconversion-2.c (test for warnings, line 59)
FAIL: gcc.dg/Wconversion-2.c (test for warnings, line 60)
FAIL: gcc.dg/Wconversion-2.c (test for warnings, line 61)
FAIL: gcc.dg/Wconversion-2.c (test for warnings, line 62)
FAIL: gcc.dg/Wconversion-2.c (test for warnings, line 63)
FAIL: gcc.dg/Wconversion-2.c (test for excess errors)
FAIL: gcc.dg/Wswitch-2.c enum e4 (test for warnings, line 16)
FAIL: gcc.dg/Wswitch-2.c enum e1 (test for warnings, line 25)
FAIL: gcc.dg/Wswitch-2.c (test for excess errors)
FAIL: gcc.dg/Wswitch-enum.c enum e1 (test for warnings, line 22)
FAIL: gcc.dg/Wswitch-enum.c enum e2 (test for warnings, line 22)
FAIL: gcc.dg/Wswitch-enum.c enum e1 (test for warnings, line 25)
FAIL: gcc.dg/Wswitch-enum.c enum e2 (test for warnings, line 25)
FAIL: gcc.dg/Wswitch-enum.c enum e2 (test for warnings, line 29)
FAIL: gcc.dg/Wswitch-enum.c enum e2 (test for warnings, line 33)
FAIL: gcc.dg/Wswitch-enum.c excess 3 (test for warnings, line 53)
FAIL: gcc.dg/Wswitch-enum.c excess 3 (test for warnings, line 59)
FAIL: gcc.dg/Wswitch-enum.c (test for excess errors)
FAIL: gcc.dg/Wswitch.c enum e1 (test for warnings, line 22)
FAIL: gcc.dg/Wswitch.c enum e2 (test for warnings, line 22)
FAIL: gcc.dg/Wswitch.c enum e2 (test for warnings, line 29)
FAIL: gcc.dg/Wswitch.c excess 3 (test for warnings, line 53)
FAIL: gcc.dg/Wswitch.c (test for excess errors)
FAIL: gcc.dg/assign-warn-1.c (test for warnings, line 15)
FAIL: gcc.dg/assign-warn-1.c (test for warnings, line 16)
FAIL: gcc.dg/assign-warn-1.c (test for warnings, line 27)
FAIL: gcc.dg/assign-warn-1.c (test for warnings, line 28)
FAIL: gcc.dg/assign-warn-1.c (test for warnings, line 39)
FAIL: gcc.dg/assign-warn-1.c (test for warnings, line 40)
FAIL: gcc.dg/assign-warn-1.c (test for warnings, line 41)
FAIL: gcc.dg/assign-warn-1.c (test for warnings, line 42)
FAIL: gcc.dg/assign-warn-1.c (test for warnings, line 43)
FAIL: gcc.dg/assign-warn-1.c (test for warnings, line 45)
FAIL: gcc.dg/assign-warn-1.c (test for warnings, line 46)
FAIL: gcc.dg/assign-warn-1.c (test for warnings, line 47)
FAIL: gcc.dg/assign-warn-1.c (test for warnings, line 48)
FAIL: gcc.dg/assign-warn-1.c (test for warnings, line 49)
FAIL: gcc.dg/assign-warn-1.c (test for warnings, line 51)
FAIL: gcc.dg/assign-warn-1.c (test for warnings, line 52)
FAIL: gcc.dg/assign-warn-1.c (test for warnings, line 57)
FAIL: gcc.dg/assign-warn-1.c (test for warnings, line 58)
FAIL: gcc.dg/assign-warn-1.c (test for warnings, line 63)
FAIL: gcc.dg/assign-warn-1.c (test for warnings, line 64)
FAIL: gcc.dg/assign-warn-1.c (test for warnings, line 69)
FAIL: gcc.dg/assign-warn-1.c (test for warnings, line 70)
FAIL: gcc.dg/assign-warn-1.c (test for warnings, line 75)
FAIL: gcc.dg/assign-warn-1.c (test for warnings, line 76)
FAIL: gcc.dg/assign-warn-1.c (test for warnings, line 81)
FAIL: gcc.dg/assign-warn-1.c (test for warnings, line 82)
FAIL: gcc.dg/assign-warn-1.c (test for warnings, line 87)
FAIL: gcc.dg/assign-warn-1.c (test for warnings, line 88)
FAIL: gcc.dg/assign-warn-1.c (test for warnings, line 93)
FAIL: gcc.dg/assign-warn-1.c (test for warnings, line 94)
FAIL: gcc.dg/assign-warn-1.c (test for warnings, line 99)
FAIL: gcc.dg/assign-warn-1.c (test for warnings, line 100)
FAIL: gcc.dg/assign-warn-1.c (test for warnings, line 105)
FAIL: gcc.dg/assign-warn-1.c (test for warnings, line 106)
FAIL: gcc.dg/assign-warn-1.c (test for errors, line 113)
FAIL: gcc.dg/assign-warn-1.c (test for errors, line 114)
FAIL: gcc.dg/assign-warn-1.c (test for errors, line 119)
FAIL: gcc.dg/assign-warn-1.c (test for errors, line 120)
FAIL: gcc.dg/assign-warn-1.c (test for excess errors)
FAIL: gcc.dg/assign-warn-2.c (test for errors, line 16)
FAIL: gcc.dg/assign-warn-2.c (test for errors, line 17)
FAIL: gcc.dg/assign-warn-2.c (test for errors, line 28)
FAIL: gcc.dg/assign-warn-2.c (test for errors, line 29)
FAIL: gcc.dg/assign-warn-2.c (test for errors, line 40)
FAIL: gcc.dg/assign-warn-2.c (test for errors, line 41)
FAIL: gcc.dg/assign-warn-2.c (test for errors, line 42)
FAIL: gcc.dg/assign-warn-2.c (test for errors, line 43)
FAIL: gcc.dg/assign-warn-2.c (test for errors, line 44)
FAIL: gcc.dg/assign-warn-2.c (test for errors, line 46)
FAIL: gcc.dg/assign-warn-2.c (test for errors, line 47)
FAIL: gcc.dg/assign-warn-2.c (test for errors, line 48)
FAIL: gcc.dg/assign-warn-2.c (test for errors, line 49)
FAIL: gcc.dg/assign-warn-2.c (test for errors, line 50)
FAIL: gcc.dg/assign-warn-2.c (test for errors, line 52)
FAIL: gcc.dg/assign-warn-2.c (test for errors, line 53)
FAIL: gcc.dg/assign-warn-2.c (test for errors, line 58)
FAIL: gcc.dg/assign-warn-2.c (test for errors, line 59)
FAIL: gcc.dg/assign-warn-2.c (test for errors, line 64)
FAIL: gcc.dg/assign-warn-2.c (test for errors, line 65)
FAIL: gcc.dg/assign-warn-2.c (test for errors, line 70)
FAIL: gcc.dg/assign-warn-2.c (test for errors, line 71)
FAIL: gcc.dg/assign-warn-2.c (test for errors, line 76)
FAIL: gcc.dg/assign-warn-2.c (test for errors, line 77)
FAIL: gcc.dg/assign-warn-2.c (test for errors, line 82)
FAIL: gcc.dg/assign-warn-2.c (test for errors, line 83)
FAIL: gcc.dg/assign-warn-2.c (test for errors, line 88)
FAIL: gcc.dg/assign-warn-2.c (test for errors, line 89)
FAIL: gcc.dg/assign-warn-2.c (test for errors, line 94)
FAIL: gcc.dg/assign-warn-2.c (test for errors, line 95)
FAIL: gcc.dg/assign-warn-2.c (test for errors, line 100)
FAIL: gcc.dg/assign-warn-2.c (test for errors, line 101)
FAIL: gcc.dg/assign-warn-2.c (test for errors, line 106)
FAIL: gcc.dg/assign-warn-2.c (test for errors, line 107)
FAIL: gcc.dg/assign-warn-2.c (test for errors, line 114)
FAIL: gcc.dg/assign-warn-2.c (test for errors, line 115)
FAIL: gcc.dg/assign-warn-2.c (test for errors, line 120)
FAIL: gcc.dg/assign-warn-2.c (test for errors, line 121)
FAIL: gcc.dg/assign-warn-2.c (test for excess errors)
FAIL: gcc.dg/assign-warn-3.c (test for warnings, line 9)
FAIL: gcc.dg/assign-warn-3.c (test for warnings, line 13)
FAIL: gcc.dg/assign-warn-3.c (test for excess errors)
FAIL: gcc.dg/c99-tag-3.c (test for errors, line 42)
FAIL: gcc.dg/c99-tag-3.c (test for excess errors)
FAIL: gcc.dg/declspec-10.c (test for warnings, line 8)
FAIL: gcc.dg/declspec-10.c (test for errors, line 9)
FAIL: gcc.dg/declspec-10.c (test for errors, line 10)
FAIL: gcc.dg/declspec-10.c (test for errors, line 12)
FAIL: gcc.dg/declspec-10.c (test for errors, line 13)
FAIL: gcc.dg/declspec-10.c (test for errors, line 15)
FAIL: gcc.dg/declspec-10.c (test for errors, line 16)
FAIL: gcc.dg/declspec-10.c (test for errors, line 18)
FAIL: gcc.dg/declspec-10.c (test for warnings, line 19)
FAIL: gcc.dg/declspec-10.c (test for errors, line 21)
FAIL: gcc.dg/declspec-10.c (test for errors, line 27)
FAIL: gcc.dg/declspec-10.c (test for errors, line 28)
FAIL: gcc.dg/declspec-10.c (test for errors, line 29)
FAIL: gcc.dg/declspec-10.c (test for errors, line 36)
FAIL: gcc.dg/declspec-10.c (test for errors, line 37)
FAIL: gcc.dg/declspec-10.c (test for errors, line 39)
FAIL: gcc.dg/declspec-10.c register function (test for warnings, line 39)
FAIL: gcc.dg/declspec-10.c nested (test for warnings, line 42)
FAIL: gcc.dg/declspec-10.c (test for warnings, line 45)
FAIL: gcc.dg/declspec-10.c (test for excess errors)
FAIL: gcc.dg/declspec-11.c (test for errors, line 8)
FAIL: gcc.dg/declspec-11.c (test for errors, line 9)
FAIL: gcc.dg/declspec-11.c (test for errors, line 10)
FAIL: gcc.dg/declspec-11.c (test for errors, line 12)
FAIL: gcc.dg/declspec-11.c (test for errors, line 13)
FAIL: gcc.dg/declspec-11.c (test for errors, line 15)
FAIL: gcc.dg/declspec-11.c (test for errors, line 16)
FAIL: gcc.dg/declspec-11.c (test for errors, line 18)
FAIL: gcc.dg/declspec-11.c (test for errors, line 19)
FAIL: gcc.dg/declspec-11.c (test for errors, line 21)
FAIL: gcc.dg/declspec-11.c (test for errors, line 27)
FAIL: gcc.dg/declspec-11.c (test for errors, line 28)
FAIL: gcc.dg/declspec-11.c (test for errors, line 29)
FAIL: gcc.dg/declspec-11.c (test for errors, line 36)
FAIL: gcc.dg/declspec-11.c (test for errors, line 37)
FAIL: gcc.dg/declspec-11.c (test for errors, line 39)
FAIL: gcc.dg/declspec-11.c register function (test for errors, line 39)
FAIL: gcc.dg/declspec-11.c nested (test for errors, line 42)
FAIL: gcc.dg/declspec-11.c (test for errors, line 45)
FAIL: gcc.dg/declspec-11.c (test for excess errors)
FAIL: gcc.dg/declspec-13.c (test for errors, line 20)
FAIL: gcc.dg/declspec-13.c ISO C (test for warnings, line 24)
FAIL: gcc.dg/declspec-13.c (test for errors, line 35)
FAIL: gcc.dg/declspec-13.c (test for errors, line 36)
FAIL: gcc.dg/declspec-13.c (test for errors, line 37)
FAIL: gcc.dg/declspec-13.c (test for errors, line 38)
FAIL: gcc.dg/declspec-13.c (test for errors, line 39)
FAIL: gcc.dg/declspec-13.c (test for errors, line 40)
FAIL: gcc.dg/declspec-13.c (test for errors, line 41)
FAIL: gcc.dg/declspec-13.c (test for errors, line 42)
FAIL: gcc.dg/declspec-13.c (test for errors, line 43)
FAIL: gcc.dg/declspec-13.c (test for errors, line 44)
FAIL: gcc.dg/declspec-13.c (test for errors, line 45)
FAIL: gcc.dg/declspec-13.c (test for errors, line 46)
FAIL: gcc.dg/declspec-13.c (test for errors, line 47)
FAIL: gcc.dg/declspec-13.c (test for errors, line 48)
FAIL: gcc.dg/declspec-13.c (test for errors, line 49)
FAIL: gcc.dg/declspec-13.c (test for errors, line 50)
FAIL: gcc.dg/declspec-13.c (test for errors, line 51)
FAIL: gcc.dg/declspec-13.c (test for errors, line 52)
FAIL: gcc.dg/declspec-13.c (test for errors, line 53)
FAIL: gcc.dg/declspec-13.c (test for errors, line 54)
FAIL: gcc.dg/declspec-13.c (test for errors, line 55)
FAIL: gcc.dg/declspec-13.c (test for errors, line 56)
FAIL: gcc.dg/declspec-13.c (test for errors, line 57)
FAIL: gcc.dg/declspec-13.c (test for errors, line 59)
FAIL: gcc.dg/declspec-13.c (test for errors, line 62)
FAIL: gcc.dg/declspec-13.c (test for errors, line 63)
FAIL: gcc.dg/declspec-13.c (test for errors, line 64)
FAIL: gcc.dg/declspec-13.c (test for errors, line 65)
FAIL: gcc.dg/declspec-13.c (test for errors, line 66)
FAIL: gcc.dg/declspec-13.c complex (test for warnings, line 66)
FAIL: gcc.dg/declspec-13.c (test for errors, line 69)
FAIL: gcc.dg/declspec-13.c (test for errors, line 70)
FAIL: gcc.dg/declspec-13.c (test for errors, line 71)
FAIL: gcc.dg/declspec-13.c (test for errors, line 72)
FAIL: gcc.dg/declspec-13.c (test for errors, line 73)
FAIL: gcc.dg/declspec-13.c complex (test for warnings, line 73)
FAIL: gcc.dg/declspec-13.c (test for errors, line 76)
FAIL: gcc.dg/declspec-13.c (test for errors, line 77)
FAIL: gcc.dg/declspec-13.c (test for errors, line 78)
FAIL: gcc.dg/declspec-13.c (test for errors, line 79)
FAIL: gcc.dg/declspec-13.c (test for errors, line 80)
FAIL: gcc.dg/declspec-13.c (test for errors, line 81)
FAIL: gcc.dg/declspec-13.c (test for errors, line 82)
FAIL: gcc.dg/declspec-13.c C90 (test for warnings, line 82)
FAIL: gcc.dg/declspec-13.c (test for errors, line 84)
FAIL: gcc.dg/declspec-13.c (test for errors, line 85)
FAIL: gcc.dg/declspec-13.c (test for errors, line 86)
FAIL: gcc.dg/declspec-13.c (test for excess errors)
FAIL: gcc.dg/declspec-5.c ISO C (test for warnings, line 42)
FAIL: gcc.dg/declspec-5.c (test for excess errors)
FAIL: gcc.dg/declspec-6.c ISO C (test for errors, line 42)
FAIL: gcc.dg/declspec-6.c (test for excess errors)
FAIL: gcc.dg/declspec-7.c (test for errors, line 14)
FAIL: gcc.dg/declspec-7.c (test for errors, line 17)
FAIL: gcc.dg/declspec-7.c (test for errors, line 20)
FAIL: gcc.dg/declspec-7.c (test for errors, line 26)
FAIL: gcc.dg/declspec-7.c (test for errors, line 29)
FAIL: gcc.dg/declspec-7.c (test for excess errors)
FAIL: gcc.dg/declspec-8.c (test for errors, line 15)
FAIL: gcc.dg/declspec-8.c (test for errors, line 21)
FAIL: gcc.dg/declspec-8.c (test for errors, line 23)
FAIL: gcc.dg/declspec-8.c (test for errors, line 25)
FAIL: gcc.dg/declspec-8.c (test for excess errors)
FAIL: gcc.dg/declspec-9.c (test for warnings, line 9)
FAIL: gcc.dg/declspec-9.c (test for errors, line 10)
FAIL: gcc.dg/declspec-9.c (test for errors, line 11)
FAIL: gcc.dg/declspec-9.c (test for errors, line 13)
FAIL: gcc.dg/declspec-9.c (test for errors, line 14)
FAIL: gcc.dg/declspec-9.c (test for errors, line 16)
FAIL: gcc.dg/declspec-9.c (test for errors, line 17)
FAIL: gcc.dg/declspec-9.c (test for errors, line 19)
FAIL: gcc.dg/declspec-9.c (test for errors, line 22)
FAIL: gcc.dg/declspec-9.c (test for errors, line 27)
FAIL: gcc.dg/declspec-9.c (test for errors, line 28)
FAIL: gcc.dg/declspec-9.c (test for errors, line 29)
FAIL: gcc.dg/declspec-9.c (test for errors, line 36)
FAIL: gcc.dg/declspec-9.c (test for errors, line 37)
FAIL: gcc.dg/declspec-9.c (test for errors, line 39)
FAIL: gcc.dg/declspec-9.c (test for warnings, line 43)
FAIL: gcc.dg/declspec-9.c (test for excess errors)
FAIL: gcc.dg/deprecated-3.c (test for warnings, line 10)
FAIL: gcc.dg/deprecated-3.c (test for excess errors)
FAIL: gcc.dg/deprecated.c (test for warnings, line 9)
FAIL: gcc.dg/deprecated.c (test for warnings, line 12)
FAIL: gcc.dg/deprecated.c (test for warnings, line 16)
FAIL: gcc.dg/deprecated.c (test for warnings, line 19)
FAIL: gcc.dg/deprecated.c (test for warnings, line 20)
FAIL: gcc.dg/deprecated.c (test for warnings, line 21)
FAIL: gcc.dg/deprecated.c (test for warnings, line 28)
FAIL: gcc.dg/deprecated.c (test for warnings, line 49)
FAIL: gcc.dg/deprecated.c (test for warnings, line 53)
FAIL: gcc.dg/deprecated.c (test for warnings, line 55)
FAIL: gcc.dg/deprecated.c (test for warnings, line 55)
FAIL: gcc.dg/deprecated.c (test for warnings, line 55)
FAIL: gcc.dg/deprecated.c (test for warnings, line 55)
FAIL: gcc.dg/deprecated.c (test for warnings, line 59)
FAIL: gcc.dg/deprecated.c (test for warnings, line 67)
FAIL: gcc.dg/deprecated.c (test for warnings, line 68)
FAIL: gcc.dg/deprecated.c (test for warnings, line 72)
FAIL: gcc.dg/deprecated.c (test for warnings, line 73)
FAIL: gcc.dg/deprecated.c (test for warnings, line 73)
FAIL: gcc.dg/deprecated.c (test for warnings, line 79)
FAIL: gcc.dg/deprecated.c (test for warnings, line 82)
FAIL: gcc.dg/deprecated.c (test for warnings, line 86)
FAIL: gcc.dg/deprecated.c (test for warnings, line 89)
FAIL: gcc.dg/deprecated.c (test for excess errors)
FAIL: gcc.dg/dollar.c (test for errors, line 9)
FAIL: gcc.dg/dollar.c (test for excess errors)
FAIL: gcc.dg/dremf-type-compat-2.c (test for warnings, line 16)
FAIL: gcc.dg/dremf-type-compat-2.c (test for excess errors)
FAIL: gcc.dg/dremf-type-compat-3.c (test for errors, line 16)
FAIL: gcc.dg/dremf-type-compat-3.c (test for excess errors)
FAIL: gcc.dg/dremf-type-compat-4.c (test for warnings, line 10)
FAIL: gcc.dg/dremf-type-compat-4.c (test for excess errors)
FAIL: gcc.dg/enum-compat-1.c error at defn (test for errors, line 16)
FAIL: gcc.dg/enum-compat-1.c (test for excess errors)
FAIL: gcc.dg/extra-semi-2.c (test for warnings, line 7)
FAIL: gcc.dg/extra-semi-2.c (test for excess errors)
FAIL: gcc.dg/extra-semi-3.c (test for errors, line 7)
FAIL: gcc.dg/extra-semi-3.c (test for excess errors)
FAIL: gcc.dg/float-range-1.c (test for errors, line 10)
FAIL: gcc.dg/float-range-1.c (test for errors, line 11)
FAIL: gcc.dg/float-range-1.c (test for errors, line 12)
FAIL: gcc.dg/float-range-1.c (test for excess errors)
FAIL: gcc.dg/func-args-1.c (test for errors, line 25)
FAIL: gcc.dg/func-args-1.c (test for errors, line 26)
FAIL: gcc.dg/func-args-1.c (test for errors, line 27)
FAIL: gcc.dg/func-args-1.c (test for errors, line 28)
FAIL: gcc.dg/func-args-1.c (test for errors, line 29)
FAIL: gcc.dg/func-args-1.c (test for errors, line 30)
FAIL: gcc.dg/func-args-1.c (test for errors, line 33)
FAIL: gcc.dg/func-args-1.c (test for errors, line 34)
FAIL: gcc.dg/func-args-1.c (test for errors, line 35)
FAIL: gcc.dg/func-args-1.c (test for errors, line 36)
FAIL: gcc.dg/func-args-1.c (test for errors, line 41)
FAIL: gcc.dg/func-args-1.c (test for errors, line 42)
FAIL: gcc.dg/func-args-1.c (test for errors, line 45)
FAIL: gcc.dg/func-args-1.c (test for errors, line 46)
FAIL: gcc.dg/func-args-1.c (test for errors, line 47)
FAIL: gcc.dg/func-args-1.c (test for errors, line 48)
FAIL: gcc.dg/func-args-1.c (test for excess errors)
FAIL: gcc.dg/init-desig-obs-2.c (test for warnings, line 8)
FAIL: gcc.dg/init-desig-obs-2.c (test for warnings, line 11)
FAIL: gcc.dg/init-desig-obs-2.c (test for excess errors)
FAIL: gcc.dg/init-desig-obs-3.c (test for errors, line 8)
FAIL: gcc.dg/init-desig-obs-3.c (test for errors, line 11)
FAIL: gcc.dg/init-desig-obs-3.c (test for excess errors)
FAIL: gcc.dg/inline-11.c (test for warnings, line 9)
FAIL: gcc.dg/inline-11.c (test for warnings, line 10)
FAIL: gcc.dg/inline-11.c (test for warnings, line 11)
FAIL: gcc.dg/inline-11.c (test for warnings, line 12)
FAIL: gcc.dg/inline-11.c (test for warnings, line 13)
FAIL: gcc.dg/inline-11.c (test for warnings, line 14)
FAIL: gcc.dg/inline-11.c (test for excess errors)
FAIL: gcc.dg/inline-12.c (test for errors, line 9)
FAIL: gcc.dg/inline-12.c (test for errors, line 10)
FAIL: gcc.dg/inline-12.c (test for errors, line 11)
FAIL: gcc.dg/inline-12.c (test for errors, line 12)
FAIL: gcc.dg/inline-12.c (test for errors, line 13)
FAIL: gcc.dg/inline-12.c (test for errors, line 14)
FAIL: gcc.dg/inline-12.c (test for excess errors)
FAIL: gcc.dg/inline-8.c (test for warnings, line 6)
FAIL: gcc.dg/inline-8.c (test for excess errors)
FAIL: gcc.dg/inline-9.c (test for errors, line 6)
FAIL: gcc.dg/inline-9.c (test for excess errors)
FAIL: gcc.dg/lvalue-2.c (test for errors, line 17)
FAIL: gcc.dg/lvalue-2.c (test for errors, line 28)
FAIL: gcc.dg/lvalue-2.c (test for errors, line 29)
FAIL: gcc.dg/lvalue-2.c (test for errors, line 30)
FAIL: gcc.dg/lvalue-2.c (test for errors, line 32)
FAIL: gcc.dg/lvalue-2.c (test for errors, line 33)
FAIL: gcc.dg/lvalue-2.c (test for errors, line 34)
FAIL: gcc.dg/lvalue-2.c (test for errors, line 36)
FAIL: gcc.dg/lvalue-2.c (test for errors, line 37)
FAIL: gcc.dg/lvalue-2.c (test for errors, line 38)
FAIL: gcc.dg/lvalue-2.c (test for errors, line 40)
FAIL: gcc.dg/lvalue-2.c (test for errors, line 41)
FAIL: gcc.dg/lvalue-2.c (test for errors, line 42)
FAIL: gcc.dg/lvalue-2.c (test for errors, line 44)
FAIL: gcc.dg/lvalue-2.c (test for errors, line 45)
FAIL: gcc.dg/lvalue-2.c (test for errors, line 46)
FAIL: gcc.dg/lvalue-2.c (test for excess errors)
FAIL: gcc.dg/m-un-2.c warning regression (test for warnings, line 18)
FAIL: gcc.dg/m-un-2.c (test for excess errors)
FAIL: gcc.dg/nested-redef-1.c (test for errors, line 7)
FAIL: gcc.dg/nested-redef-1.c (test for errors, line 11)
FAIL: gcc.dg/nested-redef-1.c (test for errors, line 15)
FAIL: gcc.dg/nested-redef-1.c (test for errors, line 21)
FAIL: gcc.dg/nested-redef-1.c (test for errors, line 30)
FAIL: gcc.dg/nested-redef-1.c (test for errors, line 34)
FAIL: gcc.dg/nested-redef-1.c (test for errors, line 38)
FAIL: gcc.dg/nested-redef-1.c (test for excess errors)
FAIL: gcc.dg/noreturn-1.c detect falling off end of noreturn (test for warnings, line 11)
FAIL: gcc.dg/noreturn-1.c detect noreturn candidate (test for warnings, line 29)
FAIL: gcc.dg/noreturn-1.c detect invalid return (test for warnings, line 37)
FAIL: gcc.dg/noreturn-1.c detect return from tail call (test for warnings, line 59)
FAIL: gcc.dg/noreturn-1.c (test for excess errors)
FAIL: gcc.dg/noreturn-4.c warn for main (test for warnings, line 8)
FAIL: gcc.dg/noreturn-4.c (test for excess errors)
FAIL: gcc.dg/old-style-prom-2.c (test for warnings, line 12)
FAIL: gcc.dg/old-style-prom-2.c (test for excess errors)
FAIL: gcc.dg/old-style-prom-3.c (test for errors, line 12)
FAIL: gcc.dg/old-style-prom-3.c (test for excess errors)
FAIL: gcc.dg/parm-impl-decl-1.c (test for warnings, line 10)
FAIL: gcc.dg/parm-impl-decl-1.c (test for excess errors)
FAIL: gcc.dg/parm-impl-decl-2.c (test for errors, line 7)
FAIL: gcc.dg/parm-impl-decl-2.c (test for excess errors)
FAIL: gcc.dg/parm-incomplete-1.c (test for warnings, line 19)
FAIL: gcc.dg/parm-incomplete-1.c (test for errors, line 24)
FAIL: gcc.dg/parm-incomplete-1.c (test for warnings, line 26)
FAIL: gcc.dg/parm-incomplete-1.c (test for warnings, line 28)
FAIL: gcc.dg/parm-incomplete-1.c (test for excess errors)
FAIL: gcc.dg/pr13804-1.c (test for errors, line 22)
FAIL: gcc.dg/pr13804-1.c (test for errors, line 23)
FAIL: gcc.dg/pr13804-1.c (test for errors, line 24)
FAIL: gcc.dg/pr13804-1.c (test for errors, line 25)
FAIL: gcc.dg/pr13804-1.c (test for errors, line 26)
FAIL: gcc.dg/pr13804-1.c (test for errors, line 27)
FAIL: gcc.dg/pr13804-1.c (test for excess errors)
FAIL: gcc.dg/pr17188-1.c (test for errors, line 10)
FAIL: gcc.dg/pr17188-1.c (test for errors, line 13)
FAIL: gcc.dg/pr17188-1.c (test for errors, line 16)
FAIL: gcc.dg/pr17188-1.c (test for errors, line 19)
FAIL: gcc.dg/pr17188-1.c (test for errors, line 22)
FAIL: gcc.dg/pr17188-1.c (test for excess errors)
FAIL: gcc.dg/pr17301-1.c (test for errors, line 10)
FAIL: gcc.dg/pr17301-1.c (test for excess errors)
FAIL: gcc.dg/pr17301-2.c (test for errors, line 8)
FAIL: gcc.dg/pr17301-2.c (test for excess errors)
FAIL: gcc.dg/pr17424-1.c (test for errors, line 5)
FAIL: gcc.dg/pr17424-1.c (test for excess errors)
FAIL: gcc.dg/pr17730-1.c (test for errors, line 5)
FAIL: gcc.dg/pr17730-1.c (test for excess errors)
FAIL: gcc.dg/uninit-H.c (test for bogus messages, line 24)
FAIL: gcc.dg/uninit-H.c (test for excess errors)
FAIL: gcc.dg/vla-init-2.c extra error (test for errors, line 9)
FAIL: gcc.dg/vla-init-2.c (test for excess errors)
FAIL: gcc.dg/vla-init-3.c extra error (test for errors, line 8)
FAIL: gcc.dg/vla-init-3.c (test for excess errors)
FAIL: gcc.dg/wtr-conversion-1.c prototype conversion warning (test for warnings, line 26)
FAIL: gcc.dg/wtr-conversion-1.c prototype conversion warning (test for warnings, line 27)
FAIL: gcc.dg/wtr-conversion-1.c (test for excess errors)
FAIL: gcc.dg/special/gcsec-1.c (test for excess errors)
FAIL: gcc.dg/tls/diag-2.c (test for errors, line 3)
FAIL: gcc.dg/tls/diag-2.c (test for errors, line 4)
FAIL: gcc.dg/tls/diag-2.c (test for errors, line 5)
FAIL: gcc.dg/tls/diag-2.c (test for errors, line 6)
FAIL: gcc.dg/tls/diag-2.c (test for errors, line 10)
FAIL: gcc.dg/tls/diag-2.c (test for errors, line 11)
FAIL: gcc.dg/tls/diag-2.c (test for errors, line 12)
FAIL: gcc.dg/tls/diag-2.c (test for errors, line 13)
FAIL: gcc.dg/tls/diag-2.c (test for errors, line 19)
FAIL: gcc.dg/tls/diag-2.c (test for excess errors)
FAIL: gcc.dg/tls/diag-4.c (test for errors, line 4)
FAIL: gcc.dg/tls/diag-4.c (test for errors, line 8)
FAIL: gcc.dg/tls/diag-4.c (test for errors, line 9)
FAIL: gcc.dg/tls/diag-4.c (test for excess errors)
FAIL: gcc.dg/tls/diag-5.c (test for warnings, line 3)
FAIL: gcc.dg/tls/diag-5.c (test for excess errors)
=== gcc Summary ===
# of expected passes 30018
# of unexpected failures 471
# of unexpected successes 2
# of expected failures 77
# of unresolved testcases 27
# of untested testcases 28
# of unsupported tests 502
/tmp/cvs/gcc-20041105/Build/gcc/xgcc version 4.0.0 20041105 (experimental)
=== gfortran tests ===
Running target unix
FAIL: gfortran.dg/der_array_1.f90 execution test
FAIL: gfortran.dg/der_array_1.f90 execution test
FAIL: gfortran.dg/der_array_1.f90 execution test
FAIL: gfortran.dg/der_array_1.f90 execution test
FAIL: gfortran.dg/der_array_1.f90 execution test
FAIL: gfortran.dg/der_array_1.f90 execution test
FAIL: gfortran.dg/der_array_1.f90 execution test
FAIL: gfortran.dg/der_array_1.f90 execution test
FAIL: gfortran.dg/func_derived_1.f90 execution test
FAIL: gfortran.dg/func_derived_1.f90 execution test
FAIL: gfortran.dg/func_derived_1.f90 execution test
FAIL: gfortran.dg/func_derived_1.f90 execution test
FAIL: gfortran.dg/func_derived_1.f90 execution test
FAIL: gfortran.dg/func_derived_1.f90 execution test
FAIL: gfortran.dg/func_derived_1.f90 execution test
FAIL: gfortran.dg/func_derived_1.f90 execution test
FAIL: gfortran.dg/pr15164.f90 (test for excess errors)
XPASS: gfortran.dg/ret_pointer_1.f90 execution test
XPASS: gfortran.dg/ret_pointer_1.f90 execution test
XPASS: gfortran.dg/ret_pointer_1.f90 execution test
XPASS: gfortran.dg/ret_pointer_1.f90 execution test
XPASS: gfortran.dg/ret_pointer_1.f90 execution test
XPASS: gfortran.dg/ret_pointer_1.f90 execution test
XPASS: gfortran.dg/ret_pointer_1.f90 execution test
XPASS: gfortran.dg/ret_pointer_1.f90 execution test
FAIL: gfortran.fortran-torture/execute/forall_3.f90 execution, -O0
FAIL: gfortran.fortran-torture/execute/forall_3.f90 execution, -O1
FAIL: gfortran.fortran-torture/execute/forall_3.f90 execution, -O2
FAIL: gfortran.fortran-torture/execute/forall_3.f90 execution, -O3 -fomit-frame-pointer
FAIL: gfortran.fortran-torture/execute/forall_3.f90 execution, -O3 -fomit-frame-pointer -funroll-loops
FAIL: gfortran.fortran-torture/execute/forall_3.f90 execution, -O3 -fomit-frame-pointer -funroll-all-loops -finline-functions
FAIL: gfortran.fortran-torture/execute/forall_3.f90 execution, -O3 -g
FAIL: gfortran.fortran-torture/execute/forall_3.f90 execution, -Os
FAIL: gfortran.fortran-torture/execute/intrinsic_pack.f90 execution, -O0
FAIL: gfortran.fortran-torture/execute/intrinsic_pack.f90 execution, -O1
FAIL: gfortran.fortran-torture/execute/intrinsic_pack.f90 execution, -O2
FAIL: gfortran.fortran-torture/execute/intrinsic_pack.f90 execution, -O3 -fomit-frame-pointer
FAIL: gfortran.fortran-torture/execute/intrinsic_pack.f90 execution, -O3 -fomit-frame-pointer -funroll-loops
FAIL: gfortran.fortran-torture/execute/intrinsic_pack.f90 execution, -O3 -fomit-frame-pointer -funroll-all-loops -finline-functions
FAIL: gfortran.fortran-torture/execute/intrinsic_pack.f90 execution, -O3 -g
FAIL: gfortran.fortran-torture/execute/intrinsic_pack.f90 execution, -Os
=== gfortran Summary ===
# of expected passes 4610
# of unexpected failures 33
# of unexpected successes 8
# of expected failures 18
# of unsupported tests 8
/tmp/cvs/gcc-20041105/Build/gcc/testsuite/../gfortran version 4.0.0 20041105 (experimental)
=== objc tests ===
Running target unix
=== objc Summary ===
# of expected passes 1514
# of unsupported tests 8
/tmp/cvs/gcc-20041105/Build/gcc/xgcc version 4.0.0 20041105 (experimental)
=== libffi tests ===
Running target unix
FAIL: libffi.call/cls_12byte.c execution test
FAIL: libffi.call/cls_16byte.c execution test
FAIL: libffi.call/cls_18byte.c execution test
FAIL: libffi.call/cls_19byte.c execution test
FAIL: libffi.call/cls_1_1byte.c execution test
FAIL: libffi.call/cls_20byte.c execution test
FAIL: libffi.call/cls_20byte1.c execution test
FAIL: libffi.call/cls_24byte.c execution test
FAIL: libffi.call/cls_2byte.c execution test
FAIL: libffi.call/cls_3_1byte.c execution test
FAIL: libffi.call/cls_3byte1.c execution test
FAIL: libffi.call/cls_3byte2.c execution test
FAIL: libffi.call/cls_4_1byte.c execution test
FAIL: libffi.call/cls_4byte.c execution test
FAIL: libffi.call/cls_5byte.c execution test
FAIL: libffi.call/cls_64byte.c execution test
FAIL: libffi.call/cls_6byte.c execution test
FAIL: libffi.call/cls_7byte.c execution test
FAIL: libffi.call/cls_8byte.c execution test
FAIL: libffi.call/cls_9byte1.c execution test
FAIL: libffi.call/cls_9byte2.c execution test
FAIL: libffi.call/cls_align_double.c execution test
FAIL: libffi.call/cls_align_float.c execution test
FAIL: libffi.call/cls_align_longdouble.c execution test
FAIL: libffi.call/cls_align_pointer.c execution test
FAIL: libffi.call/cls_align_sint16.c execution test
FAIL: libffi.call/cls_align_sint32.c execution test
FAIL: libffi.call/cls_align_sint64.c execution test
FAIL: libffi.call/cls_align_uint16.c execution test
FAIL: libffi.call/cls_align_uint32.c execution test
FAIL: libffi.call/cls_align_uint64.c execution test
FAIL: libffi.call/float.c execution test
FAIL: libffi.call/float2.c execution test
FAIL: libffi.call/nested_struct.c execution test
FAIL: libffi.call/nested_struct1.c execution test
FAIL: libffi.call/nested_struct2.c execution test
FAIL: libffi.call/nested_struct3.c execution test
FAIL: libffi.call/problem1.c execution test
FAIL: libffi.call/pyobjc-tc.c execution test
FAIL: libffi.call/struct8.c execution test
=== libffi Summary ===
# of expected passes 140
# of unexpected failures 40
# of unsupported tests 2
=== libjava tests ===
Running target unix
FAIL: md5test output - source compiled test
FAIL: md5test output - gij test
FAIL: md5test output - bytecode->native test
FAIL: md5test -O3 output - source compiled test
FAIL: md5test output - gij test
FAIL: md5test -O3 output - bytecode->native test
FAIL: shatest output - source compiled test
FAIL: shatest output - gij test
FAIL: shatest output - bytecode->native test
FAIL: shatest -O3 output - source compiled test
FAIL: shatest output - gij test
FAIL: shatest -O3 output - bytecode->native test
=== libjava Summary ===
# of expected passes 3637
# of unexpected failures 12
# of expected failures 14
# of untested testcases 16
=== libmudflap tests ===
Running target unix
=== libmudflap Summary ===
# of expected passes 1244
=== libstdc++-v3 check-abi Summary ===
# of added symbols: 53
# of missing symbols: 0
# of incompatible symbols: 0
using: /tmp/cvs/gcc-20041105/libstdc++-v3/config/abi/ia64-linux-gnu/baseline_symbols.txt
=== libstdc++ tests ===
Running target unix
XPASS: 22_locale/locale/cons/12658_thread-1.cc execution test
XPASS: 26_numerics/cmath/c99_classification_macros_c.cc (test for excess errors)
XPASS: 27_io/fpos/14320-1.cc execution test
=== libstdc++ Summary ===
# of expected passes 3083
# of unexpected successes 3
# of expected failures 4
Compiler version: 4.0.0 20041105 (experimental)
Platform: ia64-suse-linux-gnu
configure flags: --host=ia64-suse-linux --enable-shared --enable-threads --enable-__cxa_atexit --with-system-zlib --enable-languages=c,c++,f95,java,objc