This is the mail archive of the
gcc-testresults@gcc.gnu.org
mailing list for the GCC project.
Results for 4.0.0 20041029 (experimental) testsuite on sparc-sun-solaris2.10
- From: Rainer Orth <ro at TechFak dot Uni-Bielefeld dot DE>
- To: gcc-testresults at gcc dot gnu dot org
- Date: Wed, 3 Nov 2004 11:13:45 +0100 (MET)
- Subject: Results for 4.0.0 20041029 (experimental) testsuite on sparc-sun-solaris2.10
LAST_UPDATED: Fri Oct 29 18:02:22 UTC 2004
Native configuration is sparc-sun-solaris2.10
=== g++ tests ===
Running target unix
UNRESOLVED: g++.dg/ext/visibility/assign1.C
UNRESOLVED: g++.dg/ext/visibility/fvisibility-inlines-hidden.C
UNRESOLVED: g++.dg/ext/visibility/fvisibility-override1.C
UNRESOLVED: g++.dg/ext/visibility/fvisibility-override2.C
UNRESOLVED: g++.dg/ext/visibility/fvisibility.C
UNRESOLVED: g++.dg/ext/visibility/memfuncts.C
UNRESOLVED: g++.dg/ext/visibility/new1.C
UNRESOLVED: g++.dg/ext/visibility/noPLT.C
UNRESOLVED: g++.dg/ext/visibility/pragma-override1.C
UNRESOLVED: g++.dg/ext/visibility/pragma-override2.C
UNRESOLVED: g++.dg/ext/visibility/pragma.C
UNRESOLVED: g++.dg/ext/visibility/staticmemfuncts.C
UNRESOLVED: g++.dg/ext/visibility/virtual.C
UNRESOLVED: g++.dg/ext/visibility/visibility-1.C
UNRESOLVED: g++.dg/ext/visibility/visibility-2.C
UNRESOLVED: g++.dg/ext/visibility/visibility-3.C
UNRESOLVED: g++.dg/ext/visibility/visibility-4.C
UNRESOLVED: g++.dg/ext/visibility/visibility-5.C
UNRESOLVED: g++.dg/ext/visibility/visibility-6.C
UNRESOLVED: g++.dg/ext/visibility/visibility-7.C
UNRESOLVED: g++.dg/ext/visibility/visibility-8.C
FAIL: g++.dg/init/array4.C (test for excess errors)
XPASS: g++.dg/other/packed1.C execution test
FAIL: g++.dg/other/pragma-re-1.C (test for excess errors)
FAIL: g++.dg/parse/lookup1.C (test for excess errors)
FAIL: g++.dg/parse/parse5.C (test for excess errors)
XPASS: g++.dg/rtti/tinfo1.C scan-assembler _ZTIP9CTemplateIhE:
XPASS: g++.dg/rtti/tinfo1.C scan-assembler-not .globl[ \\t]+_ZTIP9CTemplateIhE
XPASS: g++.dg/rtti/tinfo1.C scan-assembler-not .section[^\\n\\r]*_ZTIP9CTemplateIhE[^\\n\\r]*
FAIL: g++.dg/template/friend10.C (test for excess errors)
WARNING: g++.dg/template/friend10.C compilation failed to produce executable
FAIL: g++.old-deja/g++.benjamin/15071.C (test for excess errors)
WARNING: g++.old-deja/g++.benjamin/15071.C compilation failed to produce executable
FAIL: g++.old-deja/g++.brendan/copy9.C (test for excess errors)
WARNING: g++.old-deja/g++.brendan/copy9.C compilation failed to produce executable
FAIL: g++.old-deja/g++.brendan/crash15.C (test for excess errors)
FAIL: g++.old-deja/g++.brendan/crash20.C (test for excess errors)
FAIL: g++.old-deja/g++.brendan/crash30.C (test for excess errors)
FAIL: g++.old-deja/g++.brendan/crash38.C (test for excess errors)
FAIL: g++.old-deja/g++.brendan/crash49.C (test for excess errors)
FAIL: g++.old-deja/g++.brendan/crash62.C (test for excess errors)
FAIL: g++.old-deja/g++.brendan/cvt1.C (test for excess errors)
FAIL: g++.old-deja/g++.brendan/err-msg3.C (test for excess errors)
FAIL: g++.old-deja/g++.brendan/nest21.C (test for excess errors)
WARNING: g++.old-deja/g++.brendan/nest21.C compilation failed to produce executable
FAIL: g++.old-deja/g++.brendan/ptolemy2.C (test for excess errors)
WARNING: g++.old-deja/g++.brendan/ptolemy2.C compilation failed to produce executable
FAIL: g++.old-deja/g++.eh/badalloc1.C execution test
FAIL: g++.old-deja/g++.jason/template24.C (test for excess errors)
WARNING: g++.old-deja/g++.jason/template24.C compilation failed to produce executable
FAIL: g++.old-deja/g++.jason/template31.C (test for excess errors)
WARNING: g++.old-deja/g++.jason/template31.C compilation failed to produce executable
FAIL: g++.old-deja/g++.jason/typeid1.C (test for excess errors)
FAIL: g++.old-deja/g++.law/arg1.C (test for excess errors)
FAIL: g++.old-deja/g++.law/arg8.C (test for excess errors)
WARNING: g++.old-deja/g++.law/arg8.C compilation failed to produce executable
FAIL: g++.old-deja/g++.law/arm12.C (test for excess errors)
FAIL: g++.old-deja/g++.law/arm9.C (test for excess errors)
FAIL: g++.old-deja/g++.law/bad-error7.C (test for excess errors)
FAIL: g++.old-deja/g++.law/code-gen5.C (test for excess errors)
WARNING: g++.old-deja/g++.law/code-gen5.C compilation failed to produce executable
FAIL: g++.old-deja/g++.law/ctors10.C (test for excess errors)
FAIL: g++.old-deja/g++.law/ctors12.C (test for excess errors)
WARNING: g++.old-deja/g++.law/ctors12.C compilation failed to produce executable
FAIL: g++.old-deja/g++.law/ctors13.C (test for excess errors)
FAIL: g++.old-deja/g++.law/ctors17.C (test for excess errors)
FAIL: g++.old-deja/g++.law/ctors6.C (test for excess errors)
FAIL: g++.old-deja/g++.law/cvt16.C (test for excess errors)
FAIL: g++.old-deja/g++.law/cvt2.C (test for excess errors)
WARNING: g++.old-deja/g++.law/cvt2.C compilation failed to produce executable
FAIL: g++.old-deja/g++.law/missed-error2.C (test for excess errors)
FAIL: g++.old-deja/g++.law/nest3.C (test for excess errors)
FAIL: g++.old-deja/g++.law/operators32.C (test for excess errors)
FAIL: g++.old-deja/g++.law/operators4.C (test for excess errors)
FAIL: g++.old-deja/g++.law/vbase1.C (test for excess errors)
FAIL: g++.old-deja/g++.law/virtual3.C (test for excess errors)
WARNING: g++.old-deja/g++.law/virtual3.C compilation failed to produce executable
FAIL: g++.old-deja/g++.law/visibility1.C (test for excess errors)
FAIL: g++.old-deja/g++.law/visibility10.C (test for excess errors)
FAIL: g++.old-deja/g++.law/visibility13.C (test for excess errors)
FAIL: g++.old-deja/g++.law/visibility17.C (test for excess errors)
FAIL: g++.old-deja/g++.law/visibility2.C (test for excess errors)
FAIL: g++.old-deja/g++.law/visibility22.C (test for excess errors)
FAIL: g++.old-deja/g++.law/visibility25.C (test for excess errors)
FAIL: g++.old-deja/g++.law/visibility7.C (test for excess errors)
FAIL: g++.old-deja/g++.martin/bitset1.C (test for excess errors)
WARNING: g++.old-deja/g++.martin/bitset1.C compilation failed to produce executable
FAIL: g++.old-deja/g++.mike/net46.C (test for excess errors)
WARNING: g++.old-deja/g++.mike/net46.C compilation failed to produce executable
WARNING: g++.old-deja/g++.mike/p10769a.C compilation failed to produce executable
FAIL: g++.old-deja/g++.mike/p658.C (test for excess errors)
WARNING: g++.old-deja/g++.mike/p658.C compilation failed to produce executable
FAIL: g++.old-deja/g++.mike/rtti1.C (test for excess errors)
FAIL: g++.old-deja/g++.ns/koenig9.C (test for excess errors)
FAIL: g++.old-deja/g++.ns/using4.C (test for excess errors)
FAIL: g++.old-deja/g++.ns/using6.C (test for excess errors)
FAIL: g++.old-deja/g++.other/defarg6.C (test for excess errors)
XPASS: g++.old-deja/g++.other/enum5.C (test for bogus messages, line 9)
XPASS: g++.old-deja/g++.other/enum5.C (test for bogus messages, line 10)
WARNING: g++.old-deja/g++.other/enum5.C compilation failed to produce executable
FAIL: g++.old-deja/g++.other/headers1.C (test for excess errors)
WARNING: g++.old-deja/g++.other/headers1.C compilation failed to produce executable
FAIL: g++.old-deja/g++.other/init9.C (test for excess errors)
FAIL: g++.old-deja/g++.other/inline14.C (test for excess errors)
FAIL: g++.old-deja/g++.pt/crash68.C (test for excess errors)
FAIL: g++.old-deja/g++.pt/instantiate10.C (test for excess errors)
FAIL: g++.old-deja/g++.pt/ttp19.C (test for excess errors)
WARNING: g++.old-deja/g++.pt/ttp19.C compilation failed to produce executable
FAIL: g++.old-deja/g++.pt/ttp40.C (test for excess errors)
WARNING: g++.old-deja/g++.pt/ttp40.C compilation failed to produce executable
FAIL: g++.old-deja/g++.robertl/eb109.C (test for excess errors)
FAIL: g++.old-deja/g++.robertl/eb113.C (test for excess errors)
FAIL: g++.old-deja/g++.robertl/eb124.C (test for excess errors)
FAIL: g++.old-deja/g++.robertl/eb127.C (test for excess errors)
FAIL: g++.old-deja/g++.robertl/eb129.C (test for excess errors)
FAIL: g++.old-deja/g++.robertl/eb129a.C (test for excess errors)
FAIL: g++.old-deja/g++.robertl/eb15.C (test for excess errors)
FAIL: g++.old-deja/g++.robertl/eb21.C (test for excess errors)
WARNING: g++.old-deja/g++.robertl/eb21.C compilation failed to produce executable
FAIL: g++.old-deja/g++.robertl/eb24.C (test for excess errors)
FAIL: g++.old-deja/g++.robertl/eb28.C (test for excess errors)
FAIL: g++.old-deja/g++.robertl/eb29.C (test for excess errors)
FAIL: g++.old-deja/g++.robertl/eb3.C (test for excess errors)
FAIL: g++.old-deja/g++.robertl/eb30.C (test for excess errors)
FAIL: g++.old-deja/g++.robertl/eb31.C (test for excess errors)
WARNING: g++.old-deja/g++.robertl/eb31.C compilation failed to produce executable
FAIL: g++.old-deja/g++.robertl/eb33.C (test for excess errors)
WARNING: g++.old-deja/g++.robertl/eb33.C compilation failed to produce executable
FAIL: g++.old-deja/g++.robertl/eb36.C (test for excess errors)
FAIL: g++.old-deja/g++.robertl/eb39.C (test for excess errors)
FAIL: g++.old-deja/g++.robertl/eb4.C (test for excess errors)
FAIL: g++.old-deja/g++.robertl/eb41.C (test for excess errors)
WARNING: g++.old-deja/g++.robertl/eb41.C compilation failed to produce executable
FAIL: g++.old-deja/g++.robertl/eb43.C (test for excess errors)
FAIL: g++.old-deja/g++.robertl/eb44.C (test for excess errors)
FAIL: g++.old-deja/g++.robertl/eb46.C (test for excess errors)
WARNING: g++.old-deja/g++.robertl/eb46.C compilation failed to produce executable
FAIL: g++.old-deja/g++.robertl/eb54.C (test for excess errors)
WARNING: g++.old-deja/g++.robertl/eb54.C compilation failed to produce executable
FAIL: g++.old-deja/g++.robertl/eb55.C (test for excess errors)
FAIL: g++.old-deja/g++.robertl/eb59.C (test for excess errors)
WARNING: g++.old-deja/g++.robertl/eb59.C compilation failed to produce executable
FAIL: g++.old-deja/g++.robertl/eb60.C (test for excess errors)
FAIL: g++.old-deja/g++.robertl/eb62.C (test for excess errors)
FAIL: g++.old-deja/g++.robertl/eb65.C (test for excess errors)
WARNING: g++.old-deja/g++.robertl/eb65.C compilation failed to produce executable
FAIL: g++.old-deja/g++.robertl/eb66.C (test for excess errors)
WARNING: g++.old-deja/g++.robertl/eb66.C compilation failed to produce executable
FAIL: g++.old-deja/g++.robertl/eb7.C (test for excess errors)
FAIL: g++.old-deja/g++.robertl/eb77.C (test for excess errors)
WARNING: g++.old-deja/g++.robertl/eb77.C compilation failed to produce executable
FAIL: g++.old-deja/g++.robertl/eb79.C (test for excess errors)
FAIL: g++.old-deja/g++.robertl/eb91.C (test for excess errors)
WARNING: g++.old-deja/g++.robertl/eb91.C compilation failed to produce executable
=== g++ Summary for unix ===
# of expected passes 10079
# of unexpected failures 96
# of unexpected successes 6
# of expected failures 74
# of unresolved testcases 21
# of unsupported tests 108
Running target unix/-m64
UNRESOLVED: g++.dg/ext/visibility/assign1.C
UNRESOLVED: g++.dg/ext/visibility/fvisibility-inlines-hidden.C
UNRESOLVED: g++.dg/ext/visibility/fvisibility-override1.C
UNRESOLVED: g++.dg/ext/visibility/fvisibility-override2.C
UNRESOLVED: g++.dg/ext/visibility/fvisibility.C
UNRESOLVED: g++.dg/ext/visibility/memfuncts.C
UNRESOLVED: g++.dg/ext/visibility/new1.C
UNRESOLVED: g++.dg/ext/visibility/noPLT.C
UNRESOLVED: g++.dg/ext/visibility/pragma-override1.C
UNRESOLVED: g++.dg/ext/visibility/pragma-override2.C
UNRESOLVED: g++.dg/ext/visibility/pragma.C
UNRESOLVED: g++.dg/ext/visibility/staticmemfuncts.C
UNRESOLVED: g++.dg/ext/visibility/virtual.C
UNRESOLVED: g++.dg/ext/visibility/visibility-1.C
UNRESOLVED: g++.dg/ext/visibility/visibility-2.C
UNRESOLVED: g++.dg/ext/visibility/visibility-3.C
UNRESOLVED: g++.dg/ext/visibility/visibility-4.C
UNRESOLVED: g++.dg/ext/visibility/visibility-5.C
UNRESOLVED: g++.dg/ext/visibility/visibility-6.C
UNRESOLVED: g++.dg/ext/visibility/visibility-7.C
UNRESOLVED: g++.dg/ext/visibility/visibility-8.C
FAIL: g++.dg/opt/nothrow1.C scan-tree-dump-times 42 0
XPASS: g++.dg/other/packed1.C execution test
FAIL: g++.dg/other/pragma-re-1.C (test for excess errors)
FAIL: g++.dg/parse/cast1.C (test for excess errors)
XPASS: g++.dg/rtti/tinfo1.C scan-assembler _ZTIP9CTemplateIhE:
XPASS: g++.dg/rtti/tinfo1.C scan-assembler-not .globl[ \\t]+_ZTIP9CTemplateIhE
XPASS: g++.dg/rtti/tinfo1.C scan-assembler-not .section[^\\n\\r]*_ZTIP9CTemplateIhE[^\\n\\r]*
FAIL: g++.old-deja/g++.eh/badalloc1.C execution test
WARNING: g++.old-deja/g++.mike/p10769a.C compilation failed to produce executable
FAIL: g++.old-deja/g++.mike/p784.C (test for excess errors)
XPASS: g++.old-deja/g++.other/enum5.C (test for bogus messages, line 9)
XPASS: g++.old-deja/g++.other/enum5.C (test for bogus messages, line 10)
WARNING: g++.old-deja/g++.other/enum5.C compilation failed to produce executable
=== g++ Summary for unix/-m64 ===
# of expected passes 10199
# of unexpected failures 5
# of unexpected successes 6
# of expected failures 74
# of unresolved testcases 21
# of unsupported tests 108
=== g++ Summary ===
# of expected passes 20278
# of unexpected failures 101
# of unexpected successes 12
# of expected failures 148
# of unresolved testcases 42
# of unsupported tests 216
/amnt/figaro/volumes/obj-gcc/gcc/obj.sol2/gcc-4.0.0-20041029/10-cc/gcc/testsuite/../g++ version 4.0.0 20041029 (experimental)
=== gcc tests ===
Running target unix
FAIL: gcc.c-torture/execute/stdarg-2.c execution, -O0
FAIL: gcc.c-torture/execute/stdarg-2.c execution, -O1
FAIL: gcc.c-torture/execute/stdarg-2.c execution, -O2
FAIL: gcc.c-torture/execute/stdarg-2.c execution, -O3 -fomit-frame-pointer
FAIL: gcc.c-torture/execute/stdarg-2.c execution, -O3 -g
FAIL: gcc.c-torture/execute/stdarg-2.c execution, -Os
WARNING: Could not compile gcc.dg/compat/struct-layout-1 generator
FAIL: gcc.dg/debug/dwarf2/dwarf-die7.c scan-assembler 1.*DW_AT_inline
FAIL: gcc.dg/uninit-C.c TI (test for errors, line 7)
FAIL: gcc.dg/uninit-C.c (test for excess errors)
FAIL: gcc.dg/uninit-H.c (test for bogus messages, line 20)
FAIL: gcc.dg/uninit-H.c (test for excess errors)
UNRESOLVED: gcc.dg/visibility-1.c
UNRESOLVED: gcc.dg/visibility-10.c
UNRESOLVED: gcc.dg/visibility-2.c
UNRESOLVED: gcc.dg/visibility-3.c
UNRESOLVED: gcc.dg/visibility-4.c
UNRESOLVED: gcc.dg/visibility-5.c
UNRESOLVED: gcc.dg/visibility-6.c
UNRESOLVED: gcc.dg/visibility-7.c
UNRESOLVED: gcc.dg/visibility-8.c
UNRESOLVED: gcc.dg/visibility-9.c
UNRESOLVED: gcc.dg/visibility-a.c
=== gcc Summary for unix ===
# of expected passes 30718
# of unexpected failures 11
# of expected failures 79
# of unresolved testcases 11
# of untested testcases 28
# of unsupported tests 521
Running target unix/-m64
XPASS: gcc.c-torture/compile/simd-5.c (test for excess errors)
XPASS: gcc.c-torture/compile/simd-5.c (test for excess errors)
XPASS: gcc.c-torture/execute/20020227-1.c execution, -O3 -fomit-frame-pointer
XPASS: gcc.c-torture/execute/20020227-1.c execution, -O3 -g
XPASS: gcc.c-torture/execute/simd-5.c compilation, -O0
FAIL: gcc.c-torture/execute/stdarg-2.c execution, -O0
FAIL: gcc.c-torture/execute/stdarg-2.c execution, -O1
FAIL: gcc.c-torture/execute/stdarg-2.c execution, -O2
FAIL: gcc.c-torture/execute/stdarg-2.c execution, -O3 -fomit-frame-pointer
FAIL: gcc.c-torture/execute/stdarg-2.c execution, -O3 -g
FAIL: gcc.c-torture/execute/stdarg-2.c execution, -Os
FAIL: gcc.dg/compat/vector-1 c_compat_x_tst.o compile
FAIL: gcc.dg/compat/vector-1 c_compat_y_tst.o compile
UNRESOLVED: gcc.dg/compat/vector-1 c_compat_x_tst.o-c_compat_y_tst.o link
UNRESOLVED: gcc.dg/compat/vector-1 c_compat_x_tst.o-c_compat_y_tst.o execute
FAIL: gcc.dg/compat/vector-2 c_compat_x_tst.o compile
FAIL: gcc.dg/compat/vector-2 c_compat_y_tst.o compile
UNRESOLVED: gcc.dg/compat/vector-2 c_compat_x_tst.o-c_compat_y_tst.o link
UNRESOLVED: gcc.dg/compat/vector-2 c_compat_x_tst.o-c_compat_y_tst.o execute
WARNING: Could not compile gcc.dg/compat/struct-layout-1 generator
FAIL: gcc.dg/debug/dwarf2/dwarf-die7.c scan-assembler 1.*DW_AT_inline
FAIL: gcc.dg/pragma-align.c execution test
FAIL: gcc.dg/uninit-C.c TI (test for errors, line 7)
FAIL: gcc.dg/uninit-H.c (test for bogus messages, line 20)
FAIL: gcc.dg/uninit-H.c (test for excess errors)
UNRESOLVED: gcc.dg/visibility-1.c
UNRESOLVED: gcc.dg/visibility-10.c
UNRESOLVED: gcc.dg/visibility-2.c
UNRESOLVED: gcc.dg/visibility-3.c
UNRESOLVED: gcc.dg/visibility-4.c
UNRESOLVED: gcc.dg/visibility-5.c
UNRESOLVED: gcc.dg/visibility-6.c
UNRESOLVED: gcc.dg/visibility-7.c
UNRESOLVED: gcc.dg/visibility-8.c
UNRESOLVED: gcc.dg/visibility-9.c
UNRESOLVED: gcc.dg/visibility-a.c
=== gcc Summary for unix/-m64 ===
# of expected passes 30701
# of unexpected failures 15
# of unexpected successes 5
# of expected failures 81
# of unresolved testcases 15
# of untested testcases 28
# of unsupported tests 521
=== gcc Summary ===
# of expected passes 61419
# of unexpected failures 26
# of unexpected successes 5
# of expected failures 160
# of unresolved testcases 26
# of untested testcases 56
# of unsupported tests 1042
/amnt/figaro/volumes/obj-gcc/gcc/obj.sol2/gcc-4.0.0-20041029/10-cc/gcc/xgcc version 4.0.0 20041029 (experimental)
=== objc tests ===
Running target unix
=== objc Summary for unix ===
# of expected passes 1510
# of unsupported tests 8
Running target unix/-m64
=== objc Summary for unix/-m64 ===
# of expected passes 1510
# of unsupported tests 8
=== objc Summary ===
# of expected passes 3020
# of unsupported tests 16
/amnt/figaro/volumes/obj-gcc/gcc/obj.sol2/gcc-4.0.0-20041029/10-cc/gcc/xgcc version 4.0.0 20041029 (experimental)
=== libffi tests ===
Running target unix
=== libffi Summary for unix ===
# of expected passes 216
# of unsupported tests 2
Running target unix/-m64
=== libffi Summary for unix/-m64 ===
# of expected passes 216
# of unsupported tests 2
=== libffi Summary ===
# of expected passes 432
# of unsupported tests 4
=== libjava tests ===
Running target unix
FAIL: Array_3 execution - gij test
FAIL: Array_3 execution - gij test
FAIL: FileHandleGcTest execution - source compiled test
FAIL: FileHandleGcTest execution - gij test
FAIL: FileHandleGcTest execution - bytecode->native test
FAIL: FileHandleGcTest -O3 execution - source compiled test
FAIL: FileHandleGcTest execution - gij test
FAIL: FileHandleGcTest -O3 execution - bytecode->native test
WARNING: program timed out.
FAIL: Process_1 execution - source compiled test
WARNING: program timed out.
FAIL: Process_1 execution - gij test
WARNING: program timed out.
FAIL: Process_1 execution - bytecode->native test
WARNING: program timed out.
FAIL: Process_1 -O3 execution - source compiled test
WARNING: program timed out.
FAIL: Process_1 execution - gij test
WARNING: program timed out.
FAIL: Process_1 -O3 execution - bytecode->native test
WARNING: program timed out.
FAIL: Process_2 execution - source compiled test
WARNING: program timed out.
FAIL: Process_2 execution - gij test
WARNING: program timed out.
FAIL: Process_2 execution - bytecode->native test
WARNING: program timed out.
FAIL: Process_2 -O3 execution - source compiled test
WARNING: program timed out.
FAIL: Process_2 execution - gij test
WARNING: program timed out.
FAIL: Process_2 -O3 execution - bytecode->native test
WARNING: program timed out.
FAIL: Process_3 execution - source compiled test
WARNING: program timed out.
FAIL: Process_3 execution - gij test
WARNING: program timed out.
FAIL: Process_3 execution - bytecode->native test
WARNING: program timed out.
FAIL: Process_3 -O3 execution - source compiled test
WARNING: program timed out.
FAIL: Process_3 execution - gij test
WARNING: program timed out.
FAIL: Process_3 -O3 execution - bytecode->native test
WARNING: program timed out.
FAIL: Process_4 execution - source compiled test
WARNING: program timed out.
FAIL: Process_4 execution - gij test
WARNING: program timed out.
FAIL: Process_4 execution - bytecode->native test
WARNING: program timed out.
FAIL: Process_4 -O3 execution - source compiled test
WARNING: program timed out.
FAIL: Process_4 execution - gij test
WARNING: program timed out.
FAIL: Process_4 -O3 execution - bytecode->native test
WARNING: program timed out.
FAIL: Process_5 execution - source compiled test
WARNING: program timed out.
FAIL: Process_5 execution - gij test
WARNING: program timed out.
FAIL: Process_5 execution - bytecode->native test
WARNING: program timed out.
FAIL: Process_5 -O3 execution - source compiled test
WARNING: program timed out.
FAIL: Process_5 execution - gij test
WARNING: program timed out.
FAIL: Process_5 -O3 execution - bytecode->native test
FAIL: Thread_HoldsLock execution - source compiled test
FAIL: Thread_HoldsLock execution - gij test
FAIL: Thread_HoldsLock execution - bytecode->native test
FAIL: Thread_HoldsLock -O3 execution - source compiled test
FAIL: Thread_HoldsLock execution - gij test
FAIL: Thread_HoldsLock -O3 execution - bytecode->native test
FAIL: Thread_Join execution - gij test
FAIL: md5test output - source compiled test
FAIL: md5test output - gij test
FAIL: md5test output - bytecode->native test
FAIL: md5test -O3 output - source compiled test
FAIL: md5test output - gij test
FAIL: md5test -O3 output - bytecode->native test
FAIL: pr16789 execution - source compiled test
FAIL: pr16789 execution - gij test
FAIL: pr16789 execution - bytecode->native test
FAIL: pr16789 -O3 execution - source compiled test
FAIL: pr16789 execution - gij test
FAIL: pr16789 -O3 execution - bytecode->native test
FAIL: shatest output - source compiled test
FAIL: shatest output - gij test
FAIL: shatest output - bytecode->native test
FAIL: shatest -O3 output - source compiled test
FAIL: shatest output - gij test
FAIL: shatest -O3 output - bytecode->native test
=== libjava Summary for unix ===
# of expected passes 3535
# of unexpected failures 63
# of expected failures 14
# of untested testcases 67
Running target unix/-m64
FAIL: Array_3 execution - gij test
FAIL: Array_3 execution - gij test
FAIL: FileHandleGcTest execution - source compiled test
FAIL: FileHandleGcTest execution - gij test
FAIL: FileHandleGcTest execution - bytecode->native test
FAIL: FileHandleGcTest -O3 execution - source compiled test
FAIL: FileHandleGcTest execution - gij test
FAIL: FileHandleGcTest -O3 execution - bytecode->native test
WARNING: program timed out.
FAIL: Process_1 execution - source compiled test
WARNING: program timed out.
FAIL: Process_1 execution - gij test
WARNING: program timed out.
FAIL: Process_1 execution - bytecode->native test
WARNING: program timed out.
FAIL: Process_1 -O3 execution - source compiled test
WARNING: program timed out.
FAIL: Process_1 execution - gij test
WARNING: program timed out.
FAIL: Process_1 -O3 execution - bytecode->native test
WARNING: program timed out.
FAIL: Process_2 execution - source compiled test
WARNING: program timed out.
FAIL: Process_2 execution - gij test
WARNING: program timed out.
FAIL: Process_2 execution - bytecode->native test
WARNING: program timed out.
FAIL: Process_2 -O3 execution - source compiled test
WARNING: program timed out.
FAIL: Process_2 execution - gij test
WARNING: program timed out.
FAIL: Process_2 -O3 execution - bytecode->native test
WARNING: program timed out.
FAIL: Process_3 execution - source compiled test
WARNING: program timed out.
FAIL: Process_3 execution - gij test
WARNING: program timed out.
FAIL: Process_3 execution - bytecode->native test
WARNING: program timed out.
FAIL: Process_3 -O3 execution - source compiled test
WARNING: program timed out.
FAIL: Process_3 execution - gij test
WARNING: program timed out.
FAIL: Process_3 -O3 execution - bytecode->native test
WARNING: program timed out.
FAIL: Process_4 execution - source compiled test
WARNING: program timed out.
FAIL: Process_4 execution - gij test
WARNING: program timed out.
FAIL: Process_4 execution - bytecode->native test
WARNING: program timed out.
FAIL: Process_4 -O3 execution - source compiled test
WARNING: program timed out.
FAIL: Process_4 execution - gij test
WARNING: program timed out.
FAIL: Process_4 -O3 execution - bytecode->native test
WARNING: program timed out.
FAIL: Process_5 execution - source compiled test
WARNING: program timed out.
FAIL: Process_5 execution - gij test
WARNING: program timed out.
FAIL: Process_5 execution - bytecode->native test
WARNING: program timed out.
FAIL: Process_5 -O3 execution - source compiled test
WARNING: program timed out.
FAIL: Process_5 execution - gij test
WARNING: program timed out.
FAIL: Process_5 -O3 execution - bytecode->native test
FAIL: Thread_HoldsLock execution - source compiled test
FAIL: Thread_HoldsLock execution - gij test
FAIL: Thread_HoldsLock execution - bytecode->native test
FAIL: Thread_HoldsLock -O3 execution - source compiled test
FAIL: Thread_HoldsLock execution - gij test
FAIL: Thread_HoldsLock -O3 execution - bytecode->native test
FAIL: Throw_2 execution - gij test
FAIL: Throw_2 execution - gij test
FAIL: md5test output - source compiled test
FAIL: md5test output - gij test
FAIL: md5test output - bytecode->native test
FAIL: md5test -O3 output - source compiled test
FAIL: md5test output - gij test
FAIL: md5test -O3 output - bytecode->native test
FAIL: pr16789 execution - source compiled test
FAIL: pr16789 execution - gij test
FAIL: pr16789 execution - bytecode->native test
FAIL: pr16789 -O3 execution - source compiled test
FAIL: pr16789 execution - gij test
FAIL: pr16789 -O3 execution - bytecode->native test
FAIL: shatest output - source compiled test
FAIL: shatest output - gij test
FAIL: shatest output - bytecode->native test
FAIL: shatest -O3 output - source compiled test
FAIL: shatest output - gij test
FAIL: shatest -O3 output - bytecode->native test
=== libjava Summary for unix/-m64 ===
# of expected passes 3533
# of unexpected failures 64
# of expected failures 14
# of untested testcases 68
=== libjava Summary ===
# of expected passes 7068
# of unexpected failures 127
# of expected failures 28
# of untested testcases 135
=== libstdc++ tests ===
Running target unix
XPASS: 22_locale/locale/cons/12658_thread-1.cc execution test
XPASS: 27_io/basic_istream/extractors_arithmetic/char/12.cc execution test
WARNING: program timed out.
FAIL: ext/hash_map/14648.cc execution test
WARNING: program timed out.
FAIL: ext/mt_allocator/deallocate_local_thread-1.cc execution test
WARNING: program timed out.
FAIL: ext/mt_allocator/deallocate_local_thread-3.cc execution test
WARNING: program timed out.
FAIL: ext/mt_allocator/tune-1.cc execution test
WARNING: program timed out.
FAIL: ext/mt_allocator/tune-2.cc execution test
WARNING: program timed out.
FAIL: ext/mt_allocator/tune-3.cc execution test
WARNING: program timed out.
FAIL: ext/rope/2.cc execution test
WARNING: program timed out.
FAIL: ext/rope/3.cc execution test
WARNING: program timed out.
FAIL: thread/pthread7-rope.cc execution test
=== libstdc++ Summary for unix ===
# of expected passes 3046
# of unexpected failures 9
# of unexpected successes 2
# of expected failures 5
Running target unix/-m64
XPASS: 27_io/basic_istream/extractors_arithmetic/char/12.cc execution test
XPASS: 27_io/fpos/14320-1.cc execution test
WARNING: program timed out.
FAIL: ext/mt_allocator/deallocate_local_thread-1.cc execution test
WARNING: program timed out.
FAIL: ext/mt_allocator/deallocate_local_thread-3.cc execution test
WARNING: program timed out.
FAIL: ext/mt_allocator/tune-3.cc execution test
WARNING: program timed out.
FAIL: ext/rope/2.cc execution test
WARNING: program timed out.
FAIL: ext/rope/3.cc execution test
=== libstdc++ Summary for unix/-m64 ===
# of expected passes 3050
# of unexpected failures 5
# of unexpected successes 2
# of expected failures 5
=== libstdc++ Summary ===
# of expected passes 6096
# of unexpected failures 14
# of unexpected successes 4
# of expected failures 10
Compiler version: 4.0.0 20041029 (experimental)
Platform: sparc-sun-solaris2.10
configure flags: --prefix=/vol/gcc --with-local-prefix=/vol/gcc --disable-nls --disable-libmudflap --enable-languages=c,c++,java,objc
BOOT_CFLAGS=-g -O2