This is the mail archive of the
gcc-testresults@gcc.gnu.org
mailing list for the GCC project.
Results for 4.0.0 20041102 (experimental) testsuite on sparc64-sun-solaris2.9
- From: "Kaveh R. Ghazi" <ghazi at caip dot rutgers dot edu>
- To: gcc-testresults at gcc dot gnu dot org
- Date: Wed, 3 Nov 2004 00:10:53 -0500 (EST)
- Subject: Results for 4.0.0 20041102 (experimental) testsuite on sparc64-sun-solaris2.9
LAST_UPDATED:
Native configuration is sparc64-sun-solaris2.9
=== g++ tests ===
Running target unix/-m32
UNRESOLVED: g++.dg/ext/visibility/assign1.C
UNRESOLVED: g++.dg/ext/visibility/fvisibility-inlines-hidden.C
UNRESOLVED: g++.dg/ext/visibility/fvisibility-override1.C
UNRESOLVED: g++.dg/ext/visibility/fvisibility-override2.C
UNRESOLVED: g++.dg/ext/visibility/fvisibility.C
UNRESOLVED: g++.dg/ext/visibility/memfuncts.C
UNRESOLVED: g++.dg/ext/visibility/new1.C
UNRESOLVED: g++.dg/ext/visibility/noPLT.C
UNRESOLVED: g++.dg/ext/visibility/pragma-override1.C
UNRESOLVED: g++.dg/ext/visibility/pragma-override2.C
UNRESOLVED: g++.dg/ext/visibility/pragma.C
UNRESOLVED: g++.dg/ext/visibility/staticmemfuncts.C
UNRESOLVED: g++.dg/ext/visibility/virtual.C
UNRESOLVED: g++.dg/ext/visibility/visibility-1.C
UNRESOLVED: g++.dg/ext/visibility/visibility-2.C
UNRESOLVED: g++.dg/ext/visibility/visibility-3.C
UNRESOLVED: g++.dg/ext/visibility/visibility-4.C
UNRESOLVED: g++.dg/ext/visibility/visibility-5.C
UNRESOLVED: g++.dg/ext/visibility/visibility-6.C
UNRESOLVED: g++.dg/ext/visibility/visibility-7.C
UNRESOLVED: g++.dg/ext/visibility/visibility-8.C
XPASS: g++.dg/other/packed1.C execution test
FAIL: g++.dg/other/pragma-re-1.C (test for excess errors)
XPASS: g++.dg/rtti/tinfo1.C scan-assembler _ZTIP9CTemplateIhE:
XPASS: g++.dg/rtti/tinfo1.C scan-assembler-not .globl[ \\t]+_ZTIP9CTemplateIhE
XPASS: g++.dg/rtti/tinfo1.C scan-assembler-not .section[^\\n\\r]*_ZTIP9CTemplateIhE[^\\n\\r]*
WARNING: g++.old-deja/g++.mike/p10769a.C compilation failed to produce executable
XPASS: g++.old-deja/g++.other/enum5.C (test for bogus messages, line 9)
XPASS: g++.old-deja/g++.other/enum5.C (test for bogus messages, line 10)
WARNING: g++.old-deja/g++.other/enum5.C compilation failed to produce executable
=== g++ Summary for unix/-m32 ===
# of expected passes 10184
# of unexpected failures 1
# of unexpected successes 6
# of expected failures 74
# of unresolved testcases 21
# of unsupported tests 110
Running target unix/-fPIC
UNRESOLVED: g++.dg/ext/visibility/assign1.C
UNRESOLVED: g++.dg/ext/visibility/fvisibility-inlines-hidden.C
UNRESOLVED: g++.dg/ext/visibility/fvisibility-override1.C
UNRESOLVED: g++.dg/ext/visibility/fvisibility-override2.C
UNRESOLVED: g++.dg/ext/visibility/fvisibility.C
UNRESOLVED: g++.dg/ext/visibility/memfuncts.C
UNRESOLVED: g++.dg/ext/visibility/new1.C
UNRESOLVED: g++.dg/ext/visibility/noPLT.C
UNRESOLVED: g++.dg/ext/visibility/pragma-override1.C
UNRESOLVED: g++.dg/ext/visibility/pragma-override2.C
UNRESOLVED: g++.dg/ext/visibility/pragma.C
UNRESOLVED: g++.dg/ext/visibility/staticmemfuncts.C
UNRESOLVED: g++.dg/ext/visibility/virtual.C
UNRESOLVED: g++.dg/ext/visibility/visibility-1.C
UNRESOLVED: g++.dg/ext/visibility/visibility-2.C
UNRESOLVED: g++.dg/ext/visibility/visibility-3.C
UNRESOLVED: g++.dg/ext/visibility/visibility-4.C
UNRESOLVED: g++.dg/ext/visibility/visibility-5.C
UNRESOLVED: g++.dg/ext/visibility/visibility-6.C
UNRESOLVED: g++.dg/ext/visibility/visibility-7.C
UNRESOLVED: g++.dg/ext/visibility/visibility-8.C
FAIL: g++.dg/opt/nothrow1.C scan-tree-dump-times 42 0
XPASS: g++.dg/other/packed1.C execution test
FAIL: g++.dg/other/pragma-re-1.C (test for excess errors)
FAIL: g++.dg/parse/cast1.C (test for excess errors)
XPASS: g++.dg/rtti/tinfo1.C scan-assembler _ZTIP9CTemplateIhE:
XPASS: g++.dg/rtti/tinfo1.C scan-assembler-not .globl[ \\t]+_ZTIP9CTemplateIhE
XPASS: g++.dg/rtti/tinfo1.C scan-assembler-not .section[^\\n\\r]*_ZTIP9CTemplateIhE[^\\n\\r]*
WARNING: g++.old-deja/g++.mike/p10769a.C compilation failed to produce executable
FAIL: g++.old-deja/g++.mike/p784.C (test for excess errors)
XPASS: g++.old-deja/g++.other/enum5.C (test for bogus messages, line 9)
XPASS: g++.old-deja/g++.other/enum5.C (test for bogus messages, line 10)
WARNING: g++.old-deja/g++.other/enum5.C compilation failed to produce executable
=== g++ Summary for unix/-fPIC ===
# of expected passes 10181
# of unexpected failures 4
# of unexpected successes 6
# of expected failures 74
# of unresolved testcases 21
# of unsupported tests 110
Running target unix/-fpic
UNRESOLVED: g++.dg/ext/visibility/assign1.C
UNRESOLVED: g++.dg/ext/visibility/fvisibility-inlines-hidden.C
UNRESOLVED: g++.dg/ext/visibility/fvisibility-override1.C
UNRESOLVED: g++.dg/ext/visibility/fvisibility-override2.C
UNRESOLVED: g++.dg/ext/visibility/fvisibility.C
UNRESOLVED: g++.dg/ext/visibility/memfuncts.C
UNRESOLVED: g++.dg/ext/visibility/new1.C
UNRESOLVED: g++.dg/ext/visibility/noPLT.C
UNRESOLVED: g++.dg/ext/visibility/pragma-override1.C
UNRESOLVED: g++.dg/ext/visibility/pragma-override2.C
UNRESOLVED: g++.dg/ext/visibility/pragma.C
UNRESOLVED: g++.dg/ext/visibility/staticmemfuncts.C
UNRESOLVED: g++.dg/ext/visibility/virtual.C
UNRESOLVED: g++.dg/ext/visibility/visibility-1.C
UNRESOLVED: g++.dg/ext/visibility/visibility-2.C
UNRESOLVED: g++.dg/ext/visibility/visibility-3.C
UNRESOLVED: g++.dg/ext/visibility/visibility-4.C
UNRESOLVED: g++.dg/ext/visibility/visibility-5.C
UNRESOLVED: g++.dg/ext/visibility/visibility-6.C
UNRESOLVED: g++.dg/ext/visibility/visibility-7.C
UNRESOLVED: g++.dg/ext/visibility/visibility-8.C
FAIL: g++.dg/opt/nothrow1.C scan-tree-dump-times 42 0
XPASS: g++.dg/other/packed1.C execution test
FAIL: g++.dg/other/pragma-re-1.C (test for excess errors)
FAIL: g++.dg/parse/cast1.C (test for excess errors)
XPASS: g++.dg/rtti/tinfo1.C scan-assembler _ZTIP9CTemplateIhE:
XPASS: g++.dg/rtti/tinfo1.C scan-assembler-not .globl[ \\t]+_ZTIP9CTemplateIhE
XPASS: g++.dg/rtti/tinfo1.C scan-assembler-not .section[^\\n\\r]*_ZTIP9CTemplateIhE[^\\n\\r]*
WARNING: g++.old-deja/g++.mike/p10769a.C compilation failed to produce executable
FAIL: g++.old-deja/g++.mike/p784.C (test for excess errors)
XPASS: g++.old-deja/g++.other/enum5.C (test for bogus messages, line 9)
XPASS: g++.old-deja/g++.other/enum5.C (test for bogus messages, line 10)
WARNING: g++.old-deja/g++.other/enum5.C compilation failed to produce executable
=== g++ Summary for unix/-fpic ===
# of expected passes 10181
# of unexpected failures 4
# of unexpected successes 6
# of expected failures 74
# of unresolved testcases 21
# of unsupported tests 110
Running target unix
UNRESOLVED: g++.dg/ext/visibility/assign1.C
UNRESOLVED: g++.dg/ext/visibility/fvisibility-inlines-hidden.C
UNRESOLVED: g++.dg/ext/visibility/fvisibility-override1.C
UNRESOLVED: g++.dg/ext/visibility/fvisibility-override2.C
UNRESOLVED: g++.dg/ext/visibility/fvisibility.C
UNRESOLVED: g++.dg/ext/visibility/memfuncts.C
UNRESOLVED: g++.dg/ext/visibility/new1.C
UNRESOLVED: g++.dg/ext/visibility/noPLT.C
UNRESOLVED: g++.dg/ext/visibility/pragma-override1.C
UNRESOLVED: g++.dg/ext/visibility/pragma-override2.C
UNRESOLVED: g++.dg/ext/visibility/pragma.C
UNRESOLVED: g++.dg/ext/visibility/staticmemfuncts.C
UNRESOLVED: g++.dg/ext/visibility/virtual.C
UNRESOLVED: g++.dg/ext/visibility/visibility-1.C
UNRESOLVED: g++.dg/ext/visibility/visibility-2.C
UNRESOLVED: g++.dg/ext/visibility/visibility-3.C
UNRESOLVED: g++.dg/ext/visibility/visibility-4.C
UNRESOLVED: g++.dg/ext/visibility/visibility-5.C
UNRESOLVED: g++.dg/ext/visibility/visibility-6.C
UNRESOLVED: g++.dg/ext/visibility/visibility-7.C
UNRESOLVED: g++.dg/ext/visibility/visibility-8.C
FAIL: g++.dg/opt/nothrow1.C scan-tree-dump-times 42 0
XPASS: g++.dg/other/packed1.C execution test
FAIL: g++.dg/other/pragma-re-1.C (test for excess errors)
FAIL: g++.dg/parse/cast1.C (test for excess errors)
XPASS: g++.dg/rtti/tinfo1.C scan-assembler _ZTIP9CTemplateIhE:
XPASS: g++.dg/rtti/tinfo1.C scan-assembler-not .globl[ \\t]+_ZTIP9CTemplateIhE
XPASS: g++.dg/rtti/tinfo1.C scan-assembler-not .section[^\\n\\r]*_ZTIP9CTemplateIhE[^\\n\\r]*
WARNING: g++.old-deja/g++.mike/p10769a.C compilation failed to produce executable
FAIL: g++.old-deja/g++.mike/p784.C (test for excess errors)
XPASS: g++.old-deja/g++.other/enum5.C (test for bogus messages, line 9)
XPASS: g++.old-deja/g++.other/enum5.C (test for bogus messages, line 10)
WARNING: g++.old-deja/g++.other/enum5.C compilation failed to produce executable
=== g++ Summary for unix ===
# of expected passes 10181
# of unexpected failures 4
# of unexpected successes 6
# of expected failures 74
# of unresolved testcases 21
# of unsupported tests 110
=== g++ Summary ===
# of expected passes 40727
# of unexpected failures 13
# of unexpected successes 24
# of expected failures 296
# of unresolved testcases 84
# of unsupported tests 440
/tmp/kg/v9-40/build/gcc/testsuite/../g++ version 4.0.0 20041102 (experimental)
=== gcc tests ===
Running target unix/-m32
FAIL: gcc.c-torture/execute/stdarg-2.c execution, -O0
FAIL: gcc.c-torture/execute/stdarg-2.c execution, -O1
FAIL: gcc.c-torture/execute/stdarg-2.c execution, -O2
FAIL: gcc.c-torture/execute/stdarg-2.c execution, -O3 -fomit-frame-pointer
FAIL: gcc.c-torture/execute/stdarg-2.c execution, -O3 -g
FAIL: gcc.c-torture/execute/stdarg-2.c execution, -Os
WARNING: Could not compile gcc.dg/compat/struct-layout-1 generator
FAIL: gcc.dg/debug/dwarf2/dwarf-die7.c scan-assembler 1.*DW_AT_inline
FAIL: gcc.dg/uninit-C.c (test for excess errors)
FAIL: gcc.dg/uninit-H.c (test for bogus messages, line 22)
FAIL: gcc.dg/uninit-H.c (test for excess errors)
UNRESOLVED: gcc.dg/visibility-1.c
UNRESOLVED: gcc.dg/visibility-10.c
UNRESOLVED: gcc.dg/visibility-2.c
UNRESOLVED: gcc.dg/visibility-3.c
UNRESOLVED: gcc.dg/visibility-4.c
UNRESOLVED: gcc.dg/visibility-5.c
UNRESOLVED: gcc.dg/visibility-6.c
UNRESOLVED: gcc.dg/visibility-7.c
UNRESOLVED: gcc.dg/visibility-8.c
UNRESOLVED: gcc.dg/visibility-9.c
UNRESOLVED: gcc.dg/visibility-a.c
FAIL: largefile.c -O0 -g (test for excess errors)
FAIL: largefile.c -O0 (test for excess errors)
FAIL: largefile.c -O1 (test for excess errors)
FAIL: largefile.c -O2 (test for excess errors)
FAIL: largefile.c -O3 -fomit-frame-pointer (test for excess errors)
FAIL: largefile.c -O3 -g (test for excess errors)
FAIL: largefile.c -Os (test for excess errors)
=== gcc Summary for unix/-m32 ===
# of expected passes 30676
# of unexpected failures 17
# of expected failures 78
# of unresolved testcases 11
# of untested testcases 35
# of unsupported tests 526
Running target unix/-fPIC
XPASS: gcc.c-torture/compile/simd-5.c -O0 (test for excess errors)
XPASS: gcc.c-torture/compile/simd-5.c -O1 (test for excess errors)
FAIL: gcc.c-torture/execute/builtins/strlen-3.c execution, -O1
FAIL: gcc.c-torture/execute/builtins/strlen-3.c execution, -O2
FAIL: gcc.c-torture/execute/builtins/strlen-3.c execution, -O3 -fomit-frame-pointer
FAIL: gcc.c-torture/execute/builtins/strlen-3.c execution, -O3 -fomit-frame-pointer -funroll-loops
FAIL: gcc.c-torture/execute/builtins/strlen-3.c execution, -O3 -fomit-frame-pointer -funroll-all-loops -finline-functions
FAIL: gcc.c-torture/execute/builtins/strlen-3.c execution, -O3 -g
FAIL: gcc.c-torture/execute/builtins/strlen-3.c execution, -Os
XPASS: gcc.c-torture/execute/20020720-1.c compilation, -O1
XPASS: gcc.c-torture/execute/20020720-1.c compilation, -O2
XPASS: gcc.c-torture/execute/20020720-1.c compilation, -O3 -fomit-frame-pointer
XPASS: gcc.c-torture/execute/20020720-1.c compilation, -O3 -g
XPASS: gcc.c-torture/execute/20020720-1.c compilation, -Os
XPASS: gcc.c-torture/execute/simd-5.c compilation, -O0
FAIL: gcc.c-torture/execute/stdarg-2.c execution, -O0
FAIL: gcc.c-torture/execute/stdarg-2.c execution, -O1
FAIL: gcc.c-torture/execute/stdarg-2.c execution, -O2
FAIL: gcc.c-torture/execute/stdarg-2.c execution, -O3 -fomit-frame-pointer
FAIL: gcc.c-torture/execute/stdarg-2.c execution, -O3 -g
FAIL: gcc.c-torture/execute/stdarg-2.c execution, -Os
FAIL: gcc.dg/compat/vector-1 c_compat_x_tst.o compile
FAIL: gcc.dg/compat/vector-1 c_compat_y_tst.o compile
UNRESOLVED: gcc.dg/compat/vector-1 c_compat_x_tst.o-c_compat_y_tst.o link
UNRESOLVED: gcc.dg/compat/vector-1 c_compat_x_tst.o-c_compat_y_tst.o execute
FAIL: gcc.dg/compat/vector-2 c_compat_x_tst.o compile
FAIL: gcc.dg/compat/vector-2 c_compat_y_tst.o compile
UNRESOLVED: gcc.dg/compat/vector-2 c_compat_x_tst.o-c_compat_y_tst.o link
UNRESOLVED: gcc.dg/compat/vector-2 c_compat_x_tst.o-c_compat_y_tst.o execute
WARNING: Could not compile gcc.dg/compat/struct-layout-1 generator
FAIL: gcc.dg/debug/dwarf2/dwarf-die7.c scan-assembler 1.*DW_AT_inline
FAIL: gcc.dg/assign-warn-3.c (test for warnings, line 9)
FAIL: gcc.dg/assign-warn-3.c (test for warnings, line 13)
FAIL: gcc.dg/pragma-align.c execution test
FAIL: gcc.dg/uninit-H.c (test for bogus messages, line 22)
FAIL: gcc.dg/uninit-H.c (test for excess errors)
UNRESOLVED: gcc.dg/visibility-1.c
UNRESOLVED: gcc.dg/visibility-10.c
UNRESOLVED: gcc.dg/visibility-2.c
UNRESOLVED: gcc.dg/visibility-3.c
UNRESOLVED: gcc.dg/visibility-4.c
UNRESOLVED: gcc.dg/visibility-5.c
UNRESOLVED: gcc.dg/visibility-6.c
UNRESOLVED: gcc.dg/visibility-7.c
UNRESOLVED: gcc.dg/visibility-8.c
UNRESOLVED: gcc.dg/visibility-9.c
UNRESOLVED: gcc.dg/visibility-a.c
FAIL: gcc.dg/pch/static-3.c -O1 assembly comparison
FAIL: largefile.c -O0 -g (test for excess errors)
FAIL: largefile.c -O0 (test for excess errors)
FAIL: largefile.c -O1 (test for excess errors)
FAIL: largefile.c -O2 (test for excess errors)
FAIL: largefile.c -O3 -fomit-frame-pointer (test for excess errors)
FAIL: largefile.c -O3 -g (test for excess errors)
FAIL: largefile.c -Os (test for excess errors)
FAIL: gcc.dg/tree-ssa/ssa-dce-2.c scan-tree-dump-times if 0
=== gcc Summary for unix/-fPIC ===
# of expected passes 30645
# of unexpected failures 32
# of unexpected successes 8
# of expected failures 82
# of unresolved testcases 15
# of untested testcases 35
# of unsupported tests 526
Running target unix/-fpic
XPASS: gcc.c-torture/compile/simd-5.c -O0 (test for excess errors)
XPASS: gcc.c-torture/compile/simd-5.c -O1 (test for excess errors)
FAIL: gcc.c-torture/execute/builtins/strlen-3.c execution, -O1
FAIL: gcc.c-torture/execute/builtins/strlen-3.c execution, -O2
FAIL: gcc.c-torture/execute/builtins/strlen-3.c execution, -O3 -fomit-frame-pointer
FAIL: gcc.c-torture/execute/builtins/strlen-3.c execution, -O3 -fomit-frame-pointer -funroll-loops
FAIL: gcc.c-torture/execute/builtins/strlen-3.c execution, -O3 -fomit-frame-pointer -funroll-all-loops -finline-functions
FAIL: gcc.c-torture/execute/builtins/strlen-3.c execution, -O3 -g
FAIL: gcc.c-torture/execute/builtins/strlen-3.c execution, -Os
XPASS: gcc.c-torture/execute/20020720-1.c compilation, -O1
XPASS: gcc.c-torture/execute/20020720-1.c compilation, -O2
XPASS: gcc.c-torture/execute/20020720-1.c compilation, -O3 -fomit-frame-pointer
XPASS: gcc.c-torture/execute/20020720-1.c compilation, -O3 -g
XPASS: gcc.c-torture/execute/20020720-1.c compilation, -Os
XPASS: gcc.c-torture/execute/simd-5.c compilation, -O0
FAIL: gcc.c-torture/execute/stdarg-2.c execution, -O0
FAIL: gcc.c-torture/execute/stdarg-2.c execution, -O1
FAIL: gcc.c-torture/execute/stdarg-2.c execution, -O2
FAIL: gcc.c-torture/execute/stdarg-2.c execution, -O3 -fomit-frame-pointer
FAIL: gcc.c-torture/execute/stdarg-2.c execution, -O3 -g
FAIL: gcc.c-torture/execute/stdarg-2.c execution, -Os
FAIL: gcc.dg/compat/struct-by-value-16 c_compat_x_tst.o-c_compat_y_tst.o link
UNRESOLVED: gcc.dg/compat/struct-by-value-16 c_compat_x_tst.o-c_compat_y_tst.o execute
FAIL: gcc.dg/compat/struct-by-value-17 c_compat_x_tst.o-c_compat_y_tst.o link
UNRESOLVED: gcc.dg/compat/struct-by-value-17 c_compat_x_tst.o-c_compat_y_tst.o execute
FAIL: gcc.dg/compat/struct-by-value-18 c_compat_x_tst.o-c_compat_y_tst.o link
UNRESOLVED: gcc.dg/compat/struct-by-value-18 c_compat_x_tst.o-c_compat_y_tst.o execute
FAIL: gcc.dg/compat/vector-1 c_compat_x_tst.o compile
FAIL: gcc.dg/compat/vector-1 c_compat_y_tst.o compile
UNRESOLVED: gcc.dg/compat/vector-1 c_compat_x_tst.o-c_compat_y_tst.o link
UNRESOLVED: gcc.dg/compat/vector-1 c_compat_x_tst.o-c_compat_y_tst.o execute
FAIL: gcc.dg/compat/vector-2 c_compat_x_tst.o compile
FAIL: gcc.dg/compat/vector-2 c_compat_y_tst.o compile
UNRESOLVED: gcc.dg/compat/vector-2 c_compat_x_tst.o-c_compat_y_tst.o link
UNRESOLVED: gcc.dg/compat/vector-2 c_compat_x_tst.o-c_compat_y_tst.o execute
WARNING: Could not compile gcc.dg/compat/struct-layout-1 generator
FAIL: gcc.dg/debug/dwarf2/dwarf-die7.c scan-assembler 1.*DW_AT_inline
FAIL: gcc.dg/assign-warn-3.c (test for warnings, line 9)
FAIL: gcc.dg/assign-warn-3.c (test for warnings, line 13)
FAIL: gcc.dg/pragma-align.c execution test
FAIL: gcc.dg/uninit-H.c (test for bogus messages, line 22)
FAIL: gcc.dg/uninit-H.c (test for excess errors)
UNRESOLVED: gcc.dg/visibility-1.c
UNRESOLVED: gcc.dg/visibility-10.c
UNRESOLVED: gcc.dg/visibility-2.c
UNRESOLVED: gcc.dg/visibility-3.c
UNRESOLVED: gcc.dg/visibility-4.c
UNRESOLVED: gcc.dg/visibility-5.c
UNRESOLVED: gcc.dg/visibility-6.c
UNRESOLVED: gcc.dg/visibility-7.c
UNRESOLVED: gcc.dg/visibility-8.c
UNRESOLVED: gcc.dg/visibility-9.c
UNRESOLVED: gcc.dg/visibility-a.c
FAIL: gcc.dg/pch/static-3.c -O1 assembly comparison
FAIL: largefile.c -O0 -g (test for excess errors)
FAIL: largefile.c -O0 (test for excess errors)
FAIL: largefile.c -O1 (test for excess errors)
FAIL: largefile.c -O2 (test for excess errors)
FAIL: largefile.c -O3 -fomit-frame-pointer (test for excess errors)
FAIL: largefile.c -O3 -g (test for excess errors)
FAIL: largefile.c -Os (test for excess errors)
FAIL: gcc.dg/tree-ssa/ssa-dce-2.c scan-tree-dump-times if 0
=== gcc Summary for unix/-fpic ===
# of expected passes 30639
# of unexpected failures 35
# of unexpected successes 8
# of expected failures 82
# of unresolved testcases 18
# of untested testcases 35
# of unsupported tests 526
Running target unix
XPASS: gcc.c-torture/compile/simd-5.c -O0 (test for excess errors)
XPASS: gcc.c-torture/compile/simd-5.c -O1 (test for excess errors)
XPASS: gcc.c-torture/execute/20020227-1.c execution, -O3 -fomit-frame-pointer
XPASS: gcc.c-torture/execute/20020227-1.c execution, -O3 -g
XPASS: gcc.c-torture/execute/simd-5.c compilation, -O0
FAIL: gcc.c-torture/execute/stdarg-2.c execution, -O0
FAIL: gcc.c-torture/execute/stdarg-2.c execution, -O1
FAIL: gcc.c-torture/execute/stdarg-2.c execution, -O2
FAIL: gcc.c-torture/execute/stdarg-2.c execution, -O3 -fomit-frame-pointer
FAIL: gcc.c-torture/execute/stdarg-2.c execution, -O3 -g
FAIL: gcc.c-torture/execute/stdarg-2.c execution, -Os
FAIL: gcc.dg/compat/vector-1 c_compat_x_tst.o compile
FAIL: gcc.dg/compat/vector-1 c_compat_y_tst.o compile
UNRESOLVED: gcc.dg/compat/vector-1 c_compat_x_tst.o-c_compat_y_tst.o link
UNRESOLVED: gcc.dg/compat/vector-1 c_compat_x_tst.o-c_compat_y_tst.o execute
FAIL: gcc.dg/compat/vector-2 c_compat_x_tst.o compile
FAIL: gcc.dg/compat/vector-2 c_compat_y_tst.o compile
UNRESOLVED: gcc.dg/compat/vector-2 c_compat_x_tst.o-c_compat_y_tst.o link
UNRESOLVED: gcc.dg/compat/vector-2 c_compat_x_tst.o-c_compat_y_tst.o execute
WARNING: Could not compile gcc.dg/compat/struct-layout-1 generator
FAIL: gcc.dg/debug/dwarf2/dwarf-die7.c scan-assembler 1.*DW_AT_inline
FAIL: gcc.dg/pragma-align.c execution test
FAIL: gcc.dg/uninit-H.c (test for bogus messages, line 22)
FAIL: gcc.dg/uninit-H.c (test for excess errors)
UNRESOLVED: gcc.dg/visibility-1.c
UNRESOLVED: gcc.dg/visibility-10.c
UNRESOLVED: gcc.dg/visibility-2.c
UNRESOLVED: gcc.dg/visibility-3.c
UNRESOLVED: gcc.dg/visibility-4.c
UNRESOLVED: gcc.dg/visibility-5.c
UNRESOLVED: gcc.dg/visibility-6.c
UNRESOLVED: gcc.dg/visibility-7.c
UNRESOLVED: gcc.dg/visibility-8.c
UNRESOLVED: gcc.dg/visibility-9.c
UNRESOLVED: gcc.dg/visibility-a.c
FAIL: largefile.c -O0 -g (test for excess errors)
FAIL: largefile.c -O0 (test for excess errors)
FAIL: largefile.c -O1 (test for excess errors)
FAIL: largefile.c -O2 (test for excess errors)
FAIL: largefile.c -O3 -fomit-frame-pointer (test for excess errors)
FAIL: largefile.c -O3 -g (test for excess errors)
FAIL: largefile.c -Os (test for excess errors)
=== gcc Summary for unix ===
# of expected passes 30661
# of unexpected failures 21
# of unexpected successes 5
# of expected failures 80
# of unresolved testcases 15
# of untested testcases 35
# of unsupported tests 526
=== gcc Summary ===
# of expected passes 122621
# of unexpected failures 105
# of unexpected successes 21
# of expected failures 322
# of unresolved testcases 59
# of untested testcases 140
# of unsupported tests 2104
/tmp/kg/v9-40/build/gcc/xgcc version 4.0.0 20041102 (experimental)
=== objc tests ===
Running target unix/-m32
=== objc Summary for unix/-m32 ===
# of expected passes 1514
# of unsupported tests 8
Running target unix/-fPIC
=== objc Summary for unix/-fPIC ===
# of expected passes 1514
# of unsupported tests 8
Running target unix/-fpic
=== objc Summary for unix/-fpic ===
# of expected passes 1514
# of unsupported tests 8
Running target unix
=== objc Summary for unix ===
# of expected passes 1514
# of unsupported tests 8
=== objc Summary ===
# of expected passes 6056
# of unsupported tests 32
/tmp/kg/v9-40/build/gcc/xgcc version 4.0.0 20041102 (experimental)
=== libffi tests ===
Running target unix/-m32
=== libffi Summary for unix/-m32 ===
# of expected passes 216
# of unsupported tests 2
Running target unix/-fPIC
=== libffi Summary for unix/-fPIC ===
# of expected passes 216
# of unsupported tests 2
Running target unix/-fpic
=== libffi Summary for unix/-fpic ===
# of expected passes 216
# of unsupported tests 2
Running target unix
=== libffi Summary for unix ===
# of expected passes 216
# of unsupported tests 2
=== libffi Summary ===
# of expected passes 864
# of unsupported tests 8
=== libjava tests ===
Running target unix/-m32
FAIL: PR4766 compilation from source
FAIL: PR4766 -O3 compilation from source
FAIL: Array_3 execution - gij test
FAIL: Array_3 execution - gij test
FAIL: FileHandleGcTest execution - source compiled test
FAIL: FileHandleGcTest execution - gij test
FAIL: FileHandleGcTest execution - bytecode->native test
FAIL: FileHandleGcTest -O3 execution - source compiled test
FAIL: FileHandleGcTest execution - gij test
FAIL: FileHandleGcTest -O3 execution - bytecode->native test
WARNING: program timed out.
FAIL: Process_1 execution - bytecode->native test
WARNING: program timed out.
FAIL: Process_2 execution - gij test
WARNING: program timed out.
FAIL: Process_3 execution - gij test
WARNING: program timed out.
FAIL: Process_3 execution - bytecode->native test
WARNING: program timed out.
FAIL: Process_3 -O3 execution - source compiled test
WARNING: program timed out.
FAIL: Process_3 -O3 execution - bytecode->native test
WARNING: program timed out.
FAIL: Process_4 execution - source compiled test
FAIL: Process_4 output - gij test
FAIL: Process_4 output - bytecode->native test
FAIL: Process_4 -O3 output - source compiled test
FAIL: Process_4 output - gij test
WARNING: program timed out.
FAIL: Process_4 -O3 execution - bytecode->native test
WARNING: program timed out.
FAIL: Process_5 execution - source compiled test
WARNING: program timed out.
FAIL: Process_5 execution - gij test
WARNING: program timed out.
FAIL: Process_5 execution - bytecode->native test
WARNING: program timed out.
FAIL: Process_5 -O3 execution - source compiled test
WARNING: program timed out.
FAIL: Process_5 execution - gij test
WARNING: program timed out.
FAIL: Process_5 -O3 execution - bytecode->native test
FAIL: Thread_HoldsLock execution - source compiled test
FAIL: Thread_HoldsLock execution - gij test
FAIL: Thread_HoldsLock execution - bytecode->native test
FAIL: Thread_HoldsLock -O3 execution - source compiled test
FAIL: Thread_HoldsLock execution - gij test
FAIL: Thread_HoldsLock -O3 execution - bytecode->native test
FAIL: Thread_Join execution - gij test
FAIL: Throw_2 execution - source compiled test
FAIL: Throw_2 execution - gij test
FAIL: Throw_2 execution - bytecode->native test
FAIL: Throw_2 -O3 execution - source compiled test
FAIL: Throw_2 execution - gij test
FAIL: Throw_2 -O3 execution - bytecode->native test
FAIL: md5test output - source compiled test
FAIL: md5test output - gij test
FAIL: md5test output - bytecode->native test
FAIL: md5test -O3 output - source compiled test
FAIL: md5test output - gij test
FAIL: md5test -O3 output - bytecode->native test
FAIL: pr16789 execution - source compiled test
FAIL: pr16789 execution - gij test
FAIL: pr16789 execution - bytecode->native test
FAIL: pr16789 -O3 execution - source compiled test
FAIL: pr16789 execution - gij test
FAIL: pr16789 -O3 execution - bytecode->native test
FAIL: shatest output - source compiled test
FAIL: shatest output - gij test
FAIL: shatest output - bytecode->native test
FAIL: shatest -O3 output - source compiled test
FAIL: shatest output - gij test
FAIL: shatest -O3 output - bytecode->native test
=== libjava Summary for unix/-m32 ===
# of expected passes 3549
# of unexpected failures 59
# of expected failures 14
# of untested testcases 57
Running target unix/-fPIC
FAIL: PR4766 compilation from source
FAIL: PR4766 -O3 compilation from source
FAIL: Array_3 execution - gij test
FAIL: Array_3 execution - gij test
FAIL: FileHandleGcTest execution - source compiled test
FAIL: FileHandleGcTest execution - gij test
FAIL: FileHandleGcTest execution - bytecode->native test
FAIL: FileHandleGcTest -O3 execution - source compiled test
FAIL: FileHandleGcTest execution - gij test
FAIL: FileHandleGcTest -O3 execution - bytecode->native test
WARNING: program timed out.
FAIL: Process_1 execution - source compiled test
WARNING: program timed out.
FAIL: Process_1 execution - gij test
WARNING: program timed out.
FAIL: Process_1 execution - bytecode->native test
WARNING: program timed out.
FAIL: Process_1 -O3 execution - source compiled test
WARNING: program timed out.
FAIL: Process_1 execution - gij test
WARNING: program timed out.
FAIL: Process_1 -O3 execution - bytecode->native test
WARNING: program timed out.
FAIL: Process_2 execution - source compiled test
WARNING: program timed out.
FAIL: Process_2 execution - bytecode->native test
WARNING: program timed out.
FAIL: Process_2 -O3 execution - source compiled test
WARNING: program timed out.
FAIL: Process_2 -O3 execution - bytecode->native test
WARNING: program timed out.
FAIL: Process_3 execution - source compiled test
WARNING: program timed out.
FAIL: Process_3 execution - gij test
WARNING: program timed out.
FAIL: Process_3 execution - bytecode->native test
WARNING: program timed out.
FAIL: Process_3 -O3 execution - source compiled test
WARNING: program timed out.
FAIL: Process_3 execution - gij test
WARNING: program timed out.
FAIL: Process_3 -O3 execution - bytecode->native test
WARNING: program timed out.
FAIL: Process_4 execution - source compiled test
WARNING: program timed out.
FAIL: Process_4 execution - gij test
WARNING: program timed out.
FAIL: Process_4 execution - bytecode->native test
WARNING: program timed out.
FAIL: Process_4 -O3 execution - source compiled test
WARNING: program timed out.
FAIL: Process_4 execution - gij test
WARNING: program timed out.
FAIL: Process_4 -O3 execution - bytecode->native test
WARNING: program timed out.
FAIL: Process_5 execution - source compiled test
WARNING: program timed out.
FAIL: Process_5 execution - gij test
WARNING: program timed out.
FAIL: Process_5 execution - bytecode->native test
WARNING: program timed out.
FAIL: Process_5 -O3 execution - source compiled test
WARNING: program timed out.
FAIL: Process_5 execution - gij test
WARNING: program timed out.
FAIL: Process_5 -O3 execution - bytecode->native test
FAIL: TLtest execution - gij test
FAIL: Thread_HoldsLock execution - source compiled test
FAIL: Thread_HoldsLock execution - gij test
FAIL: Thread_HoldsLock execution - bytecode->native test
FAIL: Thread_HoldsLock -O3 execution - source compiled test
FAIL: Thread_HoldsLock execution - gij test
FAIL: Thread_HoldsLock -O3 execution - bytecode->native test
FAIL: Throw_2 execution - gij test
FAIL: Throw_2 execution - gij test
FAIL: md5test output - source compiled test
FAIL: md5test output - gij test
FAIL: md5test output - bytecode->native test
FAIL: md5test -O3 output - source compiled test
FAIL: md5test output - gij test
FAIL: md5test -O3 output - bytecode->native test
FAIL: pr16789 execution - source compiled test
FAIL: pr16789 execution - gij test
FAIL: pr16789 execution - bytecode->native test
FAIL: pr16789 -O3 execution - source compiled test
FAIL: pr16789 execution - gij test
FAIL: pr16789 -O3 execution - bytecode->native test
FAIL: shatest output - source compiled test
FAIL: shatest output - gij test
FAIL: shatest output - bytecode->native test
FAIL: shatest -O3 output - source compiled test
FAIL: shatest output - gij test
FAIL: shatest -O3 output - bytecode->native test
=== libjava Summary for unix/-fPIC ===
# of expected passes 3533
# of unexpected failures 65
# of expected failures 14
# of untested testcases 67
Running target unix/-fpic
FAIL: PR4766 compilation from source
FAIL: PR4766 -O3 compilation from source
FAIL: Array_3 execution - gij test
FAIL: Array_3 execution - gij test
FAIL: FileHandleGcTest execution - source compiled test
FAIL: FileHandleGcTest execution - gij test
FAIL: FileHandleGcTest execution - bytecode->native test
FAIL: FileHandleGcTest -O3 execution - source compiled test
FAIL: FileHandleGcTest execution - gij test
FAIL: FileHandleGcTest -O3 execution - bytecode->native test
WARNING: program timed out.
FAIL: Process_1 execution - source compiled test
WARNING: program timed out.
FAIL: Process_1 execution - gij test
WARNING: program timed out.
FAIL: Process_1 execution - bytecode->native test
WARNING: program timed out.
FAIL: Process_1 -O3 execution - source compiled test
WARNING: program timed out.
FAIL: Process_1 execution - gij test
WARNING: program timed out.
FAIL: Process_1 -O3 execution - bytecode->native test
WARNING: program timed out.
FAIL: Process_2 execution - source compiled test
WARNING: program timed out.
FAIL: Process_2 execution - gij test
WARNING: program timed out.
FAIL: Process_2 execution - bytecode->native test
WARNING: program timed out.
FAIL: Process_2 -O3 execution - source compiled test
WARNING: program timed out.
FAIL: Process_2 execution - gij test
WARNING: program timed out.
FAIL: Process_2 -O3 execution - bytecode->native test
WARNING: program timed out.
FAIL: Process_3 execution - source compiled test
WARNING: program timed out.
FAIL: Process_3 execution - gij test
WARNING: program timed out.
FAIL: Process_3 execution - bytecode->native test
WARNING: program timed out.
FAIL: Process_3 -O3 execution - source compiled test
WARNING: program timed out.
FAIL: Process_3 execution - gij test
WARNING: program timed out.
FAIL: Process_3 -O3 execution - bytecode->native test
WARNING: program timed out.
FAIL: Process_4 execution - source compiled test
WARNING: program timed out.
FAIL: Process_4 execution - gij test
WARNING: program timed out.
FAIL: Process_4 execution - bytecode->native test
WARNING: program timed out.
FAIL: Process_4 -O3 execution - source compiled test
WARNING: program timed out.
FAIL: Process_4 execution - gij test
WARNING: program timed out.
FAIL: Process_4 -O3 execution - bytecode->native test
WARNING: program timed out.
FAIL: Process_5 execution - source compiled test
WARNING: program timed out.
FAIL: Process_5 execution - gij test
WARNING: program timed out.
FAIL: Process_5 execution - bytecode->native test
WARNING: program timed out.
FAIL: Process_5 -O3 execution - source compiled test
WARNING: program timed out.
FAIL: Process_5 execution - gij test
WARNING: program timed out.
FAIL: Process_5 -O3 execution - bytecode->native test
FAIL: SyncTest execution - gij test
FAIL: Thread_HoldsLock execution - source compiled test
FAIL: Thread_HoldsLock execution - gij test
FAIL: Thread_HoldsLock execution - bytecode->native test
FAIL: Thread_HoldsLock -O3 execution - source compiled test
FAIL: Thread_HoldsLock execution - gij test
FAIL: Thread_HoldsLock -O3 execution - bytecode->native test
FAIL: Throw_2 execution - gij test
FAIL: Throw_2 execution - gij test
FAIL: md5test output - source compiled test
FAIL: md5test output - gij test
FAIL: md5test output - bytecode->native test
FAIL: md5test -O3 output - source compiled test
FAIL: md5test output - gij test
FAIL: md5test -O3 output - bytecode->native test
FAIL: pr16789 execution - source compiled test
FAIL: pr16789 execution - gij test
FAIL: pr16789 execution - bytecode->native test
FAIL: pr16789 -O3 execution - source compiled test
FAIL: pr16789 execution - gij test
FAIL: pr16789 -O3 execution - bytecode->native test
FAIL: shatest output - source compiled test
FAIL: shatest output - gij test
FAIL: shatest output - bytecode->native test
FAIL: shatest -O3 output - source compiled test
FAIL: shatest output - gij test
FAIL: shatest -O3 output - bytecode->native test
=== libjava Summary for unix/-fpic ===
# of expected passes 3529
# of unexpected failures 67
# of expected failures 14
# of untested testcases 69
Running target unix
FAIL: PR4766 compilation from source
FAIL: PR4766 -O3 compilation from source
FAIL: Array_3 execution - gij test
FAIL: Array_3 execution - gij test
FAIL: FileHandleGcTest execution - source compiled test
FAIL: FileHandleGcTest execution - gij test
FAIL: FileHandleGcTest execution - bytecode->native test
FAIL: FileHandleGcTest -O3 execution - source compiled test
FAIL: FileHandleGcTest execution - gij test
FAIL: FileHandleGcTest -O3 execution - bytecode->native test
WARNING: program timed out.
FAIL: Process_1 execution - source compiled test
WARNING: program timed out.
FAIL: Process_1 execution - gij test
WARNING: program timed out.
FAIL: Process_1 execution - bytecode->native test
WARNING: program timed out.
FAIL: Process_1 -O3 execution - source compiled test
WARNING: program timed out.
FAIL: Process_1 execution - gij test
WARNING: program timed out.
FAIL: Process_1 -O3 execution - bytecode->native test
WARNING: program timed out.
FAIL: Process_2 execution - source compiled test
WARNING: program timed out.
FAIL: Process_2 execution - gij test
WARNING: program timed out.
FAIL: Process_2 execution - bytecode->native test
WARNING: program timed out.
FAIL: Process_2 -O3 execution - source compiled test
WARNING: program timed out.
FAIL: Process_2 execution - gij test
WARNING: program timed out.
FAIL: Process_2 -O3 execution - bytecode->native test
WARNING: program timed out.
FAIL: Process_3 execution - source compiled test
WARNING: program timed out.
FAIL: Process_3 execution - gij test
WARNING: program timed out.
FAIL: Process_3 execution - bytecode->native test
WARNING: program timed out.
FAIL: Process_3 -O3 execution - source compiled test
WARNING: program timed out.
FAIL: Process_3 execution - gij test
WARNING: program timed out.
FAIL: Process_3 -O3 execution - bytecode->native test
WARNING: program timed out.
FAIL: Process_4 execution - source compiled test
WARNING: program timed out.
FAIL: Process_4 execution - gij test
WARNING: program timed out.
FAIL: Process_4 execution - bytecode->native test
WARNING: program timed out.
FAIL: Process_4 -O3 execution - source compiled test
WARNING: program timed out.
FAIL: Process_4 execution - gij test
WARNING: program timed out.
FAIL: Process_4 -O3 execution - bytecode->native test
WARNING: program timed out.
FAIL: Process_5 execution - source compiled test
WARNING: program timed out.
FAIL: Process_5 execution - gij test
WARNING: program timed out.
FAIL: Process_5 execution - bytecode->native test
WARNING: program timed out.
FAIL: Process_5 -O3 execution - source compiled test
WARNING: program timed out.
FAIL: Process_5 execution - gij test
WARNING: program timed out.
FAIL: Process_5 -O3 execution - bytecode->native test
FAIL: Thread_HoldsLock execution - source compiled test
FAIL: Thread_HoldsLock execution - gij test
FAIL: Thread_HoldsLock execution - bytecode->native test
FAIL: Thread_HoldsLock -O3 execution - source compiled test
FAIL: Thread_HoldsLock execution - gij test
FAIL: Thread_HoldsLock -O3 execution - bytecode->native test
FAIL: Throw_2 execution - gij test
FAIL: Throw_2 execution - gij test
FAIL: md5test output - source compiled test
FAIL: md5test output - gij test
FAIL: md5test output - bytecode->native test
FAIL: md5test -O3 output - source compiled test
FAIL: md5test output - gij test
FAIL: md5test -O3 output - bytecode->native test
FAIL: pr16789 execution - source compiled test
FAIL: pr16789 execution - gij test
FAIL: pr16789 execution - bytecode->native test
FAIL: pr16789 -O3 execution - source compiled test
FAIL: pr16789 execution - gij test
FAIL: pr16789 -O3 execution - bytecode->native test
FAIL: shatest output - source compiled test
FAIL: shatest output - gij test
FAIL: shatest output - bytecode->native test
FAIL: shatest -O3 output - source compiled test
FAIL: shatest output - gij test
FAIL: shatest -O3 output - bytecode->native test
=== libjava Summary for unix ===
# of expected passes 3531
# of unexpected failures 66
# of expected failures 14
# of untested testcases 68
=== libjava Summary ===
# of expected passes 14142
# of unexpected failures 257
# of expected failures 56
# of untested testcases 261
=== libstdc++ tests ===
Running target unix/-m32
FAIL: 26_numerics/complex/13450.cc (test for excess errors)
WARNING: 26_numerics/complex/13450.cc compilation failed to produce executable
FAIL: 26_numerics/complex/complex_value.cc (test for excess errors)
WARNING: 26_numerics/complex/complex_value.cc compilation failed to produce executable
FAIL: 26_numerics/complex/pow.cc (test for excess errors)
WARNING: 26_numerics/complex/pow.cc compilation failed to produce executable
WARNING: program timed out.
FAIL: thread/pthread7-rope.cc execution test
=== libstdc++ Summary for unix/-m32 ===
# of expected passes 3070
# of unexpected failures 4
# of expected failures 6
Running target unix/-fPIC
FAIL: 26_numerics/complex/13450.cc (test for excess errors)
WARNING: 26_numerics/complex/13450.cc compilation failed to produce executable
FAIL: 26_numerics/complex/complex_value.cc (test for excess errors)
WARNING: 26_numerics/complex/complex_value.cc compilation failed to produce executable
FAIL: 26_numerics/complex/pow.cc (test for excess errors)
WARNING: 26_numerics/complex/pow.cc compilation failed to produce executable
FAIL: ext/malloc_allocator/check_allocate_max_size.cc (test for excess errors)
WARNING: ext/malloc_allocator/check_allocate_max_size.cc compilation failed to produce executable
FAIL: ext/malloc_allocator/check_deallocate_null.cc (test for excess errors)
WARNING: ext/malloc_allocator/check_deallocate_null.cc compilation failed to produce executable
WARNING: program timed out.
FAIL: thread/pthread7-rope.cc execution test
=== libstdc++ Summary for unix/-fPIC ===
# of expected passes 3066
# of unexpected failures 6
# of expected failures 6
Running target unix/-fpic
FAIL: 26_numerics/complex/13450.cc (test for excess errors)
WARNING: 26_numerics/complex/13450.cc compilation failed to produce executable
FAIL: 26_numerics/complex/complex_value.cc (test for excess errors)
WARNING: 26_numerics/complex/complex_value.cc compilation failed to produce executable
FAIL: 26_numerics/complex/pow.cc (test for excess errors)
WARNING: 26_numerics/complex/pow.cc compilation failed to produce executable
FAIL: ext/malloc_allocator/check_allocate_max_size.cc (test for excess errors)
WARNING: ext/malloc_allocator/check_allocate_max_size.cc compilation failed to produce executable
FAIL: ext/malloc_allocator/check_deallocate_null.cc (test for excess errors)
WARNING: ext/malloc_allocator/check_deallocate_null.cc compilation failed to produce executable
WARNING: program timed out.
FAIL: thread/pthread7-rope.cc execution test
=== libstdc++ Summary for unix/-fpic ===
# of expected passes 3066
# of unexpected failures 6
# of expected failures 6
Running target unix
FAIL: 26_numerics/complex/13450.cc (test for excess errors)
WARNING: 26_numerics/complex/13450.cc compilation failed to produce executable
FAIL: 26_numerics/complex/complex_value.cc (test for excess errors)
WARNING: 26_numerics/complex/complex_value.cc compilation failed to produce executable
FAIL: 26_numerics/complex/pow.cc (test for excess errors)
WARNING: 26_numerics/complex/pow.cc compilation failed to produce executable
WARNING: program timed out.
FAIL: thread/pthread7-rope.cc execution test
=== libstdc++ Summary for unix ===
# of expected passes 3070
# of unexpected failures 4
# of expected failures 6
=== libstdc++ Summary ===
# of expected passes 12272
# of unexpected failures 20
# of expected failures 24
Compiler version: 4.0.0 20041102 (experimental)
Platform: sparc64-sun-solaris2.9
configure flags: --verbose sparc64-sun-solaris2.9 --enable-languages=c,c++,java,objc