This is the mail archive of the
gcc-testresults@gcc.gnu.org
mailing list for the GCC project.
Results for 3.3.5 testsuite on powerpc-unknown-linux-gnu
- From: Ken Moffat <ken at kenmoffat dot uklinux dot net>
- To: gcc-testresults at gcc dot gnu dot org
- Date: Sun, 31 Oct 2004 22:46:19 +0000 (GMT)
- Subject: Results for 3.3.5 testsuite on powerpc-unknown-linux-gnu
Software Versions
(built using this toolchain to build glibc then rebuild itself)
using glibc-2.3.3-lfs-5.1 and linux-libc-headers-2.6.8.1
GNU C Library stable release version 2.3.3, by Roland McGrath et al.
Copyright (C) 2004 Free Software Foundation, Inc.
This is free software; see the source for copying conditions.
There is NO warranty; not even for MERCHANTABILITY or FITNESS FOR A
PARTICULAR PURPOSE.
Compiled by GNU CC version 3.3.5.
using glibc-2.3.3-lfs-5.1
GNU ld version 2.14.90.0.8 20040114
tcl8.4.7
expect-5.42.1
dejagnu-1.4.4
kernel 2.6.9
LAST_UPDATED:
Native configuration is powerpc-unknown-linux-gnu
=== g++ tests ===
Running target unix
XPASS: g++.dg/other/packed1.C execution test
XPASS: g++.other/init5.C Execution test
=== g++ Summary ===
# of expected passes 8180
# of unexpected successes 2
# of expected failures 97
# of untested testcases 23
# of unsupported tests 30
/mnt/test/gcc-build/gcc/testsuite/../g++ version 3.3.5
=== g77 tests ===
Running target unix
=== g77 Summary ===
# of expected passes 1720
# of unsupported tests 8
/mnt/test/gcc-build/gcc/testsuite/../g77 version 3.3.5
=== gcc tests ===
Running target unix
FAIL: gcc.dg/20020103-1.c scan-assembler-not LC
FAIL: gcc.dg/altivec-5.c (test for excess errors)
FAIL: gcc.dg/duff-2.c (test for excess errors)
=== gcc Summary ===
# of expected passes 21215
# of unexpected failures 3
# of expected failures 63
# of unsupported tests 177
/mnt/test/gcc-build/gcc/xgcc version 3.3.5
=== objc tests ===
Running target unix
=== objc Summary ===
# of expected passes 1166
/mnt/test/gcc-build/gcc/xgcc version 3.3.5
=== libstdc++-v3 tests ===
Running target unix
FAIL: 22_locale/codecvt_members_char_char.cc execution test
FAIL: 22_locale/codecvt_members_wchar_t_char.cc execution test
FAIL: 22_locale/ctor_copy_dtor.cc execution test
FAIL: 22_locale/ctype_to_char.cc execution test
FAIL: 22_locale/ctype_to_wchar_t.cc execution test
FAIL: 22_locale/facet.cc execution test
FAIL: 27_io/filebuf_virtuals.cc execution test
FAIL: 27_io/ostream_inserter_arith.cc execution test
FAIL: 27_io/streambuf_members.cc execution test
FAIL: 27_io/stringbuf_virtuals.cc execution test
=== libstdc++-v3 Summary ===
# of expected passes 443
# of unexpected failures 10
# of expected failures 28
Compiler version: 3.3.5
Platform: powerpc-unknown-linux-gnu
configure flags: --host=powerpc-unknown-linux-gnu --prefix=/test --with-local-prefix=/test --enable-clocale=gnu --enable-shared --enable-threads=posix --enable-__cxa_atexit --enable-languages=c,c++,f77,objc --disable-libstdcxx-pch