This is the mail archive of the gcc-testresults@gcc.gnu.org mailing list for the GCC project.
Index Nav: | [Date Index] [Subject Index] [Author Index] [Thread Index] | |
---|---|---|
Message Nav: | [Date Prev] [Date Next] | [Thread Prev] [Thread Next] |
Other format: | [Raw text] |
LAST_UPDATED: Wed Oct 27 18:31:11 UTC 2004 Native configuration is i386-pc-solaris2.10 === g++ tests === Running target unix FAIL: g++.dg/debug/const1.C (test for excess errors) FAIL: g++.dg/debug/const1.C (test for excess errors) FAIL: g++.dg/debug/const1.C (test for excess errors) FAIL: g++.dg/debug/const1.C (test for excess errors) FAIL: g++.dg/debug/const1.C (test for excess errors) FAIL: g++.dg/debug/const1.C (test for excess errors) FAIL: g++.dg/debug/const1.C (test for excess errors) FAIL: g++.dg/debug/const1.C (test for excess errors) FAIL: g++.dg/debug/const1.C (test for excess errors) FAIL: g++.dg/debug/debug4.C (test for excess errors) FAIL: g++.dg/debug/debug4.C (test for excess errors) FAIL: g++.dg/debug/debug4.C (test for excess errors) FAIL: g++.dg/debug/debug4.C (test for excess errors) FAIL: g++.dg/debug/debug4.C (test for excess errors) FAIL: g++.dg/debug/debug4.C (test for excess errors) FAIL: g++.dg/debug/debug4.C (test for excess errors) FAIL: g++.dg/debug/debug4.C (test for excess errors) FAIL: g++.dg/debug/debug4.C (test for excess errors) FAIL: g++.dg/debug/trivial.C (test for excess errors) WARNING: g++.dg/debug/trivial.C compilation failed to produce executable FAIL: g++.dg/debug/trivial.C (test for excess errors) WARNING: g++.dg/debug/trivial.C compilation failed to produce executable FAIL: g++.dg/debug/trivial.C (test for excess errors) WARNING: g++.dg/debug/trivial.C compilation failed to produce executable FAIL: g++.dg/debug/trivial.C (test for excess errors) WARNING: g++.dg/debug/trivial.C compilation failed to produce executable FAIL: g++.dg/debug/trivial.C (test for excess errors) WARNING: g++.dg/debug/trivial.C compilation failed to produce executable FAIL: g++.dg/debug/trivial.C (test for excess errors) WARNING: g++.dg/debug/trivial.C compilation failed to produce executable FAIL: g++.dg/debug/trivial.C (test for excess errors) WARNING: g++.dg/debug/trivial.C compilation failed to produce executable FAIL: g++.dg/debug/trivial.C (test for excess errors) WARNING: g++.dg/debug/trivial.C compilation failed to produce executable FAIL: g++.dg/debug/trivial.C (test for excess errors) WARNING: g++.dg/debug/trivial.C compilation failed to produce executable FAIL: g++.dg/abi/enum1.C (test for excess errors) WARNING: g++.dg/abi/enum1.C compilation failed to produce executable FAIL: g++.dg/eh/elide2.C (test for excess errors) WARNING: g++.dg/eh/elide2.C compilation failed to produce executable FAIL: g++.dg/eh/forced1.C (test for excess errors) WARNING: g++.dg/eh/forced1.C compilation failed to produce executable FAIL: g++.dg/eh/forced2.C (test for excess errors) WARNING: g++.dg/eh/forced2.C compilation failed to produce executable FAIL: g++.dg/eh/forced3.C (test for excess errors) WARNING: g++.dg/eh/forced3.C compilation failed to produce executable FAIL: g++.dg/eh/forced4.C (test for excess errors) WARNING: g++.dg/eh/forced4.C compilation failed to produce executable FAIL: g++.dg/expr/anew1.C (test for excess errors) WARNING: g++.dg/expr/anew1.C compilation failed to produce executable FAIL: g++.dg/expr/anew2.C (test for excess errors) WARNING: g++.dg/expr/anew2.C compilation failed to produce executable FAIL: g++.dg/expr/anew3.C (test for excess errors) WARNING: g++.dg/expr/anew3.C compilation failed to produce executable FAIL: g++.dg/expr/anew4.C (test for excess errors) WARNING: g++.dg/expr/anew4.C compilation failed to produce executable FAIL: g++.dg/expr/cast2.C (test for errors, line 4) FAIL: g++.dg/ext/visibility/assign1.C (test for excess errors) FAIL: g++.dg/ext/visibility/assign1.C scan-hidden hidden[ \\t_]*_ZN1DaSERKS_ FAIL: g++.dg/ext/visibility/fvisibility-inlines-hidden.C (test for excess errors) FAIL: g++.dg/ext/visibility/fvisibility-inlines-hidden.C scan-hidden hidden[ \\t_]*_ZN3Foo6methodEv FAIL: g++.dg/ext/visibility/fvisibility-override1.C (test for excess errors) FAIL: g++.dg/ext/visibility/fvisibility-override1.C scan-assembler \\\\.internal.*Foo.methodEv FAIL: g++.dg/ext/visibility/fvisibility-override2.C (test for excess errors) FAIL: g++.dg/ext/visibility/fvisibility-override2.C scan-assembler \\\\.internal.*Foo.methodEv FAIL: g++.dg/ext/visibility/fvisibility.C (test for excess errors) FAIL: g++.dg/ext/visibility/fvisibility.C scan-hidden hidden[ \\t_]*_ZN3Foo6methodEv FAIL: g++.dg/ext/visibility/memfuncts.C (test for excess errors) FAIL: g++.dg/ext/visibility/memfuncts.C scan-hidden hidden[ \\t_]*_ZN3Foo6methodEv FAIL: g++.dg/ext/visibility/new1.C (test for excess errors) FAIL: g++.dg/ext/visibility/noPLT.C (test for excess errors) FAIL: g++.dg/ext/visibility/pragma-override1.C (test for excess errors) FAIL: g++.dg/ext/visibility/pragma-override1.C scan-assembler \\\\.internal.*Foo.methodEv FAIL: g++.dg/ext/visibility/pragma-override2.C (test for excess errors) FAIL: g++.dg/ext/visibility/pragma-override2.C scan-assembler \\\\.internal.*Foo.methodEv FAIL: g++.dg/ext/visibility/pragma.C (test for excess errors) FAIL: g++.dg/ext/visibility/pragma.C scan-hidden hidden[ \\t_]*_ZN3Foo6methodEv FAIL: g++.dg/ext/visibility/staticmemfuncts.C (test for excess errors) FAIL: g++.dg/ext/visibility/staticmemfuncts.C scan-hidden hidden[ \\t_]*_ZN3Foo6methodEv FAIL: g++.dg/ext/visibility/virtual.C (test for excess errors) FAIL: g++.dg/ext/visibility/virtual.C scan-hidden hidden[ \\t_]*ZTV3Foo FAIL: g++.dg/ext/visibility/visibility-1.C (test for excess errors) FAIL: g++.dg/ext/visibility/visibility-1.C scan-hidden hidden[ \\t_]*_Z3foov FAIL: g++.dg/ext/visibility/visibility-2.C (test for excess errors) FAIL: g++.dg/ext/visibility/visibility-2.C scan-hidden hidden[ \\t_]*_Z3foov FAIL: g++.dg/ext/visibility/visibility-3.C (test for excess errors) FAIL: g++.dg/ext/visibility/visibility-3.C scan-hidden hidden[ \\t_]*xyzzy FAIL: g++.dg/ext/visibility/visibility-4.C (test for excess errors) FAIL: g++.dg/ext/visibility/visibility-4.C scan-hidden hidden[ \\t_]*xyzzy FAIL: g++.dg/ext/visibility/visibility-5.C (test for excess errors) FAIL: g++.dg/ext/visibility/visibility-5.C scan-hidden hidden[ \\t_]*_Z3foov FAIL: g++.dg/ext/visibility/visibility-6.C (test for excess errors) FAIL: g++.dg/ext/visibility/visibility-6.C scan-hidden hidden[ \\t_]*xyzzy FAIL: g++.dg/ext/visibility/visibility-7.C (test for excess errors) FAIL: g++.dg/ext/visibility/visibility-7.C scan-hidden hidden[ \\t_]*xyzzy FAIL: g++.dg/init/array4.C (test for excess errors) FAIL: g++.dg/init/init-ref1.C (test for excess errors) WARNING: g++.dg/init/init-ref1.C compilation failed to produce executable FAIL: g++.dg/init/new11.C (test for excess errors) WARNING: g++.dg/init/new11.C compilation failed to produce executable FAIL: g++.dg/init/pm1.C (test for excess errors) WARNING: g++.dg/init/pm1.C compilation failed to produce executable FAIL: g++.dg/parse/lookup1.C (test for excess errors) FAIL: g++.dg/parse/parse5.C (test for excess errors) XPASS: g++.dg/rtti/tinfo1.C scan-assembler _ZTIP9CTemplateIhE: XPASS: g++.dg/rtti/tinfo1.C scan-assembler-not .globl[ \\t]+_ZTIP9CTemplateIhE XPASS: g++.dg/rtti/tinfo1.C scan-assembler-not .section[^\\n\\r]*_ZTIP9CTemplateIhE[^\\n\\r]* FAIL: g++.dg/template/friend10.C (test for excess errors) WARNING: g++.dg/template/friend10.C compilation failed to produce executable FAIL: g++.dg/special/conpr-1.C execution test FAIL: g++.dg/special/conpr-3.C execution test FAIL: g++.dg/special/conpr-4.C execution test FAIL: g++.old-deja/g++.abi/arraynew.C (test for excess errors) WARNING: g++.old-deja/g++.abi/arraynew.C compilation failed to produce executable FAIL: g++.old-deja/g++.abi/cxa_vec.C (test for excess errors) WARNING: g++.old-deja/g++.abi/cxa_vec.C compilation failed to produce executable FAIL: g++.old-deja/g++.abi/vbase1.C (test for excess errors) WARNING: g++.old-deja/g++.abi/vbase1.C compilation failed to produce executable FAIL: g++.old-deja/g++.benjamin/15071.C (test for excess errors) WARNING: g++.old-deja/g++.benjamin/15071.C compilation failed to produce executable FAIL: g++.old-deja/g++.bob/inherit2.C (test for excess errors) FAIL: g++.old-deja/g++.brendan/copy9.C (test for excess errors) WARNING: g++.old-deja/g++.brendan/copy9.C compilation failed to produce executable FAIL: g++.old-deja/g++.brendan/crash15.C (test for excess errors) FAIL: g++.old-deja/g++.brendan/crash20.C (test for excess errors) FAIL: g++.old-deja/g++.brendan/crash30.C (test for excess errors) FAIL: g++.old-deja/g++.brendan/crash38.C (test for excess errors) FAIL: g++.old-deja/g++.brendan/crash49.C (test for excess errors) FAIL: g++.old-deja/g++.brendan/crash62.C (test for excess errors) FAIL: g++.old-deja/g++.brendan/cvt1.C (test for excess errors) FAIL: g++.old-deja/g++.brendan/err-msg3.C (test for excess errors) FAIL: g++.old-deja/g++.brendan/nest21.C (test for excess errors) WARNING: g++.old-deja/g++.brendan/nest21.C compilation failed to produce executable FAIL: g++.old-deja/g++.brendan/new3.C (test for excess errors) WARNING: g++.old-deja/g++.brendan/new3.C compilation failed to produce executable FAIL: g++.old-deja/g++.brendan/ptolemy2.C (test for excess errors) WARNING: g++.old-deja/g++.brendan/ptolemy2.C compilation failed to produce executable FAIL: g++.old-deja/g++.eh/badalloc1.C execution test FAIL: g++.old-deja/g++.eh/new1.C (test for excess errors) WARNING: g++.old-deja/g++.eh/new1.C compilation failed to produce executable FAIL: g++.old-deja/g++.eh/new2.C (test for excess errors) WARNING: g++.old-deja/g++.eh/new2.C compilation failed to produce executable FAIL: g++.old-deja/g++.eh/rethrow3.C (test for excess errors) WARNING: g++.old-deja/g++.eh/rethrow3.C compilation failed to produce executable FAIL: g++.old-deja/g++.eh/spec1.C (test for excess errors) WARNING: g++.old-deja/g++.eh/spec1.C compilation failed to produce executable FAIL: g++.old-deja/g++.eh/spec2.C (test for excess errors) WARNING: g++.old-deja/g++.eh/spec2.C compilation failed to produce executable FAIL: g++.old-deja/g++.eh/spec3.C (test for excess errors) WARNING: g++.old-deja/g++.eh/spec3.C compilation failed to produce executable FAIL: g++.old-deja/g++.eh/spec4.C (test for excess errors) WARNING: g++.old-deja/g++.eh/spec4.C compilation failed to produce executable FAIL: g++.old-deja/g++.eh/terminate1.C (test for excess errors) WARNING: g++.old-deja/g++.eh/terminate1.C compilation failed to produce executable FAIL: g++.old-deja/g++.eh/terminate2.C (test for excess errors) WARNING: g++.old-deja/g++.eh/terminate2.C compilation failed to produce executable FAIL: g++.old-deja/g++.jason/rfg7.C (test for excess errors) FAIL: g++.old-deja/g++.jason/template24.C (test for excess errors) WARNING: g++.old-deja/g++.jason/template24.C compilation failed to produce executable FAIL: g++.old-deja/g++.jason/template26.C (test for excess errors) WARNING: g++.old-deja/g++.jason/template26.C compilation failed to produce executable FAIL: g++.old-deja/g++.jason/template31.C (test for excess errors) WARNING: g++.old-deja/g++.jason/template31.C compilation failed to produce executable FAIL: g++.old-deja/g++.jason/template44.C (test for excess errors) WARNING: g++.old-deja/g++.jason/template44.C compilation failed to produce executable FAIL: g++.old-deja/g++.jason/typeid1.C (test for excess errors) FAIL: g++.old-deja/g++.law/arg1.C (test for excess errors) FAIL: g++.old-deja/g++.law/arg8.C (test for excess errors) WARNING: g++.old-deja/g++.law/arg8.C compilation failed to produce executable FAIL: g++.old-deja/g++.law/arg9.C (test for excess errors) FAIL: g++.old-deja/g++.law/arm12.C (test for excess errors) FAIL: g++.old-deja/g++.law/arm13.C (test for excess errors) WARNING: g++.old-deja/g++.law/arm13.C compilation failed to produce executable FAIL: g++.old-deja/g++.law/arm15.C (test for excess errors) WARNING: g++.old-deja/g++.law/arm15.C compilation failed to produce executable FAIL: g++.old-deja/g++.law/arm9.C (test for excess errors) FAIL: g++.old-deja/g++.law/bad-error7.C (test for excess errors) FAIL: g++.old-deja/g++.law/code-gen5.C (test for excess errors) WARNING: g++.old-deja/g++.law/code-gen5.C compilation failed to produce executable FAIL: g++.old-deja/g++.law/ctors10.C (test for excess errors) FAIL: g++.old-deja/g++.law/ctors12.C (test for excess errors) WARNING: g++.old-deja/g++.law/ctors12.C compilation failed to produce executable FAIL: g++.old-deja/g++.law/ctors13.C (test for excess errors) FAIL: g++.old-deja/g++.law/ctors15.C (test for excess errors) WARNING: g++.old-deja/g++.law/ctors15.C compilation failed to produce executable FAIL: g++.old-deja/g++.law/ctors16.C (test for excess errors) WARNING: g++.old-deja/g++.law/ctors16.C compilation failed to produce executable FAIL: g++.old-deja/g++.law/ctors17.C (test for excess errors) FAIL: g++.old-deja/g++.law/ctors2.C (test for excess errors) WARNING: g++.old-deja/g++.law/ctors2.C compilation failed to produce executable FAIL: g++.old-deja/g++.law/ctors6.C (test for excess errors) FAIL: g++.old-deja/g++.law/cvt16.C (test for excess errors) FAIL: g++.old-deja/g++.law/cvt2.C (test for excess errors) WARNING: g++.old-deja/g++.law/cvt2.C compilation failed to produce executable FAIL: g++.old-deja/g++.law/dtors3.C (test for excess errors) WARNING: g++.old-deja/g++.law/dtors3.C compilation failed to produce executable FAIL: g++.old-deja/g++.law/missed-error2.C (test for excess errors) FAIL: g++.old-deja/g++.law/nest3.C (test for excess errors) FAIL: g++.old-deja/g++.law/operators23.C (test for excess errors) WARNING: g++.old-deja/g++.law/operators23.C compilation failed to produce executable FAIL: g++.old-deja/g++.law/operators32.C (test for excess errors) FAIL: g++.old-deja/g++.law/operators4.C (test for excess errors) FAIL: g++.old-deja/g++.law/scope2.C (test for excess errors) WARNING: g++.old-deja/g++.law/scope2.C compilation failed to produce executable FAIL: g++.old-deja/g++.law/vbase1.C (test for excess errors) FAIL: g++.old-deja/g++.law/virtual3.C (test for excess errors) WARNING: g++.old-deja/g++.law/virtual3.C compilation failed to produce executable FAIL: g++.old-deja/g++.law/virtual4.C (test for excess errors) WARNING: g++.old-deja/g++.law/virtual4.C compilation failed to produce executable FAIL: g++.old-deja/g++.law/visibility1.C (test for excess errors) FAIL: g++.old-deja/g++.law/visibility10.C (test for excess errors) FAIL: g++.old-deja/g++.law/visibility13.C (test for excess errors) FAIL: g++.old-deja/g++.law/visibility17.C (test for excess errors) FAIL: g++.old-deja/g++.law/visibility2.C (test for excess errors) FAIL: g++.old-deja/g++.law/visibility22.C (test for excess errors) FAIL: g++.old-deja/g++.law/visibility25.C (test for excess errors) FAIL: g++.old-deja/g++.law/visibility7.C (test for excess errors) FAIL: g++.old-deja/g++.martin/bitset1.C (test for excess errors) WARNING: g++.old-deja/g++.martin/bitset1.C compilation failed to produce executable FAIL: g++.old-deja/g++.martin/new1.C (test for excess errors) WARNING: g++.old-deja/g++.martin/new1.C compilation failed to produce executable FAIL: g++.old-deja/g++.mike/net40.C (test for excess errors) WARNING: g++.old-deja/g++.mike/net40.C compilation failed to produce executable FAIL: g++.old-deja/g++.mike/net46.C (test for excess errors) WARNING: g++.old-deja/g++.mike/net46.C compilation failed to produce executable FAIL: g++.old-deja/g++.mike/ns15.C (test for excess errors) WARNING: g++.old-deja/g++.mike/p10769a.C compilation failed to produce executable FAIL: g++.old-deja/g++.mike/p2736.C (test for excess errors) WARNING: g++.old-deja/g++.mike/p2736.C compilation failed to produce executable FAIL: g++.old-deja/g++.mike/p658.C (test for excess errors) WARNING: g++.old-deja/g++.mike/p658.C compilation failed to produce executable FAIL: g++.old-deja/g++.mike/p710.C (test for excess errors) FAIL: g++.old-deja/g++.mike/rtti1.C (test for excess errors) FAIL: g++.old-deja/g++.ns/koenig9.C (test for excess errors) FAIL: g++.old-deja/g++.ns/using4.C (test for excess errors) FAIL: g++.old-deja/g++.ns/using6.C (test for excess errors) FAIL: g++.old-deja/g++.oliva/new1.C (test for excess errors) WARNING: g++.old-deja/g++.oliva/new1.C compilation failed to produce executable FAIL: g++.old-deja/g++.oliva/thunk1.C (test for excess errors) WARNING: g++.old-deja/g++.oliva/thunk1.C compilation failed to produce executable FAIL: g++.old-deja/g++.other/defarg6.C (test for excess errors) FAIL: g++.old-deja/g++.other/delete8.C (test for excess errors) WARNING: g++.old-deja/g++.other/delete8.C compilation failed to produce executable WARNING: g++.old-deja/g++.other/enum5.C compilation failed to produce executable FAIL: g++.old-deja/g++.other/headers1.C (test for excess errors) WARNING: g++.old-deja/g++.other/headers1.C compilation failed to produce executable FAIL: g++.old-deja/g++.other/init9.C (test for excess errors) FAIL: g++.old-deja/g++.other/inline14.C (test for excess errors) FAIL: g++.old-deja/g++.pt/crash68.C (test for excess errors) FAIL: g++.old-deja/g++.pt/instantiate10.C (test for excess errors) FAIL: g++.old-deja/g++.pt/ttp19.C (test for excess errors) WARNING: g++.old-deja/g++.pt/ttp19.C compilation failed to produce executable FAIL: g++.old-deja/g++.pt/ttp40.C (test for excess errors) WARNING: g++.old-deja/g++.pt/ttp40.C compilation failed to produce executable FAIL: g++.old-deja/g++.robertl/eb102.C (test for excess errors) WARNING: g++.old-deja/g++.robertl/eb102.C compilation failed to produce executable FAIL: g++.old-deja/g++.robertl/eb109.C (test for excess errors) FAIL: g++.old-deja/g++.robertl/eb113.C (test for excess errors) FAIL: g++.old-deja/g++.robertl/eb124.C (test for excess errors) FAIL: g++.old-deja/g++.robertl/eb127.C (test for excess errors) FAIL: g++.old-deja/g++.robertl/eb129.C (test for excess errors) FAIL: g++.old-deja/g++.robertl/eb129a.C (test for excess errors) FAIL: g++.old-deja/g++.robertl/eb15.C (test for excess errors) FAIL: g++.old-deja/g++.robertl/eb21.C (test for excess errors) WARNING: g++.old-deja/g++.robertl/eb21.C compilation failed to produce executable FAIL: g++.old-deja/g++.robertl/eb24.C (test for excess errors) FAIL: g++.old-deja/g++.robertl/eb28.C (test for excess errors) FAIL: g++.old-deja/g++.robertl/eb29.C (test for excess errors) FAIL: g++.old-deja/g++.robertl/eb3.C (test for excess errors) FAIL: g++.old-deja/g++.robertl/eb30.C (test for excess errors) FAIL: g++.old-deja/g++.robertl/eb31.C (test for excess errors) WARNING: g++.old-deja/g++.robertl/eb31.C compilation failed to produce executable FAIL: g++.old-deja/g++.robertl/eb33.C (test for excess errors) WARNING: g++.old-deja/g++.robertl/eb33.C compilation failed to produce executable FAIL: g++.old-deja/g++.robertl/eb36.C (test for excess errors) FAIL: g++.old-deja/g++.robertl/eb39.C (test for excess errors) FAIL: g++.old-deja/g++.robertl/eb4.C (test for excess errors) FAIL: g++.old-deja/g++.robertl/eb41.C (test for excess errors) WARNING: g++.old-deja/g++.robertl/eb41.C compilation failed to produce executable FAIL: g++.old-deja/g++.robertl/eb43.C (test for excess errors) FAIL: g++.old-deja/g++.robertl/eb44.C (test for excess errors) FAIL: g++.old-deja/g++.robertl/eb46.C (test for excess errors) WARNING: g++.old-deja/g++.robertl/eb46.C compilation failed to produce executable FAIL: g++.old-deja/g++.robertl/eb54.C (test for excess errors) WARNING: g++.old-deja/g++.robertl/eb54.C compilation failed to produce executable FAIL: g++.old-deja/g++.robertl/eb55.C (test for excess errors) FAIL: g++.old-deja/g++.robertl/eb59.C (test for excess errors) WARNING: g++.old-deja/g++.robertl/eb59.C compilation failed to produce executable FAIL: g++.old-deja/g++.robertl/eb60.C (test for excess errors) FAIL: g++.old-deja/g++.robertl/eb62.C (test for excess errors) FAIL: g++.old-deja/g++.robertl/eb65.C (test for excess errors) WARNING: g++.old-deja/g++.robertl/eb65.C compilation failed to produce executable FAIL: g++.old-deja/g++.robertl/eb66.C (test for excess errors) WARNING: g++.old-deja/g++.robertl/eb66.C compilation failed to produce executable FAIL: g++.old-deja/g++.robertl/eb7.C (test for excess errors) FAIL: g++.old-deja/g++.robertl/eb77.C (test for excess errors) WARNING: g++.old-deja/g++.robertl/eb77.C compilation failed to produce executable FAIL: g++.old-deja/g++.robertl/eb79.C (test for excess errors) FAIL: g++.old-deja/g++.robertl/eb91.C (test for excess errors) WARNING: g++.old-deja/g++.robertl/eb91.C compilation failed to produce executable === g++ Summary === # of expected passes 9948 # of unexpected failures 213 # of unexpected successes 3 # of expected failures 74 # of unsupported tests 66 /amnt/figaro/volumes/obj-gcc/gcc/obj.sol86/gcc-4.0.0-20041027/10-gcc/gcc/testsuite/../g++ version 4.0.0 20041027 (experimental) === gcc tests === Running target unix XPASS: gcc.c-torture/compile/20040323-1.c (test for excess errors) XPASS: gcc.c-torture/compile/20040323-1.c (test for excess errors) XPASS: gcc.c-torture/compile/20040323-1.c (test for excess errors) XPASS: gcc.c-torture/compile/20040323-1.c (test for excess errors) XPASS: gcc.c-torture/compile/20040323-1.c (test for excess errors) XPASS: gcc.c-torture/compile/20040323-1.c (test for excess errors) XPASS: gcc.c-torture/compile/pr17529.c (test for excess errors) WARNING: Could not compile gcc.dg/compat/struct-layout-1 generator FAIL: gcc.dg/debug/20020220-1.c (test for excess errors) WARNING: gcc.dg/debug/20020220-1.c compilation failed to produce executable FAIL: gcc.dg/debug/20020220-1.c (test for excess errors) WARNING: gcc.dg/debug/20020220-1.c compilation failed to produce executable FAIL: gcc.dg/debug/20020220-1.c (test for excess errors) WARNING: gcc.dg/debug/20020220-1.c compilation failed to produce executable FAIL: gcc.dg/debug/20020220-1.c (test for excess errors) WARNING: gcc.dg/debug/20020220-1.c compilation failed to produce executable FAIL: gcc.dg/debug/20020220-1.c (test for excess errors) WARNING: gcc.dg/debug/20020220-1.c compilation failed to produce executable FAIL: gcc.dg/debug/20020220-1.c (test for excess errors) WARNING: gcc.dg/debug/20020220-1.c compilation failed to produce executable FAIL: gcc.dg/debug/20020220-1.c (test for excess errors) WARNING: gcc.dg/debug/20020220-1.c compilation failed to produce executable FAIL: gcc.dg/debug/20020220-1.c (test for excess errors) WARNING: gcc.dg/debug/20020220-1.c compilation failed to produce executable FAIL: gcc.dg/debug/20020220-1.c (test for excess errors) WARNING: gcc.dg/debug/20020220-1.c compilation failed to produce executable FAIL: gcc.dg/debug/20020327-1.c (test for excess errors) FAIL: gcc.dg/debug/20020327-1.c (test for excess errors) FAIL: gcc.dg/debug/20020327-1.c (test for excess errors) FAIL: gcc.dg/debug/20020327-1.c (test for excess errors) FAIL: gcc.dg/debug/20020327-1.c (test for excess errors) FAIL: gcc.dg/debug/20020327-1.c (test for excess errors) FAIL: gcc.dg/debug/20020327-1.c (test for excess errors) FAIL: gcc.dg/debug/20020327-1.c (test for excess errors) FAIL: gcc.dg/debug/20020327-1.c (test for excess errors) FAIL: gcc.dg/debug/trivial.c (test for excess errors) WARNING: gcc.dg/debug/trivial.c compilation failed to produce executable FAIL: gcc.dg/debug/trivial.c (test for excess errors) WARNING: gcc.dg/debug/trivial.c compilation failed to produce executable FAIL: gcc.dg/debug/trivial.c (test for excess errors) WARNING: gcc.dg/debug/trivial.c compilation failed to produce executable FAIL: gcc.dg/debug/trivial.c (test for excess errors) WARNING: gcc.dg/debug/trivial.c compilation failed to produce executable FAIL: gcc.dg/debug/trivial.c (test for excess errors) WARNING: gcc.dg/debug/trivial.c compilation failed to produce executable FAIL: gcc.dg/debug/trivial.c (test for excess errors) WARNING: gcc.dg/debug/trivial.c compilation failed to produce executable FAIL: gcc.dg/debug/trivial.c (test for excess errors) WARNING: gcc.dg/debug/trivial.c compilation failed to produce executable FAIL: gcc.dg/debug/trivial.c (test for excess errors) WARNING: gcc.dg/debug/trivial.c compilation failed to produce executable FAIL: gcc.dg/debug/trivial.c (test for excess errors) WARNING: gcc.dg/debug/trivial.c compilation failed to produce executable FAIL: gcc.dg/debug/dwarf2/dwarf-die7.c scan-assembler 1.*DW_AT_inline FAIL: gcc.dg/20011009-1.c (test for excess errors) WARNING: gcc.dg/20011009-1.c compilation failed to produce executable FAIL: gcc.dg/i386-3dnow-1.c (test for excess errors) FAIL: gcc.dg/i386-3dnow-2.c (test for excess errors) FAIL: gcc.dg/i386-3dnowA-1.c (test for excess errors) FAIL: gcc.dg/i386-3dnowA-2.c (test for excess errors) FAIL: gcc.dg/pragma-init-fini.c (test for excess errors) WARNING: gcc.dg/pragma-init-fini.c compilation failed to produce executable FAIL: gcc.dg/visibility-1.c (test for excess errors) FAIL: gcc.dg/visibility-1.c scan-assembler \\\\.hidden.*foo FAIL: gcc.dg/visibility-2.c (test for excess errors) FAIL: gcc.dg/visibility-2.c scan-assembler \\\\.hidden.*foo FAIL: gcc.dg/visibility-3.c (test for excess errors) FAIL: gcc.dg/visibility-3.c scan-assembler \\\\.hidden.*xyzzy FAIL: gcc.dg/visibility-4.c (test for excess errors) FAIL: gcc.dg/visibility-4.c scan-assembler \\\\.hidden.*xyzzy FAIL: gcc.dg/visibility-5.c (test for excess errors) FAIL: gcc.dg/visibility-5.c scan-assembler \\\\.hidden.*foo FAIL: gcc.dg/visibility-6.c (test for excess errors) FAIL: gcc.dg/visibility-6.c scan-assembler \\\\.hidden.*xyzzy FAIL: gcc.dg/visibility-7.c (test for excess errors) FAIL: gcc.dg/visibility-7.c scan-assembler \\\\.hidden.*xyzzy FAIL: gcc.dg/visibility-8.c (test for excess errors) FAIL: gcc.dg/visibility-8.c scan-assembler \\\\.hidden.*__GI_fputs_unlocked FAIL: gcc.dg/visibility-9.c (test for excess errors) FAIL: gcc.dg/visibility-9.c scan-assembler \\\\.hidden.*foo FAIL: gcc.dg/visibility-a.c (test for excess errors) FAIL: gcc.dg/visibility-a.c scan-assembler \\\\.hidden.*foo FAIL: largefile.c (test for excess errors) FAIL: largefile.c (test for excess errors) FAIL: largefile.c (test for excess errors) FAIL: largefile.c (test for excess errors) FAIL: largefile.c (test for excess errors) FAIL: largefile.c (test for excess errors) FAIL: largefile.c (test for excess errors) XPASS: gcc.dg/tree-ssa/20040204-1.c scan-tree-dump-times link_error 0 === gcc Summary === # of expected passes 31200 # of unexpected failures 61 # of unexpected successes 8 # of expected failures 118 # of untested testcases 35 # of unsupported tests 291 /amnt/figaro/volumes/obj-gcc/gcc/obj.sol86/gcc-4.0.0-20041027/10-gcc/gcc/xgcc version 4.0.0 20041027 (experimental) === gfortran tests === Running target unix XPASS: gfortran.dg/ret_pointer_1.f90 execution test XPASS: gfortran.dg/ret_pointer_1.f90 execution test XPASS: gfortran.dg/ret_pointer_1.f90 execution test XPASS: gfortran.dg/ret_pointer_1.f90 execution test XPASS: gfortran.dg/ret_pointer_1.f90 execution test XPASS: gfortran.dg/ret_pointer_1.f90 execution test XPASS: gfortran.dg/ret_pointer_1.f90 execution test XPASS: gfortran.dg/ret_pointer_1.f90 execution test FAIL: gfortran.dg/g77/cpp3.F (test for excess errors) WARNING: gfortran.dg/g77/cpp3.F compilation failed to produce executable FAIL: gfortran.fortran-torture/execute/forall_3.f90 execution, -O1 FAIL: gfortran.fortran-torture/execute/read_eof.f90 execution, -O0 FAIL: gfortran.fortran-torture/execute/read_eof.f90 execution, -O1 FAIL: gfortran.fortran-torture/execute/read_eof.f90 execution, -O2 FAIL: gfortran.fortran-torture/execute/read_eof.f90 execution, -O3 -fomit-frame-pointer FAIL: gfortran.fortran-torture/execute/read_eof.f90 execution, -O3 -fomit-frame-pointer -funroll-loops FAIL: gfortran.fortran-torture/execute/read_eof.f90 execution, -O3 -fomit-frame-pointer -funroll-all-loops -finline-functions FAIL: gfortran.fortran-torture/execute/read_eof.f90 execution, -O3 -g FAIL: gfortran.fortran-torture/execute/read_eof.f90 execution, -Os === gfortran Summary === # of expected passes 4628 # of unexpected failures 10 # of unexpected successes 8 # of expected failures 19 # of unsupported tests 8 /amnt/figaro/volumes/obj-gcc/gcc/obj.sol86/gcc-4.0.0-20041027/10-gcc/gcc/testsuite/../gfortran version 4.0.0 20041027 (experimental) === objc tests === Running target unix FAIL: objc/execute/IMP.m compilation, -O2 UNRESOLVED: objc/execute/IMP.m execution, -O2 FAIL: objc/execute/IMP.m compilation, -O3 -fomit-frame-pointer UNRESOLVED: objc/execute/IMP.m execution, -O3 -fomit-frame-pointer FAIL: objc/execute/IMP.m compilation, -O3 -g UNRESOLVED: objc/execute/IMP.m execution, -O3 -g FAIL: objc/execute/IMP.m compilation, -Os UNRESOLVED: objc/execute/IMP.m execution, -Os FAIL: objc/execute/_cmd.m compilation, -O2 UNRESOLVED: objc/execute/_cmd.m execution, -O2 FAIL: objc/execute/_cmd.m compilation, -O3 -fomit-frame-pointer UNRESOLVED: objc/execute/_cmd.m execution, -O3 -fomit-frame-pointer FAIL: objc/execute/_cmd.m compilation, -O3 -g UNRESOLVED: objc/execute/_cmd.m execution, -O3 -g FAIL: objc/execute/_cmd.m compilation, -Os UNRESOLVED: objc/execute/_cmd.m execution, -Os FAIL: objc/execute/accessing_ivars.m compilation, -O2 UNRESOLVED: objc/execute/accessing_ivars.m execution, -O2 FAIL: objc/execute/accessing_ivars.m compilation, -O3 -fomit-frame-pointer UNRESOLVED: objc/execute/accessing_ivars.m execution, -O3 -fomit-frame-pointer FAIL: objc/execute/accessing_ivars.m compilation, -O3 -g UNRESOLVED: objc/execute/accessing_ivars.m execution, -O3 -g FAIL: objc/execute/accessing_ivars.m compilation, -Os UNRESOLVED: objc/execute/accessing_ivars.m execution, -Os FAIL: objc/execute/bf-1.m compilation, -O2 UNRESOLVED: objc/execute/bf-1.m execution, -O2 FAIL: objc/execute/bf-1.m compilation, -O3 -fomit-frame-pointer UNRESOLVED: objc/execute/bf-1.m execution, -O3 -fomit-frame-pointer FAIL: objc/execute/bf-1.m compilation, -O3 -g UNRESOLVED: objc/execute/bf-1.m execution, -O3 -g FAIL: objc/execute/bf-1.m compilation, -Os UNRESOLVED: objc/execute/bf-1.m execution, -Os FAIL: objc/execute/bf-10.m compilation, -O2 UNRESOLVED: objc/execute/bf-10.m execution, -O2 FAIL: objc/execute/bf-10.m compilation, -O3 -fomit-frame-pointer UNRESOLVED: objc/execute/bf-10.m execution, -O3 -fomit-frame-pointer FAIL: objc/execute/bf-10.m compilation, -O3 -g UNRESOLVED: objc/execute/bf-10.m execution, -O3 -g FAIL: objc/execute/bf-10.m compilation, -Os UNRESOLVED: objc/execute/bf-10.m execution, -Os FAIL: objc/execute/bf-11.m compilation, -O2 UNRESOLVED: objc/execute/bf-11.m execution, -O2 FAIL: objc/execute/bf-11.m compilation, -O3 -fomit-frame-pointer UNRESOLVED: objc/execute/bf-11.m execution, -O3 -fomit-frame-pointer FAIL: objc/execute/bf-11.m compilation, -O3 -g UNRESOLVED: objc/execute/bf-11.m execution, -O3 -g FAIL: objc/execute/bf-11.m compilation, -Os UNRESOLVED: objc/execute/bf-11.m execution, -Os FAIL: objc/execute/bf-12.m compilation, -O2 UNRESOLVED: objc/execute/bf-12.m execution, -O2 FAIL: objc/execute/bf-12.m compilation, -O3 -fomit-frame-pointer UNRESOLVED: objc/execute/bf-12.m execution, -O3 -fomit-frame-pointer FAIL: objc/execute/bf-12.m compilation, -O3 -g UNRESOLVED: objc/execute/bf-12.m execution, -O3 -g FAIL: objc/execute/bf-12.m compilation, -Os UNRESOLVED: objc/execute/bf-12.m execution, -Os FAIL: objc/execute/bf-13.m compilation, -O2 UNRESOLVED: objc/execute/bf-13.m execution, -O2 FAIL: objc/execute/bf-13.m compilation, -O3 -fomit-frame-pointer UNRESOLVED: objc/execute/bf-13.m execution, -O3 -fomit-frame-pointer FAIL: objc/execute/bf-13.m compilation, -O3 -g UNRESOLVED: objc/execute/bf-13.m execution, -O3 -g FAIL: objc/execute/bf-13.m compilation, -Os UNRESOLVED: objc/execute/bf-13.m execution, -Os FAIL: objc/execute/bf-14.m compilation, -O2 UNRESOLVED: objc/execute/bf-14.m execution, -O2 FAIL: objc/execute/bf-14.m compilation, -O3 -fomit-frame-pointer UNRESOLVED: objc/execute/bf-14.m execution, -O3 -fomit-frame-pointer FAIL: objc/execute/bf-14.m compilation, -O3 -g UNRESOLVED: objc/execute/bf-14.m execution, -O3 -g FAIL: objc/execute/bf-14.m compilation, -Os UNRESOLVED: objc/execute/bf-14.m execution, -Os FAIL: objc/execute/bf-15.m compilation, -O2 UNRESOLVED: objc/execute/bf-15.m execution, -O2 FAIL: objc/execute/bf-15.m compilation, -O3 -fomit-frame-pointer UNRESOLVED: objc/execute/bf-15.m execution, -O3 -fomit-frame-pointer FAIL: objc/execute/bf-15.m compilation, -O3 -g UNRESOLVED: objc/execute/bf-15.m execution, -O3 -g FAIL: objc/execute/bf-15.m compilation, -Os UNRESOLVED: objc/execute/bf-15.m execution, -Os FAIL: objc/execute/bf-16.m compilation, -O2 UNRESOLVED: objc/execute/bf-16.m execution, -O2 FAIL: objc/execute/bf-16.m compilation, -O3 -fomit-frame-pointer UNRESOLVED: objc/execute/bf-16.m execution, -O3 -fomit-frame-pointer FAIL: objc/execute/bf-16.m compilation, -O3 -g UNRESOLVED: objc/execute/bf-16.m execution, -O3 -g FAIL: objc/execute/bf-16.m compilation, -Os UNRESOLVED: objc/execute/bf-16.m execution, -Os FAIL: objc/execute/bf-17.m compilation, -O2 UNRESOLVED: objc/execute/bf-17.m execution, -O2 FAIL: objc/execute/bf-17.m compilation, -O3 -fomit-frame-pointer UNRESOLVED: objc/execute/bf-17.m execution, -O3 -fomit-frame-pointer FAIL: objc/execute/bf-17.m compilation, -O3 -g UNRESOLVED: objc/execute/bf-17.m execution, -O3 -g FAIL: objc/execute/bf-17.m compilation, -Os UNRESOLVED: objc/execute/bf-17.m execution, -Os FAIL: objc/execute/bf-18.m compilation, -O2 UNRESOLVED: objc/execute/bf-18.m execution, -O2 FAIL: objc/execute/bf-18.m compilation, -O3 -fomit-frame-pointer UNRESOLVED: objc/execute/bf-18.m execution, -O3 -fomit-frame-pointer FAIL: objc/execute/bf-18.m compilation, -O3 -g UNRESOLVED: objc/execute/bf-18.m execution, -O3 -g FAIL: objc/execute/bf-18.m compilation, -Os UNRESOLVED: objc/execute/bf-18.m execution, -Os FAIL: objc/execute/bf-19.m compilation, -O2 UNRESOLVED: objc/execute/bf-19.m execution, -O2 FAIL: objc/execute/bf-19.m compilation, -O3 -fomit-frame-pointer UNRESOLVED: objc/execute/bf-19.m execution, -O3 -fomit-frame-pointer FAIL: objc/execute/bf-19.m compilation, -O3 -g UNRESOLVED: objc/execute/bf-19.m execution, -O3 -g FAIL: objc/execute/bf-19.m compilation, -Os UNRESOLVED: objc/execute/bf-19.m execution, -Os FAIL: objc/execute/bf-2.m compilation, -O2 UNRESOLVED: objc/execute/bf-2.m execution, -O2 FAIL: objc/execute/bf-2.m compilation, -O3 -fomit-frame-pointer UNRESOLVED: objc/execute/bf-2.m execution, -O3 -fomit-frame-pointer FAIL: objc/execute/bf-2.m compilation, -O3 -g UNRESOLVED: objc/execute/bf-2.m execution, -O3 -g FAIL: objc/execute/bf-2.m compilation, -Os UNRESOLVED: objc/execute/bf-2.m execution, -Os FAIL: objc/execute/bf-20.m compilation, -O2 UNRESOLVED: objc/execute/bf-20.m execution, -O2 FAIL: objc/execute/bf-20.m compilation, -O3 -fomit-frame-pointer UNRESOLVED: objc/execute/bf-20.m execution, -O3 -fomit-frame-pointer FAIL: objc/execute/bf-20.m compilation, -O3 -g UNRESOLVED: objc/execute/bf-20.m execution, -O3 -g FAIL: objc/execute/bf-20.m compilation, -Os UNRESOLVED: objc/execute/bf-20.m execution, -Os FAIL: objc/execute/bf-21.m compilation, -O2 UNRESOLVED: objc/execute/bf-21.m execution, -O2 FAIL: objc/execute/bf-21.m compilation, -O3 -fomit-frame-pointer UNRESOLVED: objc/execute/bf-21.m execution, -O3 -fomit-frame-pointer FAIL: objc/execute/bf-21.m compilation, -O3 -g UNRESOLVED: objc/execute/bf-21.m execution, -O3 -g FAIL: objc/execute/bf-21.m compilation, -Os UNRESOLVED: objc/execute/bf-21.m execution, -Os FAIL: objc/execute/bf-3.m compilation, -O2 UNRESOLVED: objc/execute/bf-3.m execution, -O2 FAIL: objc/execute/bf-3.m compilation, -O3 -fomit-frame-pointer UNRESOLVED: objc/execute/bf-3.m execution, -O3 -fomit-frame-pointer FAIL: objc/execute/bf-3.m compilation, -O3 -g UNRESOLVED: objc/execute/bf-3.m execution, -O3 -g FAIL: objc/execute/bf-3.m compilation, -Os UNRESOLVED: objc/execute/bf-3.m execution, -Os FAIL: objc/execute/bf-4.m compilation, -O2 UNRESOLVED: objc/execute/bf-4.m execution, -O2 FAIL: objc/execute/bf-4.m compilation, -O3 -fomit-frame-pointer UNRESOLVED: objc/execute/bf-4.m execution, -O3 -fomit-frame-pointer FAIL: objc/execute/bf-4.m compilation, -O3 -g UNRESOLVED: objc/execute/bf-4.m execution, -O3 -g FAIL: objc/execute/bf-4.m compilation, -Os UNRESOLVED: objc/execute/bf-4.m execution, -Os FAIL: objc/execute/bf-5.m compilation, -O2 UNRESOLVED: objc/execute/bf-5.m execution, -O2 FAIL: objc/execute/bf-5.m compilation, -O3 -fomit-frame-pointer UNRESOLVED: objc/execute/bf-5.m execution, -O3 -fomit-frame-pointer FAIL: objc/execute/bf-5.m compilation, -O3 -g UNRESOLVED: objc/execute/bf-5.m execution, -O3 -g FAIL: objc/execute/bf-5.m compilation, -Os UNRESOLVED: objc/execute/bf-5.m execution, -Os FAIL: objc/execute/bf-6.m compilation, -O2 UNRESOLVED: objc/execute/bf-6.m execution, -O2 FAIL: objc/execute/bf-6.m compilation, -O3 -fomit-frame-pointer UNRESOLVED: objc/execute/bf-6.m execution, -O3 -fomit-frame-pointer FAIL: objc/execute/bf-6.m compilation, -O3 -g UNRESOLVED: objc/execute/bf-6.m execution, -O3 -g FAIL: objc/execute/bf-6.m compilation, -Os UNRESOLVED: objc/execute/bf-6.m execution, -Os FAIL: objc/execute/bf-7.m compilation, -O2 UNRESOLVED: objc/execute/bf-7.m execution, -O2 FAIL: objc/execute/bf-7.m compilation, -O3 -fomit-frame-pointer UNRESOLVED: objc/execute/bf-7.m execution, -O3 -fomit-frame-pointer FAIL: objc/execute/bf-7.m compilation, -O3 -g UNRESOLVED: objc/execute/bf-7.m execution, -O3 -g FAIL: objc/execute/bf-7.m compilation, -Os UNRESOLVED: objc/execute/bf-7.m execution, -Os FAIL: objc/execute/bf-8.m compilation, -O2 UNRESOLVED: objc/execute/bf-8.m execution, -O2 FAIL: objc/execute/bf-8.m compilation, -O3 -fomit-frame-pointer UNRESOLVED: objc/execute/bf-8.m execution, -O3 -fomit-frame-pointer FAIL: objc/execute/bf-8.m compilation, -O3 -g UNRESOLVED: objc/execute/bf-8.m execution, -O3 -g FAIL: objc/execute/bf-8.m compilation, -Os UNRESOLVED: objc/execute/bf-8.m execution, -Os FAIL: objc/execute/bf-9.m compilation, -O2 UNRESOLVED: objc/execute/bf-9.m execution, -O2 FAIL: objc/execute/bf-9.m compilation, -O3 -fomit-frame-pointer UNRESOLVED: objc/execute/bf-9.m execution, -O3 -fomit-frame-pointer FAIL: objc/execute/bf-9.m compilation, -O3 -g UNRESOLVED: objc/execute/bf-9.m execution, -O3 -g FAIL: objc/execute/bf-9.m compilation, -Os UNRESOLVED: objc/execute/bf-9.m execution, -Os FAIL: objc/execute/bycopy-2.m compilation, -O2 UNRESOLVED: objc/execute/bycopy-2.m execution, -O2 FAIL: objc/execute/bycopy-2.m compilation, -O3 -fomit-frame-pointer UNRESOLVED: objc/execute/bycopy-2.m execution, -O3 -fomit-frame-pointer FAIL: objc/execute/bycopy-2.m compilation, -O3 -g UNRESOLVED: objc/execute/bycopy-2.m execution, -O3 -g FAIL: objc/execute/bycopy-2.m compilation, -Os UNRESOLVED: objc/execute/bycopy-2.m execution, -Os FAIL: objc/execute/bycopy-3.m compilation, -O2 UNRESOLVED: objc/execute/bycopy-3.m execution, -O2 FAIL: objc/execute/bycopy-3.m compilation, -O3 -fomit-frame-pointer UNRESOLVED: objc/execute/bycopy-3.m execution, -O3 -fomit-frame-pointer FAIL: objc/execute/bycopy-3.m compilation, -O3 -g UNRESOLVED: objc/execute/bycopy-3.m execution, -O3 -g FAIL: objc/execute/bycopy-3.m compilation, -Os UNRESOLVED: objc/execute/bycopy-3.m execution, -Os FAIL: objc/execute/cascading-1.m compilation, -O2 UNRESOLVED: objc/execute/cascading-1.m execution, -O2 FAIL: objc/execute/cascading-1.m compilation, -O3 -fomit-frame-pointer UNRESOLVED: objc/execute/cascading-1.m execution, -O3 -fomit-frame-pointer FAIL: objc/execute/cascading-1.m compilation, -O3 -g UNRESOLVED: objc/execute/cascading-1.m execution, -O3 -g FAIL: objc/execute/cascading-1.m compilation, -Os UNRESOLVED: objc/execute/cascading-1.m execution, -Os FAIL: objc/execute/class-1.m compilation, -O2 UNRESOLVED: objc/execute/class-1.m execution, -O2 FAIL: objc/execute/class-1.m compilation, -O3 -fomit-frame-pointer UNRESOLVED: objc/execute/class-1.m execution, -O3 -fomit-frame-pointer FAIL: objc/execute/class-1.m compilation, -O3 -g UNRESOLVED: objc/execute/class-1.m execution, -O3 -g FAIL: objc/execute/class-1.m compilation, -Os UNRESOLVED: objc/execute/class-1.m execution, -Os FAIL: objc/execute/class-10.m compilation, -O2 UNRESOLVED: objc/execute/class-10.m execution, -O2 FAIL: objc/execute/class-10.m compilation, -O3 -fomit-frame-pointer UNRESOLVED: objc/execute/class-10.m execution, -O3 -fomit-frame-pointer FAIL: objc/execute/class-10.m compilation, -O3 -g UNRESOLVED: objc/execute/class-10.m execution, -O3 -g FAIL: objc/execute/class-10.m compilation, -Os UNRESOLVED: objc/execute/class-10.m execution, -Os FAIL: objc/execute/class-11.m compilation, -O2 UNRESOLVED: objc/execute/class-11.m execution, -O2 FAIL: objc/execute/class-11.m compilation, -O3 -fomit-frame-pointer UNRESOLVED: objc/execute/class-11.m execution, -O3 -fomit-frame-pointer FAIL: objc/execute/class-11.m compilation, -O3 -g UNRESOLVED: objc/execute/class-11.m execution, -O3 -g FAIL: objc/execute/class-11.m compilation, -Os UNRESOLVED: objc/execute/class-11.m execution, -Os FAIL: objc/execute/class-12.m compilation, -O2 UNRESOLVED: objc/execute/class-12.m execution, -O2 FAIL: objc/execute/class-12.m compilation, -O3 -fomit-frame-pointer UNRESOLVED: objc/execute/class-12.m execution, -O3 -fomit-frame-pointer FAIL: objc/execute/class-12.m compilation, -O3 -g UNRESOLVED: objc/execute/class-12.m execution, -O3 -g FAIL: objc/execute/class-12.m compilation, -Os UNRESOLVED: objc/execute/class-12.m execution, -Os FAIL: objc/execute/class-13.m compilation, -O2 UNRESOLVED: objc/execute/class-13.m execution, -O2 FAIL: objc/execute/class-13.m compilation, -O3 -fomit-frame-pointer UNRESOLVED: objc/execute/class-13.m execution, -O3 -fomit-frame-pointer FAIL: objc/execute/class-13.m compilation, -O3 -g UNRESOLVED: objc/execute/class-13.m execution, -O3 -g FAIL: objc/execute/class-13.m compilation, -Os UNRESOLVED: objc/execute/class-13.m execution, -Os FAIL: objc/execute/class-14.m compilation, -O2 UNRESOLVED: objc/execute/class-14.m execution, -O2 FAIL: objc/execute/class-14.m compilation, -O3 -fomit-frame-pointer UNRESOLVED: objc/execute/class-14.m execution, -O3 -fomit-frame-pointer FAIL: objc/execute/class-14.m compilation, -O3 -g UNRESOLVED: objc/execute/class-14.m execution, -O3 -g FAIL: objc/execute/class-14.m compilation, -Os UNRESOLVED: objc/execute/class-14.m execution, -Os FAIL: objc/execute/class-2.m compilation, -O2 UNRESOLVED: objc/execute/class-2.m execution, -O2 FAIL: objc/execute/class-2.m compilation, -O3 -fomit-frame-pointer UNRESOLVED: objc/execute/class-2.m execution, -O3 -fomit-frame-pointer FAIL: objc/execute/class-2.m compilation, -O3 -g UNRESOLVED: objc/execute/class-2.m execution, -O3 -g FAIL: objc/execute/class-2.m compilation, -Os UNRESOLVED: objc/execute/class-2.m execution, -Os FAIL: objc/execute/class-3.m compilation, -O2 UNRESOLVED: objc/execute/class-3.m execution, -O2 FAIL: objc/execute/class-3.m compilation, -O3 -fomit-frame-pointer UNRESOLVED: objc/execute/class-3.m execution, -O3 -fomit-frame-pointer FAIL: objc/execute/class-3.m compilation, -O3 -g UNRESOLVED: objc/execute/class-3.m execution, -O3 -g FAIL: objc/execute/class-3.m compilation, -Os UNRESOLVED: objc/execute/class-3.m execution, -Os FAIL: objc/execute/class-4.m compilation, -O2 UNRESOLVED: objc/execute/class-4.m execution, -O2 FAIL: objc/execute/class-4.m compilation, -O3 -fomit-frame-pointer UNRESOLVED: objc/execute/class-4.m execution, -O3 -fomit-frame-pointer FAIL: objc/execute/class-4.m compilation, -O3 -g UNRESOLVED: objc/execute/class-4.m execution, -O3 -g FAIL: objc/execute/class-4.m compilation, -Os UNRESOLVED: objc/execute/class-4.m execution, -Os FAIL: objc/execute/class-5.m compilation, -O2 UNRESOLVED: objc/execute/class-5.m execution, -O2 FAIL: objc/execute/class-5.m compilation, -O3 -fomit-frame-pointer UNRESOLVED: objc/execute/class-5.m execution, -O3 -fomit-frame-pointer FAIL: objc/execute/class-5.m compilation, -O3 -g UNRESOLVED: objc/execute/class-5.m execution, -O3 -g FAIL: objc/execute/class-5.m compilation, -Os UNRESOLVED: objc/execute/class-5.m execution, -Os FAIL: objc/execute/class-6.m compilation, -O2 UNRESOLVED: objc/execute/class-6.m execution, -O2 FAIL: objc/execute/class-6.m compilation, -O3 -fomit-frame-pointer UNRESOLVED: objc/execute/class-6.m execution, -O3 -fomit-frame-pointer FAIL: objc/execute/class-6.m compilation, -O3 -g UNRESOLVED: objc/execute/class-6.m execution, -O3 -g FAIL: objc/execute/class-6.m compilation, -Os UNRESOLVED: objc/execute/class-6.m execution, -Os FAIL: objc/execute/class-7.m compilation, -O2 UNRESOLVED: objc/execute/class-7.m execution, -O2 FAIL: objc/execute/class-7.m compilation, -O3 -fomit-frame-pointer UNRESOLVED: objc/execute/class-7.m execution, -O3 -fomit-frame-pointer FAIL: objc/execute/class-7.m compilation, -O3 -g UNRESOLVED: objc/execute/class-7.m execution, -O3 -g FAIL: objc/execute/class-7.m compilation, -Os UNRESOLVED: objc/execute/class-7.m execution, -Os FAIL: objc/execute/class-8.m compilation, -O2 UNRESOLVED: objc/execute/class-8.m execution, -O2 FAIL: objc/execute/class-8.m compilation, -O3 -fomit-frame-pointer UNRESOLVED: objc/execute/class-8.m execution, -O3 -fomit-frame-pointer FAIL: objc/execute/class-8.m compilation, -O3 -g UNRESOLVED: objc/execute/class-8.m execution, -O3 -g FAIL: objc/execute/class-8.m compilation, -Os UNRESOLVED: objc/execute/class-8.m execution, -Os FAIL: objc/execute/class-9.m compilation, -O2 UNRESOLVED: objc/execute/class-9.m execution, -O2 FAIL: objc/execute/class-9.m compilation, -O3 -fomit-frame-pointer UNRESOLVED: objc/execute/class-9.m execution, -O3 -fomit-frame-pointer FAIL: objc/execute/class-9.m compilation, -O3 -g UNRESOLVED: objc/execute/class-9.m execution, -O3 -g FAIL: objc/execute/class-9.m compilation, -Os UNRESOLVED: objc/execute/class-9.m execution, -Os FAIL: objc/execute/class_self-1.m compilation, -O2 UNRESOLVED: objc/execute/class_self-1.m execution, -O2 FAIL: objc/execute/class_self-1.m compilation, -O3 -fomit-frame-pointer UNRESOLVED: objc/execute/class_self-1.m execution, -O3 -fomit-frame-pointer FAIL: objc/execute/class_self-1.m compilation, -O3 -g UNRESOLVED: objc/execute/class_self-1.m execution, -O3 -g FAIL: objc/execute/class_self-1.m compilation, -Os UNRESOLVED: objc/execute/class_self-1.m execution, -Os FAIL: objc/execute/class_self-2.m compilation, -O2 UNRESOLVED: objc/execute/class_self-2.m execution, -O2 FAIL: objc/execute/class_self-2.m compilation, -O3 -fomit-frame-pointer UNRESOLVED: objc/execute/class_self-2.m execution, -O3 -fomit-frame-pointer FAIL: objc/execute/class_self-2.m compilation, -O3 -g UNRESOLVED: objc/execute/class_self-2.m execution, -O3 -g FAIL: objc/execute/class_self-2.m compilation, -Os UNRESOLVED: objc/execute/class_self-2.m execution, -Os FAIL: objc/execute/enumeration-1.m compilation, -O2 UNRESOLVED: objc/execute/enumeration-1.m execution, -O2 FAIL: objc/execute/enumeration-1.m compilation, -O3 -fomit-frame-pointer UNRESOLVED: objc/execute/enumeration-1.m execution, -O3 -fomit-frame-pointer FAIL: objc/execute/enumeration-1.m compilation, -O3 -g UNRESOLVED: objc/execute/enumeration-1.m execution, -O3 -g FAIL: objc/execute/enumeration-1.m compilation, -Os UNRESOLVED: objc/execute/enumeration-1.m execution, -Os FAIL: objc/execute/enumeration-2.m compilation, -O2 UNRESOLVED: objc/execute/enumeration-2.m execution, -O2 FAIL: objc/execute/enumeration-2.m compilation, -O3 -fomit-frame-pointer UNRESOLVED: objc/execute/enumeration-2.m execution, -O3 -fomit-frame-pointer FAIL: objc/execute/enumeration-2.m compilation, -O3 -g UNRESOLVED: objc/execute/enumeration-2.m execution, -O3 -g FAIL: objc/execute/enumeration-2.m compilation, -Os UNRESOLVED: objc/execute/enumeration-2.m execution, -Os FAIL: objc/execute/fdecl.m compilation, -O2 UNRESOLVED: objc/execute/fdecl.m execution, -O2 FAIL: objc/execute/fdecl.m compilation, -O3 -fomit-frame-pointer UNRESOLVED: objc/execute/fdecl.m execution, -O3 -fomit-frame-pointer FAIL: objc/execute/fdecl.m compilation, -O3 -g UNRESOLVED: objc/execute/fdecl.m execution, -O3 -g FAIL: objc/execute/fdecl.m compilation, -Os UNRESOLVED: objc/execute/fdecl.m execution, -Os FAIL: objc/execute/formal_protocol-1.m compilation, -O2 UNRESOLVED: objc/execute/formal_protocol-1.m execution, -O2 FAIL: objc/execute/formal_protocol-1.m compilation, -O3 -fomit-frame-pointer UNRESOLVED: objc/execute/formal_protocol-1.m execution, -O3 -fomit-frame-pointer FAIL: objc/execute/formal_protocol-1.m compilation, -O3 -g UNRESOLVED: objc/execute/formal_protocol-1.m execution, -O3 -g FAIL: objc/execute/formal_protocol-1.m compilation, -Os UNRESOLVED: objc/execute/formal_protocol-1.m execution, -Os FAIL: objc/execute/formal_protocol-2.m compilation, -O2 UNRESOLVED: objc/execute/formal_protocol-2.m execution, -O2 FAIL: objc/execute/formal_protocol-2.m compilation, -O3 -fomit-frame-pointer UNRESOLVED: objc/execute/formal_protocol-2.m execution, -O3 -fomit-frame-pointer FAIL: objc/execute/formal_protocol-2.m compilation, -O3 -g UNRESOLVED: objc/execute/formal_protocol-2.m execution, -O3 -g FAIL: objc/execute/formal_protocol-2.m compilation, -Os UNRESOLVED: objc/execute/formal_protocol-2.m execution, -Os FAIL: objc/execute/formal_protocol-3.m compilation, -O2 UNRESOLVED: objc/execute/formal_protocol-3.m execution, -O2 FAIL: objc/execute/formal_protocol-3.m compilation, -O3 -fomit-frame-pointer UNRESOLVED: objc/execute/formal_protocol-3.m execution, -O3 -fomit-frame-pointer FAIL: objc/execute/formal_protocol-3.m compilation, -O3 -g UNRESOLVED: objc/execute/formal_protocol-3.m execution, -O3 -g FAIL: objc/execute/formal_protocol-3.m compilation, -Os UNRESOLVED: objc/execute/formal_protocol-3.m execution, -Os FAIL: objc/execute/formal_protocol-4.m compilation, -O2 UNRESOLVED: objc/execute/formal_protocol-4.m execution, -O2 FAIL: objc/execute/formal_protocol-4.m compilation, -O3 -fomit-frame-pointer UNRESOLVED: objc/execute/formal_protocol-4.m execution, -O3 -fomit-frame-pointer FAIL: objc/execute/formal_protocol-4.m compilation, -O3 -g UNRESOLVED: objc/execute/formal_protocol-4.m execution, -O3 -g FAIL: objc/execute/formal_protocol-4.m compilation, -Os UNRESOLVED: objc/execute/formal_protocol-4.m execution, -Os FAIL: objc/execute/formal_protocol-5.m compilation, -O2 UNRESOLVED: objc/execute/formal_protocol-5.m execution, -O2 FAIL: objc/execute/formal_protocol-5.m compilation, -O3 -fomit-frame-pointer UNRESOLVED: objc/execute/formal_protocol-5.m execution, -O3 -fomit-frame-pointer FAIL: objc/execute/formal_protocol-5.m compilation, -O3 -g UNRESOLVED: objc/execute/formal_protocol-5.m execution, -O3 -g FAIL: objc/execute/formal_protocol-5.m compilation, -Os UNRESOLVED: objc/execute/formal_protocol-5.m execution, -Os FAIL: objc/execute/formal_protocol-6.m compilation, -O2 UNRESOLVED: objc/execute/formal_protocol-6.m execution, -O2 FAIL: objc/execute/formal_protocol-6.m compilation, -O3 -fomit-frame-pointer UNRESOLVED: objc/execute/formal_protocol-6.m execution, -O3 -fomit-frame-pointer FAIL: objc/execute/formal_protocol-6.m compilation, -O3 -g UNRESOLVED: objc/execute/formal_protocol-6.m execution, -O3 -g FAIL: objc/execute/formal_protocol-6.m compilation, -Os UNRESOLVED: objc/execute/formal_protocol-6.m execution, -Os FAIL: objc/execute/formal_protocol-7.m compilation, -O2 UNRESOLVED: objc/execute/formal_protocol-7.m execution, -O2 FAIL: objc/execute/formal_protocol-7.m compilation, -O3 -fomit-frame-pointer UNRESOLVED: objc/execute/formal_protocol-7.m execution, -O3 -fomit-frame-pointer FAIL: objc/execute/formal_protocol-7.m compilation, -O3 -g UNRESOLVED: objc/execute/formal_protocol-7.m execution, -O3 -g FAIL: objc/execute/formal_protocol-7.m compilation, -Os UNRESOLVED: objc/execute/formal_protocol-7.m execution, -Os FAIL: objc/execute/function-message-1.m compilation, -O2 UNRESOLVED: objc/execute/function-message-1.m execution, -O2 FAIL: objc/execute/function-message-1.m compilation, -O3 -fomit-frame-pointer UNRESOLVED: objc/execute/function-message-1.m execution, -O3 -fomit-frame-pointer FAIL: objc/execute/function-message-1.m compilation, -O3 -g UNRESOLVED: objc/execute/function-message-1.m execution, -O3 -g FAIL: objc/execute/function-message-1.m compilation, -Os UNRESOLVED: objc/execute/function-message-1.m execution, -Os FAIL: objc/execute/initialize.m compilation, -O2 UNRESOLVED: objc/execute/initialize.m execution, -O2 FAIL: objc/execute/initialize.m compilation, -O3 -fomit-frame-pointer UNRESOLVED: objc/execute/initialize.m execution, -O3 -fomit-frame-pointer FAIL: objc/execute/initialize.m compilation, -O3 -g UNRESOLVED: objc/execute/initialize.m execution, -O3 -g FAIL: objc/execute/initialize.m compilation, -Os UNRESOLVED: objc/execute/initialize.m execution, -Os FAIL: objc/execute/load-2.m compilation, -O2 UNRESOLVED: objc/execute/load-2.m execution, -O2 FAIL: objc/execute/load-2.m compilation, -O3 -fomit-frame-pointer UNRESOLVED: objc/execute/load-2.m execution, -O3 -fomit-frame-pointer FAIL: objc/execute/load-2.m compilation, -O3 -g UNRESOLVED: objc/execute/load-2.m execution, -O3 -g FAIL: objc/execute/load-2.m compilation, -Os UNRESOLVED: objc/execute/load-2.m execution, -Os FAIL: objc/execute/load-3.m compilation, -O2 UNRESOLVED: objc/execute/load-3.m execution, -O2 FAIL: objc/execute/load-3.m compilation, -O3 -fomit-frame-pointer UNRESOLVED: objc/execute/load-3.m execution, -O3 -fomit-frame-pointer FAIL: objc/execute/load-3.m compilation, -O3 -fomit-frame-pointer -funroll-loops UNRESOLVED: objc/execute/load-3.m execution, -O3 -fomit-frame-pointer -funroll-loops FAIL: objc/execute/load-3.m compilation, -O3 -fomit-frame-pointer -funroll-all-loops -finline-functions UNRESOLVED: objc/execute/load-3.m execution, -O3 -fomit-frame-pointer -funroll-all-loops -finline-functions FAIL: objc/execute/load-3.m compilation, -O3 -g UNRESOLVED: objc/execute/load-3.m execution, -O3 -g FAIL: objc/execute/load-3.m compilation, -Os UNRESOLVED: objc/execute/load-3.m execution, -Os FAIL: objc/execute/load.m compilation, -O2 UNRESOLVED: objc/execute/load.m execution, -O2 FAIL: objc/execute/load.m compilation, -O3 -fomit-frame-pointer UNRESOLVED: objc/execute/load.m execution, -O3 -fomit-frame-pointer FAIL: objc/execute/load.m compilation, -O3 -g UNRESOLVED: objc/execute/load.m execution, -O3 -g FAIL: objc/execute/load.m compilation, -Os UNRESOLVED: objc/execute/load.m execution, -Os FAIL: objc/execute/many_args_method.m compilation, -O2 UNRESOLVED: objc/execute/many_args_method.m execution, -O2 FAIL: objc/execute/many_args_method.m compilation, -O3 -fomit-frame-pointer UNRESOLVED: objc/execute/many_args_method.m execution, -O3 -fomit-frame-pointer FAIL: objc/execute/many_args_method.m compilation, -O3 -g UNRESOLVED: objc/execute/many_args_method.m execution, -O3 -g FAIL: objc/execute/many_args_method.m compilation, -Os UNRESOLVED: objc/execute/many_args_method.m execution, -Os FAIL: objc/execute/nested-3.m compilation, -O2 UNRESOLVED: objc/execute/nested-3.m execution, -O2 FAIL: objc/execute/nested-3.m compilation, -O3 -fomit-frame-pointer UNRESOLVED: objc/execute/nested-3.m execution, -O3 -fomit-frame-pointer FAIL: objc/execute/nested-3.m compilation, -O3 -g UNRESOLVED: objc/execute/nested-3.m execution, -O3 -g FAIL: objc/execute/nested-3.m compilation, -Os UNRESOLVED: objc/execute/nested-3.m execution, -Os FAIL: objc/execute/no_clash.m compilation, -O2 UNRESOLVED: objc/execute/no_clash.m execution, -O2 FAIL: objc/execute/no_clash.m compilation, -O3 -fomit-frame-pointer UNRESOLVED: objc/execute/no_clash.m execution, -O3 -fomit-frame-pointer FAIL: objc/execute/no_clash.m compilation, -O3 -g UNRESOLVED: objc/execute/no_clash.m execution, -O3 -g FAIL: objc/execute/no_clash.m compilation, -Os UNRESOLVED: objc/execute/no_clash.m execution, -Os FAIL: objc/execute/np-1.m compilation, -O2 UNRESOLVED: objc/execute/np-1.m execution, -O2 FAIL: objc/execute/np-1.m compilation, -O3 -fomit-frame-pointer UNRESOLVED: objc/execute/np-1.m execution, -O3 -fomit-frame-pointer FAIL: objc/execute/np-1.m compilation, -O3 -g UNRESOLVED: objc/execute/np-1.m execution, -O3 -g FAIL: objc/execute/np-1.m compilation, -Os UNRESOLVED: objc/execute/np-1.m execution, -Os FAIL: objc/execute/np-2.m compilation, -O2 UNRESOLVED: objc/execute/np-2.m execution, -O2 FAIL: objc/execute/np-2.m compilation, -O3 -fomit-frame-pointer UNRESOLVED: objc/execute/np-2.m execution, -O3 -fomit-frame-pointer FAIL: objc/execute/np-2.m compilation, -O3 -g UNRESOLVED: objc/execute/np-2.m execution, -O3 -g FAIL: objc/execute/np-2.m compilation, -Os UNRESOLVED: objc/execute/np-2.m execution, -Os FAIL: objc/execute/object_is_class.m compilation, -O2 UNRESOLVED: objc/execute/object_is_class.m execution, -O2 FAIL: objc/execute/object_is_class.m compilation, -O3 -fomit-frame-pointer UNRESOLVED: objc/execute/object_is_class.m execution, -O3 -fomit-frame-pointer FAIL: objc/execute/object_is_class.m compilation, -O3 -g UNRESOLVED: objc/execute/object_is_class.m execution, -O3 -g FAIL: objc/execute/object_is_class.m compilation, -Os UNRESOLVED: objc/execute/object_is_class.m execution, -Os FAIL: objc/execute/object_is_meta_class.m compilation, -O2 UNRESOLVED: objc/execute/object_is_meta_class.m execution, -O2 FAIL: objc/execute/object_is_meta_class.m compilation, -O3 -fomit-frame-pointer UNRESOLVED: objc/execute/object_is_meta_class.m execution, -O3 -fomit-frame-pointer FAIL: objc/execute/object_is_meta_class.m compilation, -O3 -g UNRESOLVED: objc/execute/object_is_meta_class.m execution, -O3 -g FAIL: objc/execute/object_is_meta_class.m compilation, -Os UNRESOLVED: objc/execute/object_is_meta_class.m execution, -Os FAIL: objc/execute/private.m compilation, -O2 UNRESOLVED: objc/execute/private.m execution, -O2 FAIL: objc/execute/private.m compilation, -O3 -fomit-frame-pointer UNRESOLVED: objc/execute/private.m execution, -O3 -fomit-frame-pointer FAIL: objc/execute/private.m compilation, -O3 -g UNRESOLVED: objc/execute/private.m execution, -O3 -g FAIL: objc/execute/private.m compilation, -Os UNRESOLVED: objc/execute/private.m execution, -Os FAIL: objc/execute/protocol-isEqual-1.m compilation, -O2 UNRESOLVED: objc/execute/protocol-isEqual-1.m execution, -O2 FAIL: objc/execute/protocol-isEqual-1.m compilation, -O3 -fomit-frame-pointer UNRESOLVED: objc/execute/protocol-isEqual-1.m execution, -O3 -fomit-frame-pointer FAIL: objc/execute/protocol-isEqual-1.m compilation, -O3 -g UNRESOLVED: objc/execute/protocol-isEqual-1.m execution, -O3 -g FAIL: objc/execute/protocol-isEqual-1.m compilation, -Os UNRESOLVED: objc/execute/protocol-isEqual-1.m execution, -Os FAIL: objc/execute/protocol-isEqual-2.m compilation, -O2 UNRESOLVED: objc/execute/protocol-isEqual-2.m execution, -O2 FAIL: objc/execute/protocol-isEqual-2.m compilation, -O3 -fomit-frame-pointer UNRESOLVED: objc/execute/protocol-isEqual-2.m execution, -O3 -fomit-frame-pointer FAIL: objc/execute/protocol-isEqual-2.m compilation, -O3 -g UNRESOLVED: objc/execute/protocol-isEqual-2.m execution, -O3 -g FAIL: objc/execute/protocol-isEqual-2.m compilation, -Os UNRESOLVED: objc/execute/protocol-isEqual-2.m execution, -Os FAIL: objc/execute/protocol-isEqual-3.m compilation, -O2 UNRESOLVED: objc/execute/protocol-isEqual-3.m execution, -O2 FAIL: objc/execute/protocol-isEqual-3.m compilation, -O3 -fomit-frame-pointer UNRESOLVED: objc/execute/protocol-isEqual-3.m execution, -O3 -fomit-frame-pointer FAIL: objc/execute/protocol-isEqual-3.m compilation, -O3 -g UNRESOLVED: objc/execute/protocol-isEqual-3.m execution, -O3 -g FAIL: objc/execute/protocol-isEqual-3.m compilation, -Os UNRESOLVED: objc/execute/protocol-isEqual-3.m execution, -Os FAIL: objc/execute/protocol-isEqual-4.m compilation, -O2 UNRESOLVED: objc/execute/protocol-isEqual-4.m execution, -O2 FAIL: objc/execute/protocol-isEqual-4.m compilation, -O3 -fomit-frame-pointer UNRESOLVED: objc/execute/protocol-isEqual-4.m execution, -O3 -fomit-frame-pointer FAIL: objc/execute/protocol-isEqual-4.m compilation, -O3 -g UNRESOLVED: objc/execute/protocol-isEqual-4.m execution, -O3 -g FAIL: objc/execute/protocol-isEqual-4.m compilation, -Os UNRESOLVED: objc/execute/protocol-isEqual-4.m execution, -Os FAIL: objc/execute/protocol.m compilation, -O2 UNRESOLVED: objc/execute/protocol.m execution, -O2 FAIL: objc/execute/protocol.m compilation, -O3 -fomit-frame-pointer UNRESOLVED: objc/execute/protocol.m execution, -O3 -fomit-frame-pointer FAIL: objc/execute/protocol.m compilation, -O3 -g UNRESOLVED: objc/execute/protocol.m execution, -O3 -g FAIL: objc/execute/protocol.m compilation, -Os UNRESOLVED: objc/execute/protocol.m execution, -Os FAIL: objc/execute/redefining_self.m compilation, -O2 UNRESOLVED: objc/execute/redefining_self.m execution, -O2 FAIL: objc/execute/redefining_self.m compilation, -O3 -fomit-frame-pointer UNRESOLVED: objc/execute/redefining_self.m execution, -O3 -fomit-frame-pointer FAIL: objc/execute/redefining_self.m compilation, -O3 -g UNRESOLVED: objc/execute/redefining_self.m execution, -O3 -g FAIL: objc/execute/redefining_self.m compilation, -Os UNRESOLVED: objc/execute/redefining_self.m execution, -Os FAIL: objc/execute/root_methods.m compilation, -O2 UNRESOLVED: objc/execute/root_methods.m execution, -O2 FAIL: objc/execute/root_methods.m compilation, -O3 -fomit-frame-pointer UNRESOLVED: objc/execute/root_methods.m execution, -O3 -fomit-frame-pointer FAIL: objc/execute/root_methods.m compilation, -O3 -g UNRESOLVED: objc/execute/root_methods.m execution, -O3 -g FAIL: objc/execute/root_methods.m compilation, -Os UNRESOLVED: objc/execute/root_methods.m execution, -Os FAIL: objc/execute/static-1.m compilation, -O2 UNRESOLVED: objc/execute/static-1.m execution, -O2 FAIL: objc/execute/static-1.m compilation, -O3 -fomit-frame-pointer UNRESOLVED: objc/execute/static-1.m execution, -O3 -fomit-frame-pointer FAIL: objc/execute/static-1.m compilation, -O3 -g UNRESOLVED: objc/execute/static-1.m execution, -O3 -g FAIL: objc/execute/static-1.m compilation, -Os UNRESOLVED: objc/execute/static-1.m execution, -Os FAIL: objc/execute/static-2.m compilation, -O2 UNRESOLVED: objc/execute/static-2.m execution, -O2 FAIL: objc/execute/static-2.m compilation, -O3 -fomit-frame-pointer UNRESOLVED: objc/execute/static-2.m execution, -O3 -fomit-frame-pointer FAIL: objc/execute/static-2.m compilation, -O3 -g UNRESOLVED: objc/execute/static-2.m execution, -O3 -g FAIL: objc/execute/static-2.m compilation, -Os UNRESOLVED: objc/execute/static-2.m execution, -Os FAIL: objc/execute/va_method.m compilation, -O2 UNRESOLVED: objc/execute/va_method.m execution, -O2 FAIL: objc/execute/va_method.m compilation, -O3 -fomit-frame-pointer UNRESOLVED: objc/execute/va_method.m execution, -O3 -fomit-frame-pointer FAIL: objc/execute/va_method.m compilation, -O3 -fomit-frame-pointer -funroll-loops UNRESOLVED: objc/execute/va_method.m execution, -O3 -fomit-frame-pointer -funroll-loops FAIL: objc/execute/va_method.m compilation, -O3 -fomit-frame-pointer -funroll-all-loops -finline-functions UNRESOLVED: objc/execute/va_method.m execution, -O3 -fomit-frame-pointer -funroll-all-loops -finline-functions FAIL: objc/execute/va_method.m compilation, -O3 -g UNRESOLVED: objc/execute/va_method.m execution, -O3 -g FAIL: objc/execute/va_method.m compilation, -Os UNRESOLVED: objc/execute/va_method.m execution, -Os === objc Summary === # of expected passes 894 # of unexpected failures 308 # of unresolved testcases 308 # of unsupported tests 8 /amnt/figaro/volumes/obj-gcc/gcc/obj.sol86/gcc-4.0.0-20041027/10-gcc/gcc/xgcc version 4.0.0 20041027 (experimental) === libffi tests === Running target unix === libffi Summary === # of expected passes 216 # of unsupported tests 2 === libjava tests === Running target unix FAIL: FileHandleGcTest execution - source compiled test FAIL: FileHandleGcTest execution - gij test FAIL: FileHandleGcTest execution - bytecode->native test FAIL: FileHandleGcTest -O3 execution - source compiled test FAIL: FileHandleGcTest execution - gij test FAIL: FileHandleGcTest -O3 execution - bytecode->native test WARNING: program timed out. FAIL: Process_1 execution - source compiled test WARNING: program timed out. FAIL: Process_1 execution - gij test WARNING: program timed out. FAIL: Process_1 execution - bytecode->native test WARNING: program timed out. FAIL: Process_1 -O3 execution - source compiled test WARNING: program timed out. FAIL: Process_1 execution - gij test WARNING: program timed out. FAIL: Process_1 -O3 execution - bytecode->native test WARNING: program timed out. FAIL: Process_2 execution - source compiled test WARNING: program timed out. FAIL: Process_2 execution - gij test WARNING: program timed out. FAIL: Process_2 execution - bytecode->native test WARNING: program timed out. FAIL: Process_2 -O3 execution - source compiled test WARNING: program timed out. FAIL: Process_2 execution - gij test WARNING: program timed out. FAIL: Process_2 -O3 execution - bytecode->native test WARNING: program timed out. FAIL: Process_3 execution - source compiled test WARNING: program timed out. FAIL: Process_3 execution - gij test WARNING: program timed out. FAIL: Process_3 execution - bytecode->native test WARNING: program timed out. FAIL: Process_3 -O3 execution - source compiled test WARNING: program timed out. FAIL: Process_3 execution - gij test WARNING: program timed out. FAIL: Process_3 -O3 execution - bytecode->native test WARNING: program timed out. FAIL: Process_4 execution - source compiled test WARNING: program timed out. FAIL: Process_4 execution - gij test WARNING: program timed out. FAIL: Process_4 execution - bytecode->native test WARNING: program timed out. FAIL: Process_4 -O3 execution - source compiled test WARNING: program timed out. FAIL: Process_4 execution - gij test WARNING: program timed out. FAIL: Process_4 -O3 execution - bytecode->native test WARNING: program timed out. FAIL: Process_5 execution - source compiled test WARNING: program timed out. FAIL: Process_5 execution - gij test WARNING: program timed out. FAIL: Process_5 execution - bytecode->native test WARNING: program timed out. FAIL: Process_5 -O3 execution - source compiled test WARNING: program timed out. FAIL: Process_5 execution - gij test WARNING: program timed out. FAIL: Process_5 -O3 execution - bytecode->native test FAIL: Throw_2 execution - source compiled test FAIL: Throw_2 execution - gij test FAIL: Throw_2 execution - bytecode->native test FAIL: Throw_2 -O3 execution - source compiled test FAIL: Throw_2 execution - gij test FAIL: Throw_2 -O3 execution - bytecode->native test FAIL: md5test output - source compiled test FAIL: md5test output - gij test FAIL: md5test output - bytecode->native test FAIL: md5test -O3 output - source compiled test FAIL: md5test output - gij test FAIL: md5test -O3 output - bytecode->native test FAIL: shatest output - source compiled test FAIL: shatest output - gij test FAIL: shatest output - bytecode->native test FAIL: shatest -O3 output - source compiled test FAIL: shatest output - gij test FAIL: shatest -O3 output - bytecode->native test === libjava Summary === # of expected passes 3553 # of unexpected failures 54 # of expected failures 14 # of untested testcases 58 === libstdc++ tests === Running target unix XPASS: 22_locale/locale/cons/12658_thread-1.cc execution test FAIL: 22_locale/num_put/put/char/14220.cc execution test FAIL: 22_locale/num_put/put/wchar_t/14220.cc execution test FAIL: 23_containers/list/cons/5.cc (test for excess errors) WARNING: 23_containers/list/cons/5.cc compilation failed to produce executable FAIL: ext/concept_checks.cc (test for excess errors) WARNING: ext/concept_checks.cc compilation failed to produce executable FAIL: tr1/6_containers/tuple/comparison_operators/comparisons.cc (test for excess errors) WARNING: tr1/6_containers/tuple/comparison_operators/comparisons.cc compilation failed to produce executable FAIL: tr1/6_containers/tuple/cons/assignment.cc (test for excess errors) WARNING: tr1/6_containers/tuple/cons/assignment.cc compilation failed to produce executable FAIL: tr1/6_containers/tuple/cons/big_tuples.cc (test for excess errors) WARNING: tr1/6_containers/tuple/cons/big_tuples.cc compilation failed to produce executable FAIL: tr1/6_containers/tuple/cons/constructor.cc (test for excess errors) WARNING: tr1/6_containers/tuple/cons/constructor.cc compilation failed to produce executable FAIL: tr1/6_containers/tuple/creation_functions/make_tuple.cc (test for excess errors) WARNING: tr1/6_containers/tuple/creation_functions/make_tuple.cc compilation failed to produce executable FAIL: tr1/6_containers/tuple/creation_functions/tie.cc (test for excess errors) WARNING: tr1/6_containers/tuple/creation_functions/tie.cc compilation failed to produce executable FAIL: tr1/6_containers/tuple/element_access/get.cc (test for excess errors) WARNING: tr1/6_containers/tuple/element_access/get.cc compilation failed to produce executable FAIL: tr1/6_containers/tuple/tuple_element.cc (test for excess errors) WARNING: tr1/6_containers/tuple/tuple_element.cc compilation failed to produce executable FAIL: tr1/6_containers/tuple/tuple_size.cc (test for excess errors) WARNING: tr1/6_containers/tuple/tuple_size.cc compilation failed to produce executable === libstdc++ Summary === # of expected passes 3032 # of unexpected failures 13 # of unexpected successes 1 # of expected failures 5 Compiler version: 4.0.0 20041027 (experimental) Platform: i386-pc-solaris2.10 configure flags: --prefix=/vol/gcc --with-local-prefix=/vol/gcc --disable-nls --with-gmp-dir=/vol/gnu/obj/gmp-4.1.3 --with-mpfr-dir=/vol/gnu/obj/gmp-4.1.3 --disable-libmudflap --enable-languages=c,c++,f95,java,objc BOOT_CFLAGS=-g -O2
Index Nav: | [Date Index] [Subject Index] [Author Index] [Thread Index] | |
---|---|---|
Message Nav: | [Date Prev] [Date Next] | [Thread Prev] [Thread Next] |