This is the mail archive of the
gcc-testresults@gcc.gnu.org
mailing list for the GCC project.
Results for 4.0.0 20041021 (experimental) testsuite on hppa64-hp-hpux11.11
- From: John David Anglin <dave at hiauly3 dot hia dot nrc dot ca>
- To: dave at hiauly3 dot hia dot nrc dot ca, gcc-testresults at gcc dot gnu dot org
- Date: Thu, 21 Oct 2004 19:29:13 -0400 (EDT)
- Subject: Results for 4.0.0 20041021 (experimental) testsuite on hppa64-hp-hpux11.11
LAST_UPDATED: Thu Oct 21 02:25:21 UTC 2004
Native configuration is hppa64-hp-hpux11.11
=== g++ tests ===
Running target unix
FAIL: g++.dg/abi/inline1.C scan-assembler-not _ZTV1S
WARNING: program timed out.
FAIL: g++.dg/eh/cleanup1.C (test for excess errors)
FAIL: g++.dg/expr/cast2.C (test for errors, line 4)
XPASS: g++.dg/other/packed1.C execution test
FAIL: g++.dg/parse/cast1.C (test for excess errors)
XPASS: g++.dg/rtti/tinfo1.C scan-assembler-not .globl[ \\t]+_ZTIP9CTemplateIhE
XPASS: g++.dg/rtti/tinfo1.C scan-assembler-not .section[^\\n\\r]*_ZTIP9CTemplateIhE[^\\n\\r]*
FAIL: g++.dg/warn/weak1.C (test for excess errors)
WARNING: g++.dg/warn/weak1.C compilation failed to produce executable
FAIL: g++.old-deja/g++.eh/badalloc1.C execution test
FAIL: g++.old-deja/g++.law/profile1.C (test for excess errors)
WARNING: g++.old-deja/g++.law/profile1.C compilation failed to produce executable
WARNING: g++.old-deja/g++.mike/p10769a.C compilation failed to produce executable
FAIL: g++.old-deja/g++.mike/p784.C (test for excess errors)
WARNING: g++.old-deja/g++.other/enum5.C compilation failed to produce executable
FAIL: g++.old-deja/g++.other/thunk1.C (test for excess errors)
WARNING: g++.old-deja/g++.other/thunk1.C compilation failed to produce executable
=== g++ Summary ===
# of expected passes 9825
# of unexpected failures 9
# of unexpected successes 3
# of expected failures 78
# of unsupported tests 94
/test/gnu/gcc-3.3/objdir/gcc/testsuite/../g++ version 4.0.0 20041021 (experimental)
=== gcc tests ===
Running target unix
WARNING: program timed out.
FAIL: gcc.c-torture/compile/20001226-1.c -O2 (test for excess errors)
WARNING: program timed out.
FAIL: gcc.c-torture/compile/20001226-1.c -O3 -fomit-frame-pointer (test for excess errors)
WARNING: program timed out.
FAIL: gcc.c-torture/compile/20001226-1.c -O3 -g (test for excess errors)
FAIL: gcc.c-torture/compile/20020210-1.c -O1 (test for excess errors)
FAIL: gcc.c-torture/compile/20020210-1.c -O2 (test for excess errors)
FAIL: gcc.c-torture/compile/20020210-1.c -O3 -fomit-frame-pointer (test for excess errors)
FAIL: gcc.c-torture/compile/20020210-1.c -O3 -g (test for excess errors)
FAIL: gcc.c-torture/compile/20020210-1.c -Os (test for excess errors)
FAIL: gcc.c-torture/compile/nested-1.c -O0 (test for excess errors)
FAIL: gcc.c-torture/compile/nested-1.c -O1 (test for excess errors)
FAIL: gcc.c-torture/compile/nested-1.c -O2 (test for excess errors)
FAIL: gcc.c-torture/compile/nested-1.c -O3 -fomit-frame-pointer (test for excess errors)
FAIL: gcc.c-torture/compile/nested-1.c -O3 -g (test for excess errors)
FAIL: gcc.c-torture/compile/nested-1.c -Os (test for excess errors)
XPASS: gcc.c-torture/compile/pr17529.c -O0 (test for excess errors)
XPASS: gcc.c-torture/execute/20020227-1.c execution, -O3 -fomit-frame-pointer
XPASS: gcc.c-torture/execute/20020227-1.c execution, -O3 -g
WARNING: program timed out.
FAIL: gcc.c-torture/execute/20040307-1.c compilation, -O1
UNRESOLVED: gcc.c-torture/execute/20040307-1.c execution, -O1
WARNING: program timed out.
FAIL: gcc.c-torture/execute/20040307-1.c compilation, -O2
UNRESOLVED: gcc.c-torture/execute/20040307-1.c execution, -O2
WARNING: program timed out.
FAIL: gcc.c-torture/execute/20040307-1.c compilation, -O3 -fomit-frame-pointer
UNRESOLVED: gcc.c-torture/execute/20040307-1.c execution, -O3 -fomit-frame-pointer
WARNING: program timed out.
FAIL: gcc.c-torture/execute/20040307-1.c compilation, -O3 -fomit-frame-pointer -funroll-loops
UNRESOLVED: gcc.c-torture/execute/20040307-1.c execution, -O3 -fomit-frame-pointer -funroll-loops
WARNING: program timed out.
FAIL: gcc.c-torture/execute/20040307-1.c compilation, -O3 -fomit-frame-pointer -funroll-all-loops -finline-functions
UNRESOLVED: gcc.c-torture/execute/20040307-1.c execution, -O3 -fomit-frame-pointer -funroll-all-loops -finline-functions
WARNING: program timed out.
FAIL: gcc.c-torture/execute/20040307-1.c compilation, -O3 -g
UNRESOLVED: gcc.c-torture/execute/20040307-1.c execution, -O3 -g
WARNING: program timed out.
FAIL: gcc.c-torture/execute/20040307-1.c compilation, -Os
UNRESOLVED: gcc.c-torture/execute/20040307-1.c execution, -Os
FAIL: gcc.c-torture/execute/20040709-1.c execution, -O1
FAIL: gcc.c-torture/execute/20040709-1.c execution, -O2
FAIL: gcc.c-torture/execute/20040709-2.c execution, -O1
FAIL: gcc.c-torture/execute/20040709-2.c execution, -O2
FAIL: gcc.c-torture/execute/strct-pack-3.c execution, -O1
FAIL: gcc.c-torture/execute/strct-pack-3.c execution, -O2
FAIL: gcc.c-torture/execute/strct-pack-3.c execution, -O3 -fomit-frame-pointer
FAIL: gcc.c-torture/execute/strct-pack-3.c execution, -O3 -g
FAIL: gcc.c-torture/execute/strct-pack-3.c execution, -Os
FAIL: gcc.c-torture/execute/ieee/compare-fp-3.c compilation, -O1
UNRESOLVED: gcc.c-torture/execute/ieee/compare-fp-3.c execution, -O1
FAIL: gcc.c-torture/execute/ieee/compare-fp-3.c compilation, -O2
UNRESOLVED: gcc.c-torture/execute/ieee/compare-fp-3.c execution, -O2
FAIL: gcc.c-torture/execute/ieee/compare-fp-3.c compilation, -O3 -fomit-frame-pointer
UNRESOLVED: gcc.c-torture/execute/ieee/compare-fp-3.c execution, -O3 -fomit-frame-pointer
FAIL: gcc.c-torture/execute/ieee/compare-fp-3.c compilation, -O3 -g
UNRESOLVED: gcc.c-torture/execute/ieee/compare-fp-3.c execution, -O3 -g
FAIL: gcc.c-torture/execute/ieee/compare-fp-3.c compilation, -Os
UNRESOLVED: gcc.c-torture/execute/ieee/compare-fp-3.c execution, -Os
WARNING: Could not compile gcc.dg/compat/struct-layout-1 generator
FAIL: gcc.dg/debug/dwarf2/dwarf-die7.c scan-assembler 1.*DW_AT_inline
FAIL: gcc.dg/20021014-1.c (test for excess errors)
WARNING: gcc.dg/20021014-1.c compilation failed to produce executable
FAIL: gcc.dg/20040813-1.c (test for excess errors)
ERROR: gcc.dg/20040813-1.c: error executing dg-final: couldn't open "20040813-1.s": no such file or directory
UNRESOLVED: gcc.dg/20040813-1.c: error executing dg-final: couldn't open "20040813-1.s": no such file or directory
FAIL: gcc.dg/c90-const-expr-3.c (test for excess errors)
FAIL: gcc.dg/c99-const-expr-3.c (test for excess errors)
XPASS: gcc.dg/funcorder.c scan-assembler-not link_error,%r
FAIL: gcc.dg/nest.c (test for excess errors)
WARNING: gcc.dg/nest.c compilation failed to produce executable
FAIL: gcc.dg/sibcall-3.c execution test
FAIL: gcc.dg/sibcall-4.c execution test
FAIL: gcc.dg/struct-ret-1.c (test for excess errors)
FAIL: gcc.dg/uninit-H.c (test for bogus messages, line 20)
FAIL: gcc.dg/uninit-H.c (test for excess errors)
FAIL: largefile.c -O0 -g (test for excess errors)
FAIL: largefile.c -O0 (test for excess errors)
FAIL: largefile.c -O1 (test for excess errors)
FAIL: largefile.c -O2 (test for excess errors)
FAIL: largefile.c -O3 -fomit-frame-pointer (test for excess errors)
FAIL: largefile.c -O3 -g (test for excess errors)
FAIL: largefile.c -Os (test for excess errors)
FAIL: gcc.dg/tree-ssa/asm-2.c (test for excess errors)
FAIL: gcc.dg/tree-ssa/asm-3.c (test for excess errors)
FAIL: gcc.dg/tree-ssa/loop-1.c scan-assembler-times foo 5
=== gcc Summary ===
# of expected passes 29994
# of unexpected failures 56
# of unexpected successes 4
# of expected failures 74
# of unresolved testcases 13
# of untested testcases 35
# of unsupported tests 533
/test/gnu/gcc-3.3/objdir/gcc/xgcc version 4.0.0 20041021 (experimental)
=== gfortran tests ===
Running target unix
FAIL: gfortran.dg/assignment_1.f90 -O0 (test for excess errors)
FAIL: gfortran.dg/assignment_1.f90 -O1 (test for excess errors)
FAIL: gfortran.dg/assignment_1.f90 -O2 (test for excess errors)
FAIL: gfortran.dg/assignment_1.f90 -O3 -fomit-frame-pointer (test for excess errors)
FAIL: gfortran.dg/assignment_1.f90 -O3 -fomit-frame-pointer -funroll-loops (test for excess errors)
FAIL: gfortran.dg/assignment_1.f90 -O3 -fomit-frame-pointer -funroll-all-loops -finline-functions (test for excess errors)
FAIL: gfortran.dg/assignment_1.f90 -O3 -g (test for excess errors)
FAIL: gfortran.dg/assignment_1.f90 -Os (test for excess errors)
FAIL: gfortran.dg/auto_array_1.f90 -O0 (test for excess errors)
FAIL: gfortran.dg/auto_array_1.f90 -O1 (test for excess errors)
FAIL: gfortran.dg/auto_array_1.f90 -O2 (test for excess errors)
FAIL: gfortran.dg/auto_array_1.f90 -O3 -fomit-frame-pointer (test for excess errors)
FAIL: gfortran.dg/auto_array_1.f90 -O3 -fomit-frame-pointer -funroll-loops (test for excess errors)
FAIL: gfortran.dg/auto_array_1.f90 -O3 -fomit-frame-pointer -funroll-all-loops -finline-functions (test for excess errors)
FAIL: gfortran.dg/auto_array_1.f90 -O3 -g (test for excess errors)
FAIL: gfortran.dg/auto_array_1.f90 -Os (test for excess errors)
FAIL: gfortran.dg/blockdata_1.f90 -O0 (test for excess errors)
FAIL: gfortran.dg/blockdata_1.f90 -O1 (test for excess errors)
FAIL: gfortran.dg/blockdata_1.f90 -O2 (test for excess errors)
FAIL: gfortran.dg/blockdata_1.f90 -O3 -fomit-frame-pointer (test for excess errors)
FAIL: gfortran.dg/blockdata_1.f90 -O3 -fomit-frame-pointer -funroll-loops (test for excess errors)
FAIL: gfortran.dg/blockdata_1.f90 -O3 -fomit-frame-pointer -funroll-all-loops -finline-functions (test for excess errors)
FAIL: gfortran.dg/blockdata_1.f90 -O3 -g (test for excess errors)
FAIL: gfortran.dg/blockdata_1.f90 -Os (test for excess errors)
FAIL: gfortran.dg/common_pointer_1.f90 -O0 (test for excess errors)
FAIL: gfortran.dg/common_pointer_1.f90 -O1 (test for excess errors)
FAIL: gfortran.dg/common_pointer_1.f90 -O2 (test for excess errors)
FAIL: gfortran.dg/common_pointer_1.f90 -O3 -fomit-frame-pointer (test for excess errors)
FAIL: gfortran.dg/common_pointer_1.f90 -O3 -fomit-frame-pointer -funroll-loops (test for excess errors)
FAIL: gfortran.dg/common_pointer_1.f90 -O3 -fomit-frame-pointer -funroll-all-loops -finline-functions (test for excess errors)
FAIL: gfortran.dg/common_pointer_1.f90 -O3 -g (test for excess errors)
FAIL: gfortran.dg/common_pointer_1.f90 -Os (test for excess errors)
FAIL: gfortran.dg/contained_1.f90 -O0 (test for excess errors)
FAIL: gfortran.dg/contained_1.f90 -O1 (test for excess errors)
FAIL: gfortran.dg/contained_1.f90 -O2 (test for excess errors)
FAIL: gfortran.dg/contained_1.f90 -O3 -fomit-frame-pointer (test for excess errors)
FAIL: gfortran.dg/contained_1.f90 -O3 -fomit-frame-pointer -funroll-loops (test for excess errors)
FAIL: gfortran.dg/contained_1.f90 -O3 -fomit-frame-pointer -funroll-all-loops -finline-functions (test for excess errors)
FAIL: gfortran.dg/contained_1.f90 -O3 -g (test for excess errors)
FAIL: gfortran.dg/contained_1.f90 -Os (test for excess errors)
FAIL: gfortran.dg/der_array_1.f90 -O0 (test for excess errors)
FAIL: gfortran.dg/der_array_1.f90 -O0 execution test
FAIL: gfortran.dg/der_array_1.f90 -O1 (test for excess errors)
FAIL: gfortran.dg/der_array_1.f90 -O1 execution test
FAIL: gfortran.dg/der_array_1.f90 -O2 (test for excess errors)
FAIL: gfortran.dg/der_array_1.f90 -O2 execution test
FAIL: gfortran.dg/der_array_1.f90 -O3 -fomit-frame-pointer (test for excess errors)
FAIL: gfortran.dg/der_array_1.f90 -O3 -fomit-frame-pointer execution test
FAIL: gfortran.dg/der_array_1.f90 -O3 -fomit-frame-pointer -funroll-loops (test for excess errors)
FAIL: gfortran.dg/der_array_1.f90 -O3 -fomit-frame-pointer -funroll-loops execution test
FAIL: gfortran.dg/der_array_1.f90 -O3 -fomit-frame-pointer -funroll-all-loops -finline-functions (test for excess errors)
FAIL: gfortran.dg/der_array_1.f90 -O3 -fomit-frame-pointer -funroll-all-loops -finline-functions execution test
FAIL: gfortran.dg/der_array_1.f90 -O3 -g (test for excess errors)
FAIL: gfortran.dg/der_array_1.f90 -O3 -g execution test
FAIL: gfortran.dg/der_array_1.f90 -Os (test for excess errors)
FAIL: gfortran.dg/der_array_1.f90 -Os execution test
FAIL: gfortran.dg/der_array_io_1.f90 -O0 (test for excess errors)
FAIL: gfortran.dg/der_array_io_1.f90 -O1 (test for excess errors)
FAIL: gfortran.dg/der_array_io_1.f90 -O2 (test for excess errors)
FAIL: gfortran.dg/der_array_io_1.f90 -O3 -fomit-frame-pointer (test for excess errors)
FAIL: gfortran.dg/der_array_io_1.f90 -O3 -fomit-frame-pointer -funroll-loops (test for excess errors)
FAIL: gfortran.dg/der_array_io_1.f90 -O3 -fomit-frame-pointer -funroll-all-loops -finline-functions (test for excess errors)
FAIL: gfortran.dg/der_array_io_1.f90 -O3 -g (test for excess errors)
FAIL: gfortran.dg/der_array_io_1.f90 -Os (test for excess errors)
FAIL: gfortran.dg/der_array_io_2.f90 -O0 (test for excess errors)
FAIL: gfortran.dg/der_array_io_2.f90 -O1 (test for excess errors)
FAIL: gfortran.dg/der_array_io_2.f90 -O2 (test for excess errors)
FAIL: gfortran.dg/der_array_io_2.f90 -O3 -fomit-frame-pointer (test for excess errors)
FAIL: gfortran.dg/der_array_io_2.f90 -O3 -fomit-frame-pointer -funroll-loops (test for excess errors)
FAIL: gfortran.dg/der_array_io_2.f90 -O3 -fomit-frame-pointer -funroll-all-loops -finline-functions (test for excess errors)
FAIL: gfortran.dg/der_array_io_2.f90 -O3 -g (test for excess errors)
FAIL: gfortran.dg/der_array_io_2.f90 -Os (test for excess errors)
FAIL: gfortran.dg/der_array_io_3.f90 -O0 (test for excess errors)
FAIL: gfortran.dg/der_array_io_3.f90 -O1 (test for excess errors)
FAIL: gfortran.dg/der_array_io_3.f90 -O2 (test for excess errors)
FAIL: gfortran.dg/der_array_io_3.f90 -O3 -fomit-frame-pointer (test for excess errors)
FAIL: gfortran.dg/der_array_io_3.f90 -O3 -fomit-frame-pointer -funroll-loops (test for excess errors)
FAIL: gfortran.dg/der_array_io_3.f90 -O3 -fomit-frame-pointer -funroll-all-loops -finline-functions (test for excess errors)
FAIL: gfortran.dg/der_array_io_3.f90 -O3 -g (test for excess errors)
FAIL: gfortran.dg/der_array_io_3.f90 -Os (test for excess errors)
FAIL: gfortran.dg/dfloat_1.f90 -O0 (test for excess errors)
FAIL: gfortran.dg/dfloat_1.f90 -O1 (test for excess errors)
FAIL: gfortran.dg/dfloat_1.f90 -O2 (test for excess errors)
FAIL: gfortran.dg/dfloat_1.f90 -O3 -fomit-frame-pointer (test for excess errors)
FAIL: gfortran.dg/dfloat_1.f90 -O3 -fomit-frame-pointer -funroll-loops (test for excess errors)
FAIL: gfortran.dg/dfloat_1.f90 -O3 -fomit-frame-pointer -funroll-all-loops -finline-functions (test for excess errors)
FAIL: gfortran.dg/dfloat_1.f90 -O3 -g (test for excess errors)
FAIL: gfortran.dg/dfloat_1.f90 -Os (test for excess errors)
FAIL: gfortran.dg/do_1.f90 -O0 (test for excess errors)
FAIL: gfortran.dg/do_1.f90 -O1 (test for excess errors)
FAIL: gfortran.dg/do_1.f90 -O2 (test for excess errors)
FAIL: gfortran.dg/do_1.f90 -O3 -fomit-frame-pointer (test for excess errors)
FAIL: gfortran.dg/do_1.f90 -O3 -fomit-frame-pointer -funroll-loops (test for excess errors)
FAIL: gfortran.dg/do_1.f90 -O3 -fomit-frame-pointer -funroll-all-loops -finline-functions (test for excess errors)
FAIL: gfortran.dg/do_1.f90 -O3 -g (test for excess errors)
FAIL: gfortran.dg/do_1.f90 -Os (test for excess errors)
FAIL: gfortran.dg/edit_real_1.f90 -O0 (test for excess errors)
FAIL: gfortran.dg/edit_real_1.f90 -O0 execution test
FAIL: gfortran.dg/edit_real_1.f90 -O1 (test for excess errors)
FAIL: gfortran.dg/edit_real_1.f90 -O1 execution test
FAIL: gfortran.dg/edit_real_1.f90 -O2 (test for excess errors)
FAIL: gfortran.dg/edit_real_1.f90 -O2 execution test
FAIL: gfortran.dg/edit_real_1.f90 -O3 -fomit-frame-pointer (test for excess errors)
FAIL: gfortran.dg/edit_real_1.f90 -O3 -fomit-frame-pointer execution test
FAIL: gfortran.dg/edit_real_1.f90 -O3 -fomit-frame-pointer -funroll-loops (test for excess errors)
FAIL: gfortran.dg/edit_real_1.f90 -O3 -fomit-frame-pointer -funroll-loops execution test
FAIL: gfortran.dg/edit_real_1.f90 -O3 -fomit-frame-pointer -funroll-all-loops -finline-functions (test for excess errors)
FAIL: gfortran.dg/edit_real_1.f90 -O3 -fomit-frame-pointer -funroll-all-loops -finline-functions execution test
FAIL: gfortran.dg/edit_real_1.f90 -O3 -g (test for excess errors)
FAIL: gfortran.dg/edit_real_1.f90 -O3 -g execution test
FAIL: gfortran.dg/edit_real_1.f90 -Os (test for excess errors)
FAIL: gfortran.dg/edit_real_1.f90 -Os execution test
FAIL: gfortran.dg/empty_format_1.f90 -O0 (test for excess errors)
FAIL: gfortran.dg/empty_format_1.f90 -O1 (test for excess errors)
FAIL: gfortran.dg/empty_format_1.f90 -O2 (test for excess errors)
FAIL: gfortran.dg/empty_format_1.f90 -O3 -fomit-frame-pointer (test for excess errors)
FAIL: gfortran.dg/empty_format_1.f90 -O3 -fomit-frame-pointer -funroll-loops (test for excess errors)
FAIL: gfortran.dg/empty_format_1.f90 -O3 -fomit-frame-pointer -funroll-all-loops -finline-functions (test for excess errors)
FAIL: gfortran.dg/empty_format_1.f90 -O3 -g (test for excess errors)
FAIL: gfortran.dg/empty_format_1.f90 -Os (test for excess errors)
FAIL: gfortran.dg/eof_1.f90 -O0 (test for excess errors)
FAIL: gfortran.dg/eof_1.f90 -O1 (test for excess errors)
FAIL: gfortran.dg/eof_1.f90 -O2 (test for excess errors)
FAIL: gfortran.dg/eof_1.f90 -O3 -fomit-frame-pointer (test for excess errors)
FAIL: gfortran.dg/eof_1.f90 -O3 -fomit-frame-pointer -funroll-loops (test for excess errors)
FAIL: gfortran.dg/eof_1.f90 -O3 -fomit-frame-pointer -funroll-all-loops -finline-functions (test for excess errors)
FAIL: gfortran.dg/eof_1.f90 -O3 -g (test for excess errors)
FAIL: gfortran.dg/eof_1.f90 -Os (test for excess errors)
FAIL: gfortran.dg/eof_2.f90 -O0 (test for excess errors)
FAIL: gfortran.dg/eof_2.f90 -O1 (test for excess errors)
FAIL: gfortran.dg/eof_2.f90 -O2 (test for excess errors)
FAIL: gfortran.dg/eof_2.f90 -O3 -fomit-frame-pointer (test for excess errors)
FAIL: gfortran.dg/eof_2.f90 -O3 -fomit-frame-pointer -funroll-loops (test for excess errors)
FAIL: gfortran.dg/eof_2.f90 -O3 -fomit-frame-pointer -funroll-all-loops -finline-functions (test for excess errors)
FAIL: gfortran.dg/eof_2.f90 -O3 -g (test for excess errors)
FAIL: gfortran.dg/eof_2.f90 -Os (test for excess errors)
FAIL: gfortran.dg/func_derived_1.f90 -O0 (test for excess errors)
FAIL: gfortran.dg/func_derived_1.f90 -O0 execution test
FAIL: gfortran.dg/func_derived_1.f90 -O1 (test for excess errors)
FAIL: gfortran.dg/func_derived_1.f90 -O1 execution test
FAIL: gfortran.dg/func_derived_1.f90 -O2 (test for excess errors)
FAIL: gfortran.dg/func_derived_1.f90 -O2 execution test
FAIL: gfortran.dg/func_derived_1.f90 -O3 -fomit-frame-pointer (test for excess errors)
FAIL: gfortran.dg/func_derived_1.f90 -O3 -fomit-frame-pointer execution test
FAIL: gfortran.dg/func_derived_1.f90 -O3 -fomit-frame-pointer -funroll-loops (test for excess errors)
FAIL: gfortran.dg/func_derived_1.f90 -O3 -fomit-frame-pointer -funroll-loops execution test
FAIL: gfortran.dg/func_derived_1.f90 -O3 -fomit-frame-pointer -funroll-all-loops -finline-functions (test for excess errors)
FAIL: gfortran.dg/func_derived_1.f90 -O3 -fomit-frame-pointer -funroll-all-loops -finline-functions execution test
FAIL: gfortran.dg/func_derived_1.f90 -O3 -g (test for excess errors)
FAIL: gfortran.dg/func_derived_1.f90 -O3 -g execution test
FAIL: gfortran.dg/func_derived_1.f90 -Os (test for excess errors)
FAIL: gfortran.dg/func_derived_1.f90 -Os execution test
FAIL: gfortran.dg/intrinsic_verify_1.f90 -O0 (test for excess errors)
FAIL: gfortran.dg/intrinsic_verify_1.f90 -O1 (test for excess errors)
FAIL: gfortran.dg/intrinsic_verify_1.f90 -O2 (test for excess errors)
FAIL: gfortran.dg/intrinsic_verify_1.f90 -O3 -fomit-frame-pointer (test for excess errors)
FAIL: gfortran.dg/intrinsic_verify_1.f90 -O3 -fomit-frame-pointer -funroll-loops (test for excess errors)
FAIL: gfortran.dg/intrinsic_verify_1.f90 -O3 -fomit-frame-pointer -funroll-all-loops -finline-functions (test for excess errors)
FAIL: gfortran.dg/intrinsic_verify_1.f90 -O3 -g (test for excess errors)
FAIL: gfortran.dg/intrinsic_verify_1.f90 -Os (test for excess errors)
FAIL: gfortran.dg/ishft.f90 -O0 (test for excess errors)
FAIL: gfortran.dg/ishft.f90 -O1 (test for excess errors)
FAIL: gfortran.dg/ishft.f90 -O2 (test for excess errors)
FAIL: gfortran.dg/ishft.f90 -O3 -fomit-frame-pointer (test for excess errors)
FAIL: gfortran.dg/ishft.f90 -O3 -fomit-frame-pointer -funroll-loops (test for excess errors)
FAIL: gfortran.dg/ishft.f90 -O3 -fomit-frame-pointer -funroll-all-loops -finline-functions (test for excess errors)
FAIL: gfortran.dg/ishft.f90 -O3 -g (test for excess errors)
FAIL: gfortran.dg/ishft.f90 -Os (test for excess errors)
FAIL: gfortran.dg/list_read_1.f90 -O0 (test for excess errors)
FAIL: gfortran.dg/list_read_1.f90 -O1 (test for excess errors)
FAIL: gfortran.dg/list_read_1.f90 -O2 (test for excess errors)
FAIL: gfortran.dg/list_read_1.f90 -O3 -fomit-frame-pointer (test for excess errors)
FAIL: gfortran.dg/list_read_1.f90 -O3 -fomit-frame-pointer -funroll-loops (test for excess errors)
FAIL: gfortran.dg/list_read_1.f90 -O3 -fomit-frame-pointer -funroll-all-loops -finline-functions (test for excess errors)
FAIL: gfortran.dg/list_read_1.f90 -O3 -g (test for excess errors)
FAIL: gfortran.dg/list_read_1.f90 -Os (test for excess errors)
FAIL: gfortran.dg/list_read_2.f90 -O0 (test for excess errors)
FAIL: gfortran.dg/list_read_2.f90 -O1 (test for excess errors)
FAIL: gfortran.dg/list_read_2.f90 -O2 (test for excess errors)
FAIL: gfortran.dg/list_read_2.f90 -O3 -fomit-frame-pointer (test for excess errors)
FAIL: gfortran.dg/list_read_2.f90 -O3 -fomit-frame-pointer -funroll-loops (test for excess errors)
FAIL: gfortran.dg/list_read_2.f90 -O3 -fomit-frame-pointer -funroll-all-loops -finline-functions (test for excess errors)
FAIL: gfortran.dg/list_read_2.f90 -O3 -g (test for excess errors)
FAIL: gfortran.dg/list_read_2.f90 -Os (test for excess errors)
FAIL: gfortran.dg/merge_char_1.f90 -O0 (test for excess errors)
FAIL: gfortran.dg/merge_char_1.f90 -O1 (test for excess errors)
FAIL: gfortran.dg/merge_char_1.f90 -O2 (test for excess errors)
FAIL: gfortran.dg/merge_char_1.f90 -O3 -fomit-frame-pointer (test for excess errors)
FAIL: gfortran.dg/merge_char_1.f90 -O3 -fomit-frame-pointer -funroll-loops (test for excess errors)
FAIL: gfortran.dg/merge_char_1.f90 -O3 -fomit-frame-pointer -funroll-all-loops -finline-functions (test for excess errors)
FAIL: gfortran.dg/merge_char_1.f90 -O3 -g (test for excess errors)
FAIL: gfortran.dg/merge_char_1.f90 -Os (test for excess errors)
FAIL: gfortran.dg/pointer_init_1.f90 -O0 (test for excess errors)
FAIL: gfortran.dg/pointer_init_1.f90 -O1 (test for excess errors)
FAIL: gfortran.dg/pointer_init_1.f90 -O2 (test for excess errors)
FAIL: gfortran.dg/pointer_init_1.f90 -O3 -fomit-frame-pointer (test for excess errors)
FAIL: gfortran.dg/pointer_init_1.f90 -O3 -fomit-frame-pointer -funroll-loops (test for excess errors)
FAIL: gfortran.dg/pointer_init_1.f90 -O3 -fomit-frame-pointer -funroll-all-loops -finline-functions (test for excess errors)
FAIL: gfortran.dg/pointer_init_1.f90 -O3 -g (test for excess errors)
FAIL: gfortran.dg/pointer_init_1.f90 -Os (test for excess errors)
FAIL: gfortran.dg/pr15129.f90 -O0 (test for excess errors)
FAIL: gfortran.dg/pr15129.f90 -O1 (test for excess errors)
FAIL: gfortran.dg/pr15129.f90 -O2 (test for excess errors)
FAIL: gfortran.dg/pr15129.f90 -O3 -fomit-frame-pointer (test for excess errors)
FAIL: gfortran.dg/pr15129.f90 -O3 -fomit-frame-pointer -funroll-loops (test for excess errors)
FAIL: gfortran.dg/pr15129.f90 -O3 -fomit-frame-pointer -funroll-all-loops -finline-functions (test for excess errors)
FAIL: gfortran.dg/pr15129.f90 -O3 -g (test for excess errors)
FAIL: gfortran.dg/pr15129.f90 -Os (test for excess errors)
FAIL: gfortran.dg/pr15140.f90 -O0 (test for excess errors)
FAIL: gfortran.dg/pr15140.f90 -O1 (test for excess errors)
FAIL: gfortran.dg/pr15140.f90 -O2 (test for excess errors)
FAIL: gfortran.dg/pr15140.f90 -O3 -fomit-frame-pointer (test for excess errors)
FAIL: gfortran.dg/pr15140.f90 -O3 -fomit-frame-pointer -funroll-loops (test for excess errors)
FAIL: gfortran.dg/pr15140.f90 -O3 -fomit-frame-pointer -funroll-all-loops -finline-functions (test for excess errors)
FAIL: gfortran.dg/pr15140.f90 -O3 -g (test for excess errors)
FAIL: gfortran.dg/pr15140.f90 -Os (test for excess errors)
FAIL: gfortran.dg/pr15324.f90 -O0 (test for excess errors)
FAIL: gfortran.dg/pr15324.f90 -O1 (test for excess errors)
FAIL: gfortran.dg/pr15324.f90 -O2 (test for excess errors)
FAIL: gfortran.dg/pr15324.f90 -O3 -fomit-frame-pointer (test for excess errors)
FAIL: gfortran.dg/pr15324.f90 -O3 -fomit-frame-pointer -funroll-loops (test for excess errors)
FAIL: gfortran.dg/pr15324.f90 -O3 -fomit-frame-pointer -funroll-all-loops -finline-functions (test for excess errors)
FAIL: gfortran.dg/pr15324.f90 -O3 -g (test for excess errors)
FAIL: gfortran.dg/pr15324.f90 -Os (test for excess errors)
FAIL: gfortran.dg/pr15957.f90 -O0 (test for excess errors)
FAIL: gfortran.dg/pr15957.f90 -O1 (test for excess errors)
FAIL: gfortran.dg/pr15957.f90 -O2 (test for excess errors)
FAIL: gfortran.dg/pr15957.f90 -O3 -fomit-frame-pointer (test for excess errors)
FAIL: gfortran.dg/pr15957.f90 -O3 -fomit-frame-pointer -funroll-loops (test for excess errors)
FAIL: gfortran.dg/pr15957.f90 -O3 -fomit-frame-pointer -funroll-all-loops -finline-functions (test for excess errors)
FAIL: gfortran.dg/pr15957.f90 -O3 -g (test for excess errors)
FAIL: gfortran.dg/pr15957.f90 -Os (test for excess errors)
FAIL: gfortran.dg/pr16935.f90 -O0 (test for excess errors)
FAIL: gfortran.dg/pr16935.f90 -O1 (test for excess errors)
FAIL: gfortran.dg/pr16935.f90 -O2 (test for excess errors)
FAIL: gfortran.dg/pr16935.f90 -O3 -fomit-frame-pointer (test for excess errors)
FAIL: gfortran.dg/pr16935.f90 -O3 -fomit-frame-pointer -funroll-loops (test for excess errors)
FAIL: gfortran.dg/pr16935.f90 -O3 -fomit-frame-pointer -funroll-all-loops -finline-functions (test for excess errors)
FAIL: gfortran.dg/pr16935.f90 -O3 -g (test for excess errors)
FAIL: gfortran.dg/pr16935.f90 -Os (test for excess errors)
FAIL: gfortran.dg/pr16938.f90 -O0 (test for excess errors)
FAIL: gfortran.dg/pr16938.f90 -O1 (test for excess errors)
FAIL: gfortran.dg/pr16938.f90 -O2 (test for excess errors)
FAIL: gfortran.dg/pr16938.f90 -O3 -fomit-frame-pointer (test for excess errors)
FAIL: gfortran.dg/pr16938.f90 -O3 -fomit-frame-pointer -funroll-loops (test for excess errors)
FAIL: gfortran.dg/pr16938.f90 -O3 -fomit-frame-pointer -funroll-all-loops -finline-functions (test for excess errors)
FAIL: gfortran.dg/pr16938.f90 -O3 -g (test for excess errors)
FAIL: gfortran.dg/pr16938.f90 -Os (test for excess errors)
FAIL: gfortran.dg/pr17090.f90 -O0 (test for excess errors)
FAIL: gfortran.dg/pr17090.f90 -O0 execution test
FAIL: gfortran.dg/pr17090.f90 -O1 (test for excess errors)
FAIL: gfortran.dg/pr17090.f90 -O1 execution test
FAIL: gfortran.dg/pr17090.f90 -O2 (test for excess errors)
FAIL: gfortran.dg/pr17090.f90 -O2 execution test
FAIL: gfortran.dg/pr17090.f90 -O3 -fomit-frame-pointer (test for excess errors)
FAIL: gfortran.dg/pr17090.f90 -O3 -fomit-frame-pointer execution test
FAIL: gfortran.dg/pr17090.f90 -O3 -fomit-frame-pointer -funroll-loops (test for excess errors)
FAIL: gfortran.dg/pr17090.f90 -O3 -fomit-frame-pointer -funroll-loops execution test
FAIL: gfortran.dg/pr17090.f90 -O3 -fomit-frame-pointer -funroll-all-loops -finline-functions (test for excess errors)
FAIL: gfortran.dg/pr17090.f90 -O3 -fomit-frame-pointer -funroll-all-loops -finline-functions execution test
FAIL: gfortran.dg/pr17090.f90 -O3 -g (test for excess errors)
FAIL: gfortran.dg/pr17090.f90 -O3 -g execution test
FAIL: gfortran.dg/pr17090.f90 -Os (test for excess errors)
FAIL: gfortran.dg/pr17090.f90 -Os execution test
FAIL: gfortran.dg/pr17286.f90 -O0 (test for excess errors)
FAIL: gfortran.dg/pr17286.f90 -O1 (test for excess errors)
FAIL: gfortran.dg/pr17286.f90 -O2 (test for excess errors)
FAIL: gfortran.dg/pr17286.f90 -O3 -fomit-frame-pointer (test for excess errors)
FAIL: gfortran.dg/pr17286.f90 -O3 -fomit-frame-pointer -funroll-loops (test for excess errors)
FAIL: gfortran.dg/pr17286.f90 -O3 -fomit-frame-pointer -funroll-all-loops -finline-functions (test for excess errors)
FAIL: gfortran.dg/pr17286.f90 -O3 -g (test for excess errors)
FAIL: gfortran.dg/pr17286.f90 -Os (test for excess errors)
FAIL: gfortran.dg/pr17612.f90 -O0 (test for excess errors)
FAIL: gfortran.dg/pr17612.f90 -O1 (test for excess errors)
FAIL: gfortran.dg/pr17612.f90 -O2 (test for excess errors)
FAIL: gfortran.dg/pr17612.f90 -O3 -fomit-frame-pointer (test for excess errors)
FAIL: gfortran.dg/pr17612.f90 -O3 -fomit-frame-pointer -funroll-loops (test for excess errors)
FAIL: gfortran.dg/pr17612.f90 -O3 -fomit-frame-pointer -funroll-all-loops -finline-functions (test for excess errors)
FAIL: gfortran.dg/pr17612.f90 -O3 -g (test for excess errors)
FAIL: gfortran.dg/pr17612.f90 -Os (test for excess errors)
FAIL: gfortran.dg/pr17706.f90 -O0 (test for excess errors)
FAIL: gfortran.dg/pr17706.f90 -O0 execution test
FAIL: gfortran.dg/pr17706.f90 -O1 (test for excess errors)
FAIL: gfortran.dg/pr17706.f90 -O1 execution test
FAIL: gfortran.dg/pr17706.f90 -O2 (test for excess errors)
FAIL: gfortran.dg/pr17706.f90 -O2 execution test
FAIL: gfortran.dg/pr17706.f90 -O3 -fomit-frame-pointer (test for excess errors)
FAIL: gfortran.dg/pr17706.f90 -O3 -fomit-frame-pointer execution test
FAIL: gfortran.dg/pr17706.f90 -O3 -fomit-frame-pointer -funroll-loops (test for excess errors)
FAIL: gfortran.dg/pr17706.f90 -O3 -fomit-frame-pointer -funroll-loops execution test
FAIL: gfortran.dg/pr17706.f90 -O3 -fomit-frame-pointer -funroll-all-loops -finline-functions (test for excess errors)
FAIL: gfortran.dg/pr17706.f90 -O3 -fomit-frame-pointer -funroll-all-loops -finline-functions execution test
FAIL: gfortran.dg/pr17706.f90 -O3 -g (test for excess errors)
FAIL: gfortran.dg/pr17706.f90 -O3 -g execution test
FAIL: gfortran.dg/pr17706.f90 -Os (test for excess errors)
FAIL: gfortran.dg/pr17706.f90 -Os execution test
FAIL: gfortran.dg/pr17708.f90 -O0 (test for excess errors)
FAIL: gfortran.dg/pr17708.f90 -O1 (test for excess errors)
FAIL: gfortran.dg/pr17708.f90 -O2 (test for excess errors)
FAIL: gfortran.dg/pr17708.f90 -O3 -fomit-frame-pointer (test for excess errors)
FAIL: gfortran.dg/pr17708.f90 -O3 -fomit-frame-pointer -funroll-loops (test for excess errors)
FAIL: gfortran.dg/pr17708.f90 -O3 -fomit-frame-pointer -funroll-all-loops -finline-functions (test for excess errors)
FAIL: gfortran.dg/pr17708.f90 -O3 -g (test for excess errors)
FAIL: gfortran.dg/pr17708.f90 -Os (test for excess errors)
FAIL: gfortran.dg/reduction.f90 -O0 (test for excess errors)
FAIL: gfortran.dg/reduction.f90 -O1 (test for excess errors)
FAIL: gfortran.dg/reduction.f90 -O2 (test for excess errors)
FAIL: gfortran.dg/reduction.f90 -O3 -fomit-frame-pointer (test for excess errors)
FAIL: gfortran.dg/reduction.f90 -O3 -fomit-frame-pointer -funroll-loops (test for excess errors)
FAIL: gfortran.dg/reduction.f90 -O3 -fomit-frame-pointer -funroll-all-loops -finline-functions (test for excess errors)
FAIL: gfortran.dg/reduction.f90 -O3 -g (test for excess errors)
FAIL: gfortran.dg/reduction.f90 -Os (test for excess errors)
FAIL: gfortran.dg/ret_array_1.f90 -O0 (test for excess errors)
FAIL: gfortran.dg/ret_array_1.f90 -O1 (test for excess errors)
FAIL: gfortran.dg/ret_array_1.f90 -O2 (test for excess errors)
FAIL: gfortran.dg/ret_array_1.f90 -O3 -fomit-frame-pointer (test for excess errors)
FAIL: gfortran.dg/ret_array_1.f90 -O3 -fomit-frame-pointer -funroll-loops (test for excess errors)
FAIL: gfortran.dg/ret_array_1.f90 -O3 -fomit-frame-pointer -funroll-all-loops -finline-functions (test for excess errors)
FAIL: gfortran.dg/ret_array_1.f90 -O3 -g (test for excess errors)
FAIL: gfortran.dg/ret_array_1.f90 -Os (test for excess errors)
FAIL: gfortran.dg/ret_pointer_1.f90 -O0 (test for excess errors)
XPASS: gfortran.dg/ret_pointer_1.f90 -O0 execution test
FAIL: gfortran.dg/ret_pointer_1.f90 -O1 (test for excess errors)
XPASS: gfortran.dg/ret_pointer_1.f90 -O1 execution test
FAIL: gfortran.dg/ret_pointer_1.f90 -O2 (test for excess errors)
XPASS: gfortran.dg/ret_pointer_1.f90 -O2 execution test
FAIL: gfortran.dg/ret_pointer_1.f90 -O3 -fomit-frame-pointer (test for excess errors)
XPASS: gfortran.dg/ret_pointer_1.f90 -O3 -fomit-frame-pointer execution test
FAIL: gfortran.dg/ret_pointer_1.f90 -O3 -fomit-frame-pointer -funroll-loops (test for excess errors)
XPASS: gfortran.dg/ret_pointer_1.f90 -O3 -fomit-frame-pointer -funroll-loops execution test
FAIL: gfortran.dg/ret_pointer_1.f90 -O3 -fomit-frame-pointer -funroll-all-loops -finline-functions (test for excess errors)
XPASS: gfortran.dg/ret_pointer_1.f90 -O3 -fomit-frame-pointer -funroll-all-loops -finline-functions execution test
FAIL: gfortran.dg/ret_pointer_1.f90 -O3 -g (test for excess errors)
XPASS: gfortran.dg/ret_pointer_1.f90 -O3 -g execution test
FAIL: gfortran.dg/ret_pointer_1.f90 -Os (test for excess errors)
XPASS: gfortran.dg/ret_pointer_1.f90 -Os execution test
FAIL: gfortran.dg/rewind_1.f90 -O0 (test for excess errors)
FAIL: gfortran.dg/rewind_1.f90 -O1 (test for excess errors)
FAIL: gfortran.dg/rewind_1.f90 -O2 (test for excess errors)
FAIL: gfortran.dg/rewind_1.f90 -O3 -fomit-frame-pointer (test for excess errors)
FAIL: gfortran.dg/rewind_1.f90 -O3 -fomit-frame-pointer -funroll-loops (test for excess errors)
FAIL: gfortran.dg/rewind_1.f90 -O3 -fomit-frame-pointer -funroll-all-loops -finline-functions (test for excess errors)
FAIL: gfortran.dg/rewind_1.f90 -O3 -g (test for excess errors)
FAIL: gfortran.dg/rewind_1.f90 -Os (test for excess errors)
FAIL: gfortran.dg/simpleif_1.f90 -O0 (test for excess errors)
FAIL: gfortran.dg/simpleif_1.f90 -O1 (test for excess errors)
FAIL: gfortran.dg/simpleif_1.f90 -O2 (test for excess errors)
FAIL: gfortran.dg/simpleif_1.f90 -O3 -fomit-frame-pointer (test for excess errors)
FAIL: gfortran.dg/simpleif_1.f90 -O3 -fomit-frame-pointer -funroll-loops (test for excess errors)
FAIL: gfortran.dg/simpleif_1.f90 -O3 -fomit-frame-pointer -funroll-all-loops -finline-functions (test for excess errors)
FAIL: gfortran.dg/simpleif_1.f90 -O3 -g (test for excess errors)
FAIL: gfortran.dg/simpleif_1.f90 -Os (test for excess errors)
FAIL: gfortran.dg/string_ctor_1.f90 -O0 (test for excess errors)
FAIL: gfortran.dg/string_ctor_1.f90 -O1 (test for excess errors)
FAIL: gfortran.dg/string_ctor_1.f90 -O2 (test for excess errors)
FAIL: gfortran.dg/string_ctor_1.f90 -O3 -fomit-frame-pointer (test for excess errors)
FAIL: gfortran.dg/string_ctor_1.f90 -O3 -fomit-frame-pointer -funroll-loops (test for excess errors)
FAIL: gfortran.dg/string_ctor_1.f90 -O3 -fomit-frame-pointer -funroll-all-loops -finline-functions (test for excess errors)
FAIL: gfortran.dg/string_ctor_1.f90 -O3 -g (test for excess errors)
FAIL: gfortran.dg/string_ctor_1.f90 -Os (test for excess errors)
FAIL: gfortran.dg/use_allocated_1.f90 -O0 (test for excess errors)
FAIL: gfortran.dg/use_allocated_1.f90 -O1 (test for excess errors)
FAIL: gfortran.dg/use_allocated_1.f90 -O2 (test for excess errors)
FAIL: gfortran.dg/use_allocated_1.f90 -O3 -fomit-frame-pointer (test for excess errors)
FAIL: gfortran.dg/use_allocated_1.f90 -O3 -fomit-frame-pointer -funroll-loops (test for excess errors)
FAIL: gfortran.dg/use_allocated_1.f90 -O3 -fomit-frame-pointer -funroll-all-loops -finline-functions (test for excess errors)
FAIL: gfortran.dg/use_allocated_1.f90 -O3 -g (test for excess errors)
FAIL: gfortran.dg/use_allocated_1.f90 -Os (test for excess errors)
FAIL: gfortran.dg/g77/13037.f -O0 (test for excess errors)
FAIL: gfortran.dg/g77/13037.f -O1 (test for excess errors)
FAIL: gfortran.dg/g77/13037.f -O2 (test for excess errors)
FAIL: gfortran.dg/g77/13037.f -O3 -fomit-frame-pointer (test for excess errors)
FAIL: gfortran.dg/g77/13037.f -O3 -fomit-frame-pointer -funroll-loops (test for excess errors)
FAIL: gfortran.dg/g77/13037.f -O3 -fomit-frame-pointer -funroll-all-loops -finline-functions (test for excess errors)
FAIL: gfortran.dg/g77/13037.f -O3 -g (test for excess errors)
FAIL: gfortran.dg/g77/13037.f -Os (test for excess errors)
FAIL: gfortran.dg/g77/1832.f -O0 (test for excess errors)
FAIL: gfortran.dg/g77/1832.f -O1 (test for excess errors)
FAIL: gfortran.dg/g77/1832.f -O2 (test for excess errors)
FAIL: gfortran.dg/g77/1832.f -O3 -fomit-frame-pointer (test for excess errors)
FAIL: gfortran.dg/g77/1832.f -O3 -fomit-frame-pointer -funroll-loops (test for excess errors)
FAIL: gfortran.dg/g77/1832.f -O3 -fomit-frame-pointer -funroll-all-loops -finline-functions (test for excess errors)
FAIL: gfortran.dg/g77/1832.f -O3 -g (test for excess errors)
FAIL: gfortran.dg/g77/1832.f -Os (test for excess errors)
FAIL: gfortran.dg/g77/19981119-0.f -O0 (test for excess errors)
FAIL: gfortran.dg/g77/19981119-0.f -O1 (test for excess errors)
FAIL: gfortran.dg/g77/19981119-0.f -O2 (test for excess errors)
FAIL: gfortran.dg/g77/19981119-0.f -O3 -fomit-frame-pointer (test for excess errors)
FAIL: gfortran.dg/g77/19981119-0.f -O3 -fomit-frame-pointer -funroll-loops (test for excess errors)
FAIL: gfortran.dg/g77/19981119-0.f -O3 -fomit-frame-pointer -funroll-all-loops -finline-functions (test for excess errors)
FAIL: gfortran.dg/g77/19981119-0.f -O3 -g (test for excess errors)
FAIL: gfortran.dg/g77/19981119-0.f -Os (test for excess errors)
FAIL: gfortran.dg/g77/19990313-0.f -O0 (test for excess errors)
FAIL: gfortran.dg/g77/19990313-0.f -O1 (test for excess errors)
FAIL: gfortran.dg/g77/19990313-0.f -O2 (test for excess errors)
FAIL: gfortran.dg/g77/19990313-0.f -O3 -fomit-frame-pointer (test for excess errors)
FAIL: gfortran.dg/g77/19990313-0.f -O3 -fomit-frame-pointer -funroll-loops (test for excess errors)
FAIL: gfortran.dg/g77/19990313-0.f -O3 -fomit-frame-pointer -funroll-all-loops -finline-functions (test for excess errors)
FAIL: gfortran.dg/g77/19990313-0.f -O3 -g (test for excess errors)
FAIL: gfortran.dg/g77/19990313-0.f -Os (test for excess errors)
FAIL: gfortran.dg/g77/19990313-1.f -O0 (test for excess errors)
FAIL: gfortran.dg/g77/19990313-1.f -O1 (test for excess errors)
FAIL: gfortran.dg/g77/19990313-1.f -O2 (test for excess errors)
FAIL: gfortran.dg/g77/19990313-1.f -O3 -fomit-frame-pointer (test for excess errors)
FAIL: gfortran.dg/g77/19990313-1.f -O3 -fomit-frame-pointer -funroll-loops (test for excess errors)
FAIL: gfortran.dg/g77/19990313-1.f -O3 -fomit-frame-pointer -funroll-all-loops -finline-functions (test for excess errors)
FAIL: gfortran.dg/g77/19990313-1.f -O3 -g (test for excess errors)
FAIL: gfortran.dg/g77/19990313-1.f -Os (test for excess errors)
FAIL: gfortran.dg/g77/19990313-2.f -O0 (test for excess errors)
FAIL: gfortran.dg/g77/19990313-2.f -O1 (test for excess errors)
FAIL: gfortran.dg/g77/19990313-2.f -O2 (test for excess errors)
FAIL: gfortran.dg/g77/19990313-2.f -O3 -fomit-frame-pointer (test for excess errors)
FAIL: gfortran.dg/g77/19990313-2.f -O3 -fomit-frame-pointer -funroll-loops (test for excess errors)
FAIL: gfortran.dg/g77/19990313-2.f -O3 -fomit-frame-pointer -funroll-all-loops -finline-functions (test for excess errors)
FAIL: gfortran.dg/g77/19990313-2.f -O3 -g (test for excess errors)
FAIL: gfortran.dg/g77/19990313-2.f -Os (test for excess errors)
FAIL: gfortran.dg/g77/19990313-3.f -O0 (test for excess errors)
FAIL: gfortran.dg/g77/19990313-3.f -O1 (test for excess errors)
FAIL: gfortran.dg/g77/19990313-3.f -O2 (test for excess errors)
FAIL: gfortran.dg/g77/19990313-3.f -O3 -fomit-frame-pointer (test for excess errors)
FAIL: gfortran.dg/g77/19990313-3.f -O3 -fomit-frame-pointer -funroll-loops (test for excess errors)
FAIL: gfortran.dg/g77/19990313-3.f -O3 -fomit-frame-pointer -funroll-all-loops -finline-functions (test for excess errors)
FAIL: gfortran.dg/g77/19990313-3.f -O3 -g (test for excess errors)
FAIL: gfortran.dg/g77/19990313-3.f -Os (test for excess errors)
FAIL: gfortran.dg/g77/19990419-1.f -O0 (test for excess errors)
FAIL: gfortran.dg/g77/19990419-1.f -O1 (test for excess errors)
FAIL: gfortran.dg/g77/19990419-1.f -O2 (test for excess errors)
FAIL: gfortran.dg/g77/19990419-1.f -O3 -fomit-frame-pointer (test for excess errors)
FAIL: gfortran.dg/g77/19990419-1.f -O3 -fomit-frame-pointer -funroll-loops (test for excess errors)
FAIL: gfortran.dg/g77/19990419-1.f -O3 -fomit-frame-pointer -funroll-all-loops -finline-functions (test for excess errors)
FAIL: gfortran.dg/g77/19990419-1.f -O3 -g (test for excess errors)
FAIL: gfortran.dg/g77/19990419-1.f -Os (test for excess errors)
FAIL: gfortran.dg/g77/19990826-0.f -O0 (test for excess errors)
FAIL: gfortran.dg/g77/19990826-0.f -O1 (test for excess errors)
FAIL: gfortran.dg/g77/19990826-0.f -O2 (test for excess errors)
FAIL: gfortran.dg/g77/19990826-0.f -O3 -fomit-frame-pointer (test for excess errors)
FAIL: gfortran.dg/g77/19990826-0.f -O3 -fomit-frame-pointer -funroll-loops (test for excess errors)
FAIL: gfortran.dg/g77/19990826-0.f -O3 -fomit-frame-pointer -funroll-all-loops -finline-functions (test for excess errors)
FAIL: gfortran.dg/g77/19990826-0.f -O3 -g (test for excess errors)
FAIL: gfortran.dg/g77/19990826-0.f -Os (test for excess errors)
FAIL: gfortran.dg/g77/19990826-2.f -O0 (test for excess errors)
FAIL: gfortran.dg/g77/19990826-2.f -O1 (test for excess errors)
FAIL: gfortran.dg/g77/19990826-2.f -O2 (test for excess errors)
FAIL: gfortran.dg/g77/19990826-2.f -O3 -fomit-frame-pointer (test for excess errors)
FAIL: gfortran.dg/g77/19990826-2.f -O3 -fomit-frame-pointer -funroll-loops (test for excess errors)
FAIL: gfortran.dg/g77/19990826-2.f -O3 -fomit-frame-pointer -funroll-all-loops -finline-functions (test for excess errors)
FAIL: gfortran.dg/g77/19990826-2.f -O3 -g (test for excess errors)
FAIL: gfortran.dg/g77/19990826-2.f -Os (test for excess errors)
FAIL: gfortran.dg/g77/20000503-1.f -O0 (test for excess errors)
FAIL: gfortran.dg/g77/20000503-1.f -O1 (test for excess errors)
FAIL: gfortran.dg/g77/20000503-1.f -O2 (test for excess errors)
FAIL: gfortran.dg/g77/20000503-1.f -O3 -fomit-frame-pointer (test for excess errors)
FAIL: gfortran.dg/g77/20000503-1.f -O3 -fomit-frame-pointer -funroll-loops (test for excess errors)
FAIL: gfortran.dg/g77/20000503-1.f -O3 -fomit-frame-pointer -funroll-all-loops -finline-functions (test for excess errors)
FAIL: gfortran.dg/g77/20000503-1.f -O3 -g (test for excess errors)
FAIL: gfortran.dg/g77/20000503-1.f -Os (test for excess errors)
FAIL: gfortran.dg/g77/20001111.f -O0 (test for excess errors)
FAIL: gfortran.dg/g77/20001111.f -O0 execution test
FAIL: gfortran.dg/g77/20001111.f -O1 (test for excess errors)
FAIL: gfortran.dg/g77/20001111.f -O1 execution test
FAIL: gfortran.dg/g77/20001111.f -O2 (test for excess errors)
FAIL: gfortran.dg/g77/20001111.f -O2 execution test
FAIL: gfortran.dg/g77/20001111.f -O3 -fomit-frame-pointer (test for excess errors)
FAIL: gfortran.dg/g77/20001111.f -O3 -fomit-frame-pointer execution test
FAIL: gfortran.dg/g77/20001111.f -O3 -fomit-frame-pointer -funroll-loops (test for excess errors)
FAIL: gfortran.dg/g77/20001111.f -O3 -fomit-frame-pointer -funroll-loops execution test
FAIL: gfortran.dg/g77/20001111.f -O3 -fomit-frame-pointer -funroll-all-loops -finline-functions (test for excess errors)
FAIL: gfortran.dg/g77/20001111.f -O3 -fomit-frame-pointer -funroll-all-loops -finline-functions execution test
FAIL: gfortran.dg/g77/20001111.f -O3 -g (test for excess errors)
FAIL: gfortran.dg/g77/20001111.f -O3 -g execution test
FAIL: gfortran.dg/g77/20001111.f -Os (test for excess errors)
FAIL: gfortran.dg/g77/20001111.f -Os execution test
FAIL: gfortran.dg/g77/20010116.f -O0 (test for excess errors)
FAIL: gfortran.dg/g77/20010116.f -O1 (test for excess errors)
FAIL: gfortran.dg/g77/20010116.f -O2 (test for excess errors)
FAIL: gfortran.dg/g77/20010116.f -O3 -fomit-frame-pointer (test for excess errors)
FAIL: gfortran.dg/g77/20010116.f -O3 -fomit-frame-pointer -funroll-loops (test for excess errors)
FAIL: gfortran.dg/g77/20010116.f -O3 -fomit-frame-pointer -funroll-all-loops -finline-functions (test for excess errors)
FAIL: gfortran.dg/g77/20010116.f -O3 -g (test for excess errors)
FAIL: gfortran.dg/g77/20010116.f -Os (test for excess errors)
FAIL: gfortran.dg/g77/20010426-1.f -O0 (test for excess errors)
FAIL: gfortran.dg/g77/20010426-1.f -O0 execution test
FAIL: gfortran.dg/g77/20010426-1.f -O1 (test for excess errors)
FAIL: gfortran.dg/g77/20010426-1.f -O1 execution test
FAIL: gfortran.dg/g77/20010426-1.f -O2 (test for excess errors)
FAIL: gfortran.dg/g77/20010426-1.f -O2 execution test
FAIL: gfortran.dg/g77/20010426-1.f -O3 -fomit-frame-pointer (test for excess errors)
FAIL: gfortran.dg/g77/20010426-1.f -O3 -fomit-frame-pointer execution test
FAIL: gfortran.dg/g77/20010426-1.f -O3 -fomit-frame-pointer -funroll-loops (test for excess errors)
FAIL: gfortran.dg/g77/20010426-1.f -O3 -fomit-frame-pointer -funroll-loops execution test
FAIL: gfortran.dg/g77/20010426-1.f -O3 -fomit-frame-pointer -funroll-all-loops -finline-functions (test for excess errors)
FAIL: gfortran.dg/g77/20010426-1.f -O3 -fomit-frame-pointer -funroll-all-loops -finline-functions execution test
FAIL: gfortran.dg/g77/20010426-1.f -O3 -g (test for excess errors)
FAIL: gfortran.dg/g77/20010426-1.f -O3 -g execution test
FAIL: gfortran.dg/g77/20010426-1.f -Os (test for excess errors)
FAIL: gfortran.dg/g77/20010426-1.f -Os execution test
FAIL: gfortran.dg/g77/20010430.f -O0 (test for excess errors)
FAIL: gfortran.dg/g77/20010430.f -O1 (test for excess errors)
FAIL: gfortran.dg/g77/20010430.f -O2 (test for excess errors)
FAIL: gfortran.dg/g77/20010430.f -O3 -fomit-frame-pointer (test for excess errors)
FAIL: gfortran.dg/g77/20010430.f -O3 -fomit-frame-pointer -funroll-loops (test for excess errors)
FAIL: gfortran.dg/g77/20010430.f -O3 -fomit-frame-pointer -funroll-all-loops -finline-functions (test for excess errors)
FAIL: gfortran.dg/g77/20010430.f -O3 -g (test for excess errors)
FAIL: gfortran.dg/g77/20010430.f -Os (test for excess errors)
FAIL: gfortran.dg/g77/20010610.f -O0 (test for excess errors)
FAIL: gfortran.dg/g77/20010610.f -O1 (test for excess errors)
FAIL: gfortran.dg/g77/20010610.f -O2 (test for excess errors)
FAIL: gfortran.dg/g77/20010610.f -O3 -fomit-frame-pointer (test for excess errors)
FAIL: gfortran.dg/g77/20010610.f -O3 -fomit-frame-pointer -funroll-loops (test for excess errors)
FAIL: gfortran.dg/g77/20010610.f -O3 -fomit-frame-pointer -funroll-all-loops -finline-functions (test for excess errors)
FAIL: gfortran.dg/g77/20010610.f -O3 -g (test for excess errors)
FAIL: gfortran.dg/g77/20010610.f -Os (test for excess errors)
FAIL: gfortran.dg/g77/6177.f -O0 (test for excess errors)
FAIL: gfortran.dg/g77/6177.f -O1 (test for excess errors)
FAIL: gfortran.dg/g77/6177.f -O2 (test for excess errors)
FAIL: gfortran.dg/g77/6177.f -O3 -fomit-frame-pointer (test for excess errors)
FAIL: gfortran.dg/g77/6177.f -O3 -fomit-frame-pointer -funroll-loops (test for excess errors)
FAIL: gfortran.dg/g77/6177.f -O3 -fomit-frame-pointer -funroll-all-loops -finline-functions (test for excess errors)
FAIL: gfortran.dg/g77/6177.f -O3 -g (test for excess errors)
FAIL: gfortran.dg/g77/6177.f -Os (test for excess errors)
FAIL: gfortran.dg/g77/7388.f -O0 (test for excess errors)
FAIL: gfortran.dg/g77/7388.f -O1 (test for excess errors)
FAIL: gfortran.dg/g77/7388.f -O2 (test for excess errors)
FAIL: gfortran.dg/g77/7388.f -O3 -fomit-frame-pointer (test for excess errors)
FAIL: gfortran.dg/g77/7388.f -O3 -fomit-frame-pointer -funroll-loops (test for excess errors)
FAIL: gfortran.dg/g77/7388.f -O3 -fomit-frame-pointer -funroll-all-loops -finline-functions (test for excess errors)
FAIL: gfortran.dg/g77/7388.f -O3 -g (test for excess errors)
FAIL: gfortran.dg/g77/7388.f -Os (test for excess errors)
FAIL: gfortran.dg/g77/947.f -O0 (test for excess errors)
FAIL: gfortran.dg/g77/947.f -O1 (test for excess errors)
FAIL: gfortran.dg/g77/947.f -O2 (test for excess errors)
FAIL: gfortran.dg/g77/947.f -O3 -fomit-frame-pointer (test for excess errors)
FAIL: gfortran.dg/g77/947.f -O3 -fomit-frame-pointer -funroll-loops (test for excess errors)
FAIL: gfortran.dg/g77/947.f -O3 -fomit-frame-pointer -funroll-all-loops -finline-functions (test for excess errors)
FAIL: gfortran.dg/g77/947.f -O3 -g (test for excess errors)
FAIL: gfortran.dg/g77/947.f -Os (test for excess errors)
FAIL: gfortran.dg/g77/970816-3.f -O0 (test for excess errors)
FAIL: gfortran.dg/g77/970816-3.f -O0 execution test
FAIL: gfortran.dg/g77/970816-3.f -O1 (test for excess errors)
FAIL: gfortran.dg/g77/970816-3.f -O1 execution test
FAIL: gfortran.dg/g77/970816-3.f -O2 (test for excess errors)
FAIL: gfortran.dg/g77/970816-3.f -O2 execution test
FAIL: gfortran.dg/g77/970816-3.f -O3 -fomit-frame-pointer (test for excess errors)
FAIL: gfortran.dg/g77/970816-3.f -O3 -fomit-frame-pointer execution test
FAIL: gfortran.dg/g77/970816-3.f -O3 -fomit-frame-pointer -funroll-loops (test for excess errors)
FAIL: gfortran.dg/g77/970816-3.f -O3 -fomit-frame-pointer -funroll-loops execution test
FAIL: gfortran.dg/g77/970816-3.f -O3 -fomit-frame-pointer -funroll-all-loops -finline-functions (test for excess errors)
FAIL: gfortran.dg/g77/970816-3.f -O3 -fomit-frame-pointer -funroll-all-loops -finline-functions execution test
FAIL: gfortran.dg/g77/970816-3.f -O3 -g (test for excess errors)
FAIL: gfortran.dg/g77/970816-3.f -O3 -g execution test
FAIL: gfortran.dg/g77/970816-3.f -Os (test for excess errors)
FAIL: gfortran.dg/g77/970816-3.f -Os execution test
FAIL: gfortran.dg/g77/971102-1.f -O0 (test for excess errors)
FAIL: gfortran.dg/g77/971102-1.f -O1 (test for excess errors)
FAIL: gfortran.dg/g77/971102-1.f -O2 (test for excess errors)
FAIL: gfortran.dg/g77/971102-1.f -O3 -fomit-frame-pointer (test for excess errors)
FAIL: gfortran.dg/g77/971102-1.f -O3 -fomit-frame-pointer -funroll-loops (test for excess errors)
FAIL: gfortran.dg/g77/971102-1.f -O3 -fomit-frame-pointer -funroll-all-loops -finline-functions (test for excess errors)
FAIL: gfortran.dg/g77/971102-1.f -O3 -g (test for excess errors)
FAIL: gfortran.dg/g77/971102-1.f -Os (test for excess errors)
FAIL: gfortran.dg/g77/980520-1.f -O0 (test for excess errors)
FAIL: gfortran.dg/g77/980520-1.f -O1 (test for excess errors)
FAIL: gfortran.dg/g77/980520-1.f -O2 (test for excess errors)
FAIL: gfortran.dg/g77/980520-1.f -O3 -fomit-frame-pointer (test for excess errors)
FAIL: gfortran.dg/g77/980520-1.f -O3 -fomit-frame-pointer -funroll-loops (test for excess errors)
FAIL: gfortran.dg/g77/980520-1.f -O3 -fomit-frame-pointer -funroll-all-loops -finline-functions (test for excess errors)
FAIL: gfortran.dg/g77/980520-1.f -O3 -g (test for excess errors)
FAIL: gfortran.dg/g77/980520-1.f -Os (test for excess errors)
FAIL: gfortran.dg/g77/980628-0.f -O0 (test for excess errors)
FAIL: gfortran.dg/g77/980628-0.f -O0 execution test
FAIL: gfortran.dg/g77/980628-0.f -O1 (test for excess errors)
FAIL: gfortran.dg/g77/980628-0.f -O1 execution test
FAIL: gfortran.dg/g77/980628-0.f -O2 (test for excess errors)
FAIL: gfortran.dg/g77/980628-0.f -O2 execution test
FAIL: gfortran.dg/g77/980628-0.f -O3 -fomit-frame-pointer (test for excess errors)
FAIL: gfortran.dg/g77/980628-0.f -O3 -fomit-frame-pointer execution test
FAIL: gfortran.dg/g77/980628-0.f -O3 -fomit-frame-pointer -funroll-loops (test for excess errors)
FAIL: gfortran.dg/g77/980628-0.f -O3 -fomit-frame-pointer -funroll-loops execution test
FAIL: gfortran.dg/g77/980628-0.f -O3 -fomit-frame-pointer -funroll-all-loops -finline-functions (test for excess errors)
FAIL: gfortran.dg/g77/980628-0.f -O3 -fomit-frame-pointer -funroll-all-loops -finline-functions execution test
FAIL: gfortran.dg/g77/980628-0.f -O3 -g (test for excess errors)
FAIL: gfortran.dg/g77/980628-0.f -O3 -g execution test
FAIL: gfortran.dg/g77/980628-0.f -Os (test for excess errors)
FAIL: gfortran.dg/g77/980628-0.f -Os execution test
FAIL: gfortran.dg/g77/980628-1.f -O0 (test for excess errors)
FAIL: gfortran.dg/g77/980628-1.f -O0 execution test
FAIL: gfortran.dg/g77/980628-1.f -O1 (test for excess errors)
FAIL: gfortran.dg/g77/980628-1.f -O1 execution test
FAIL: gfortran.dg/g77/980628-1.f -O2 (test for excess errors)
FAIL: gfortran.dg/g77/980628-1.f -O2 execution test
FAIL: gfortran.dg/g77/980628-1.f -O3 -fomit-frame-pointer (test for excess errors)
FAIL: gfortran.dg/g77/980628-1.f -O3 -fomit-frame-pointer execution test
FAIL: gfortran.dg/g77/980628-1.f -O3 -fomit-frame-pointer -funroll-loops (test for excess errors)
FAIL: gfortran.dg/g77/980628-1.f -O3 -fomit-frame-pointer -funroll-loops execution test
FAIL: gfortran.dg/g77/980628-1.f -O3 -fomit-frame-pointer -funroll-all-loops -finline-functions (test for excess errors)
FAIL: gfortran.dg/g77/980628-1.f -O3 -fomit-frame-pointer -funroll-all-loops -finline-functions execution test
FAIL: gfortran.dg/g77/980628-1.f -O3 -g (test for excess errors)
FAIL: gfortran.dg/g77/980628-1.f -O3 -g execution test
FAIL: gfortran.dg/g77/980628-1.f -Os (test for excess errors)
FAIL: gfortran.dg/g77/980628-1.f -Os execution test
FAIL: gfortran.dg/g77/980628-10.f -O0 (test for excess errors)
FAIL: gfortran.dg/g77/980628-10.f -O0 execution test
FAIL: gfortran.dg/g77/980628-10.f -O1 (test for excess errors)
FAIL: gfortran.dg/g77/980628-10.f -O1 execution test
FAIL: gfortran.dg/g77/980628-10.f -O2 (test for excess errors)
FAIL: gfortran.dg/g77/980628-10.f -O2 execution test
FAIL: gfortran.dg/g77/980628-10.f -O3 -fomit-frame-pointer (test for excess errors)
FAIL: gfortran.dg/g77/980628-10.f -O3 -fomit-frame-pointer execution test
FAIL: gfortran.dg/g77/980628-10.f -O3 -fomit-frame-pointer -funroll-loops (test for excess errors)
FAIL: gfortran.dg/g77/980628-10.f -O3 -fomit-frame-pointer -funroll-loops execution test
FAIL: gfortran.dg/g77/980628-10.f -O3 -fomit-frame-pointer -funroll-all-loops -finline-functions (test for excess errors)
FAIL: gfortran.dg/g77/980628-10.f -O3 -fomit-frame-pointer -funroll-all-loops -finline-functions execution test
FAIL: gfortran.dg/g77/980628-10.f -O3 -g (test for excess errors)
FAIL: gfortran.dg/g77/980628-10.f -O3 -g execution test
FAIL: gfortran.dg/g77/980628-10.f -Os (test for excess errors)
FAIL: gfortran.dg/g77/980628-10.f -Os execution test
FAIL: gfortran.dg/g77/980628-2.f -O0 (test for excess errors)
FAIL: gfortran.dg/g77/980628-2.f -O0 execution test
FAIL: gfortran.dg/g77/980628-2.f -O1 (test for excess errors)
FAIL: gfortran.dg/g77/980628-2.f -O1 execution test
FAIL: gfortran.dg/g77/980628-2.f -O2 (test for excess errors)
FAIL: gfortran.dg/g77/980628-2.f -O2 execution test
FAIL: gfortran.dg/g77/980628-2.f -O3 -fomit-frame-pointer (test for excess errors)
FAIL: gfortran.dg/g77/980628-2.f -O3 -fomit-frame-pointer execution test
FAIL: gfortran.dg/g77/980628-2.f -O3 -fomit-frame-pointer -funroll-loops (test for excess errors)
FAIL: gfortran.dg/g77/980628-2.f -O3 -fomit-frame-pointer -funroll-loops execution test
FAIL: gfortran.dg/g77/980628-2.f -O3 -fomit-frame-pointer -funroll-all-loops -finline-functions (test for excess errors)
FAIL: gfortran.dg/g77/980628-2.f -O3 -fomit-frame-pointer -funroll-all-loops -finline-functions execution test
FAIL: gfortran.dg/g77/980628-2.f -O3 -g (test for excess errors)
FAIL: gfortran.dg/g77/980628-2.f -O3 -g execution test
FAIL: gfortran.dg/g77/980628-2.f -Os (test for excess errors)
FAIL: gfortran.dg/g77/980628-2.f -Os execution test
FAIL: gfortran.dg/g77/980628-3.f -O0 (test for excess errors)
FAIL: gfortran.dg/g77/980628-3.f -O0 execution test
FAIL: gfortran.dg/g77/980628-3.f -O1 (test for excess errors)
FAIL: gfortran.dg/g77/980628-3.f -O1 execution test
FAIL: gfortran.dg/g77/980628-3.f -O2 (test for excess errors)
FAIL: gfortran.dg/g77/980628-3.f -O2 execution test
FAIL: gfortran.dg/g77/980628-3.f -O3 -fomit-frame-pointer (test for excess errors)
FAIL: gfortran.dg/g77/980628-3.f -O3 -fomit-frame-pointer execution test
FAIL: gfortran.dg/g77/980628-3.f -O3 -fomit-frame-pointer -funroll-loops (test for excess errors)
FAIL: gfortran.dg/g77/980628-3.f -O3 -fomit-frame-pointer -funroll-loops execution test
FAIL: gfortran.dg/g77/980628-3.f -O3 -fomit-frame-pointer -funroll-all-loops -finline-functions (test for excess errors)
FAIL: gfortran.dg/g77/980628-3.f -O3 -fomit-frame-pointer -funroll-all-loops -finline-functions execution test
FAIL: gfortran.dg/g77/980628-3.f -O3 -g (test for excess errors)
FAIL: gfortran.dg/g77/980628-3.f -O3 -g execution test
FAIL: gfortran.dg/g77/980628-3.f -Os (test for excess errors)
FAIL: gfortran.dg/g77/980628-3.f -Os execution test
FAIL: gfortran.dg/g77/980628-7.f -O0 (test for excess errors)
FAIL: gfortran.dg/g77/980628-7.f -O0 execution test
FAIL: gfortran.dg/g77/980628-7.f -O1 (test for excess errors)
FAIL: gfortran.dg/g77/980628-7.f -O1 execution test
FAIL: gfortran.dg/g77/980628-7.f -O2 (test for excess errors)
FAIL: gfortran.dg/g77/980628-7.f -O2 execution test
FAIL: gfortran.dg/g77/980628-7.f -O3 -fomit-frame-pointer (test for excess errors)
FAIL: gfortran.dg/g77/980628-7.f -O3 -fomit-frame-pointer execution test
FAIL: gfortran.dg/g77/980628-7.f -O3 -fomit-frame-pointer -funroll-loops (test for excess errors)
FAIL: gfortran.dg/g77/980628-7.f -O3 -fomit-frame-pointer -funroll-loops execution test
FAIL: gfortran.dg/g77/980628-7.f -O3 -fomit-frame-pointer -funroll-all-loops -finline-functions (test for excess errors)
FAIL: gfortran.dg/g77/980628-7.f -O3 -fomit-frame-pointer -funroll-all-loops -finline-functions execution test
FAIL: gfortran.dg/g77/980628-7.f -O3 -g (test for excess errors)
FAIL: gfortran.dg/g77/980628-7.f -O3 -g execution test
FAIL: gfortran.dg/g77/980628-7.f -Os (test for excess errors)
FAIL: gfortran.dg/g77/980628-7.f -Os execution test
FAIL: gfortran.dg/g77/980628-8.f -O0 (test for excess errors)
FAIL: gfortran.dg/g77/980628-8.f -O0 execution test
FAIL: gfortran.dg/g77/980628-8.f -O1 (test for excess errors)
FAIL: gfortran.dg/g77/980628-8.f -O1 execution test
FAIL: gfortran.dg/g77/980628-8.f -O2 (test for excess errors)
FAIL: gfortran.dg/g77/980628-8.f -O2 execution test
FAIL: gfortran.dg/g77/980628-8.f -O3 -fomit-frame-pointer (test for excess errors)
FAIL: gfortran.dg/g77/980628-8.f -O3 -fomit-frame-pointer execution test
FAIL: gfortran.dg/g77/980628-8.f -O3 -fomit-frame-pointer -funroll-loops (test for excess errors)
FAIL: gfortran.dg/g77/980628-8.f -O3 -fomit-frame-pointer -funroll-loops execution test
FAIL: gfortran.dg/g77/980628-8.f -O3 -fomit-frame-pointer -funroll-all-loops -finline-functions (test for excess errors)
FAIL: gfortran.dg/g77/980628-8.f -O3 -fomit-frame-pointer -funroll-all-loops -finline-functions execution test
FAIL: gfortran.dg/g77/980628-8.f -O3 -g (test for excess errors)
FAIL: gfortran.dg/g77/980628-8.f -O3 -g execution test
FAIL: gfortran.dg/g77/980628-8.f -Os (test for excess errors)
FAIL: gfortran.dg/g77/980628-8.f -Os execution test
FAIL: gfortran.dg/g77/980628-9.f -O0 (test for excess errors)
FAIL: gfortran.dg/g77/980628-9.f -O0 execution test
FAIL: gfortran.dg/g77/980628-9.f -O1 (test for excess errors)
FAIL: gfortran.dg/g77/980628-9.f -O1 execution test
FAIL: gfortran.dg/g77/980628-9.f -O2 (test for excess errors)
FAIL: gfortran.dg/g77/980628-9.f -O2 execution test
FAIL: gfortran.dg/g77/980628-9.f -O3 -fomit-frame-pointer (test for excess errors)
FAIL: gfortran.dg/g77/980628-9.f -O3 -fomit-frame-pointer execution test
FAIL: gfortran.dg/g77/980628-9.f -O3 -fomit-frame-pointer -funroll-loops (test for excess errors)
FAIL: gfortran.dg/g77/980628-9.f -O3 -fomit-frame-pointer -funroll-loops execution test
FAIL: gfortran.dg/g77/980628-9.f -O3 -fomit-frame-pointer -funroll-all-loops -finline-functions (test for excess errors)
FAIL: gfortran.dg/g77/980628-9.f -O3 -fomit-frame-pointer -funroll-all-loops -finline-functions execution test
FAIL: gfortran.dg/g77/980628-9.f -O3 -g (test for excess errors)
FAIL: gfortran.dg/g77/980628-9.f -O3 -g execution test
FAIL: gfortran.dg/g77/980628-9.f -Os (test for excess errors)
FAIL: gfortran.dg/g77/980628-9.f -Os execution test
FAIL: gfortran.dg/g77/980701-0.f -O0 (test for excess errors)
FAIL: gfortran.dg/g77/980701-0.f -O1 (test for excess errors)
FAIL: gfortran.dg/g77/980701-0.f -O2 (test for excess errors)
FAIL: gfortran.dg/g77/980701-0.f -O3 -fomit-frame-pointer (test for excess errors)
FAIL: gfortran.dg/g77/980701-0.f -O3 -fomit-frame-pointer -funroll-loops (test for excess errors)
FAIL: gfortran.dg/g77/980701-0.f -O3 -fomit-frame-pointer -funroll-all-loops -finline-functions (test for excess errors)
FAIL: gfortran.dg/g77/980701-0.f -O3 -g (test for excess errors)
FAIL: gfortran.dg/g77/980701-0.f -Os (test for excess errors)
FAIL: gfortran.dg/g77/980701-1.f -O0 (test for excess errors)
FAIL: gfortran.dg/g77/980701-1.f -O1 (test for excess errors)
FAIL: gfortran.dg/g77/980701-1.f -O2 (test for excess errors)
FAIL: gfortran.dg/g77/980701-1.f -O3 -fomit-frame-pointer (test for excess errors)
FAIL: gfortran.dg/g77/980701-1.f -O3 -fomit-frame-pointer -funroll-loops (test for excess errors)
FAIL: gfortran.dg/g77/980701-1.f -O3 -fomit-frame-pointer -funroll-all-loops -finline-functions (test for excess errors)
FAIL: gfortran.dg/g77/980701-1.f -O3 -g (test for excess errors)
FAIL: gfortran.dg/g77/980701-1.f -Os (test for excess errors)
FAIL: gfortran.dg/g77/cabs.f -O0 (test for excess errors)
FAIL: gfortran.dg/g77/cabs.f -O1 (test for excess errors)
FAIL: gfortran.dg/g77/cabs.f -O2 (test for excess errors)
FAIL: gfortran.dg/g77/cabs.f -O3 -fomit-frame-pointer (test for excess errors)
FAIL: gfortran.dg/g77/cabs.f -O3 -fomit-frame-pointer -funroll-loops (test for excess errors)
FAIL: gfortran.dg/g77/cabs.f -O3 -fomit-frame-pointer -funroll-all-loops -finline-functions (test for excess errors)
FAIL: gfortran.dg/g77/cabs.f -O3 -g (test for excess errors)
FAIL: gfortran.dg/g77/cabs.f -Os (test for excess errors)
FAIL: gfortran.dg/g77/claus.f -O0 (test for excess errors)
FAIL: gfortran.dg/g77/claus.f -O1 (test for excess errors)
FAIL: gfortran.dg/g77/claus.f -O2 (test for excess errors)
FAIL: gfortran.dg/g77/claus.f -O3 -fomit-frame-pointer (test for excess errors)
FAIL: gfortran.dg/g77/claus.f -O3 -fomit-frame-pointer -funroll-loops (test for excess errors)
FAIL: gfortran.dg/g77/claus.f -O3 -fomit-frame-pointer -funroll-all-loops -finline-functions (test for excess errors)
FAIL: gfortran.dg/g77/claus.f -O3 -g (test for excess errors)
FAIL: gfortran.dg/g77/claus.f -Os (test for excess errors)
FAIL: gfortran.dg/g77/complex_1.f -O0 (test for excess errors)
FAIL: gfortran.dg/g77/complex_1.f -O1 (test for excess errors)
FAIL: gfortran.dg/g77/complex_1.f -O2 (test for excess errors)
FAIL: gfortran.dg/g77/complex_1.f -O3 -fomit-frame-pointer (test for excess errors)
FAIL: gfortran.dg/g77/complex_1.f -O3 -fomit-frame-pointer -funroll-loops (test for excess errors)
FAIL: gfortran.dg/g77/complex_1.f -O3 -fomit-frame-pointer -funroll-all-loops -finline-functions (test for excess errors)
FAIL: gfortran.dg/g77/complex_1.f -O3 -g (test for excess errors)
FAIL: gfortran.dg/g77/complex_1.f -Os (test for excess errors)
FAIL: gfortran.dg/g77/cpp3.F -O0 (test for excess errors)
FAIL: gfortran.dg/g77/cpp3.F -O1 (test for excess errors)
FAIL: gfortran.dg/g77/cpp3.F -O2 (test for excess errors)
FAIL: gfortran.dg/g77/cpp3.F -O3 -fomit-frame-pointer (test for excess errors)
FAIL: gfortran.dg/g77/cpp3.F -O3 -fomit-frame-pointer -funroll-loops (test for excess errors)
FAIL: gfortran.dg/g77/cpp3.F -O3 -fomit-frame-pointer -funroll-all-loops -finline-functions (test for excess errors)
FAIL: gfortran.dg/g77/cpp3.F -O3 -g (test for excess errors)
FAIL: gfortran.dg/g77/cpp3.F -Os (test for excess errors)
FAIL: gfortran.dg/g77/dcomplex.f -O0 (test for excess errors)
FAIL: gfortran.dg/g77/dcomplex.f -O1 (test for excess errors)
FAIL: gfortran.dg/g77/dcomplex.f -O2 (test for excess errors)
FAIL: gfortran.dg/g77/dcomplex.f -O3 -fomit-frame-pointer (test for excess errors)
FAIL: gfortran.dg/g77/dcomplex.f -O3 -fomit-frame-pointer -funroll-loops (test for excess errors)
FAIL: gfortran.dg/g77/dcomplex.f -O3 -fomit-frame-pointer -funroll-all-loops -finline-functions (test for excess errors)
FAIL: gfortran.dg/g77/dcomplex.f -O3 -g (test for excess errors)
FAIL: gfortran.dg/g77/dcomplex.f -Os (test for excess errors)
FAIL: gfortran.dg/g77/dnrm2.f -O0 (test for excess errors)
FAIL: gfortran.dg/g77/dnrm2.f -O1 (test for excess errors)
FAIL: gfortran.dg/g77/dnrm2.f -O2 (test for excess errors)
FAIL: gfortran.dg/g77/dnrm2.f -O3 -fomit-frame-pointer (test for excess errors)
FAIL: gfortran.dg/g77/dnrm2.f -O3 -fomit-frame-pointer -funroll-loops (test for excess errors)
FAIL: gfortran.dg/g77/dnrm2.f -O3 -fomit-frame-pointer -funroll-all-loops -finline-functions (test for excess errors)
FAIL: gfortran.dg/g77/dnrm2.f -O3 -g (test for excess errors)
FAIL: gfortran.dg/g77/dnrm2.f -Os (test for excess errors)
FAIL: gfortran.dg/g77/erfc.f -O0 (test for excess errors)
FAIL: gfortran.dg/g77/erfc.f -O1 (test for excess errors)
FAIL: gfortran.dg/g77/erfc.f -O2 (test for excess errors)
FAIL: gfortran.dg/g77/erfc.f -O3 -fomit-frame-pointer (test for excess errors)
FAIL: gfortran.dg/g77/erfc.f -O3 -fomit-frame-pointer -funroll-loops (test for excess errors)
FAIL: gfortran.dg/g77/erfc.f -O3 -fomit-frame-pointer -funroll-all-loops -finline-functions (test for excess errors)
FAIL: gfortran.dg/g77/erfc.f -O3 -g (test for excess errors)
FAIL: gfortran.dg/g77/erfc.f -Os (test for excess errors)
FAIL: gfortran.dg/g77/f77-edit-apostrophe-out.f -O0 (test for excess errors)
FAIL: gfortran.dg/g77/f77-edit-apostrophe-out.f -O1 (test for excess errors)
FAIL: gfortran.dg/g77/f77-edit-apostrophe-out.f -O2 (test for excess errors)
FAIL: gfortran.dg/g77/f77-edit-apostrophe-out.f -O3 -fomit-frame-pointer (test for excess errors)
FAIL: gfortran.dg/g77/f77-edit-apostrophe-out.f -O3 -fomit-frame-pointer -funroll-loops (test for excess errors)
FAIL: gfortran.dg/g77/f77-edit-apostrophe-out.f -O3 -fomit-frame-pointer -funroll-all-loops -finline-functions (test for excess errors)
FAIL: gfortran.dg/g77/f77-edit-apostrophe-out.f -O3 -g (test for excess errors)
FAIL: gfortran.dg/g77/f77-edit-apostrophe-out.f -Os (test for excess errors)
FAIL: gfortran.dg/g77/f77-edit-colon-out.f -O0 (test for excess errors)
FAIL: gfortran.dg/g77/f77-edit-colon-out.f -O1 (test for excess errors)
FAIL: gfortran.dg/g77/f77-edit-colon-out.f -O2 (test for excess errors)
FAIL: gfortran.dg/g77/f77-edit-colon-out.f -O3 -fomit-frame-pointer (test for excess errors)
FAIL: gfortran.dg/g77/f77-edit-colon-out.f -O3 -fomit-frame-pointer -funroll-loops (test for excess errors)
FAIL: gfortran.dg/g77/f77-edit-colon-out.f -O3 -fomit-frame-pointer -funroll-all-loops -finline-functions (test for excess errors)
FAIL: gfortran.dg/g77/f77-edit-colon-out.f -O3 -g (test for excess errors)
FAIL: gfortran.dg/g77/f77-edit-colon-out.f -Os (test for excess errors)
FAIL: gfortran.dg/g77/f77-edit-h-out.f -O0 (test for excess errors)
FAIL: gfortran.dg/g77/f77-edit-h-out.f -O1 (test for excess errors)
FAIL: gfortran.dg/g77/f77-edit-h-out.f -O2 (test for excess errors)
FAIL: gfortran.dg/g77/f77-edit-h-out.f -O3 -fomit-frame-pointer (test for excess errors)
FAIL: gfortran.dg/g77/f77-edit-h-out.f -O3 -fomit-frame-pointer -funroll-loops (test for excess errors)
FAIL: gfortran.dg/g77/f77-edit-h-out.f -O3 -fomit-frame-pointer -funroll-all-loops -finline-functions (test for excess errors)
FAIL: gfortran.dg/g77/f77-edit-h-out.f -O3 -g (test for excess errors)
FAIL: gfortran.dg/g77/f77-edit-h-out.f -Os (test for excess errors)
FAIL: gfortran.dg/g77/f77-edit-i-in.f -O0 (test for excess errors)
FAIL: gfortran.dg/g77/f77-edit-i-in.f -O1 (test for excess errors)
FAIL: gfortran.dg/g77/f77-edit-i-in.f -O2 (test for excess errors)
FAIL: gfortran.dg/g77/f77-edit-i-in.f -O3 -fomit-frame-pointer (test for excess errors)
FAIL: gfortran.dg/g77/f77-edit-i-in.f -O3 -fomit-frame-pointer -funroll-loops (test for excess errors)
FAIL: gfortran.dg/g77/f77-edit-i-in.f -O3 -fomit-frame-pointer -funroll-all-loops -finline-functions (test for excess errors)
FAIL: gfortran.dg/g77/f77-edit-i-in.f -O3 -g (test for excess errors)
FAIL: gfortran.dg/g77/f77-edit-i-in.f -Os (test for excess errors)
FAIL: gfortran.dg/g77/f77-edit-i-out.f -O0 (test for excess errors)
FAIL: gfortran.dg/g77/f77-edit-i-out.f -O1 (test for excess errors)
FAIL: gfortran.dg/g77/f77-edit-i-out.f -O2 (test for excess errors)
FAIL: gfortran.dg/g77/f77-edit-i-out.f -O3 -fomit-frame-pointer (test for excess errors)
FAIL: gfortran.dg/g77/f77-edit-i-out.f -O3 -fomit-frame-pointer -funroll-loops (test for excess errors)
FAIL: gfortran.dg/g77/f77-edit-i-out.f -O3 -fomit-frame-pointer -funroll-all-loops -finline-functions (test for excess errors)
FAIL: gfortran.dg/g77/f77-edit-i-out.f -O3 -g (test for excess errors)
FAIL: gfortran.dg/g77/f77-edit-i-out.f -Os (test for excess errors)
FAIL: gfortran.dg/g77/f77-edit-s-out.f -O0 (test for excess errors)
FAIL: gfortran.dg/g77/f77-edit-s-out.f -O1 (test for excess errors)
FAIL: gfortran.dg/g77/f77-edit-s-out.f -O2 (test for excess errors)
FAIL: gfortran.dg/g77/f77-edit-s-out.f -O3 -fomit-frame-pointer (test for excess errors)
FAIL: gfortran.dg/g77/f77-edit-s-out.f -O3 -fomit-frame-pointer -funroll-loops (test for excess errors)
FAIL: gfortran.dg/g77/f77-edit-s-out.f -O3 -fomit-frame-pointer -funroll-all-loops -finline-functions (test for excess errors)
FAIL: gfortran.dg/g77/f77-edit-s-out.f -O3 -g (test for excess errors)
FAIL: gfortran.dg/g77/f77-edit-s-out.f -Os (test for excess errors)
FAIL: gfortran.dg/g77/f77-edit-slash-out.f -O0 (test for excess errors)
FAIL: gfortran.dg/g77/f77-edit-slash-out.f -O1 (test for excess errors)
FAIL: gfortran.dg/g77/f77-edit-slash-out.f -O2 (test for excess errors)
FAIL: gfortran.dg/g77/f77-edit-slash-out.f -O3 -fomit-frame-pointer (test for excess errors)
FAIL: gfortran.dg/g77/f77-edit-slash-out.f -O3 -fomit-frame-pointer -funroll-loops (test for excess errors)
FAIL: gfortran.dg/g77/f77-edit-slash-out.f -O3 -fomit-frame-pointer -funroll-all-loops -finline-functions (test for excess errors)
FAIL: gfortran.dg/g77/f77-edit-slash-out.f -O3 -g (test for excess errors)
FAIL: gfortran.dg/g77/f77-edit-slash-out.f -Os (test for excess errors)
FAIL: gfortran.dg/g77/f77-edit-t-in.f -O0 (test for excess errors)
FAIL: gfortran.dg/g77/f77-edit-t-in.f -O1 (test for excess errors)
FAIL: gfortran.dg/g77/f77-edit-t-in.f -O2 (test for excess errors)
FAIL: gfortran.dg/g77/f77-edit-t-in.f -O3 -fomit-frame-pointer (test for excess errors)
FAIL: gfortran.dg/g77/f77-edit-t-in.f -O3 -fomit-frame-pointer -funroll-loops (test for excess errors)
FAIL: gfortran.dg/g77/f77-edit-t-in.f -O3 -fomit-frame-pointer -funroll-all-loops -finline-functions (test for excess errors)
FAIL: gfortran.dg/g77/f77-edit-t-in.f -O3 -g (test for excess errors)
FAIL: gfortran.dg/g77/f77-edit-t-in.f -Os (test for excess errors)
FAIL: gfortran.dg/g77/f77-edit-t-out.f -O0 (test for excess errors)
FAIL: gfortran.dg/g77/f77-edit-t-out.f -O1 (test for excess errors)
FAIL: gfortran.dg/g77/f77-edit-t-out.f -O2 (test for excess errors)
FAIL: gfortran.dg/g77/f77-edit-t-out.f -O3 -fomit-frame-pointer (test for excess errors)
FAIL: gfortran.dg/g77/f77-edit-t-out.f -O3 -fomit-frame-pointer -funroll-loops (test for excess errors)
FAIL: gfortran.dg/g77/f77-edit-t-out.f -O3 -fomit-frame-pointer -funroll-all-loops -finline-functions (test for excess errors)
FAIL: gfortran.dg/g77/f77-edit-t-out.f -O3 -g (test for excess errors)
FAIL: gfortran.dg/g77/f77-edit-t-out.f -Os (test for excess errors)
FAIL: gfortran.dg/g77/f77-edit-x-out.f -O0 (test for excess errors)
FAIL: gfortran.dg/g77/f77-edit-x-out.f -O1 (test for excess errors)
FAIL: gfortran.dg/g77/f77-edit-x-out.f -O2 (test for excess errors)
FAIL: gfortran.dg/g77/f77-edit-x-out.f -O3 -fomit-frame-pointer (test for excess errors)
FAIL: gfortran.dg/g77/f77-edit-x-out.f -O3 -fomit-frame-pointer -funroll-loops (test for excess errors)
FAIL: gfortran.dg/g77/f77-edit-x-out.f -O3 -fomit-frame-pointer -funroll-all-loops -finline-functions (test for excess errors)
FAIL: gfortran.dg/g77/f77-edit-x-out.f -O3 -g (test for excess errors)
FAIL: gfortran.dg/g77/f77-edit-x-out.f -Os (test for excess errors)
FAIL: gfortran.dg/g77/f90-intrinsic-mathematical.f -O0 (test for excess errors)
FAIL: gfortran.dg/g77/f90-intrinsic-mathematical.f -O1 (test for excess errors)
FAIL: gfortran.dg/g77/f90-intrinsic-mathematical.f -O2 (test for excess errors)
FAIL: gfortran.dg/g77/f90-intrinsic-mathematical.f -O3 -fomit-frame-pointer (test for excess errors)
FAIL: gfortran.dg/g77/f90-intrinsic-mathematical.f -O3 -fomit-frame-pointer -funroll-loops (test for excess errors)
FAIL: gfortran.dg/g77/f90-intrinsic-mathematical.f -O3 -fomit-frame-pointer -funroll-all-loops -finline-functions (test for excess errors)
FAIL: gfortran.dg/g77/f90-intrinsic-mathematical.f -O3 -g (test for excess errors)
FAIL: gfortran.dg/g77/f90-intrinsic-mathematical.f -Os (test for excess errors)
FAIL: gfortran.dg/g77/f90-intrinsic-numeric.f -O0 (test for excess errors)
FAIL: gfortran.dg/g77/f90-intrinsic-numeric.f -O1 (test for excess errors)
FAIL: gfortran.dg/g77/f90-intrinsic-numeric.f -O2 (test for excess errors)
FAIL: gfortran.dg/g77/f90-intrinsic-numeric.f -O3 -fomit-frame-pointer (test for excess errors)
FAIL: gfortran.dg/g77/f90-intrinsic-numeric.f -O3 -fomit-frame-pointer -funroll-loops (test for excess errors)
FAIL: gfortran.dg/g77/f90-intrinsic-numeric.f -O3 -fomit-frame-pointer -funroll-all-loops -finline-functions (test for excess errors)
FAIL: gfortran.dg/g77/f90-intrinsic-numeric.f -O3 -g (test for excess errors)
FAIL: gfortran.dg/g77/f90-intrinsic-numeric.f -Os (test for excess errors)
FAIL: gfortran.dg/g77/int8421.f -O0 (test for excess errors)
FAIL: gfortran.dg/g77/int8421.f -O1 (test for excess errors)
FAIL: gfortran.dg/g77/int8421.f -O2 (test for excess errors)
FAIL: gfortran.dg/g77/int8421.f -O3 -fomit-frame-pointer (test for excess errors)
FAIL: gfortran.dg/g77/int8421.f -O3 -fomit-frame-pointer -funroll-loops (test for excess errors)
FAIL: gfortran.dg/g77/int8421.f -O3 -fomit-frame-pointer -funroll-all-loops -finline-functions (test for excess errors)
FAIL: gfortran.dg/g77/int8421.f -O3 -g (test for excess errors)
FAIL: gfortran.dg/g77/int8421.f -Os (test for excess errors)
FAIL: gfortran.dg/g77/intrinsic-unix-bessel.f -O0 (test for excess errors)
FAIL: gfortran.dg/g77/intrinsic-unix-bessel.f -O1 (test for excess errors)
FAIL: gfortran.dg/g77/intrinsic-unix-bessel.f -O2 (test for excess errors)
FAIL: gfortran.dg/g77/intrinsic-unix-bessel.f -O3 -fomit-frame-pointer (test for excess errors)
FAIL: gfortran.dg/g77/intrinsic-unix-bessel.f -O3 -fomit-frame-pointer -funroll-loops (test for excess errors)
FAIL: gfortran.dg/g77/intrinsic-unix-bessel.f -O3 -fomit-frame-pointer -funroll-all-loops -finline-functions (test for excess errors)
FAIL: gfortran.dg/g77/intrinsic-unix-bessel.f -O3 -g (test for excess errors)
FAIL: gfortran.dg/g77/intrinsic-unix-bessel.f -Os (test for excess errors)
FAIL: gfortran.dg/g77/intrinsic-unix-erf.f -O0 (test for excess errors)
FAIL: gfortran.dg/g77/intrinsic-unix-erf.f -O1 (test for excess errors)
FAIL: gfortran.dg/g77/intrinsic-unix-erf.f -O2 (test for excess errors)
FAIL: gfortran.dg/g77/intrinsic-unix-erf.f -O3 -fomit-frame-pointer (test for excess errors)
FAIL: gfortran.dg/g77/intrinsic-unix-erf.f -O3 -fomit-frame-pointer -funroll-loops (test for excess errors)
FAIL: gfortran.dg/g77/intrinsic-unix-erf.f -O3 -fomit-frame-pointer -funroll-all-loops -finline-functions (test for excess errors)
FAIL: gfortran.dg/g77/intrinsic-unix-erf.f -O3 -g (test for excess errors)
FAIL: gfortran.dg/g77/intrinsic-unix-erf.f -Os (test for excess errors)
FAIL: gfortran.dg/g77/labug1.f -O0 (test for excess errors)
FAIL: gfortran.dg/g77/labug1.f -O1 (test for excess errors)
FAIL: gfortran.dg/g77/labug1.f -O2 (test for excess errors)
FAIL: gfortran.dg/g77/labug1.f -O3 -fomit-frame-pointer (test for excess errors)
FAIL: gfortran.dg/g77/labug1.f -O3 -fomit-frame-pointer -funroll-loops (test for excess errors)
FAIL: gfortran.dg/g77/labug1.f -O3 -fomit-frame-pointer -funroll-all-loops -finline-functions (test for excess errors)
FAIL: gfortran.dg/g77/labug1.f -O3 -g (test for excess errors)
FAIL: gfortran.dg/g77/labug1.f -Os (test for excess errors)
FAIL: gfortran.dg/g77/large_vec.f -O0 (test for excess errors)
FAIL: gfortran.dg/g77/large_vec.f -O1 (test for excess errors)
FAIL: gfortran.dg/g77/large_vec.f -O2 (test for excess errors)
FAIL: gfortran.dg/g77/large_vec.f -O3 -fomit-frame-pointer (test for excess errors)
FAIL: gfortran.dg/g77/large_vec.f -O3 -fomit-frame-pointer -funroll-loops (test for excess errors)
FAIL: gfortran.dg/g77/large_vec.f -O3 -fomit-frame-pointer -funroll-all-loops -finline-functions (test for excess errors)
FAIL: gfortran.dg/g77/large_vec.f -O3 -g (test for excess errors)
FAIL: gfortran.dg/g77/large_vec.f -Os (test for excess errors)
FAIL: gfortran.dg/g77/le.f -O0 (test for excess errors)
FAIL: gfortran.dg/g77/le.f -O1 (test for excess errors)
FAIL: gfortran.dg/g77/le.f -O2 (test for excess errors)
FAIL: gfortran.dg/g77/le.f -O3 -fomit-frame-pointer (test for excess errors)
FAIL: gfortran.dg/g77/le.f -O3 -fomit-frame-pointer -funroll-loops (test for excess errors)
FAIL: gfortran.dg/g77/le.f -O3 -fomit-frame-pointer -funroll-all-loops -finline-functions (test for excess errors)
FAIL: gfortran.dg/g77/le.f -O3 -g (test for excess errors)
FAIL: gfortran.dg/g77/le.f -Os (test for excess errors)
FAIL: gfortran.dg/g77/short.f -O0 (test for excess errors)
FAIL: gfortran.dg/g77/short.f -O1 (test for excess errors)
FAIL: gfortran.dg/g77/short.f -O2 (test for excess errors)
FAIL: gfortran.dg/g77/short.f -O3 -fomit-frame-pointer (test for excess errors)
FAIL: gfortran.dg/g77/short.f -O3 -fomit-frame-pointer -funroll-loops (test for excess errors)
FAIL: gfortran.dg/g77/short.f -O3 -fomit-frame-pointer -funroll-all-loops -finline-functions (test for excess errors)
FAIL: gfortran.dg/g77/short.f -O3 -g (test for excess errors)
FAIL: gfortran.dg/g77/short.f -Os (test for excess errors)
FAIL: gfortran.dg/g77/strlen0.f -O0 (test for excess errors)
FAIL: gfortran.dg/g77/strlen0.f -O1 (test for excess errors)
FAIL: gfortran.dg/g77/strlen0.f -O2 (test for excess errors)
FAIL: gfortran.dg/g77/strlen0.f -O3 -fomit-frame-pointer (test for excess errors)
FAIL: gfortran.dg/g77/strlen0.f -O3 -fomit-frame-pointer -funroll-loops (test for excess errors)
FAIL: gfortran.dg/g77/strlen0.f -O3 -fomit-frame-pointer -funroll-all-loops -finline-functions (test for excess errors)
FAIL: gfortran.dg/g77/strlen0.f -O3 -g (test for excess errors)
FAIL: gfortran.dg/g77/strlen0.f -Os (test for excess errors)
FAIL: gfortran.fortran-torture/execute/der_io.f90 execution, -O0
FAIL: gfortran.fortran-torture/execute/der_io.f90 execution, -O1
FAIL: gfortran.fortran-torture/execute/der_io.f90 execution, -O2
FAIL: gfortran.fortran-torture/execute/der_io.f90 execution, -O3 -fomit-frame-pointer
FAIL: gfortran.fortran-torture/execute/der_io.f90 execution, -O3 -fomit-frame-pointer -funroll-loops
FAIL: gfortran.fortran-torture/execute/der_io.f90 execution, -O3 -fomit-frame-pointer -funroll-all-loops -finline-functions
FAIL: gfortran.fortran-torture/execute/der_io.f90 execution, -O3 -g
FAIL: gfortran.fortran-torture/execute/der_io.f90 execution, -Os
FAIL: gfortran.fortran-torture/execute/direct_io.f90 execution, -O0
FAIL: gfortran.fortran-torture/execute/direct_io.f90 execution, -O1
FAIL: gfortran.fortran-torture/execute/direct_io.f90 execution, -O2
FAIL: gfortran.fortran-torture/execute/direct_io.f90 execution, -O3 -fomit-frame-pointer
FAIL: gfortran.fortran-torture/execute/direct_io.f90 execution, -O3 -fomit-frame-pointer -funroll-loops
FAIL: gfortran.fortran-torture/execute/direct_io.f90 execution, -O3 -fomit-frame-pointer -funroll-all-loops -finline-functions
FAIL: gfortran.fortran-torture/execute/direct_io.f90 execution, -O3 -g
FAIL: gfortran.fortran-torture/execute/direct_io.f90 execution, -Os
FAIL: gfortran.fortran-torture/execute/emptyif.f90 compilation, -O1
FAIL: gfortran.fortran-torture/execute/emptyif.f90 compilation, -O2
FAIL: gfortran.fortran-torture/execute/emptyif.f90 compilation, -O3 -fomit-frame-pointer
FAIL: gfortran.fortran-torture/execute/emptyif.f90 compilation, -O3 -fomit-frame-pointer -funroll-loops
FAIL: gfortran.fortran-torture/execute/emptyif.f90 compilation, -O3 -fomit-frame-pointer -funroll-all-loops -finline-functions
FAIL: gfortran.fortran-torture/execute/emptyif.f90 compilation, -O3 -g
FAIL: gfortran.fortran-torture/execute/emptyif.f90 compilation, -Os
FAIL: gfortran.fortran-torture/execute/f2_edit_1.f90 execution, -O0
FAIL: gfortran.fortran-torture/execute/f2_edit_1.f90 execution, -O1
FAIL: gfortran.fortran-torture/execute/f2_edit_1.f90 execution, -O2
FAIL: gfortran.fortran-torture/execute/f2_edit_1.f90 execution, -O3 -fomit-frame-pointer
FAIL: gfortran.fortran-torture/execute/f2_edit_1.f90 execution, -O3 -fomit-frame-pointer -funroll-loops
FAIL: gfortran.fortran-torture/execute/f2_edit_1.f90 execution, -O3 -fomit-frame-pointer -funroll-all-loops -finline-functions
FAIL: gfortran.fortran-torture/execute/f2_edit_1.f90 execution, -O3 -g
FAIL: gfortran.fortran-torture/execute/f2_edit_1.f90 execution, -Os
FAIL: gfortran.fortran-torture/execute/forall_3.f90 execution, -O0
FAIL: gfortran.fortran-torture/execute/forall_3.f90 execution, -O1
FAIL: gfortran.fortran-torture/execute/forall_3.f90 execution, -O2
FAIL: gfortran.fortran-torture/execute/forall_3.f90 execution, -O3 -fomit-frame-pointer
FAIL: gfortran.fortran-torture/execute/forall_3.f90 execution, -O3 -fomit-frame-pointer -funroll-loops
FAIL: gfortran.fortran-torture/execute/forall_3.f90 execution, -O3 -fomit-frame-pointer -funroll-all-loops -finline-functions
FAIL: gfortran.fortran-torture/execute/forall_3.f90 execution, -O3 -g
FAIL: gfortran.fortran-torture/execute/forall_3.f90 execution, -Os
FAIL: gfortran.fortran-torture/execute/inquire_3.f90 execution, -O0
FAIL: gfortran.fortran-torture/execute/inquire_3.f90 execution, -O1
FAIL: gfortran.fortran-torture/execute/inquire_3.f90 execution, -O2
FAIL: gfortran.fortran-torture/execute/inquire_3.f90 execution, -O3 -fomit-frame-pointer
FAIL: gfortran.fortran-torture/execute/inquire_3.f90 execution, -O3 -fomit-frame-pointer -funroll-loops
FAIL: gfortran.fortran-torture/execute/inquire_3.f90 execution, -O3 -fomit-frame-pointer -funroll-all-loops -finline-functions
FAIL: gfortran.fortran-torture/execute/inquire_3.f90 execution, -O3 -g
FAIL: gfortran.fortran-torture/execute/inquire_3.f90 execution, -Os
FAIL: gfortran.fortran-torture/execute/inquire_4.f90 execution, -O0
FAIL: gfortran.fortran-torture/execute/inquire_4.f90 execution, -O1
FAIL: gfortran.fortran-torture/execute/inquire_4.f90 execution, -O2
FAIL: gfortran.fortran-torture/execute/inquire_4.f90 execution, -O3 -fomit-frame-pointer
FAIL: gfortran.fortran-torture/execute/inquire_4.f90 execution, -O3 -fomit-frame-pointer -funroll-loops
FAIL: gfortran.fortran-torture/execute/inquire_4.f90 execution, -O3 -fomit-frame-pointer -funroll-all-loops -finline-functions
FAIL: gfortran.fortran-torture/execute/inquire_4.f90 execution, -O3 -g
FAIL: gfortran.fortran-torture/execute/inquire_4.f90 execution, -Os
FAIL: gfortran.fortran-torture/execute/intrinsic_pack.f90 execution, -O0
FAIL: gfortran.fortran-torture/execute/intrinsic_pack.f90 execution, -O1
FAIL: gfortran.fortran-torture/execute/intrinsic_pack.f90 execution, -O2
FAIL: gfortran.fortran-torture/execute/intrinsic_pack.f90 execution, -O3 -fomit-frame-pointer
FAIL: gfortran.fortran-torture/execute/intrinsic_pack.f90 execution, -O3 -fomit-frame-pointer -funroll-loops
FAIL: gfortran.fortran-torture/execute/intrinsic_pack.f90 execution, -O3 -fomit-frame-pointer -funroll-all-loops -finline-functions
FAIL: gfortran.fortran-torture/execute/intrinsic_pack.f90 execution, -O3 -g
FAIL: gfortran.fortran-torture/execute/intrinsic_pack.f90 execution, -Os
FAIL: gfortran.fortran-torture/execute/list_read_1.f90 execution, -O0
FAIL: gfortran.fortran-torture/execute/list_read_1.f90 execution, -O1
FAIL: gfortran.fortran-torture/execute/list_read_1.f90 execution, -O2
FAIL: gfortran.fortran-torture/execute/list_read_1.f90 execution, -O3 -fomit-frame-pointer
FAIL: gfortran.fortran-torture/execute/list_read_1.f90 execution, -O3 -fomit-frame-pointer -funroll-loops
FAIL: gfortran.fortran-torture/execute/list_read_1.f90 execution, -O3 -fomit-frame-pointer -funroll-all-loops -finline-functions
FAIL: gfortran.fortran-torture/execute/list_read_1.f90 execution, -O3 -g
FAIL: gfortran.fortran-torture/execute/list_read_1.f90 execution, -Os
FAIL: gfortran.fortran-torture/execute/nan_inf_fmt.f90 execution, -O0
FAIL: gfortran.fortran-torture/execute/nan_inf_fmt.f90 execution, -O1
FAIL: gfortran.fortran-torture/execute/nan_inf_fmt.f90 execution, -O2
FAIL: gfortran.fortran-torture/execute/nan_inf_fmt.f90 execution, -O3 -fomit-frame-pointer
FAIL: gfortran.fortran-torture/execute/nan_inf_fmt.f90 execution, -O3 -fomit-frame-pointer -funroll-loops
FAIL: gfortran.fortran-torture/execute/nan_inf_fmt.f90 execution, -O3 -fomit-frame-pointer -funroll-all-loops -finline-functions
FAIL: gfortran.fortran-torture/execute/nan_inf_fmt.f90 execution, -O3 -g
FAIL: gfortran.fortran-torture/execute/nan_inf_fmt.f90 execution, -Os
FAIL: gfortran.fortran-torture/execute/power.f90 execution, -O0
FAIL: gfortran.fortran-torture/execute/power.f90 execution, -O1
FAIL: gfortran.fortran-torture/execute/power.f90 execution, -O2
FAIL: gfortran.fortran-torture/execute/power.f90 execution, -O3 -fomit-frame-pointer
FAIL: gfortran.fortran-torture/execute/power.f90 execution, -O3 -fomit-frame-pointer -funroll-loops
FAIL: gfortran.fortran-torture/execute/power.f90 execution, -O3 -fomit-frame-pointer -funroll-all-loops -finline-functions
FAIL: gfortran.fortran-torture/execute/power.f90 execution, -O3 -g
FAIL: gfortran.fortran-torture/execute/power.f90 execution, -Os
FAIL: gfortran.fortran-torture/execute/seq_io.f90 execution, -O0
FAIL: gfortran.fortran-torture/execute/seq_io.f90 execution, -O1
FAIL: gfortran.fortran-torture/execute/seq_io.f90 execution, -O2
FAIL: gfortran.fortran-torture/execute/seq_io.f90 execution, -O3 -fomit-frame-pointer
FAIL: gfortran.fortran-torture/execute/seq_io.f90 execution, -O3 -fomit-frame-pointer -funroll-loops
FAIL: gfortran.fortran-torture/execute/seq_io.f90 execution, -O3 -fomit-frame-pointer -funroll-all-loops -finline-functions
FAIL: gfortran.fortran-torture/execute/seq_io.f90 execution, -O3 -g
FAIL: gfortran.fortran-torture/execute/seq_io.f90 execution, -Os
=== gfortran Summary ===
# of expected passes 3617
# of unexpected failures 1015
# of unexpected successes 8
# of expected failures 19
# of untested testcases 7
# of unsupported tests 8
/test/gnu/gcc-3.3/objdir/gcc/testsuite/../gfortran version 4.0.0 20041021 (experimental)
=== objc tests ===
Running target unix
FAIL: objc/execute/class_self-2.m compilation, -O2
UNRESOLVED: objc/execute/class_self-2.m execution, -O2
FAIL: objc/execute/class_self-2.m compilation, -O3 -fomit-frame-pointer
UNRESOLVED: objc/execute/class_self-2.m execution, -O3 -fomit-frame-pointer
FAIL: objc/execute/class_self-2.m compilation, -O3 -g
UNRESOLVED: objc/execute/class_self-2.m execution, -O3 -g
FAIL: objc/execute/class_self-2.m compilation, -Os
UNRESOLVED: objc/execute/class_self-2.m execution, -Os
=== objc Summary ===
# of expected passes 1416
# of unexpected failures 4
# of unresolved testcases 4
# of unsupported tests 7
/test/gnu/gcc-3.3/objdir/gcc/xgcc version 4.0.0 20041021 (experimental)
=== libstdc++ tests ===
Running target unix
FAIL: 26_numerics/complex/13450.cc (test for excess errors)
WARNING: 26_numerics/complex/13450.cc compilation failed to produce executable
FAIL: 26_numerics/complex/complex_value.cc (test for excess errors)
WARNING: 26_numerics/complex/complex_value.cc compilation failed to produce executable
FAIL: 26_numerics/complex/pow.cc (test for excess errors)
WARNING: 26_numerics/complex/pow.cc compilation failed to produce executable
=== libstdc++ Summary ===
# of expected passes 2956
# of unexpected failures 3
# of expected failures 5
# of unsupported tests 18
Compiler version: 4.0.0 20041021 (experimental)
Platform: hppa64-hp-hpux11.11
configure flags: --with-gnu-as --with-as=/opt/gnu64/bin/as --with-ld=/usr/ccs/bin/ld --enable-shared --disable-nls --with-local-prefix=/opt/gnu64 --prefix=/opt/gnu64/gcc/gcc-3.5.0 --host=hppa64-hp-hpux11.11 --enable-threads=posix --disable-libmudflap --enable-languages=c,c++,f95,java,objc