This is the mail archive of the
gcc-testresults@gcc.gnu.org
mailing list for the GCC project.
Results for 3.4.2 testsuite on i686-pc-linux-gnu
- From: "Alexander E. Patrakov" <patrakov at ums dot usu dot ru>
- To: gcc-testresults at gcc dot gnu dot org
- Date: Wed, 20 Oct 2004 15:39:10 +0600
- Subject: Results for 3.4.2 testsuite on i686-pc-linux-gnu
LAST_UPDATED:
Native configuration is i686-pc-linux-gnu
=== g++ tests ===
Running target unix
XPASS: g++.dg/rtti/tinfo1.C scan-assembler _ZTIP9CTemplateIhE:
XPASS: g++.dg/rtti/tinfo1.C scan-assembler-not .globl[ \\t]+_ZTIP9CTemplateIhE
WARNING: g++.old-deja/g++.mike/p10769a.C compilation failed to produce
executable
WARNING: g++.old-deja/g++.other/enum5.C compilation failed to produce
executable
XPASS: g++.old-deja/g++.other/init5.C execution test
WARNING: g++.old-deja/g++.pt/friend44.C compilation failed to produce
executable
=== g++ Summary ===
# of expected passes 9703
# of unexpected successes 3
# of expected failures 67
# of unsupported tests 43
/sources/gcc-build/gcc/testsuite/../g++ version 3.4.2
=== gcc tests ===
Running target unix
FAIL: gcc.c-torture/execute/va-arg-25.c execution, -Os
XPASS: gcc.dg/cpp/cmdlne-dI-M.c scan-file (^|\\\\n)cmdlne-dI-M.*:
[^\\\\n]*cmdlne-dI-M.c
XPASS: gcc.dg/cpp/cmdlne-dM-M.c scan-file (^|\\\\n)cmdlne-dM-M[^\\\\n]*:
[^\\\\n]*cmdlne-dM-M.c
FAIL: gcc.dg/cleanup-10.c execution test
FAIL: gcc.dg/cleanup-11.c execution test
FAIL: gcc.dg/cleanup-8.c execution test
FAIL: gcc.dg/cleanup-9.c execution test
=== gcc Summary ===
# of expected passes 24833
# of unexpected failures 5
# of unexpected successes 2
# of expected failures 68
# of untested testcases 7
# of unsupported tests 198
/sources/gcc-build/gcc/xgcc version 3.4.2
=== libstdc++-v3 check-abi Summary ===
# of added symbols: 8
# of missing symbols: 0
# of incompatible symbols: 0
using: /sources/gcc-3.4.2/libstdc++-v3/config/abi/i486-linux-gnu/baseline_symbols.txt
=== libstdc++ tests ===
Running target unix
XPASS: 22_locale/locale/cons/12658_thread.cc execution test
XPASS: 26_numerics/c99_classification_macros_c.cc (test for excess errors)
=== libstdc++ Summary ===
# of expected passes 2709
# of unexpected successes 2
# of expected failures 5
Compiler version: 3.4.2
Platform: i686-pc-linux-gnu
configure flags: --prefix=/usr --libexecdir=/usr/lib --enable-shared
--enable-threads=posix --enable-__cxa_atexit --enable-clocale=gnu
--enable-languages=c,c++
--
Alexander E. Patrakov