This is the mail archive of the
gcc-testresults@gcc.gnu.org
mailing list for the GCC project.
Results for [trunk] 4.0.020041017(experimental) testsuite on i686-pc-linux-gnu
- From: "Autocrasher" <autocrasher at devphil dot com>
- To: gcc-testresults at gcc dot gnu dot org
- Date: 17 Oct 2004 21:59:02 -0000
- Subject: Results for [trunk] 4.0.020041017(experimental) testsuite on i686-pc-linux-gnu
The configure/build/test log and regression plots can be
found at http://www.devphil.com/build/
Host was an x86-type system.
This particular run used standard (previously installed) binutils.
- The Autocrasher (Phil's Builder Bot, version 2.1)
LAST_UPDATED: Sun Oct 17 20:11:22 UTC 2004
Native configuration is i686-pc-linux-gnu
=== g++ tests ===
Running target unix
XPASS: g++.dg/rtti/tinfo1.C scan-assembler _ZTIP9CTemplateIhE:
XPASS: g++.dg/rtti/tinfo1.C scan-assembler-not .globl[ \\t]+_ZTIP9CTemplateIhE
XPASS: g++.dg/rtti/tinfo1.C scan-assembler-not .section[^\\n\\r]*_ZTIP9CTemplateIhE[^\\n\\r]*
FAIL: 102:is -:should be 1
FAIL: g++.dg/gcov/gcov-1.C gcov: 1 failures in line counts, 0 in branch percentages, 0 in return percentages
WARNING: g++.old-deja/g++.mike/p10769a.C compilation failed to produce executable
WARNING: g++.old-deja/g++.other/enum5.C compilation failed to produce executable
XPASS: g++.old-deja/g++.other/init5.C execution test
WARNING: g++.old-deja/g++.pt/friend44.C compilation failed to produce executable
=== g++ Summary ===
# of expected passes 10248
# of unexpected failures 2
# of unexpected successes 4
# of expected failures 77
# of unsupported tests 49
/mnt/build/build-2004-10-17-161001-trunk/gcc/testsuite/../g++ version 4.0.0 20041017 (experimental)
=== gcc tests ===
Running target unix
FAIL: gcc.c-torture/execute/builtins/strlen-3.c execution, -O2
FAIL: gcc.c-torture/execute/builtins/strlen-3.c execution, -O3 -fomit-frame-pointer
FAIL: gcc.c-torture/execute/builtins/strlen-3.c execution, -O3 -fomit-frame-pointer -funroll-loops
FAIL: gcc.c-torture/execute/builtins/strlen-3.c execution, -O3 -fomit-frame-pointer -funroll-all-loops -finline-functions
FAIL: gcc.c-torture/execute/builtins/strlen-3.c execution, -O3 -g
FAIL: gcc.c-torture/execute/builtins/strlen.c execution, -O2
FAIL: gcc.c-torture/execute/builtins/strlen.c execution, -O3 -fomit-frame-pointer
FAIL: gcc.c-torture/execute/builtins/strlen.c execution, -O3 -g
FAIL: gcc.c-torture/execute/bcp-1.c execution, -O0
FAIL: gcc.c-torture/execute/bcp-1.c execution, -O1
FAIL: gcc.c-torture/execute/bcp-1.c execution, -O2
FAIL: gcc.c-torture/execute/bcp-1.c execution, -O3 -fomit-frame-pointer
FAIL: gcc.c-torture/execute/bcp-1.c execution, -O3 -fomit-frame-pointer -funroll-loops
FAIL: gcc.c-torture/execute/bcp-1.c execution, -O3 -fomit-frame-pointer -funroll-all-loops -finline-functions
FAIL: gcc.c-torture/execute/bcp-1.c execution, -O3 -g
FAIL: gcc.c-torture/execute/bcp-1.c execution, -Os
XPASS: gcc.c-torture/execute/loop-2e.c execution, -Os
FAIL: gcc.dg/debug/dwarf2/dwarf-die7.c scan-assembler 1.*DW_AT_inline
FAIL: gcc.dg/c90-const-expr-3.c (test for excess errors)
FAIL: gcc.dg/c99-const-expr-3.c (test for excess errors)
FAIL: gcc.dg/redecl-4.c (test for warnings, line 17)
FAIL: gcc.dg/reg-vol-struct-1.c (test for excess errors)
FAIL: gcc.dg/format/array-1.c unterminated array (test for warnings, line 26)
FAIL: gcc.dg/format/array-1.c (test for excess errors)
FAIL: gcc.dg/format/array-1.c -DWIDE unterminated array (test for warnings, line 26)
FAIL: gcc.dg/format/array-1.c -DWIDE (test for excess errors)
FAIL: gcc.dg/format/asm_fprintf-1.c float (test for warnings, line 45)
FAIL: gcc.dg/format/asm_fprintf-1.c float (test for warnings, line 46)
FAIL: gcc.dg/format/asm_fprintf-1.c float (test for warnings, line 47)
FAIL: gcc.dg/format/asm_fprintf-1.c float (test for warnings, line 48)
FAIL: gcc.dg/format/asm_fprintf-1.c float (test for warnings, line 49)
FAIL: gcc.dg/format/asm_fprintf-1.c pointer (test for warnings, line 50)
FAIL: gcc.dg/format/asm_fprintf-1.c counter (test for warnings, line 51)
FAIL: gcc.dg/format/asm_fprintf-1.c conversion (test for warnings, line 52)
FAIL: gcc.dg/format/asm_fprintf-1.c bad argument types (test for warnings, line 55)
FAIL: gcc.dg/format/asm_fprintf-1.c bad argument types (test for warnings, line 56)
FAIL: gcc.dg/format/asm_fprintf-1.c bad argument types (test for warnings, line 57)
FAIL: gcc.dg/format/asm_fprintf-1.c bad * argument types (test for warnings, line 58)
FAIL: gcc.dg/format/asm_fprintf-1.c bad * argument types (test for warnings, line 59)
FAIL: gcc.dg/format/asm_fprintf-1.c bad * argument types (test for warnings, line 60)
FAIL: gcc.dg/format/asm_fprintf-1.c bad argument types (test for warnings, line 61)
FAIL: gcc.dg/format/asm_fprintf-1.c bad argument types (test for warnings, line 62)
FAIL: gcc.dg/format/asm_fprintf-1.c wrong number of args (test for warnings, line 65)
FAIL: gcc.dg/format/asm_fprintf-1.c wrong number of args (test for warnings, line 66)
FAIL: gcc.dg/format/asm_fprintf-1.c warning for empty format (test for warnings, line 68)
FAIL: gcc.dg/format/asm_fprintf-1.c warning for embedded NUL (test for warnings, line 69)
FAIL: gcc.dg/format/asm_fprintf-1.c warning for embedded NUL (test for warnings, line 70)
FAIL: gcc.dg/format/asm_fprintf-1.c warning for embedded NUL (test for warnings, line 71)
FAIL: gcc.dg/format/asm_fprintf-1.c trailing % warning (test for warnings, line 73)
FAIL: gcc.dg/format/asm_fprintf-1.c repeated flag warning (test for warnings, line 74)
FAIL: gcc.dg/format/asm_fprintf-1.c wide string (test for warnings, line 75)
FAIL: gcc.dg/format/asm_fprintf-1.c bad argument types (test for warnings, line 79)
FAIL: gcc.dg/format/asm_fprintf-1.c -DWIDE float (test for warnings, line 45)
FAIL: gcc.dg/format/asm_fprintf-1.c -DWIDE float (test for warnings, line 46)
FAIL: gcc.dg/format/asm_fprintf-1.c -DWIDE float (test for warnings, line 47)
FAIL: gcc.dg/format/asm_fprintf-1.c -DWIDE float (test for warnings, line 48)
FAIL: gcc.dg/format/asm_fprintf-1.c -DWIDE float (test for warnings, line 49)
FAIL: gcc.dg/format/asm_fprintf-1.c -DWIDE pointer (test for warnings, line 50)
FAIL: gcc.dg/format/asm_fprintf-1.c -DWIDE counter (test for warnings, line 51)
FAIL: gcc.dg/format/asm_fprintf-1.c -DWIDE conversion (test for warnings, line 52)
FAIL: gcc.dg/format/asm_fprintf-1.c -DWIDE bad argument types (test for warnings, line 55)
FAIL: gcc.dg/format/asm_fprintf-1.c -DWIDE bad argument types (test for warnings, line 56)
FAIL: gcc.dg/format/asm_fprintf-1.c -DWIDE bad argument types (test for warnings, line 57)
FAIL: gcc.dg/format/asm_fprintf-1.c -DWIDE bad * argument types (test for warnings, line 58)
FAIL: gcc.dg/format/asm_fprintf-1.c -DWIDE bad * argument types (test for warnings, line 59)
FAIL: gcc.dg/format/asm_fprintf-1.c -DWIDE bad * argument types (test for warnings, line 60)
FAIL: gcc.dg/format/asm_fprintf-1.c -DWIDE bad argument types (test for warnings, line 61)
FAIL: gcc.dg/format/asm_fprintf-1.c -DWIDE bad argument types (test for warnings, line 62)
FAIL: gcc.dg/format/asm_fprintf-1.c -DWIDE wrong number of args (test for warnings, line 65)
FAIL: gcc.dg/format/asm_fprintf-1.c -DWIDE wrong number of args (test for warnings, line 66)
FAIL: gcc.dg/format/asm_fprintf-1.c -DWIDE warning for empty format (test for warnings, line 68)
FAIL: gcc.dg/format/asm_fprintf-1.c -DWIDE warning for embedded NUL (test for warnings, line 69)
FAIL: gcc.dg/format/asm_fprintf-1.c -DWIDE warning for embedded NUL (test for warnings, line 70)
FAIL: gcc.dg/format/asm_fprintf-1.c -DWIDE warning for embedded NUL (test for warnings, line 71)
FAIL: gcc.dg/format/asm_fprintf-1.c -DWIDE trailing % warning (test for warnings, line 73)
FAIL: gcc.dg/format/asm_fprintf-1.c -DWIDE repeated flag warning (test for warnings, line 74)
FAIL: gcc.dg/format/asm_fprintf-1.c -DWIDE wide string (test for warnings, line 75)
FAIL: gcc.dg/format/asm_fprintf-1.c -DWIDE bad argument types (test for warnings, line 79)
FAIL: gcc.dg/format/attr-2.c attribute format printf (test for warnings, line 32)
FAIL: gcc.dg/format/attr-2.c attribute format __printf__ (test for warnings, line 34)
FAIL: gcc.dg/format/attr-2.c attribute format scanf (test for warnings, line 36)
FAIL: gcc.dg/format/attr-2.c attribute format __scanf__ (test for warnings, line 38)
FAIL: gcc.dg/format/attr-2.c attribute format strftime (test for warnings, line 40)
FAIL: gcc.dg/format/attr-2.c attribute format __strftime__ (test for warnings, line 42)
FAIL: gcc.dg/format/attr-2.c attribute format strfmon (test for warnings, line 44)
FAIL: gcc.dg/format/attr-2.c attribute format __strfmon__ (test for warnings, line 46)
FAIL: gcc.dg/format/attr-2.c attribute __format__ printf (test for warnings, line 48)
FAIL: gcc.dg/format/attr-2.c attribute __format__ __printf__ (test for warnings, line 50)
FAIL: gcc.dg/format/attr-2.c attribute __format__ scanf (test for warnings, line 52)
FAIL: gcc.dg/format/attr-2.c attribute __format__ __scanf__ (test for warnings, line 54)
FAIL: gcc.dg/format/attr-2.c attribute __format__ strftime (test for warnings, line 56)
FAIL: gcc.dg/format/attr-2.c attribute __format__ __strftime__ (test for warnings, line 58)
FAIL: gcc.dg/format/attr-2.c attribute __format__ strfmon (test for warnings, line 60)
FAIL: gcc.dg/format/attr-2.c attribute __format__ __strfmon__ (test for warnings, line 62)
FAIL: gcc.dg/format/attr-2.c attribute format_arg (test for warnings, line 64)
FAIL: gcc.dg/format/attr-2.c attribute __format_arg__ (test for warnings, line 66)
FAIL: gcc.dg/format/attr-2.c -DWIDE attribute format printf (test for warnings, line 32)
FAIL: gcc.dg/format/attr-2.c -DWIDE attribute format __printf__ (test for warnings, line 34)
FAIL: gcc.dg/format/attr-2.c -DWIDE attribute format scanf (test for warnings, line 36)
FAIL: gcc.dg/format/attr-2.c -DWIDE attribute format __scanf__ (test for warnings, line 38)
FAIL: gcc.dg/format/attr-2.c -DWIDE attribute format strftime (test for warnings, line 40)
FAIL: gcc.dg/format/attr-2.c -DWIDE attribute format __strftime__ (test for warnings, line 42)
FAIL: gcc.dg/format/attr-2.c -DWIDE attribute format strfmon (test for warnings, line 44)
FAIL: gcc.dg/format/attr-2.c -DWIDE attribute format __strfmon__ (test for warnings, line 46)
FAIL: gcc.dg/format/attr-2.c -DWIDE attribute __format__ printf (test for warnings, line 48)
FAIL: gcc.dg/format/attr-2.c -DWIDE attribute __format__ __printf__ (test for warnings, line 50)
FAIL: gcc.dg/format/attr-2.c -DWIDE attribute __format__ scanf (test for warnings, line 52)
FAIL: gcc.dg/format/attr-2.c -DWIDE attribute __format__ __scanf__ (test for warnings, line 54)
FAIL: gcc.dg/format/attr-2.c -DWIDE attribute __format__ strftime (test for warnings, line 56)
FAIL: gcc.dg/format/attr-2.c -DWIDE attribute __format__ __strftime__ (test for warnings, line 58)
FAIL: gcc.dg/format/attr-2.c -DWIDE attribute __format__ strfmon (test for warnings, line 60)
FAIL: gcc.dg/format/attr-2.c -DWIDE attribute __format__ __strfmon__ (test for warnings, line 62)
FAIL: gcc.dg/format/attr-2.c -DWIDE attribute format_arg (test for warnings, line 64)
FAIL: gcc.dg/format/attr-2.c -DWIDE attribute __format_arg__ (test for warnings, line 66)
FAIL: gcc.dg/format/attr-4.c attribute format printf case 0 (test for warnings, line 18)
FAIL: gcc.dg/format/attr-4.c attribute format printf case 1 (test for warnings, line 20)
FAIL: gcc.dg/format/attr-4.c attribute format printf case 2 (test for warnings, line 22)
FAIL: gcc.dg/format/attr-4.c attribute format printf case 3 (test for warnings, line 24)
FAIL: gcc.dg/format/attr-4.c -DWIDE attribute format printf case 0 (test for warnings, line 18)
FAIL: gcc.dg/format/attr-4.c -DWIDE attribute format printf case 1 (test for warnings, line 20)
FAIL: gcc.dg/format/attr-4.c -DWIDE attribute format printf case 2 (test for warnings, line 22)
FAIL: gcc.dg/format/attr-4.c -DWIDE attribute format printf case 3 (test for warnings, line 24)
FAIL: gcc.dg/format/attr-6.c implicit scanf (test for warnings, line 20)
FAIL: gcc.dg/format/attr-6.c -DWIDE implicit scanf (test for warnings, line 20)
FAIL: gcc.dg/format/attr-7.c prefix (test for warnings, line 20)
FAIL: gcc.dg/format/attr-7.c prefix (test for warnings, line 21)
FAIL: gcc.dg/format/attr-7.c postfix (test for warnings, line 24)
FAIL: gcc.dg/format/attr-7.c postfix (test for warnings, line 25)
FAIL: gcc.dg/format/attr-7.c nested (test for warnings, line 28)
FAIL: gcc.dg/format/attr-7.c nested (test for warnings, line 29)
FAIL: gcc.dg/format/attr-7.c nested 2 (test for warnings, line 32)
FAIL: gcc.dg/format/attr-7.c nested 2 (test for warnings, line 33)
FAIL: gcc.dg/format/attr-7.c -DWIDE prefix (test for warnings, line 20)
FAIL: gcc.dg/format/attr-7.c -DWIDE prefix (test for warnings, line 21)
FAIL: gcc.dg/format/attr-7.c -DWIDE postfix (test for warnings, line 24)
FAIL: gcc.dg/format/attr-7.c -DWIDE postfix (test for warnings, line 25)
FAIL: gcc.dg/format/attr-7.c -DWIDE nested (test for warnings, line 28)
FAIL: gcc.dg/format/attr-7.c -DWIDE nested (test for warnings, line 29)
FAIL: gcc.dg/format/attr-7.c -DWIDE nested 2 (test for warnings, line 32)
FAIL: gcc.dg/format/attr-7.c -DWIDE nested 2 (test for warnings, line 33)
FAIL: gcc.dg/format/branch-1.c wrong type in conditional expr (test for warnings, line 12)
FAIL: gcc.dg/format/branch-1.c wrong type in conditional expr (test for warnings, line 13)
FAIL: gcc.dg/format/branch-1.c wrong type in conditional expr (test for warnings, line 14)
FAIL: gcc.dg/format/branch-1.c too many args in all branches (test for warnings, line 17)
FAIL: gcc.dg/format/branch-1.c wrong type (test for warnings, line 21)
FAIL: gcc.dg/format/branch-1.c wrong type (test for warnings, line 22)
FAIL: gcc.dg/format/branch-1.c wrong type (test for warnings, line 23)
FAIL: gcc.dg/format/branch-1.c -DWIDE wrong type in conditional expr (test for warnings, line 12)
FAIL: gcc.dg/format/branch-1.c -DWIDE wrong type in conditional expr (test for warnings, line 13)
FAIL: gcc.dg/format/branch-1.c -DWIDE wrong type in conditional expr (test for warnings, line 14)
FAIL: gcc.dg/format/branch-1.c -DWIDE too many args in all branches (test for warnings, line 17)
FAIL: gcc.dg/format/branch-1.c -DWIDE wrong type (test for warnings, line 21)
FAIL: gcc.dg/format/branch-1.c -DWIDE wrong type (test for warnings, line 22)
FAIL: gcc.dg/format/branch-1.c -DWIDE wrong type (test for warnings, line 23)
FAIL: gcc.dg/format/builtin-1.c __builtin_fprintf (test for warnings, line 14)
FAIL: gcc.dg/format/builtin-1.c __builtin_printf (test for warnings, line 16)
FAIL: gcc.dg/format/builtin-1.c __builtin_fprintf_unlocked (test for warnings, line 19)
FAIL: gcc.dg/format/builtin-1.c __builtin_printf_unlocked (test for warnings, line 21)
FAIL: gcc.dg/format/builtin-1.c -DWIDE __builtin_fprintf (test for warnings, line 14)
FAIL: gcc.dg/format/builtin-1.c -DWIDE __builtin_printf (test for warnings, line 16)
FAIL: gcc.dg/format/builtin-1.c -DWIDE __builtin_fprintf_unlocked (test for warnings, line 19)
FAIL: gcc.dg/format/builtin-1.c -DWIDE __builtin_printf_unlocked (test for warnings, line 21)
FAIL: gcc.dg/format/c90-printf-1.c width with %n (test for warnings, line 37)
FAIL: gcc.dg/format/c90-printf-1.c negative precision warning (test for warnings, line 44)
FAIL: gcc.dg/format/c90-printf-1.c broken %.-*d format (test for warnings, line 45)
FAIL: gcc.dg/format/c90-printf-1.c precision with %c (test for warnings, line 46)
FAIL: gcc.dg/format/c90-printf-1.c precision with %p (test for warnings, line 47)
FAIL: gcc.dg/format/c90-printf-1.c precision with %n (test for warnings, line 48)
FAIL: gcc.dg/format/c90-printf-1.c bogus %% (test for warnings, line 54)
FAIL: gcc.dg/format/c90-printf-1.c bogus %% (test for warnings, line 55)
FAIL: gcc.dg/format/c90-printf-1.c bogus %% (test for warnings, line 56)
FAIL: gcc.dg/format/c90-printf-1.c bogus %% (test for warnings, line 57)
FAIL: gcc.dg/format/c90-printf-1.c bogus %% (test for warnings, line 58)
FAIL: gcc.dg/format/c90-printf-1.c bad use of %h (test for warnings, line 70)
FAIL: gcc.dg/format/c90-printf-1.c bad use of %h (test for warnings, line 71)
FAIL: gcc.dg/format/c90-printf-1.c bad use of %h (test for warnings, line 72)
FAIL: gcc.dg/format/c90-printf-1.c bad use of %h (test for warnings, line 73)
FAIL: gcc.dg/format/c90-printf-1.c bad use of %h (test for warnings, line 74)
FAIL: gcc.dg/format/c90-printf-1.c bad use of %h (test for warnings, line 75)
FAIL: gcc.dg/format/c90-printf-1.c bad use of %h (test for warnings, line 76)
FAIL: gcc.dg/format/c90-printf-1.c bad use of %h (test for warnings, line 77)
FAIL: gcc.dg/format/c90-printf-1.c bare %h (test for warnings, line 78)
FAIL: gcc.dg/format/c90-printf-1.c bogus %h. (test for warnings, line 79)
FAIL: gcc.dg/format/c90-printf-1.c bad use of %l (test for warnings, line 82)
FAIL: gcc.dg/format/c90-printf-1.c bad use of %l (test for warnings, line 83)
FAIL: gcc.dg/format/c90-printf-1.c bad use of %l (test for warnings, line 84)
FAIL: gcc.dg/format/c90-printf-1.c bad use of %l (test for warnings, line 85)
FAIL: gcc.dg/format/c90-printf-1.c bad use of %l (test for warnings, line 86)
FAIL: gcc.dg/format/c90-printf-1.c bad use of %l (test for warnings, line 87)
FAIL: gcc.dg/format/c90-printf-1.c C90 bad use of %l (test for warnings, line 92)
FAIL: gcc.dg/format/c90-printf-1.c C90 bad use of %l (test for warnings, line 93)
FAIL: gcc.dg/format/c90-printf-1.c bad use of %L (test for warnings, line 101)
FAIL: gcc.dg/format/c90-printf-1.c bad use of %L (test for warnings, line 102)
FAIL: gcc.dg/format/c90-printf-1.c bad use of %L (test for warnings, line 103)
FAIL: gcc.dg/format/c90-printf-1.c bad use of %L (test for warnings, line 104)
FAIL: gcc.dg/format/c90-printf-1.c bad use of %L (test for warnings, line 105)
FAIL: gcc.dg/format/c90-printf-1.c bad use of %L (test for warnings, line 106)
FAIL: gcc.dg/format/c90-printf-1.c bad use of %L (test for warnings, line 107)
FAIL: gcc.dg/format/c90-printf-1.c bad use of %L (test for warnings, line 108)
FAIL: gcc.dg/format/c90-printf-1.c bad use of %L (test for warnings, line 109)
FAIL: gcc.dg/format/c90-printf-1.c bad use of %L (test for warnings, line 110)
FAIL: gcc.dg/format/c90-printf-1.c bad use of %-n (test for warnings, line 117)
FAIL: gcc.dg/format/c90-printf-1.c bad use of + flag (test for warnings, line 120)
FAIL: gcc.dg/format/c90-printf-1.c bad use of + flag (test for warnings, line 121)
FAIL: gcc.dg/format/c90-printf-1.c bad use of + flag (test for warnings, line 122)
FAIL: gcc.dg/format/c90-printf-1.c bad use of + flag (test for warnings, line 123)
FAIL: gcc.dg/format/c90-printf-1.c bad use of + flag (test for warnings, line 124)
FAIL: gcc.dg/format/c90-printf-1.c bad use of + flag (test for warnings, line 125)
FAIL: gcc.dg/format/c90-printf-1.c bad use of + flag (test for warnings, line 126)
FAIL: gcc.dg/format/c90-printf-1.c bad use of + flag (test for warnings, line 127)
FAIL: gcc.dg/format/c90-printf-1.c use of space and + flags (test for warnings, line 131)
FAIL: gcc.dg/format/c90-printf-1.c use of space and + flags (test for warnings, line 132)
FAIL: gcc.dg/format/c90-printf-1.c bad use of space flag (test for warnings, line 134)
FAIL: gcc.dg/format/c90-printf-1.c bad use of space flag (test for warnings, line 135)
FAIL: gcc.dg/format/c90-printf-1.c bad use of space flag (test for warnings, line 136)
FAIL: gcc.dg/format/c90-printf-1.c bad use of space flag (test for warnings, line 137)
FAIL: gcc.dg/format/c90-printf-1.c bad use of space flag (test for warnings, line 138)
FAIL: gcc.dg/format/c90-printf-1.c bad use of space flag (test for warnings, line 139)
FAIL: gcc.dg/format/c90-printf-1.c bad use of space flag (test for warnings, line 140)
FAIL: gcc.dg/format/c90-printf-1.c bad use of space flag (test for warnings, line 141)
FAIL: gcc.dg/format/c90-printf-1.c bad use of # flag (test for warnings, line 144)
FAIL: gcc.dg/format/c90-printf-1.c bad use of # flag (test for warnings, line 145)
FAIL: gcc.dg/format/c90-printf-1.c bad use of # flag (test for warnings, line 146)
FAIL: gcc.dg/format/c90-printf-1.c bad use of # flag (test for warnings, line 147)
FAIL: gcc.dg/format/c90-printf-1.c bad use of # flag (test for warnings, line 148)
FAIL: gcc.dg/format/c90-printf-1.c bad use of # flag (test for warnings, line 149)
FAIL: gcc.dg/format/c90-printf-1.c bad use of # flag (test for warnings, line 150)
FAIL: gcc.dg/format/c90-printf-1.c bad use of 0 flag (test for warnings, line 154)
FAIL: gcc.dg/format/c90-printf-1.c bad use of 0 flag (test for warnings, line 155)
FAIL: gcc.dg/format/c90-printf-1.c bad use of 0 flag (test for warnings, line 156)
FAIL: gcc.dg/format/c90-printf-1.c bad use of 0 flag (test for warnings, line 157)
FAIL: gcc.dg/format/c90-printf-1.c 0 flag ignored with precision (test for warnings, line 159)
FAIL: gcc.dg/format/c90-printf-1.c 0 flag ignored with precision (test for warnings, line 160)
FAIL: gcc.dg/format/c90-printf-1.c 0 flag ignored with precision (test for warnings, line 161)
FAIL: gcc.dg/format/c90-printf-1.c 0 flag ignored with precision (test for warnings, line 162)
FAIL: gcc.dg/format/c90-printf-1.c 0 flag ignored with precision (test for warnings, line 163)
FAIL: gcc.dg/format/c90-printf-1.c 0 flag ignored with precision (test for warnings, line 164)
FAIL: gcc.dg/format/c90-printf-1.c 0 flag ignored with - flag (test for warnings, line 167)
FAIL: gcc.dg/format/c90-printf-1.c 0 flag ignored with - flag (test for warnings, line 168)
FAIL: gcc.dg/format/c90-printf-1.c 0 flag ignored with - flag (test for warnings, line 169)
FAIL: gcc.dg/format/c90-printf-1.c 0 flag ignored with - flag (test for warnings, line 170)
FAIL: gcc.dg/format/c90-printf-1.c 0 flag ignored with - flag (test for warnings, line 171)
FAIL: gcc.dg/format/c90-printf-1.c 0 flag ignored with - flag (test for warnings, line 172)
FAIL: gcc.dg/format/c90-printf-1.c 0 flag ignored with - flag (test for warnings, line 173)
FAIL: gcc.dg/format/c90-printf-1.c 0 flag ignored with - flag (test for warnings, line 174)
FAIL: gcc.dg/format/c90-printf-1.c 0 flag ignored with - flag (test for warnings, line 175)
FAIL: gcc.dg/format/c90-printf-1.c 0 flag ignored with - flag (test for warnings, line 176)
FAIL: gcc.dg/format/c90-printf-1.c 0 flag ignored with - flag (test for warnings, line 177)
FAIL: gcc.dg/format/c90-printf-1.c bad argument types (test for warnings, line 179)
FAIL: gcc.dg/format/c90-printf-1.c bad * argument types (test for warnings, line 180)
FAIL: gcc.dg/format/c90-printf-1.c bad * argument types (test for warnings, line 181)
FAIL: gcc.dg/format/c90-printf-1.c bad argument types (test for warnings, line 182)
FAIL: gcc.dg/format/c90-printf-1.c bad argument types (test for warnings, line 183)
FAIL: gcc.dg/format/c90-printf-1.c bad argument types (test for warnings, line 184)
FAIL: gcc.dg/format/c90-printf-1.c bad argument types (test for warnings, line 185)
FAIL: gcc.dg/format/c90-printf-1.c bad argument types (test for warnings, line 199)
FAIL: gcc.dg/format/c90-printf-1.c bad argument types (test for warnings, line 200)
FAIL: gcc.dg/format/c90-printf-1.c bad argument types (test for warnings, line 201)
FAIL: gcc.dg/format/c90-printf-1.c bad argument types (test for warnings, line 210)
FAIL: gcc.dg/format/c90-printf-1.c wrong number of args (test for warnings, line 223)
FAIL: gcc.dg/format/c90-printf-1.c wrong number of args (test for warnings, line 224)
FAIL: gcc.dg/format/c90-printf-1.c warning for empty format (test for warnings, line 226)
FAIL: gcc.dg/format/c90-printf-1.c warning for embedded NUL (test for warnings, line 227)
FAIL: gcc.dg/format/c90-printf-1.c warning for embedded NUL (test for warnings, line 228)
FAIL: gcc.dg/format/c90-printf-1.c warning for embedded NUL (test for warnings, line 229)
FAIL: gcc.dg/format/c90-printf-1.c trailing % warning (test for warnings, line 231)
FAIL: gcc.dg/format/c90-printf-1.c repeated flag warning (test for warnings, line 232)
FAIL: gcc.dg/format/c90-printf-1.c %n with const (test for warnings, line 233)
FAIL: gcc.dg/format/c90-printf-1.c wide string (test for warnings, line 234)
FAIL: gcc.dg/format/c90-printf-1.c %n with NULL (test for warnings, line 235)
FAIL: gcc.dg/format/c90-printf-1.c %s with NULL (test for warnings, line 236)
FAIL: gcc.dg/format/c90-printf-1.c -DWIDE width with %n (test for warnings, line 37)
FAIL: gcc.dg/format/c90-printf-1.c -DWIDE negative precision warning (test for warnings, line 44)
FAIL: gcc.dg/format/c90-printf-1.c -DWIDE broken %.-*d format (test for warnings, line 45)
FAIL: gcc.dg/format/c90-printf-1.c -DWIDE precision with %c (test for warnings, line 46)
FAIL: gcc.dg/format/c90-printf-1.c -DWIDE precision with %p (test for warnings, line 47)
FAIL: gcc.dg/format/c90-printf-1.c -DWIDE precision with %n (test for warnings, line 48)
FAIL: gcc.dg/format/c90-printf-1.c -DWIDE bogus %% (test for warnings, line 54)
FAIL: gcc.dg/format/c90-printf-1.c -DWIDE bogus %% (test for warnings, line 55)
FAIL: gcc.dg/format/c90-printf-1.c -DWIDE bogus %% (test for warnings, line 56)
FAIL: gcc.dg/format/c90-printf-1.c -DWIDE bogus %% (test for warnings, line 57)
FAIL: gcc.dg/format/c90-printf-1.c -DWIDE bogus %% (test for warnings, line 58)
FAIL: gcc.dg/format/c90-printf-1.c -DWIDE bad use of %h (test for warnings, line 70)
FAIL: gcc.dg/format/c90-printf-1.c -DWIDE bad use of %h (test for warnings, line 71)
FAIL: gcc.dg/format/c90-printf-1.c -DWIDE bad use of %h (test for warnings, line 72)
FAIL: gcc.dg/format/c90-printf-1.c -DWIDE bad use of %h (test for warnings, line 73)
FAIL: gcc.dg/format/c90-printf-1.c -DWIDE bad use of %h (test for warnings, line 74)
FAIL: gcc.dg/format/c90-printf-1.c -DWIDE bad use of %h (test for warnings, line 75)
FAIL: gcc.dg/format/c90-printf-1.c -DWIDE bad use of %h (test for warnings, line 76)
FAIL: gcc.dg/format/c90-printf-1.c -DWIDE bad use of %h (test for warnings, line 77)
FAIL: gcc.dg/format/c90-printf-1.c -DWIDE bare %h (test for warnings, line 78)
FAIL: gcc.dg/format/c90-printf-1.c -DWIDE bogus %h. (test for warnings, line 79)
FAIL: gcc.dg/format/c90-printf-1.c -DWIDE bad use of %l (test for warnings, line 82)
FAIL: gcc.dg/format/c90-printf-1.c -DWIDE bad use of %l (test for warnings, line 83)
FAIL: gcc.dg/format/c90-printf-1.c -DWIDE bad use of %l (test for warnings, line 84)
FAIL: gcc.dg/format/c90-printf-1.c -DWIDE bad use of %l (test for warnings, line 85)
FAIL: gcc.dg/format/c90-printf-1.c -DWIDE bad use of %l (test for warnings, line 86)
FAIL: gcc.dg/format/c90-printf-1.c -DWIDE bad use of %l (test for warnings, line 87)
FAIL: gcc.dg/format/c90-printf-1.c -DWIDE C90 bad use of %l (test for warnings, line 92)
FAIL: gcc.dg/format/c90-printf-1.c -DWIDE C90 bad use of %l (test for warnings, line 93)
FAIL: gcc.dg/format/c90-printf-1.c -DWIDE bad use of %L (test for warnings, line 101)
FAIL: gcc.dg/format/c90-printf-1.c -DWIDE bad use of %L (test for warnings, line 102)
FAIL: gcc.dg/format/c90-printf-1.c -DWIDE bad use of %L (test for warnings, line 103)
FAIL: gcc.dg/format/c90-printf-1.c -DWIDE bad use of %L (test for warnings, line 104)
FAIL: gcc.dg/format/c90-printf-1.c -DWIDE bad use of %L (test for warnings, line 105)
FAIL: gcc.dg/format/c90-printf-1.c -DWIDE bad use of %L (test for warnings, line 106)
FAIL: gcc.dg/format/c90-printf-1.c -DWIDE bad use of %L (test for warnings, line 107)
FAIL: gcc.dg/format/c90-printf-1.c -DWIDE bad use of %L (test for warnings, line 108)
FAIL: gcc.dg/format/c90-printf-1.c -DWIDE bad use of %L (test for warnings, line 109)
FAIL: gcc.dg/format/c90-printf-1.c -DWIDE bad use of %L (test for warnings, line 110)
FAIL: gcc.dg/format/c90-printf-1.c -DWIDE bad use of %-n (test for warnings, line 117)
FAIL: gcc.dg/format/c90-printf-1.c -DWIDE bad use of + flag (test for warnings, line 120)
FAIL: gcc.dg/format/c90-printf-1.c -DWIDE bad use of + flag (test for warnings, line 121)
FAIL: gcc.dg/format/c90-printf-1.c -DWIDE bad use of + flag (test for warnings, line 122)
FAIL: gcc.dg/format/c90-printf-1.c -DWIDE bad use of + flag (test for warnings, line 123)
FAIL: gcc.dg/format/c90-printf-1.c -DWIDE bad use of + flag (test for warnings, line 124)
FAIL: gcc.dg/format/c90-printf-1.c -DWIDE bad use of + flag (test for warnings, line 125)
FAIL: gcc.dg/format/c90-printf-1.c -DWIDE bad use of + flag (test for warnings, line 126)
FAIL: gcc.dg/format/c90-printf-1.c -DWIDE bad use of + flag (test for warnings, line 127)
FAIL: gcc.dg/format/c90-printf-1.c -DWIDE use of space and + flags (test for warnings, line 131)
FAIL: gcc.dg/format/c90-printf-1.c -DWIDE use of space and + flags (test for warnings, line 132)
FAIL: gcc.dg/format/c90-printf-1.c -DWIDE bad use of space flag (test for warnings, line 134)
FAIL: gcc.dg/format/c90-printf-1.c -DWIDE bad use of space flag (test for warnings, line 135)
FAIL: gcc.dg/format/c90-printf-1.c -DWIDE bad use of space flag (test for warnings, line 136)
FAIL: gcc.dg/format/c90-printf-1.c -DWIDE bad use of space flag (test for warnings, line 137)
FAIL: gcc.dg/format/c90-printf-1.c -DWIDE bad use of space flag (test for warnings, line 138)
FAIL: gcc.dg/format/c90-printf-1.c -DWIDE bad use of space flag (test for warnings, line 139)
FAIL: gcc.dg/format/c90-printf-1.c -DWIDE bad use of space flag (test for warnings, line 140)
FAIL: gcc.dg/format/c90-printf-1.c -DWIDE bad use of space flag (test for warnings, line 141)
FAIL: gcc.dg/format/c90-printf-1.c -DWIDE bad use of # flag (test for warnings, line 144)
FAIL: gcc.dg/format/c90-printf-1.c -DWIDE bad use of # flag (test for warnings, line 145)
FAIL: gcc.dg/format/c90-printf-1.c -DWIDE bad use of # flag (test for warnings, line 146)
FAIL: gcc.dg/format/c90-printf-1.c -DWIDE bad use of # flag (test for warnings, line 147)
FAIL: gcc.dg/format/c90-printf-1.c -DWIDE bad use of # flag (test for warnings, line 148)
FAIL: gcc.dg/format/c90-printf-1.c -DWIDE bad use of # flag (test for warnings, line 149)
FAIL: gcc.dg/format/c90-printf-1.c -DWIDE bad use of # flag (test for warnings, line 150)
FAIL: gcc.dg/format/c90-printf-1.c -DWIDE bad use of 0 flag (test for warnings, line 154)
FAIL: gcc.dg/format/c90-printf-1.c -DWIDE bad use of 0 flag (test for warnings, line 155)
FAIL: gcc.dg/format/c90-printf-1.c -DWIDE bad use of 0 flag (test for warnings, line 156)
FAIL: gcc.dg/format/c90-printf-1.c -DWIDE bad use of 0 flag (test for warnings, line 157)
FAIL: gcc.dg/format/c90-printf-1.c -DWIDE 0 flag ignored with precision (test for warnings, line 159)
FAIL: gcc.dg/format/c90-printf-1.c -DWIDE 0 flag ignored with precision (test for warnings, line 160)
FAIL: gcc.dg/format/c90-printf-1.c -DWIDE 0 flag ignored with precision (test for warnings, line 161)
FAIL: gcc.dg/format/c90-printf-1.c -DWIDE 0 flag ignored with precision (test for warnings, line 162)
FAIL: gcc.dg/format/c90-printf-1.c -DWIDE 0 flag ignored with precision (test for warnings, line 163)
FAIL: gcc.dg/format/c90-printf-1.c -DWIDE 0 flag ignored with precision (test for warnings, line 164)
FAIL: gcc.dg/format/c90-printf-1.c -DWIDE 0 flag ignored with - flag (test for warnings, line 167)
FAIL: gcc.dg/format/c90-printf-1.c -DWIDE 0 flag ignored with - flag (test for warnings, line 168)
FAIL: gcc.dg/format/c90-printf-1.c -DWIDE 0 flag ignored with - flag (test for warnings, line 169)
FAIL: gcc.dg/format/c90-printf-1.c -DWIDE 0 flag ignored with - flag (test for warnings, line 170)
FAIL: gcc.dg/format/c90-printf-1.c -DWIDE 0 flag ignored with - flag (test for warnings, line 171)
FAIL: gcc.dg/format/c90-printf-1.c -DWIDE 0 flag ignored with - flag (test for warnings, line 172)
FAIL: gcc.dg/format/c90-printf-1.c -DWIDE 0 flag ignored with - flag (test for warnings, line 173)
FAIL: gcc.dg/format/c90-printf-1.c -DWIDE 0 flag ignored with - flag (test for warnings, line 174)
FAIL: gcc.dg/format/c90-printf-1.c -DWIDE 0 flag ignored with - flag (test for warnings, line 175)
FAIL: gcc.dg/format/c90-printf-1.c -DWIDE 0 flag ignored with - flag (test for warnings, line 176)
FAIL: gcc.dg/format/c90-printf-1.c -DWIDE 0 flag ignored with - flag (test for warnings, line 177)
FAIL: gcc.dg/format/c90-printf-1.c -DWIDE bad argument types (test for warnings, line 179)
FAIL: gcc.dg/format/c90-printf-1.c -DWIDE bad * argument types (test for warnings, line 180)
FAIL: gcc.dg/format/c90-printf-1.c -DWIDE bad * argument types (test for warnings, line 181)
FAIL: gcc.dg/format/c90-printf-1.c -DWIDE bad argument types (test for warnings, line 182)
FAIL: gcc.dg/format/c90-printf-1.c -DWIDE bad argument types (test for warnings, line 183)
FAIL: gcc.dg/format/c90-printf-1.c -DWIDE bad argument types (test for warnings, line 184)
FAIL: gcc.dg/format/c90-printf-1.c -DWIDE bad argument types (test for warnings, line 185)
FAIL: gcc.dg/format/c90-printf-1.c -DWIDE bad argument types (test for warnings, line 199)
FAIL: gcc.dg/format/c90-printf-1.c -DWIDE bad argument types (test for warnings, line 200)
FAIL: gcc.dg/format/c90-printf-1.c -DWIDE bad argument types (test for warnings, line 201)
FAIL: gcc.dg/format/c90-printf-1.c -DWIDE bad argument types (test for warnings, line 210)
FAIL: gcc.dg/format/c90-printf-1.c -DWIDE wrong number of args (test for warnings, line 223)
FAIL: gcc.dg/format/c90-printf-1.c -DWIDE wrong number of args (test for warnings, line 224)
FAIL: gcc.dg/format/c90-printf-1.c -DWIDE warning for empty format (test for warnings, line 226)
FAIL: gcc.dg/format/c90-printf-1.c -DWIDE warning for embedded NUL (test for warnings, line 227)
FAIL: gcc.dg/format/c90-printf-1.c -DWIDE warning for embedded NUL (test for warnings, line 228)
FAIL: gcc.dg/format/c90-printf-1.c -DWIDE warning for embedded NUL (test for warnings, line 229)
FAIL: gcc.dg/format/c90-printf-1.c -DWIDE trailing % warning (test for warnings, line 231)
FAIL: gcc.dg/format/c90-printf-1.c -DWIDE repeated flag warning (test for warnings, line 232)
FAIL: gcc.dg/format/c90-printf-1.c -DWIDE %n with const (test for warnings, line 233)
FAIL: gcc.dg/format/c90-printf-1.c -DWIDE wide string (test for warnings, line 234)
FAIL: gcc.dg/format/c90-printf-1.c -DWIDE %n with NULL (test for warnings, line 235)
FAIL: gcc.dg/format/c90-printf-1.c -DWIDE %s with NULL (test for warnings, line 236)
FAIL: gcc.dg/format/c90-printf-2.c %hh in C90 (test for warnings, line 15)
FAIL: gcc.dg/format/c90-printf-2.c %ll in C90 (test for warnings, line 16)
FAIL: gcc.dg/format/c90-printf-2.c %j in C90 (test for warnings, line 17)
FAIL: gcc.dg/format/c90-printf-2.c %z in C90 (test for warnings, line 18)
FAIL: gcc.dg/format/c90-printf-2.c %t in C90 (test for warnings, line 19)
FAIL: gcc.dg/format/c90-printf-2.c %F in C90 (test for warnings, line 21)
FAIL: gcc.dg/format/c90-printf-2.c %a in C90 (test for warnings, line 22)
FAIL: gcc.dg/format/c90-printf-2.c %A in C90 (test for warnings, line 23)
FAIL: gcc.dg/format/c90-printf-2.c -DWIDE %hh in C90 (test for warnings, line 15)
FAIL: gcc.dg/format/c90-printf-2.c -DWIDE %ll in C90 (test for warnings, line 16)
FAIL: gcc.dg/format/c90-printf-2.c -DWIDE %j in C90 (test for warnings, line 17)
FAIL: gcc.dg/format/c90-printf-2.c -DWIDE %z in C90 (test for warnings, line 18)
FAIL: gcc.dg/format/c90-printf-2.c -DWIDE %t in C90 (test for warnings, line 19)
FAIL: gcc.dg/format/c90-printf-2.c -DWIDE %F in C90 (test for warnings, line 21)
FAIL: gcc.dg/format/c90-printf-2.c -DWIDE %a in C90 (test for warnings, line 22)
FAIL: gcc.dg/format/c90-printf-2.c -DWIDE %A in C90 (test for warnings, line 23)
FAIL: gcc.dg/format/c90-printf-3.c fprintf (test for warnings, line 16)
FAIL: gcc.dg/format/c90-printf-3.c printf (test for warnings, line 18)
FAIL: gcc.dg/format/c90-printf-3.c sprintf (test for warnings, line 23)
FAIL: gcc.dg/format/c90-printf-3.c vfprintf (test for warnings, line 25)
FAIL: gcc.dg/format/c90-printf-3.c vprintf (test for warnings, line 27)
FAIL: gcc.dg/format/c90-printf-3.c vsprintf (test for warnings, line 31)
FAIL: gcc.dg/format/c90-printf-3.c -DWIDE fprintf (test for warnings, line 16)
FAIL: gcc.dg/format/c90-printf-3.c -DWIDE printf (test for warnings, line 18)
FAIL: gcc.dg/format/c90-printf-3.c -DWIDE sprintf (test for warnings, line 23)
FAIL: gcc.dg/format/c90-printf-3.c -DWIDE vfprintf (test for warnings, line 25)
FAIL: gcc.dg/format/c90-printf-3.c -DWIDE vprintf (test for warnings, line 27)
FAIL: gcc.dg/format/c90-printf-3.c -DWIDE vsprintf (test for warnings, line 31)
FAIL: gcc.dg/format/c90-scanf-1.c bogus %% (test for warnings, line 31)
FAIL: gcc.dg/format/c90-scanf-1.c bogus %% (test for warnings, line 32)
FAIL: gcc.dg/format/c90-scanf-1.c bogus %% (test for warnings, line 33)
FAIL: gcc.dg/format/c90-scanf-1.c bogus %% (test for warnings, line 34)
FAIL: gcc.dg/format/c90-scanf-1.c bogus %% (test for warnings, line 35)
FAIL: gcc.dg/format/c90-scanf-1.c bogus %% (test for warnings, line 36)
FAIL: gcc.dg/format/c90-scanf-1.c suppression of %n (test for warnings, line 40)
FAIL: gcc.dg/format/c90-scanf-1.c suppression with length (test for warnings, line 41)
FAIL: gcc.dg/format/c90-scanf-1.c warning for zero width (test for warnings, line 45)
FAIL: gcc.dg/format/c90-scanf-1.c width with %n (test for warnings, line 46)
FAIL: gcc.dg/format/c90-scanf-1.c bad use of %h (test for warnings, line 49)
FAIL: gcc.dg/format/c90-scanf-1.c bad use of %h (test for warnings, line 50)
FAIL: gcc.dg/format/c90-scanf-1.c bad use of %h (test for warnings, line 51)
FAIL: gcc.dg/format/c90-scanf-1.c bad use of %h (test for warnings, line 52)
FAIL: gcc.dg/format/c90-scanf-1.c bad use of %h (test for warnings, line 53)
FAIL: gcc.dg/format/c90-scanf-1.c bad use of %h (test for warnings, line 54)
FAIL: gcc.dg/format/c90-scanf-1.c bad use of %h (test for warnings, line 55)
FAIL: gcc.dg/format/c90-scanf-1.c bad use of %h (test for warnings, line 56)
FAIL: gcc.dg/format/c90-scanf-1.c bad use of %h (test for warnings, line 57)
FAIL: gcc.dg/format/c90-scanf-1.c bare %h (test for warnings, line 58)
FAIL: gcc.dg/format/c90-scanf-1.c bogus %h (test for warnings, line 59)
FAIL: gcc.dg/format/c90-scanf-1.c bad use of %l (test for warnings, line 62)
FAIL: gcc.dg/format/c90-scanf-1.c bad use of %l (test for warnings, line 64)
FAIL: gcc.dg/format/c90-scanf-1.c bad use of %l (test for warnings, line 65)
FAIL: gcc.dg/format/c90-scanf-1.c bad use of %l (test for warnings, line 66)
FAIL: gcc.dg/format/c90-scanf-1.c bad use of %L (test for warnings, line 68)
FAIL: gcc.dg/format/c90-scanf-1.c bad use of %L (test for warnings, line 69)
FAIL: gcc.dg/format/c90-scanf-1.c bad use of %L (test for warnings, line 70)
FAIL: gcc.dg/format/c90-scanf-1.c bad use of %L (test for warnings, line 71)
FAIL: gcc.dg/format/c90-scanf-1.c bad use of %L (test for warnings, line 72)
FAIL: gcc.dg/format/c90-scanf-1.c bad use of %L (test for warnings, line 73)
FAIL: gcc.dg/format/c90-scanf-1.c bad use of %L (test for warnings, line 74)
FAIL: gcc.dg/format/c90-scanf-1.c bad use of %L (test for warnings, line 75)
FAIL: gcc.dg/format/c90-scanf-1.c bad use of %L (test for warnings, line 76)
FAIL: gcc.dg/format/c90-scanf-1.c bad use of %L (test for warnings, line 77)
FAIL: gcc.dg/format/c90-scanf-1.c bad use of %L (test for warnings, line 78)
FAIL: gcc.dg/format/c90-scanf-1.c incomplete scanset (test for warnings, line 90)
FAIL: gcc.dg/format/c90-scanf-1.c bad argument types (test for warnings, line 94)
FAIL: gcc.dg/format/c90-scanf-1.c bad argument types (test for warnings, line 95)
FAIL: gcc.dg/format/c90-scanf-1.c bad argument types (test for warnings, line 96)
FAIL: gcc.dg/format/c90-scanf-1.c bad argument types (test for warnings, line 97)
FAIL: gcc.dg/format/c90-scanf-1.c bad argument types (test for warnings, line 98)
FAIL: gcc.dg/format/c90-scanf-1.c bad argument types (test for warnings, line 99)
FAIL: gcc.dg/format/c90-scanf-1.c bad argument types (test for warnings, line 100)
FAIL: gcc.dg/format/c90-scanf-1.c bad argument types (test for warnings, line 101)
FAIL: gcc.dg/format/c90-scanf-1.c bad argument types (test for warnings, line 102)
FAIL: gcc.dg/format/c90-scanf-1.c %d writing into const (test for warnings, line 104)
FAIL: gcc.dg/format/c90-scanf-1.c %n writing into const (test for warnings, line 105)
FAIL: gcc.dg/format/c90-scanf-1.c %s writing into const (test for warnings, line 106)
FAIL: gcc.dg/format/c90-scanf-1.c %p writing into const (test for warnings, line 107)
FAIL: gcc.dg/format/c90-scanf-1.c wrong number of args (test for warnings, line 109)
FAIL: gcc.dg/format/c90-scanf-1.c wrong number of args (test for warnings, line 110)
FAIL: gcc.dg/format/c90-scanf-1.c warning for empty format (test for warnings, line 112)
FAIL: gcc.dg/format/c90-scanf-1.c warning for embedded NUL (test for warnings, line 113)
FAIL: gcc.dg/format/c90-scanf-1.c warning for embedded NUL (test for warnings, line 114)
FAIL: gcc.dg/format/c90-scanf-1.c warning for embedded NUL (test for warnings, line 115)
FAIL: gcc.dg/format/c90-scanf-1.c trailing % warning (test for warnings, line 117)
FAIL: gcc.dg/format/c90-scanf-1.c writing into NULL (test for warnings, line 118)
FAIL: gcc.dg/format/c90-scanf-1.c -DWIDE bogus %% (test for warnings, line 31)
FAIL: gcc.dg/format/c90-scanf-1.c -DWIDE bogus %% (test for warnings, line 32)
FAIL: gcc.dg/format/c90-scanf-1.c -DWIDE bogus %% (test for warnings, line 33)
FAIL: gcc.dg/format/c90-scanf-1.c -DWIDE bogus %% (test for warnings, line 34)
FAIL: gcc.dg/format/c90-scanf-1.c -DWIDE bogus %% (test for warnings, line 35)
FAIL: gcc.dg/format/c90-scanf-1.c -DWIDE bogus %% (test for warnings, line 36)
FAIL: gcc.dg/format/c90-scanf-1.c -DWIDE suppression of %n (test for warnings, line 40)
FAIL: gcc.dg/format/c90-scanf-1.c -DWIDE suppression with length (test for warnings, line 41)
FAIL: gcc.dg/format/c90-scanf-1.c -DWIDE warning for zero width (test for warnings, line 45)
FAIL: gcc.dg/format/c90-scanf-1.c -DWIDE width with %n (test for warnings, line 46)
FAIL: gcc.dg/format/c90-scanf-1.c -DWIDE bad use of %h (test for warnings, line 49)
FAIL: gcc.dg/format/c90-scanf-1.c -DWIDE bad use of %h (test for warnings, line 50)
FAIL: gcc.dg/format/c90-scanf-1.c -DWIDE bad use of %h (test for warnings, line 51)
FAIL: gcc.dg/format/c90-scanf-1.c -DWIDE bad use of %h (test for warnings, line 52)
FAIL: gcc.dg/format/c90-scanf-1.c -DWIDE bad use of %h (test for warnings, line 53)
FAIL: gcc.dg/format/c90-scanf-1.c -DWIDE bad use of %h (test for warnings, line 54)
FAIL: gcc.dg/format/c90-scanf-1.c -DWIDE bad use of %h (test for warnings, line 55)
FAIL: gcc.dg/format/c90-scanf-1.c -DWIDE bad use of %h (test for warnings, line 56)
FAIL: gcc.dg/format/c90-scanf-1.c -DWIDE bad use of %h (test for warnings, line 57)
FAIL: gcc.dg/format/c90-scanf-1.c -DWIDE bare %h (test for warnings, line 58)
FAIL: gcc.dg/format/c90-scanf-1.c -DWIDE bogus %h (test for warnings, line 59)
FAIL: gcc.dg/format/c90-scanf-1.c -DWIDE bad use of %l (test for warnings, line 62)
FAIL: gcc.dg/format/c90-scanf-1.c -DWIDE bad use of %l (test for warnings, line 64)
FAIL: gcc.dg/format/c90-scanf-1.c -DWIDE bad use of %l (test for warnings, line 65)
FAIL: gcc.dg/format/c90-scanf-1.c -DWIDE bad use of %l (test for warnings, line 66)
FAIL: gcc.dg/format/c90-scanf-1.c -DWIDE bad use of %L (test for warnings, line 68)
FAIL: gcc.dg/format/c90-scanf-1.c -DWIDE bad use of %L (test for warnings, line 69)
FAIL: gcc.dg/format/c90-scanf-1.c -DWIDE bad use of %L (test for warnings, line 70)
FAIL: gcc.dg/format/c90-scanf-1.c -DWIDE bad use of %L (test for warnings, line 71)
FAIL: gcc.dg/format/c90-scanf-1.c -DWIDE bad use of %L (test for warnings, line 72)
FAIL: gcc.dg/format/c90-scanf-1.c -DWIDE bad use of %L (test for warnings, line 73)
FAIL: gcc.dg/format/c90-scanf-1.c -DWIDE bad use of %L (test for warnings, line 74)
FAIL: gcc.dg/format/c90-scanf-1.c -DWIDE bad use of %L (test for warnings, line 75)
FAIL: gcc.dg/format/c90-scanf-1.c -DWIDE bad use of %L (test for warnings, line 76)
FAIL: gcc.dg/format/c90-scanf-1.c -DWIDE bad use of %L (test for warnings, line 77)
FAIL: gcc.dg/format/c90-scanf-1.c -DWIDE bad use of %L (test for warnings, line 78)
FAIL: gcc.dg/format/c90-scanf-1.c -DWIDE incomplete scanset (test for warnings, line 90)
FAIL: gcc.dg/format/c90-scanf-1.c -DWIDE bad argument types (test for warnings, line 94)
FAIL: gcc.dg/format/c90-scanf-1.c -DWIDE bad argument types (test for warnings, line 95)
FAIL: gcc.dg/format/c90-scanf-1.c -DWIDE bad argument types (test for warnings, line 96)
FAIL: gcc.dg/format/c90-scanf-1.c -DWIDE bad argument types (test for warnings, line 97)
FAIL: gcc.dg/format/c90-scanf-1.c -DWIDE bad argument types (test for warnings, line 98)
FAIL: gcc.dg/format/c90-scanf-1.c -DWIDE bad argument types (test for warnings, line 99)
FAIL: gcc.dg/format/c90-scanf-1.c -DWIDE bad argument types (test for warnings, line 100)
FAIL: gcc.dg/format/c90-scanf-1.c -DWIDE bad argument types (test for warnings, line 101)
FAIL: gcc.dg/format/c90-scanf-1.c -DWIDE bad argument types (test for warnings, line 102)
FAIL: gcc.dg/format/c90-scanf-1.c -DWIDE %d writing into const (test for warnings, line 104)
FAIL: gcc.dg/format/c90-scanf-1.c -DWIDE %n writing into const (test for warnings, line 105)
FAIL: gcc.dg/format/c90-scanf-1.c -DWIDE %s writing into const (test for warnings, line 106)
FAIL: gcc.dg/format/c90-scanf-1.c -DWIDE %p writing into const (test for warnings, line 107)
FAIL: gcc.dg/format/c90-scanf-1.c -DWIDE wrong number of args (test for warnings, line 109)
FAIL: gcc.dg/format/c90-scanf-1.c -DWIDE wrong number of args (test for warnings, line 110)
FAIL: gcc.dg/format/c90-scanf-1.c -DWIDE warning for empty format (test for warnings, line 112)
FAIL: gcc.dg/format/c90-scanf-1.c -DWIDE warning for embedded NUL (test for warnings, line 113)
FAIL: gcc.dg/format/c90-scanf-1.c -DWIDE warning for embedded NUL (test for warnings, line 114)
FAIL: gcc.dg/format/c90-scanf-1.c -DWIDE warning for embedded NUL (test for warnings, line 115)
FAIL: gcc.dg/format/c90-scanf-1.c -DWIDE trailing % warning (test for warnings, line 117)
FAIL: gcc.dg/format/c90-scanf-1.c -DWIDE writing into NULL (test for warnings, line 118)
FAIL: gcc.dg/format/c90-scanf-2.c %hh in C90 (test for warnings, line 16)
FAIL: gcc.dg/format/c90-scanf-2.c %ll in C90 (test for warnings, line 17)
FAIL: gcc.dg/format/c90-scanf-2.c %j in C90 (test for warnings, line 18)
FAIL: gcc.dg/format/c90-scanf-2.c %z in C90 (test for warnings, line 19)
FAIL: gcc.dg/format/c90-scanf-2.c %t in C90 (test for warnings, line 20)
FAIL: gcc.dg/format/c90-scanf-2.c %F in C90 (test for warnings, line 22)
FAIL: gcc.dg/format/c90-scanf-2.c %a in C90 (test for warnings, line 23)
FAIL: gcc.dg/format/c90-scanf-2.c %A in C90 (test for warnings, line 24)
FAIL: gcc.dg/format/c90-scanf-2.c -DWIDE %hh in C90 (test for warnings, line 16)
FAIL: gcc.dg/format/c90-scanf-2.c -DWIDE %ll in C90 (test for warnings, line 17)
FAIL: gcc.dg/format/c90-scanf-2.c -DWIDE %j in C90 (test for warnings, line 18)
FAIL: gcc.dg/format/c90-scanf-2.c -DWIDE %z in C90 (test for warnings, line 19)
FAIL: gcc.dg/format/c90-scanf-2.c -DWIDE %t in C90 (test for warnings, line 20)
FAIL: gcc.dg/format/c90-scanf-2.c -DWIDE %F in C90 (test for warnings, line 22)
FAIL: gcc.dg/format/c90-scanf-2.c -DWIDE %a in C90 (test for warnings, line 23)
FAIL: gcc.dg/format/c90-scanf-2.c -DWIDE %A in C90 (test for warnings, line 24)
FAIL: gcc.dg/format/c90-scanf-3.c %as (test for warnings, line 16)
FAIL: gcc.dg/format/c90-scanf-3.c %aS (test for warnings, line 17)
FAIL: gcc.dg/format/c90-scanf-3.c %a (test for warnings, line 18)
FAIL: gcc.dg/format/c90-scanf-3.c -DWIDE %as (test for warnings, line 16)
FAIL: gcc.dg/format/c90-scanf-3.c -DWIDE %aS (test for warnings, line 17)
FAIL: gcc.dg/format/c90-scanf-3.c -DWIDE %a (test for warnings, line 18)
FAIL: gcc.dg/format/c90-scanf-4.c fscanf (test for warnings, line 16)
FAIL: gcc.dg/format/c90-scanf-4.c scanf (test for warnings, line 18)
FAIL: gcc.dg/format/c90-scanf-4.c sscanf (test for warnings, line 20)
FAIL: gcc.dg/format/c90-scanf-4.c -DWIDE fscanf (test for warnings, line 16)
FAIL: gcc.dg/format/c90-scanf-4.c -DWIDE scanf (test for warnings, line 18)
FAIL: gcc.dg/format/c90-scanf-4.c -DWIDE sscanf (test for warnings, line 20)
FAIL: gcc.dg/format/c90-strftime-1.c 2-digit year (test for warnings, line 15)
FAIL: gcc.dg/format/c90-strftime-1.c 2-digit year (test for warnings, line 17)
FAIL: gcc.dg/format/c90-strftime-1.c 2-digit year (test for warnings, line 18)
FAIL: gcc.dg/format/c90-strftime-1.c -DWIDE 2-digit year (test for warnings, line 15)
FAIL: gcc.dg/format/c90-strftime-1.c -DWIDE 2-digit year (test for warnings, line 17)
FAIL: gcc.dg/format/c90-strftime-1.c -DWIDE 2-digit year (test for warnings, line 18)
FAIL: gcc.dg/format/c90-strftime-2.c %C not in C90 (test for warnings, line 12)
FAIL: gcc.dg/format/c90-strftime-2.c %D not in C90 (test for warnings, line 13)
FAIL: gcc.dg/format/c90-strftime-2.c 2-digit year (test for warnings, line 13)
FAIL: gcc.dg/format/c90-strftime-2.c %e not in C90 (test for warnings, line 15)
FAIL: gcc.dg/format/c90-strftime-2.c %F not in C90 (test for warnings, line 16)
FAIL: gcc.dg/format/c90-strftime-2.c %g not in C90 (test for warnings, line 17)
FAIL: gcc.dg/format/c90-strftime-2.c 2-digit year (test for warnings, line 17)
FAIL: gcc.dg/format/c90-strftime-2.c %G not in C90 (test for warnings, line 19)
FAIL: gcc.dg/format/c90-strftime-2.c %h not in C90 (test for warnings, line 20)
FAIL: gcc.dg/format/c90-strftime-2.c %n not in C90 (test for warnings, line 21)
FAIL: gcc.dg/format/c90-strftime-2.c %r not in C90 (test for warnings, line 22)
FAIL: gcc.dg/format/c90-strftime-2.c %R not in C90 (test for warnings, line 23)
FAIL: gcc.dg/format/c90-strftime-2.c %t not in C90 (test for warnings, line 24)
FAIL: gcc.dg/format/c90-strftime-2.c %T not in C90 (test for warnings, line 25)
FAIL: gcc.dg/format/c90-strftime-2.c %u not in C90 (test for warnings, line 26)
FAIL: gcc.dg/format/c90-strftime-2.c %V not in C90 (test for warnings, line 27)
FAIL: gcc.dg/format/c90-strftime-2.c %z not in C90 (test for warnings, line 28)
FAIL: gcc.dg/format/c90-strftime-2.c %E not in C90 (test for warnings, line 29)
FAIL: gcc.dg/format/c90-strftime-2.c %O not in C90 (test for warnings, line 30)
FAIL: gcc.dg/format/c90-strftime-2.c -DWIDE %C not in C90 (test for warnings, line 12)
FAIL: gcc.dg/format/c90-strftime-2.c -DWIDE %D not in C90 (test for warnings, line 13)
FAIL: gcc.dg/format/c90-strftime-2.c -DWIDE 2-digit year (test for warnings, line 13)
FAIL: gcc.dg/format/c90-strftime-2.c -DWIDE %e not in C90 (test for warnings, line 15)
FAIL: gcc.dg/format/c90-strftime-2.c -DWIDE %F not in C90 (test for warnings, line 16)
FAIL: gcc.dg/format/c90-strftime-2.c -DWIDE %g not in C90 (test for warnings, line 17)
FAIL: gcc.dg/format/c90-strftime-2.c -DWIDE 2-digit year (test for warnings, line 17)
FAIL: gcc.dg/format/c90-strftime-2.c -DWIDE %G not in C90 (test for warnings, line 19)
FAIL: gcc.dg/format/c90-strftime-2.c -DWIDE %h not in C90 (test for warnings, line 20)
FAIL: gcc.dg/format/c90-strftime-2.c -DWIDE %n not in C90 (test for warnings, line 21)
FAIL: gcc.dg/format/c90-strftime-2.c -DWIDE %r not in C90 (test for warnings, line 22)
FAIL: gcc.dg/format/c90-strftime-2.c -DWIDE %R not in C90 (test for warnings, line 23)
FAIL: gcc.dg/format/c90-strftime-2.c -DWIDE %t not in C90 (test for warnings, line 24)
FAIL: gcc.dg/format/c90-strftime-2.c -DWIDE %T not in C90 (test for warnings, line 25)
FAIL: gcc.dg/format/c90-strftime-2.c -DWIDE %u not in C90 (test for warnings, line 26)
FAIL: gcc.dg/format/c90-strftime-2.c -DWIDE %V not in C90 (test for warnings, line 27)
FAIL: gcc.dg/format/c90-strftime-2.c -DWIDE %z not in C90 (test for warnings, line 28)
FAIL: gcc.dg/format/c90-strftime-2.c -DWIDE %E not in C90 (test for warnings, line 29)
FAIL: gcc.dg/format/c90-strftime-2.c -DWIDE %O not in C90 (test for warnings, line 30)
FAIL: gcc.dg/format/c99-printf-1.c bad use of %h (test for warnings, line 24)
FAIL: gcc.dg/format/c99-printf-1.c bad use of %h (test for warnings, line 25)
FAIL: gcc.dg/format/c99-printf-1.c bad use of %h (test for warnings, line 26)
FAIL: gcc.dg/format/c99-printf-1.c bad use of %h (test for warnings, line 27)
FAIL: gcc.dg/format/c99-printf-1.c bad use of %h (test for warnings, line 28)
FAIL: gcc.dg/format/c99-printf-1.c bad use of %h (test for warnings, line 29)
FAIL: gcc.dg/format/c99-printf-1.c bad use of %h (test for warnings, line 30)
FAIL: gcc.dg/format/c99-printf-1.c bad use of %h (test for warnings, line 31)
FAIL: gcc.dg/format/c99-printf-1.c bad use of %h (test for warnings, line 32)
FAIL: gcc.dg/format/c99-printf-1.c bad use of %h (test for warnings, line 33)
FAIL: gcc.dg/format/c99-printf-1.c bad use of %h (test for warnings, line 34)
FAIL: gcc.dg/format/c99-printf-1.c bad use of %hh (test for warnings, line 37)
FAIL: gcc.dg/format/c99-printf-1.c bad use of %hh (test for warnings, line 38)
FAIL: gcc.dg/format/c99-printf-1.c bad use of %hh (test for warnings, line 39)
FAIL: gcc.dg/format/c99-printf-1.c bad use of %hh (test for warnings, line 40)
FAIL: gcc.dg/format/c99-printf-1.c bad use of %hh (test for warnings, line 41)
FAIL: gcc.dg/format/c99-printf-1.c bad use of %hh (test for warnings, line 42)
FAIL: gcc.dg/format/c99-printf-1.c bad use of %hh (test for warnings, line 43)
FAIL: gcc.dg/format/c99-printf-1.c bad use of %hh (test for warnings, line 44)
FAIL: gcc.dg/format/c99-printf-1.c bad use of %hh (test for warnings, line 45)
FAIL: gcc.dg/format/c99-printf-1.c bad use of %hh (test for warnings, line 46)
FAIL: gcc.dg/format/c99-printf-1.c bad use of %hh (test for warnings, line 47)
FAIL: gcc.dg/format/c99-printf-1.c bad use of %l (test for warnings, line 51)
FAIL: gcc.dg/format/c99-printf-1.c bad use of %ll (test for warnings, line 54)
FAIL: gcc.dg/format/c99-printf-1.c bad use of %ll (test for warnings, line 55)
FAIL: gcc.dg/format/c99-printf-1.c bad use of %ll (test for warnings, line 56)
FAIL: gcc.dg/format/c99-printf-1.c bad use of %ll (test for warnings, line 57)
FAIL: gcc.dg/format/c99-printf-1.c bad use of %ll (test for warnings, line 58)
FAIL: gcc.dg/format/c99-printf-1.c bad use of %ll (test for warnings, line 59)
FAIL: gcc.dg/format/c99-printf-1.c bad use of %ll (test for warnings, line 60)
FAIL: gcc.dg/format/c99-printf-1.c bad use of %ll (test for warnings, line 61)
FAIL: gcc.dg/format/c99-printf-1.c bad use of %ll (test for warnings, line 62)
FAIL: gcc.dg/format/c99-printf-1.c bad use of %ll (test for warnings, line 63)
FAIL: gcc.dg/format/c99-printf-1.c bad use of %ll (test for warnings, line 64)
FAIL: gcc.dg/format/c99-printf-1.c bad use of %j (test for warnings, line 67)
FAIL: gcc.dg/format/c99-printf-1.c bad use of %j (test for warnings, line 68)
FAIL: gcc.dg/format/c99-printf-1.c bad use of %j (test for warnings, line 69)
FAIL: gcc.dg/format/c99-printf-1.c bad use of %j (test for warnings, line 70)
FAIL: gcc.dg/format/c99-printf-1.c bad use of %j (test for warnings, line 71)
FAIL: gcc.dg/format/c99-printf-1.c bad use of %j (test for warnings, line 72)
FAIL: gcc.dg/format/c99-printf-1.c bad use of %j (test for warnings, line 73)
FAIL: gcc.dg/format/c99-printf-1.c bad use of %j (test for warnings, line 74)
FAIL: gcc.dg/format/c99-printf-1.c bad use of %j (test for warnings, line 75)
FAIL: gcc.dg/format/c99-printf-1.c bad use of %j (test for warnings, line 76)
FAIL: gcc.dg/format/c99-printf-1.c bad use of %j (test for warnings, line 77)
FAIL: gcc.dg/format/c99-printf-1.c bad use of %z (test for warnings, line 80)
FAIL: gcc.dg/format/c99-printf-1.c bad use of %z (test for warnings, line 81)
FAIL: gcc.dg/format/c99-printf-1.c bad use of %z (test for warnings, line 82)
FAIL: gcc.dg/format/c99-printf-1.c bad use of %z (test for warnings, line 83)
FAIL: gcc.dg/format/c99-printf-1.c bad use of %z (test for warnings, line 84)
FAIL: gcc.dg/format/c99-printf-1.c bad use of %z (test for warnings, line 85)
FAIL: gcc.dg/format/c99-printf-1.c bad use of %z (test for warnings, line 86)
FAIL: gcc.dg/format/c99-printf-1.c bad use of %z (test for warnings, line 87)
FAIL: gcc.dg/format/c99-printf-1.c bad use of %z (test for warnings, line 88)
FAIL: gcc.dg/format/c99-printf-1.c bad use of %z (test for warnings, line 89)
FAIL: gcc.dg/format/c99-printf-1.c bad use of %z (test for warnings, line 90)
FAIL: gcc.dg/format/c99-printf-1.c bad use of %t (test for warnings, line 93)
FAIL: gcc.dg/format/c99-printf-1.c bad use of %t (test for warnings, line 94)
FAIL: gcc.dg/format/c99-printf-1.c bad use of %t (test for warnings, line 95)
FAIL: gcc.dg/format/c99-printf-1.c bad use of %t (test for warnings, line 96)
FAIL: gcc.dg/format/c99-printf-1.c bad use of %t (test for warnings, line 97)
FAIL: gcc.dg/format/c99-printf-1.c bad use of %t (test for warnings, line 98)
FAIL: gcc.dg/format/c99-printf-1.c bad use of %t (test for warnings, line 99)
FAIL: gcc.dg/format/c99-printf-1.c bad use of %t (test for warnings, line 100)
FAIL: gcc.dg/format/c99-printf-1.c bad use of %t (test for warnings, line 101)
FAIL: gcc.dg/format/c99-printf-1.c bad use of %t (test for warnings, line 102)
FAIL: gcc.dg/format/c99-printf-1.c bad use of %t (test for warnings, line 103)
FAIL: gcc.dg/format/c99-printf-1.c bad use of %L (test for warnings, line 108)
FAIL: gcc.dg/format/c99-printf-1.c bad use of %L (test for warnings, line 109)
FAIL: gcc.dg/format/c99-printf-1.c bad use of %L (test for warnings, line 110)
FAIL: gcc.dg/format/c99-printf-1.c bad use of %L (test for warnings, line 111)
FAIL: gcc.dg/format/c99-printf-1.c bad use of %L (test for warnings, line 112)
FAIL: gcc.dg/format/c99-printf-1.c bad use of %L (test for warnings, line 113)
FAIL: gcc.dg/format/c99-printf-1.c bad use of %L (test for warnings, line 114)
FAIL: gcc.dg/format/c99-printf-1.c bad use of %L (test for warnings, line 115)
FAIL: gcc.dg/format/c99-printf-1.c bad use of %L (test for warnings, line 116)
FAIL: gcc.dg/format/c99-printf-1.c bad use of %L (test for warnings, line 117)
FAIL: gcc.dg/format/c99-printf-1.c bad use of %-n (test for warnings, line 124)
FAIL: gcc.dg/format/c99-printf-1.c bad use of + flag (test for warnings, line 127)
FAIL: gcc.dg/format/c99-printf-1.c bad use of + flag (test for warnings, line 128)
FAIL: gcc.dg/format/c99-printf-1.c bad use of + flag (test for warnings, line 129)
FAIL: gcc.dg/format/c99-printf-1.c bad use of + flag (test for warnings, line 130)
FAIL: gcc.dg/format/c99-printf-1.c bad use of + flag (test for warnings, line 131)
FAIL: gcc.dg/format/c99-printf-1.c bad use of + flag (test for warnings, line 132)
FAIL: gcc.dg/format/c99-printf-1.c bad use of + flag (test for warnings, line 133)
FAIL: gcc.dg/format/c99-printf-1.c bad use of + flag (test for warnings, line 134)
FAIL: gcc.dg/format/c99-printf-1.c use of space and + flags (test for warnings, line 138)
FAIL: gcc.dg/format/c99-printf-1.c use of space and + flags (test for warnings, line 139)
FAIL: gcc.dg/format/c99-printf-1.c bad use of space flag (test for warnings, line 141)
FAIL: gcc.dg/format/c99-printf-1.c bad use of space flag (test for warnings, line 142)
FAIL: gcc.dg/format/c99-printf-1.c bad use of space flag (test for warnings, line 143)
FAIL: gcc.dg/format/c99-printf-1.c bad use of space flag (test for warnings, line 144)
FAIL: gcc.dg/format/c99-printf-1.c bad use of space flag (test for warnings, line 145)
FAIL: gcc.dg/format/c99-printf-1.c bad use of space flag (test for warnings, line 146)
FAIL: gcc.dg/format/c99-printf-1.c bad use of space flag (test for warnings, line 147)
FAIL: gcc.dg/format/c99-printf-1.c bad use of space flag (test for warnings, line 148)
FAIL: gcc.dg/format/c99-printf-1.c bad use of # flag (test for warnings, line 152)
FAIL: gcc.dg/format/c99-printf-1.c bad use of # flag (test for warnings, line 153)
FAIL: gcc.dg/format/c99-printf-1.c bad use of # flag (test for warnings, line 154)
FAIL: gcc.dg/format/c99-printf-1.c bad use of # flag (test for warnings, line 155)
FAIL: gcc.dg/format/c99-printf-1.c bad use of # flag (test for warnings, line 156)
FAIL: gcc.dg/format/c99-printf-1.c bad use of # flag (test for warnings, line 157)
FAIL: gcc.dg/format/c99-printf-1.c bad use of # flag (test for warnings, line 158)
FAIL: gcc.dg/format/c99-printf-1.c bad use of 0 flag (test for warnings, line 162)
FAIL: gcc.dg/format/c99-printf-1.c bad use of 0 flag (test for warnings, line 163)
FAIL: gcc.dg/format/c99-printf-1.c bad use of 0 flag (test for warnings, line 164)
FAIL: gcc.dg/format/c99-printf-1.c bad use of 0 flag (test for warnings, line 165)
FAIL: gcc.dg/format/c99-printf-1.c 0 flag ignored with precision (test for warnings, line 167)
FAIL: gcc.dg/format/c99-printf-1.c 0 flag ignored with precision (test for warnings, line 168)
FAIL: gcc.dg/format/c99-printf-1.c 0 flag ignored with precision (test for warnings, line 169)
FAIL: gcc.dg/format/c99-printf-1.c 0 flag ignored with precision (test for warnings, line 170)
FAIL: gcc.dg/format/c99-printf-1.c 0 flag ignored with precision (test for warnings, line 171)
FAIL: gcc.dg/format/c99-printf-1.c 0 flag ignored with precision (test for warnings, line 172)
FAIL: gcc.dg/format/c99-printf-1.c 0 flag ignored with - flag (test for warnings, line 176)
FAIL: gcc.dg/format/c99-printf-1.c 0 flag ignored with - flag (test for warnings, line 177)
FAIL: gcc.dg/format/c99-printf-1.c 0 flag ignored with - flag (test for warnings, line 178)
FAIL: gcc.dg/format/c99-printf-1.c 0 flag ignored with - flag (test for warnings, line 179)
FAIL: gcc.dg/format/c99-printf-1.c 0 flag ignored with - flag (test for warnings, line 180)
FAIL: gcc.dg/format/c99-printf-1.c 0 flag ignored with - flag (test for warnings, line 181)
FAIL: gcc.dg/format/c99-printf-1.c 0 flag ignored with - flag (test for warnings, line 182)
FAIL: gcc.dg/format/c99-printf-1.c 0 flag ignored with - flag (test for warnings, line 183)
FAIL: gcc.dg/format/c99-printf-1.c 0 flag ignored with - flag (test for warnings, line 184)
FAIL: gcc.dg/format/c99-printf-1.c 0 flag ignored with - flag (test for warnings, line 185)
FAIL: gcc.dg/format/c99-printf-1.c 0 flag ignored with - flag (test for warnings, line 186)
FAIL: gcc.dg/format/c99-printf-1.c 0 flag ignored with - flag (test for warnings, line 187)
FAIL: gcc.dg/format/c99-printf-1.c 0 flag ignored with - flag (test for warnings, line 188)
FAIL: gcc.dg/format/c99-printf-1.c 0 flag ignored with - flag (test for warnings, line 189)
FAIL: gcc.dg/format/c99-printf-1.c %hhn plain char (test for warnings, line 195)
FAIL: gcc.dg/format/c99-printf-1.c %hhn unsigned char (test for warnings, line 196)
FAIL: gcc.dg/format/c99-printf-1.c -DWIDE bad use of %h (test for warnings, line 24)
FAIL: gcc.dg/format/c99-printf-1.c -DWIDE bad use of %h (test for warnings, line 25)
FAIL: gcc.dg/format/c99-printf-1.c -DWIDE bad use of %h (test for warnings, line 26)
FAIL: gcc.dg/format/c99-printf-1.c -DWIDE bad use of %h (test for warnings, line 27)
FAIL: gcc.dg/format/c99-printf-1.c -DWIDE bad use of %h (test for warnings, line 28)
FAIL: gcc.dg/format/c99-printf-1.c -DWIDE bad use of %h (test for warnings, line 29)
FAIL: gcc.dg/format/c99-printf-1.c -DWIDE bad use of %h (test for warnings, line 30)
FAIL: gcc.dg/format/c99-printf-1.c -DWIDE bad use of %h (test for warnings, line 31)
FAIL: gcc.dg/format/c99-printf-1.c -DWIDE bad use of %h (test for warnings, line 32)
FAIL: gcc.dg/format/c99-printf-1.c -DWIDE bad use of %h (test for warnings, line 33)
FAIL: gcc.dg/format/c99-printf-1.c -DWIDE bad use of %h (test for warnings, line 34)
FAIL: gcc.dg/format/c99-printf-1.c -DWIDE bad use of %hh (test for warnings, line 37)
FAIL: gcc.dg/format/c99-printf-1.c -DWIDE bad use of %hh (test for warnings, line 38)
FAIL: gcc.dg/format/c99-printf-1.c -DWIDE bad use of %hh (test for warnings, line 39)
FAIL: gcc.dg/format/c99-printf-1.c -DWIDE bad use of %hh (test for warnings, line 40)
FAIL: gcc.dg/format/c99-printf-1.c -DWIDE bad use of %hh (test for warnings, line 41)
FAIL: gcc.dg/format/c99-printf-1.c -DWIDE bad use of %hh (test for warnings, line 42)
FAIL: gcc.dg/format/c99-printf-1.c -DWIDE bad use of %hh (test for warnings, line 43)
FAIL: gcc.dg/format/c99-printf-1.c -DWIDE bad use of %hh (test for warnings, line 44)
FAIL: gcc.dg/format/c99-printf-1.c -DWIDE bad use of %hh (test for warnings, line 45)
FAIL: gcc.dg/format/c99-printf-1.c -DWIDE bad use of %hh (test for warnings, line 46)
FAIL: gcc.dg/format/c99-printf-1.c -DWIDE bad use of %hh (test for warnings, line 47)
FAIL: gcc.dg/format/c99-printf-1.c -DWIDE bad use of %l (test for warnings, line 51)
FAIL: gcc.dg/format/c99-printf-1.c -DWIDE bad use of %ll (test for warnings, line 54)
FAIL: gcc.dg/format/c99-printf-1.c -DWIDE bad use of %ll (test for warnings, line 55)
FAIL: gcc.dg/format/c99-printf-1.c -DWIDE bad use of %ll (test for warnings, line 56)
FAIL: gcc.dg/format/c99-printf-1.c -DWIDE bad use of %ll (test for warnings, line 57)
FAIL: gcc.dg/format/c99-printf-1.c -DWIDE bad use of %ll (test for warnings, line 58)
FAIL: gcc.dg/format/c99-printf-1.c -DWIDE bad use of %ll (test for warnings, line 59)
FAIL: gcc.dg/format/c99-printf-1.c -DWIDE bad use of %ll (test for warnings, line 60)
FAIL: gcc.dg/format/c99-printf-1.c -DWIDE bad use of %ll (test for warnings, line 61)
FAIL: gcc.dg/format/c99-printf-1.c -DWIDE bad use of %ll (test for warnings, line 62)
FAIL: gcc.dg/format/c99-printf-1.c -DWIDE bad use of %ll (test for warnings, line 63)
FAIL: gcc.dg/format/c99-printf-1.c -DWIDE bad use of %ll (test for warnings, line 64)
FAIL: gcc.dg/format/c99-printf-1.c -DWIDE bad use of %j (test for warnings, line 67)
FAIL: gcc.dg/format/c99-printf-1.c -DWIDE bad use of %j (test for warnings, line 68)
FAIL: gcc.dg/format/c99-printf-1.c -DWIDE bad use of %j (test for warnings, line 69)
FAIL: gcc.dg/format/c99-printf-1.c -DWIDE bad use of %j (test for warnings, line 70)
FAIL: gcc.dg/format/c99-printf-1.c -DWIDE bad use of %j (test for warnings, line 71)
FAIL: gcc.dg/format/c99-printf-1.c -DWIDE bad use of %j (test for warnings, line 72)
FAIL: gcc.dg/format/c99-printf-1.c -DWIDE bad use of %j (test for warnings, line 73)
FAIL: gcc.dg/format/c99-printf-1.c -DWIDE bad use of %j (test for warnings, line 74)
FAIL: gcc.dg/format/c99-printf-1.c -DWIDE bad use of %j (test for warnings, line 75)
FAIL: gcc.dg/format/c99-printf-1.c -DWIDE bad use of %j (test for warnings, line 76)
FAIL: gcc.dg/format/c99-printf-1.c -DWIDE bad use of %j (test for warnings, line 77)
FAIL: gcc.dg/format/c99-printf-1.c -DWIDE bad use of %z (test for warnings, line 80)
FAIL: gcc.dg/format/c99-printf-1.c -DWIDE bad use of %z (test for warnings, line 81)
FAIL: gcc.dg/format/c99-printf-1.c -DWIDE bad use of %z (test for warnings, line 82)
FAIL: gcc.dg/format/c99-printf-1.c -DWIDE bad use of %z (test for warnings, line 83)
FAIL: gcc.dg/format/c99-printf-1.c -DWIDE bad use of %z (test for warnings, line 84)
FAIL: gcc.dg/format/c99-printf-1.c -DWIDE bad use of %z (test for warnings, line 85)
FAIL: gcc.dg/format/c99-printf-1.c -DWIDE bad use of %z (test for warnings, line 86)
FAIL: gcc.dg/format/c99-printf-1.c -DWIDE bad use of %z (test for warnings, line 87)
FAIL: gcc.dg/format/c99-printf-1.c -DWIDE bad use of %z (test for warnings, line 88)
FAIL: gcc.dg/format/c99-printf-1.c -DWIDE bad use of %z (test for warnings, line 89)
FAIL: gcc.dg/format/c99-printf-1.c -DWIDE bad use of %z (test for warnings, line 90)
FAIL: gcc.dg/format/c99-printf-1.c -DWIDE bad use of %t (test for warnings, line 93)
FAIL: gcc.dg/format/c99-printf-1.c -DWIDE bad use of %t (test for warnings, line 94)
FAIL: gcc.dg/format/c99-printf-1.c -DWIDE bad use of %t (test for warnings, line 95)
FAIL: gcc.dg/format/c99-printf-1.c -DWIDE bad use of %t (test for warnings, line 96)
FAIL: gcc.dg/format/c99-printf-1.c -DWIDE bad use of %t (test for warnings, line 97)
FAIL: gcc.dg/format/c99-printf-1.c -DWIDE bad use of %t (test for warnings, line 98)
FAIL: gcc.dg/format/c99-printf-1.c -DWIDE bad use of %t (test for warnings, line 99)
FAIL: gcc.dg/format/c99-printf-1.c -DWIDE bad use of %t (test for warnings, line 100)
FAIL: gcc.dg/format/c99-printf-1.c -DWIDE bad use of %t (test for warnings, line 101)
FAIL: gcc.dg/format/c99-printf-1.c -DWIDE bad use of %t (test for warnings, line 102)
FAIL: gcc.dg/format/c99-printf-1.c -DWIDE bad use of %t (test for warnings, line 103)
FAIL: gcc.dg/format/c99-printf-1.c -DWIDE bad use of %L (test for warnings, line 108)
FAIL: gcc.dg/format/c99-printf-1.c -DWIDE bad use of %L (test for warnings, line 109)
FAIL: gcc.dg/format/c99-printf-1.c -DWIDE bad use of %L (test for warnings, line 110)
FAIL: gcc.dg/format/c99-printf-1.c -DWIDE bad use of %L (test for warnings, line 111)
FAIL: gcc.dg/format/c99-printf-1.c -DWIDE bad use of %L (test for warnings, line 112)
FAIL: gcc.dg/format/c99-printf-1.c -DWIDE bad use of %L (test for warnings, line 113)
FAIL: gcc.dg/format/c99-printf-1.c -DWIDE bad use of %L (test for warnings, line 114)
FAIL: gcc.dg/format/c99-printf-1.c -DWIDE bad use of %L (test for warnings, line 115)
FAIL: gcc.dg/format/c99-printf-1.c -DWIDE bad use of %L (test for warnings, line 116)
FAIL: gcc.dg/format/c99-printf-1.c -DWIDE bad use of %L (test for warnings, line 117)
FAIL: gcc.dg/format/c99-printf-1.c -DWIDE bad use of %-n (test for warnings, line 124)
FAIL: gcc.dg/format/c99-printf-1.c -DWIDE bad use of + flag (test for warnings, line 127)
FAIL: gcc.dg/format/c99-printf-1.c -DWIDE bad use of + flag (test for warnings, line 128)
FAIL: gcc.dg/format/c99-printf-1.c -DWIDE bad use of + flag (test for warnings, line 129)
FAIL: gcc.dg/format/c99-printf-1.c -DWIDE bad use of + flag (test for warnings, line 130)
FAIL: gcc.dg/format/c99-printf-1.c -DWIDE bad use of + flag (test for warnings, line 131)
FAIL: gcc.dg/format/c99-printf-1.c -DWIDE bad use of + flag (test for warnings, line 132)
FAIL: gcc.dg/format/c99-printf-1.c -DWIDE bad use of + flag (test for warnings, line 133)
FAIL: gcc.dg/format/c99-printf-1.c -DWIDE bad use of + flag (test for warnings, line 134)
FAIL: gcc.dg/format/c99-printf-1.c -DWIDE use of space and + flags (test for warnings, line 138)
FAIL: gcc.dg/format/c99-printf-1.c -DWIDE use of space and + flags (test for warnings, line 139)
FAIL: gcc.dg/format/c99-printf-1.c -DWIDE bad use of space flag (test for warnings, line 141)
FAIL: gcc.dg/format/c99-printf-1.c -DWIDE bad use of space flag (test for warnings, line 142)
FAIL: gcc.dg/format/c99-printf-1.c -DWIDE bad use of space flag (test for warnings, line 143)
FAIL: gcc.dg/format/c99-printf-1.c -DWIDE bad use of space flag (test for warnings, line 144)
FAIL: gcc.dg/format/c99-printf-1.c -DWIDE bad use of space flag (test for warnings, line 145)
FAIL: gcc.dg/format/c99-printf-1.c -DWIDE bad use of space flag (test for warnings, line 146)
FAIL: gcc.dg/format/c99-printf-1.c -DWIDE bad use of space flag (test for warnings, line 147)
FAIL: gcc.dg/format/c99-printf-1.c -DWIDE bad use of space flag (test for warnings, line 148)
FAIL: gcc.dg/format/c99-printf-1.c -DWIDE bad use of # flag (test for warnings, line 152)
FAIL: gcc.dg/format/c99-printf-1.c -DWIDE bad use of # flag (test for warnings, line 153)
FAIL: gcc.dg/format/c99-printf-1.c -DWIDE bad use of # flag (test for warnings, line 154)
FAIL: gcc.dg/format/c99-printf-1.c -DWIDE bad use of # flag (test for warnings, line 155)
FAIL: gcc.dg/format/c99-printf-1.c -DWIDE bad use of # flag (test for warnings, line 156)
FAIL: gcc.dg/format/c99-printf-1.c -DWIDE bad use of # flag (test for warnings, line 157)
FAIL: gcc.dg/format/c99-printf-1.c -DWIDE bad use of # flag (test for warnings, line 158)
FAIL: gcc.dg/format/c99-printf-1.c -DWIDE bad use of 0 flag (test for warnings, line 162)
FAIL: gcc.dg/format/c99-printf-1.c -DWIDE bad use of 0 flag (test for warnings, line 163)
FAIL: gcc.dg/format/c99-printf-1.c -DWIDE bad use of 0 flag (test for warnings, line 164)
FAIL: gcc.dg/format/c99-printf-1.c -DWIDE bad use of 0 flag (test for warnings, line 165)
FAIL: gcc.dg/format/c99-printf-1.c -DWIDE 0 flag ignored with precision (test for warnings, line 167)
FAIL: gcc.dg/format/c99-printf-1.c -DWIDE 0 flag ignored with precision (test for warnings, line 168)
FAIL: gcc.dg/format/c99-printf-1.c -DWIDE 0 flag ignored with precision (test for warnings, line 169)
FAIL: gcc.dg/format/c99-printf-1.c -DWIDE 0 flag ignored with precision (test for warnings, line 170)
FAIL: gcc.dg/format/c99-printf-1.c -DWIDE 0 flag ignored with precision (test for warnings, line 171)
FAIL: gcc.dg/format/c99-printf-1.c -DWIDE 0 flag ignored with precision (test for warnings, line 172)
FAIL: gcc.dg/format/c99-printf-1.c -DWIDE 0 flag ignored with - flag (test for warnings, line 176)
FAIL: gcc.dg/format/c99-printf-1.c -DWIDE 0 flag ignored with - flag (test for warnings, line 177)
FAIL: gcc.dg/format/c99-printf-1.c -DWIDE 0 flag ignored with - flag (test for warnings, line 178)
FAIL: gcc.dg/format/c99-printf-1.c -DWIDE 0 flag ignored with - flag (test for warnings, line 179)
FAIL: gcc.dg/format/c99-printf-1.c -DWIDE 0 flag ignored with - flag (test for warnings, line 180)
FAIL: gcc.dg/format/c99-printf-1.c -DWIDE 0 flag ignored with - flag (test for warnings, line 181)
FAIL: gcc.dg/format/c99-printf-1.c -DWIDE 0 flag ignored with - flag (test for warnings, line 182)
FAIL: gcc.dg/format/c99-printf-1.c -DWIDE 0 flag ignored with - flag (test for warnings, line 183)
FAIL: gcc.dg/format/c99-printf-1.c -DWIDE 0 flag ignored with - flag (test for warnings, line 184)
FAIL: gcc.dg/format/c99-printf-1.c -DWIDE 0 flag ignored with - flag (test for warnings, line 185)
FAIL: gcc.dg/format/c99-printf-1.c -DWIDE 0 flag ignored with - flag (test for warnings, line 186)
FAIL: gcc.dg/format/c99-printf-1.c -DWIDE 0 flag ignored with - flag (test for warnings, line 187)
FAIL: gcc.dg/format/c99-printf-1.c -DWIDE 0 flag ignored with - flag (test for warnings, line 188)
FAIL: gcc.dg/format/c99-printf-1.c -DWIDE 0 flag ignored with - flag (test for warnings, line 189)
FAIL: gcc.dg/format/c99-printf-1.c -DWIDE %hhn plain char (test for warnings, line 195)
FAIL: gcc.dg/format/c99-printf-1.c -DWIDE %hhn unsigned char (test for warnings, line 196)
FAIL: gcc.dg/format/c99-printf-2.c %q length (test for warnings, line 16)
FAIL: gcc.dg/format/c99-printf-2.c %L length (test for warnings, line 17)
FAIL: gcc.dg/format/c99-printf-2.c %Z length (test for warnings, line 18)
FAIL: gcc.dg/format/c99-printf-2.c printf %m (test for warnings, line 22)
FAIL: gcc.dg/format/c99-printf-2.c printf %C (test for warnings, line 23)
FAIL: gcc.dg/format/c99-printf-2.c printf %S (test for warnings, line 24)
FAIL: gcc.dg/format/c99-printf-2.c printf ' flag (test for warnings, line 28)
FAIL: gcc.dg/format/c99-printf-2.c printf \$ format (test for warnings, line 29)
FAIL: gcc.dg/format/c99-printf-2.c printf I flag (test for warnings, line 31)
FAIL: gcc.dg/format/c99-printf-2.c -DWIDE %q length (test for warnings, line 16)
FAIL: gcc.dg/format/c99-printf-2.c -DWIDE %L length (test for warnings, line 17)
FAIL: gcc.dg/format/c99-printf-2.c -DWIDE %Z length (test for warnings, line 18)
FAIL: gcc.dg/format/c99-printf-2.c -DWIDE printf %m (test for warnings, line 22)
FAIL: gcc.dg/format/c99-printf-2.c -DWIDE printf %C (test for warnings, line 23)
FAIL: gcc.dg/format/c99-printf-2.c -DWIDE printf %S (test for warnings, line 24)
FAIL: gcc.dg/format/c99-printf-2.c -DWIDE printf ' flag (test for warnings, line 28)
FAIL: gcc.dg/format/c99-printf-2.c -DWIDE printf \$ format (test for warnings, line 29)
FAIL: gcc.dg/format/c99-printf-2.c -DWIDE printf I flag (test for warnings, line 31)
FAIL: gcc.dg/format/c99-printf-3.c fprintf (test for warnings, line 15)
FAIL: gcc.dg/format/c99-printf-3.c printf (test for warnings, line 17)
FAIL: gcc.dg/format/c99-printf-3.c sprintf (test for warnings, line 22)
FAIL: gcc.dg/format/c99-printf-3.c snprintf (test for warnings, line 24)
FAIL: gcc.dg/format/c99-printf-3.c vfprintf (test for warnings, line 26)
FAIL: gcc.dg/format/c99-printf-3.c vprintf (test for warnings, line 28)
FAIL: gcc.dg/format/c99-printf-3.c vsprintf (test for warnings, line 30)
FAIL: gcc.dg/format/c99-printf-3.c vsnprintf (test for warnings, line 32)
FAIL: gcc.dg/format/c99-printf-3.c -DWIDE fprintf (test for warnings, line 15)
FAIL: gcc.dg/format/c99-printf-3.c -DWIDE printf (test for warnings, line 17)
FAIL: gcc.dg/format/c99-printf-3.c -DWIDE sprintf (test for warnings, line 22)
FAIL: gcc.dg/format/c99-printf-3.c -DWIDE snprintf (test for warnings, line 24)
FAIL: gcc.dg/format/c99-printf-3.c -DWIDE vfprintf (test for warnings, line 26)
FAIL: gcc.dg/format/c99-printf-3.c -DWIDE vprintf (test for warnings, line 28)
FAIL: gcc.dg/format/c99-printf-3.c -DWIDE vsprintf (test for warnings, line 30)
FAIL: gcc.dg/format/c99-printf-3.c -DWIDE vsnprintf (test for warnings, line 32)
FAIL: gcc.dg/format/c99-scanf-1.c suppression of %n (test for warnings, line 30)
FAIL: gcc.dg/format/c99-scanf-1.c suppression with length (test for warnings, line 31)
FAIL: gcc.dg/format/c99-scanf-1.c warning for zero width (test for warnings, line 35)
FAIL: gcc.dg/format/c99-scanf-1.c width with %n (test for warnings, line 36)
FAIL: gcc.dg/format/c99-scanf-1.c bad use of %h (test for warnings, line 39)
FAIL: gcc.dg/format/c99-scanf-1.c bad use of %h (test for warnings, line 40)
FAIL: gcc.dg/format/c99-scanf-1.c bad use of %h (test for warnings, line 41)
FAIL: gcc.dg/format/c99-scanf-1.c bad use of %h (test for warnings, line 42)
FAIL: gcc.dg/format/c99-scanf-1.c bad use of %h (test for warnings, line 43)
FAIL: gcc.dg/format/c99-scanf-1.c bad use of %h (test for warnings, line 44)
FAIL: gcc.dg/format/c99-scanf-1.c bad use of %h (test for warnings, line 45)
FAIL: gcc.dg/format/c99-scanf-1.c bad use of %h (test for warnings, line 46)
FAIL: gcc.dg/format/c99-scanf-1.c bad use of %h (test for warnings, line 47)
FAIL: gcc.dg/format/c99-scanf-1.c bad use of %h (test for warnings, line 48)
FAIL: gcc.dg/format/c99-scanf-1.c bad use of %h (test for warnings, line 49)
FAIL: gcc.dg/format/c99-scanf-1.c bad use of %h (test for warnings, line 50)
FAIL: gcc.dg/format/c99-scanf-1.c bad use of %hh (test for warnings, line 53)
FAIL: gcc.dg/format/c99-scanf-1.c bad use of %hh (test for warnings, line 54)
FAIL: gcc.dg/format/c99-scanf-1.c bad use of %hh (test for warnings, line 55)
FAIL: gcc.dg/format/c99-scanf-1.c bad use of %hh (test for warnings, line 56)
FAIL: gcc.dg/format/c99-scanf-1.c bad use of %hh (test for warnings, line 57)
FAIL: gcc.dg/format/c99-scanf-1.c bad use of %hh (test for warnings, line 58)
FAIL: gcc.dg/format/c99-scanf-1.c bad use of %hh (test for warnings, line 59)
FAIL: gcc.dg/format/c99-scanf-1.c bad use of %hh (test for warnings, line 60)
FAIL: gcc.dg/format/c99-scanf-1.c bad use of %hh (test for warnings, line 61)
FAIL: gcc.dg/format/c99-scanf-1.c bad use of %hh (test for warnings, line 62)
FAIL: gcc.dg/format/c99-scanf-1.c bad use of %hh (test for warnings, line 63)
FAIL: gcc.dg/format/c99-scanf-1.c bad use of %hh (test for warnings, line 64)
FAIL: gcc.dg/format/c99-scanf-1.c bad use of %l (test for warnings, line 67)
FAIL: gcc.dg/format/c99-scanf-1.c bad use of %ll (test for warnings, line 73)
FAIL: gcc.dg/format/c99-scanf-1.c bad use of %ll (test for warnings, line 74)
FAIL: gcc.dg/format/c99-scanf-1.c bad use of %ll (test for warnings, line 75)
FAIL: gcc.dg/format/c99-scanf-1.c bad use of %ll (test for warnings, line 76)
FAIL: gcc.dg/format/c99-scanf-1.c bad use of %ll (test for warnings, line 77)
FAIL: gcc.dg/format/c99-scanf-1.c bad use of %ll (test for warnings, line 78)
FAIL: gcc.dg/format/c99-scanf-1.c bad use of %ll (test for warnings, line 79)
FAIL: gcc.dg/format/c99-scanf-1.c bad use of %ll (test for warnings, line 80)
FAIL: gcc.dg/format/c99-scanf-1.c bad use of %ll (test for warnings, line 81)
FAIL: gcc.dg/format/c99-scanf-1.c bad use of %ll (test for warnings, line 82)
FAIL: gcc.dg/format/c99-scanf-1.c bad use of %ll (test for warnings, line 83)
FAIL: gcc.dg/format/c99-scanf-1.c bad use of %ll (test for warnings, line 84)
FAIL: gcc.dg/format/c99-scanf-1.c bad use of %j (test for warnings, line 86)
FAIL: gcc.dg/format/c99-scanf-1.c bad use of %j (test for warnings, line 87)
FAIL: gcc.dg/format/c99-scanf-1.c bad use of %j (test for warnings, line 88)
FAIL: gcc.dg/format/c99-scanf-1.c bad use of %j (test for warnings, line 89)
FAIL: gcc.dg/format/c99-scanf-1.c bad use of %j (test for warnings, line 90)
FAIL: gcc.dg/format/c99-scanf-1.c bad use of %j (test for warnings, line 91)
FAIL: gcc.dg/format/c99-scanf-1.c bad use of %j (test for warnings, line 92)
FAIL: gcc.dg/format/c99-scanf-1.c bad use of %j (test for warnings, line 93)
FAIL: gcc.dg/format/c99-scanf-1.c bad use of %j (test for warnings, line 94)
FAIL: gcc.dg/format/c99-scanf-1.c bad use of %j (test for warnings, line 95)
FAIL: gcc.dg/format/c99-scanf-1.c bad use of %j (test for warnings, line 96)
FAIL: gcc.dg/format/c99-scanf-1.c bad use of %j (test for warnings, line 97)
FAIL: gcc.dg/format/c99-scanf-1.c bad use of %z (test for warnings, line 99)
FAIL: gcc.dg/format/c99-scanf-1.c bad use of %z (test for warnings, line 100)
FAIL: gcc.dg/format/c99-scanf-1.c bad use of %z (test for warnings, line 101)
FAIL: gcc.dg/format/c99-scanf-1.c bad use of %z (test for warnings, line 102)
FAIL: gcc.dg/format/c99-scanf-1.c bad use of %z (test for warnings, line 103)
FAIL: gcc.dg/format/c99-scanf-1.c bad use of %z (test for warnings, line 104)
FAIL: gcc.dg/format/c99-scanf-1.c bad use of %z (test for warnings, line 105)
FAIL: gcc.dg/format/c99-scanf-1.c bad use of %z (test for warnings, line 106)
FAIL: gcc.dg/format/c99-scanf-1.c bad use of %z (test for warnings, line 107)
FAIL: gcc.dg/format/c99-scanf-1.c bad use of %z (test for warnings, line 108)
FAIL: gcc.dg/format/c99-scanf-1.c bad use of %z (test for warnings, line 109)
FAIL: gcc.dg/format/c99-scanf-1.c bad use of %z (test for warnings, line 110)
FAIL: gcc.dg/format/c99-scanf-1.c bad use of %t (test for warnings, line 112)
FAIL: gcc.dg/format/c99-scanf-1.c bad use of %t (test for warnings, line 113)
FAIL: gcc.dg/format/c99-scanf-1.c bad use of %t (test for warnings, line 114)
FAIL: gcc.dg/format/c99-scanf-1.c bad use of %t (test for warnings, line 115)
FAIL: gcc.dg/format/c99-scanf-1.c bad use of %t (test for warnings, line 116)
FAIL: gcc.dg/format/c99-scanf-1.c bad use of %t (test for warnings, line 117)
FAIL: gcc.dg/format/c99-scanf-1.c bad use of %t (test for warnings, line 118)
FAIL: gcc.dg/format/c99-scanf-1.c bad use of %t (test for warnings, line 119)
FAIL: gcc.dg/format/c99-scanf-1.c bad use of %t (test for warnings, line 120)
FAIL: gcc.dg/format/c99-scanf-1.c bad use of %t (test for warnings, line 121)
FAIL: gcc.dg/format/c99-scanf-1.c bad use of %t (test for warnings, line 122)
FAIL: gcc.dg/format/c99-scanf-1.c bad use of %t (test for warnings, line 123)
FAIL: gcc.dg/format/c99-scanf-1.c bad use of %L (test for warnings, line 125)
FAIL: gcc.dg/format/c99-scanf-1.c bad use of %L (test for warnings, line 126)
FAIL: gcc.dg/format/c99-scanf-1.c bad use of %L (test for warnings, line 127)
FAIL: gcc.dg/format/c99-scanf-1.c bad use of %L (test for warnings, line 128)
FAIL: gcc.dg/format/c99-scanf-1.c bad use of %L (test for warnings, line 129)
FAIL: gcc.dg/format/c99-scanf-1.c bad use of %L (test for warnings, line 130)
FAIL: gcc.dg/format/c99-scanf-1.c bad use of %L (test for warnings, line 131)
FAIL: gcc.dg/format/c99-scanf-1.c bad use of %L (test for warnings, line 132)
FAIL: gcc.dg/format/c99-scanf-1.c bad use of %L (test for warnings, line 133)
FAIL: gcc.dg/format/c99-scanf-1.c bad use of %L (test for warnings, line 134)
FAIL: gcc.dg/format/c99-scanf-1.c bad use of %L (test for warnings, line 135)
FAIL: gcc.dg/format/c99-scanf-1.c %hhd sign (test for warnings, line 143)
FAIL: gcc.dg/format/c99-scanf-1.c %hhu sign (test for warnings, line 144)
FAIL: gcc.dg/format/c99-scanf-1.c -DWIDE suppression of %n (test for warnings, line 30)
FAIL: gcc.dg/format/c99-scanf-1.c -DWIDE suppression with length (test for warnings, line 31)
FAIL: gcc.dg/format/c99-scanf-1.c -DWIDE warning for zero width (test for warnings, line 35)
FAIL: gcc.dg/format/c99-scanf-1.c -DWIDE width with %n (test for warnings, line 36)
FAIL: gcc.dg/format/c99-scanf-1.c -DWIDE bad use of %h (test for warnings, line 39)
FAIL: gcc.dg/format/c99-scanf-1.c -DWIDE bad use of %h (test for warnings, line 40)
FAIL: gcc.dg/format/c99-scanf-1.c -DWIDE bad use of %h (test for warnings, line 41)
FAIL: gcc.dg/format/c99-scanf-1.c -DWIDE bad use of %h (test for warnings, line 42)
FAIL: gcc.dg/format/c99-scanf-1.c -DWIDE bad use of %h (test for warnings, line 43)
FAIL: gcc.dg/format/c99-scanf-1.c -DWIDE bad use of %h (test for warnings, line 44)
FAIL: gcc.dg/format/c99-scanf-1.c -DWIDE bad use of %h (test for warnings, line 45)
FAIL: gcc.dg/format/c99-scanf-1.c -DWIDE bad use of %h (test for warnings, line 46)
FAIL: gcc.dg/format/c99-scanf-1.c -DWIDE bad use of %h (test for warnings, line 47)
FAIL: gcc.dg/format/c99-scanf-1.c -DWIDE bad use of %h (test for warnings, line 48)
FAIL: gcc.dg/format/c99-scanf-1.c -DWIDE bad use of %h (test for warnings, line 49)
FAIL: gcc.dg/format/c99-scanf-1.c -DWIDE bad use of %h (test for warnings, line 50)
FAIL: gcc.dg/format/c99-scanf-1.c -DWIDE bad use of %hh (test for warnings, line 53)
FAIL: gcc.dg/format/c99-scanf-1.c -DWIDE bad use of %hh (test for warnings, line 54)
FAIL: gcc.dg/format/c99-scanf-1.c -DWIDE bad use of %hh (test for warnings, line 55)
FAIL: gcc.dg/format/c99-scanf-1.c -DWIDE bad use of %hh (test for warnings, line 56)
FAIL: gcc.dg/format/c99-scanf-1.c -DWIDE bad use of %hh (test for warnings, line 57)
FAIL: gcc.dg/format/c99-scanf-1.c -DWIDE bad use of %hh (test for warnings, line 58)
FAIL: gcc.dg/format/c99-scanf-1.c -DWIDE bad use of %hh (test for warnings, line 59)
FAIL: gcc.dg/format/c99-scanf-1.c -DWIDE bad use of %hh (test for warnings, line 60)
FAIL: gcc.dg/format/c99-scanf-1.c -DWIDE bad use of %hh (test for warnings, line 61)
FAIL: gcc.dg/format/c99-scanf-1.c -DWIDE bad use of %hh (test for warnings, line 62)
FAIL: gcc.dg/format/c99-scanf-1.c -DWIDE bad use of %hh (test for warnings, line 63)
FAIL: gcc.dg/format/c99-scanf-1.c -DWIDE bad use of %hh (test for warnings, line 64)
FAIL: gcc.dg/format/c99-scanf-1.c -DWIDE bad use of %l (test for warnings, line 67)
FAIL: gcc.dg/format/c99-scanf-1.c -DWIDE bad use of %ll (test for warnings, line 73)
FAIL: gcc.dg/format/c99-scanf-1.c -DWIDE bad use of %ll (test for warnings, line 74)
FAIL: gcc.dg/format/c99-scanf-1.c -DWIDE bad use of %ll (test for warnings, line 75)
FAIL: gcc.dg/format/c99-scanf-1.c -DWIDE bad use of %ll (test for warnings, line 76)
FAIL: gcc.dg/format/c99-scanf-1.c -DWIDE bad use of %ll (test for warnings, line 77)
FAIL: gcc.dg/format/c99-scanf-1.c -DWIDE bad use of %ll (test for warnings, line 78)
FAIL: gcc.dg/format/c99-scanf-1.c -DWIDE bad use of %ll (test for warnings, line 79)
FAIL: gcc.dg/format/c99-scanf-1.c -DWIDE bad use of %ll (test for warnings, line 80)
FAIL: gcc.dg/format/c99-scanf-1.c -DWIDE bad use of %ll (test for warnings, line 81)
FAIL: gcc.dg/format/c99-scanf-1.c -DWIDE bad use of %ll (test for warnings, line 82)
FAIL: gcc.dg/format/c99-scanf-1.c -DWIDE bad use of %ll (test for warnings, line 83)
FAIL: gcc.dg/format/c99-scanf-1.c -DWIDE bad use of %ll (test for warnings, line 84)
FAIL: gcc.dg/format/c99-scanf-1.c -DWIDE bad use of %j (test for warnings, line 86)
FAIL: gcc.dg/format/c99-scanf-1.c -DWIDE bad use of %j (test for warnings, line 87)
FAIL: gcc.dg/format/c99-scanf-1.c -DWIDE bad use of %j (test for warnings, line 88)
FAIL: gcc.dg/format/c99-scanf-1.c -DWIDE bad use of %j (test for warnings, line 89)
FAIL: gcc.dg/format/c99-scanf-1.c -DWIDE bad use of %j (test for warnings, line 90)
FAIL: gcc.dg/format/c99-scanf-1.c -DWIDE bad use of %j (test for warnings, line 91)
FAIL: gcc.dg/format/c99-scanf-1.c -DWIDE bad use of %j (test for warnings, line 92)
FAIL: gcc.dg/format/c99-scanf-1.c -DWIDE bad use of %j (test for warnings, line 93)
FAIL: gcc.dg/format/c99-scanf-1.c -DWIDE bad use of %j (test for warnings, line 94)
FAIL: gcc.dg/format/c99-scanf-1.c -DWIDE bad use of %j (test for warnings, line 95)
FAIL: gcc.dg/format/c99-scanf-1.c -DWIDE bad use of %j (test for warnings, line 96)
FAIL: gcc.dg/format/c99-scanf-1.c -DWIDE bad use of %j (test for warnings, line 97)
FAIL: gcc.dg/format/c99-scanf-1.c -DWIDE bad use of %z (test for warnings, line 99)
FAIL: gcc.dg/format/c99-scanf-1.c -DWIDE bad use of %z (test for warnings, line 100)
FAIL: gcc.dg/format/c99-scanf-1.c -DWIDE bad use of %z (test for warnings, line 101)
FAIL: gcc.dg/format/c99-scanf-1.c -DWIDE bad use of %z (test for warnings, line 102)
FAIL: gcc.dg/format/c99-scanf-1.c -DWIDE bad use of %z (test for warnings, line 103)
FAIL: gcc.dg/format/c99-scanf-1.c -DWIDE bad use of %z (test for warnings, line 104)
FAIL: gcc.dg/format/c99-scanf-1.c -DWIDE bad use of %z (test for warnings, line 105)
FAIL: gcc.dg/format/c99-scanf-1.c -DWIDE bad use of %z (test for warnings, line 106)
FAIL: gcc.dg/format/c99-scanf-1.c -DWIDE bad use of %z (test for warnings, line 107)
FAIL: gcc.dg/format/c99-scanf-1.c -DWIDE bad use of %z (test for warnings, line 108)
FAIL: gcc.dg/format/c99-scanf-1.c -DWIDE bad use of %z (test for warnings, line 109)
FAIL: gcc.dg/format/c99-scanf-1.c -DWIDE bad use of %z (test for warnings, line 110)
FAIL: gcc.dg/format/c99-scanf-1.c -DWIDE bad use of %t (test for warnings, line 112)
FAIL: gcc.dg/format/c99-scanf-1.c -DWIDE bad use of %t (test for warnings, line 113)
FAIL: gcc.dg/format/c99-scanf-1.c -DWIDE bad use of %t (test for warnings, line 114)
FAIL: gcc.dg/format/c99-scanf-1.c -DWIDE bad use of %t (test for warnings, line 115)
FAIL: gcc.dg/format/c99-scanf-1.c -DWIDE bad use of %t (test for warnings, line 116)
FAIL: gcc.dg/format/c99-scanf-1.c -DWIDE bad use of %t (test for warnings, line 117)
FAIL: gcc.dg/format/c99-scanf-1.c -DWIDE bad use of %t (test for warnings, line 118)
FAIL: gcc.dg/format/c99-scanf-1.c -DWIDE bad use of %t (test for warnings, line 119)
FAIL: gcc.dg/format/c99-scanf-1.c -DWIDE bad use of %t (test for warnings, line 120)
FAIL: gcc.dg/format/c99-scanf-1.c -DWIDE bad use of %t (test for warnings, line 121)
FAIL: gcc.dg/format/c99-scanf-1.c -DWIDE bad use of %t (test for warnings, line 122)
FAIL: gcc.dg/format/c99-scanf-1.c -DWIDE bad use of %t (test for warnings, line 123)
FAIL: gcc.dg/format/c99-scanf-1.c -DWIDE bad use of %L (test for warnings, line 125)
FAIL: gcc.dg/format/c99-scanf-1.c -DWIDE bad use of %L (test for warnings, line 126)
FAIL: gcc.dg/format/c99-scanf-1.c -DWIDE bad use of %L (test for warnings, line 127)
FAIL: gcc.dg/format/c99-scanf-1.c -DWIDE bad use of %L (test for warnings, line 128)
FAIL: gcc.dg/format/c99-scanf-1.c -DWIDE bad use of %L (test for warnings, line 129)
FAIL: gcc.dg/format/c99-scanf-1.c -DWIDE bad use of %L (test for warnings, line 130)
FAIL: gcc.dg/format/c99-scanf-1.c -DWIDE bad use of %L (test for warnings, line 131)
FAIL: gcc.dg/format/c99-scanf-1.c -DWIDE bad use of %L (test for warnings, line 132)
FAIL: gcc.dg/format/c99-scanf-1.c -DWIDE bad use of %L (test for warnings, line 133)
FAIL: gcc.dg/format/c99-scanf-1.c -DWIDE bad use of %L (test for warnings, line 134)
FAIL: gcc.dg/format/c99-scanf-1.c -DWIDE bad use of %L (test for warnings, line 135)
FAIL: gcc.dg/format/c99-scanf-1.c -DWIDE %hhd sign (test for warnings, line 143)
FAIL: gcc.dg/format/c99-scanf-1.c -DWIDE %hhu sign (test for warnings, line 144)
FAIL: gcc.dg/format/c99-scanf-2.c %q length (test for warnings, line 16)
FAIL: gcc.dg/format/c99-scanf-2.c %L length (test for warnings, line 17)
FAIL: gcc.dg/format/c99-scanf-2.c scanf %C (test for warnings, line 19)
FAIL: gcc.dg/format/c99-scanf-2.c scanf %S (test for warnings, line 20)
FAIL: gcc.dg/format/c99-scanf-2.c scanf \$ format (test for warnings, line 22)
FAIL: gcc.dg/format/c99-scanf-2.c scanf ' flag (test for warnings, line 24)
FAIL: gcc.dg/format/c99-scanf-2.c scanf I flag (test for warnings, line 25)
FAIL: gcc.dg/format/c99-scanf-2.c -DWIDE %q length (test for warnings, line 16)
FAIL: gcc.dg/format/c99-scanf-2.c -DWIDE %L length (test for warnings, line 17)
FAIL: gcc.dg/format/c99-scanf-2.c -DWIDE scanf %C (test for warnings, line 19)
FAIL: gcc.dg/format/c99-scanf-2.c -DWIDE scanf %S (test for warnings, line 20)
FAIL: gcc.dg/format/c99-scanf-2.c -DWIDE scanf \$ format (test for warnings, line 22)
FAIL: gcc.dg/format/c99-scanf-2.c -DWIDE scanf ' flag (test for warnings, line 24)
FAIL: gcc.dg/format/c99-scanf-2.c -DWIDE scanf I flag (test for warnings, line 25)
FAIL: gcc.dg/format/c99-scanf-3.c fscanf (test for warnings, line 15)
FAIL: gcc.dg/format/c99-scanf-3.c scanf (test for warnings, line 17)
FAIL: gcc.dg/format/c99-scanf-3.c sscanf (test for warnings, line 19)
FAIL: gcc.dg/format/c99-scanf-3.c vfscanf (test for warnings, line 21)
FAIL: gcc.dg/format/c99-scanf-3.c vscanf (test for warnings, line 23)
FAIL: gcc.dg/format/c99-scanf-3.c vsscanf (test for warnings, line 25)
FAIL: gcc.dg/format/c99-scanf-3.c -DWIDE fscanf (test for warnings, line 15)
FAIL: gcc.dg/format/c99-scanf-3.c -DWIDE scanf (test for warnings, line 17)
FAIL: gcc.dg/format/c99-scanf-3.c -DWIDE sscanf (test for warnings, line 19)
FAIL: gcc.dg/format/c99-scanf-3.c -DWIDE vfscanf (test for warnings, line 21)
FAIL: gcc.dg/format/c99-scanf-3.c -DWIDE vscanf (test for warnings, line 23)
FAIL: gcc.dg/format/c99-scanf-3.c -DWIDE vsscanf (test for warnings, line 25)
FAIL: gcc.dg/format/c99-strftime-1.c 2-digit year (test for warnings, line 16)
FAIL: gcc.dg/format/c99-strftime-1.c 2-digit year (test for warnings, line 17)
FAIL: gcc.dg/format/c99-strftime-1.c 2-digit year (test for warnings, line 18)
FAIL: gcc.dg/format/c99-strftime-1.c 2-digit year (test for warnings, line 19)
FAIL: gcc.dg/format/c99-strftime-1.c 2-digit year (test for warnings, line 21)
FAIL: gcc.dg/format/c99-strftime-1.c 2-digit year (test for warnings, line 22)
FAIL: gcc.dg/format/c99-strftime-1.c 2-digit year (test for warnings, line 23)
FAIL: gcc.dg/format/c99-strftime-1.c 2-digit year (test for warnings, line 24)
FAIL: gcc.dg/format/c99-strftime-1.c 2-digit year (test for warnings, line 28)
FAIL: gcc.dg/format/c99-strftime-1.c multiple %E/%O (test for warnings, line 30)
FAIL: gcc.dg/format/c99-strftime-1.c multiple %E/%O (test for warnings, line 31)
FAIL: gcc.dg/format/c99-strftime-1.c multiple %E/%O (test for warnings, line 32)
FAIL: gcc.dg/format/c99-strftime-1.c multiple %E/%O (test for warnings, line 33)
FAIL: gcc.dg/format/c99-strftime-1.c 2-digit year (test for warnings, line 31)
FAIL: gcc.dg/format/c99-strftime-1.c 2-digit year (test for warnings, line 32)
FAIL: gcc.dg/format/c99-strftime-1.c bad %Ea (test for warnings, line 36)
FAIL: gcc.dg/format/c99-strftime-1.c bad %EA (test for warnings, line 37)
FAIL: gcc.dg/format/c99-strftime-1.c bad %Eb (test for warnings, line 38)
FAIL: gcc.dg/format/c99-strftime-1.c bad %EB (test for warnings, line 39)
FAIL: gcc.dg/format/c99-strftime-1.c bad %Ed (test for warnings, line 40)
FAIL: gcc.dg/format/c99-strftime-1.c bad %ED (test for warnings, line 41)
FAIL: gcc.dg/format/c99-strftime-1.c 2-digit year (test for warnings, line 41)
FAIL: gcc.dg/format/c99-strftime-1.c bad %Ee (test for warnings, line 43)
FAIL: gcc.dg/format/c99-strftime-1.c bad %EF (test for warnings, line 44)
FAIL: gcc.dg/format/c99-strftime-1.c bad %Eg (test for warnings, line 45)
FAIL: gcc.dg/format/c99-strftime-1.c 2-digit year (test for warnings, line 45)
FAIL: gcc.dg/format/c99-strftime-1.c bad %EG (test for warnings, line 47)
FAIL: gcc.dg/format/c99-strftime-1.c bad %Eh (test for warnings, line 48)
FAIL: gcc.dg/format/c99-strftime-1.c bad %EH (test for warnings, line 49)
FAIL: gcc.dg/format/c99-strftime-1.c bad %EI (test for warnings, line 50)
FAIL: gcc.dg/format/c99-strftime-1.c bad %Ej (test for warnings, line 51)
FAIL: gcc.dg/format/c99-strftime-1.c bad %Em (test for warnings, line 52)
FAIL: gcc.dg/format/c99-strftime-1.c bad %EM (test for warnings, line 53)
FAIL: gcc.dg/format/c99-strftime-1.c bad %En (test for warnings, line 54)
FAIL: gcc.dg/format/c99-strftime-1.c bad %Ep (test for warnings, line 55)
FAIL: gcc.dg/format/c99-strftime-1.c bad %Er (test for warnings, line 56)
FAIL: gcc.dg/format/c99-strftime-1.c bad %ER (test for warnings, line 57)
FAIL: gcc.dg/format/c99-strftime-1.c bad %ES (test for warnings, line 58)
FAIL: gcc.dg/format/c99-strftime-1.c bad %Et (test for warnings, line 59)
FAIL: gcc.dg/format/c99-strftime-1.c bad %ET (test for warnings, line 60)
FAIL: gcc.dg/format/c99-strftime-1.c bad %Eu (test for warnings, line 61)
FAIL: gcc.dg/format/c99-strftime-1.c bad %EU (test for warnings, line 62)
FAIL: gcc.dg/format/c99-strftime-1.c bad %EV (test for warnings, line 63)
FAIL: gcc.dg/format/c99-strftime-1.c bad %Ew (test for warnings, line 64)
FAIL: gcc.dg/format/c99-strftime-1.c bad %EW (test for warnings, line 65)
FAIL: gcc.dg/format/c99-strftime-1.c bad %Ez (test for warnings, line 66)
FAIL: gcc.dg/format/c99-strftime-1.c bad %EZ (test for warnings, line 67)
FAIL: gcc.dg/format/c99-strftime-1.c bad %E% (test for warnings, line 68)
FAIL: gcc.dg/format/c99-strftime-1.c bad %Oa (test for warnings, line 69)
FAIL: gcc.dg/format/c99-strftime-1.c bad %OA (test for warnings, line 70)
FAIL: gcc.dg/format/c99-strftime-1.c bad %Ob (test for warnings, line 71)
FAIL: gcc.dg/format/c99-strftime-1.c bad %OB (test for warnings, line 72)
FAIL: gcc.dg/format/c99-strftime-1.c bad %Oc (test for warnings, line 73)
FAIL: gcc.dg/format/c99-strftime-1.c 2-digit year (test for warnings, line 73)
FAIL: gcc.dg/format/c99-strftime-1.c bad %OC (test for warnings, line 75)
FAIL: gcc.dg/format/c99-strftime-1.c bad %OD (test for warnings, line 76)
FAIL: gcc.dg/format/c99-strftime-1.c 2-digit year (test for warnings, line 76)
FAIL: gcc.dg/format/c99-strftime-1.c bad %OF (test for warnings, line 78)
FAIL: gcc.dg/format/c99-strftime-1.c bad %Og (test for warnings, line 79)
FAIL: gcc.dg/format/c99-strftime-1.c 2-digit year (test for warnings, line 79)
FAIL: gcc.dg/format/c99-strftime-1.c bad %OG (test for warnings, line 81)
FAIL: gcc.dg/format/c99-strftime-1.c bad %Oh (test for warnings, line 82)
FAIL: gcc.dg/format/c99-strftime-1.c bad %Oj (test for warnings, line 83)
FAIL: gcc.dg/format/c99-strftime-1.c bad %On (test for warnings, line 84)
FAIL: gcc.dg/format/c99-strftime-1.c bad %Op (test for warnings, line 85)
FAIL: gcc.dg/format/c99-strftime-1.c bad %Or (test for warnings, line 86)
FAIL: gcc.dg/format/c99-strftime-1.c bad %OR (test for warnings, line 87)
FAIL: gcc.dg/format/c99-strftime-1.c bad %Ot (test for warnings, line 88)
FAIL: gcc.dg/format/c99-strftime-1.c bad %OT (test for warnings, line 89)
FAIL: gcc.dg/format/c99-strftime-1.c bad %Ox (test for warnings, line 90)
FAIL: gcc.dg/format/c99-strftime-1.c 2-digit year (test for warnings, line 90)
FAIL: gcc.dg/format/c99-strftime-1.c bad %OX (test for warnings, line 92)
FAIL: gcc.dg/format/c99-strftime-1.c bad %OY (test for warnings, line 93)
FAIL: gcc.dg/format/c99-strftime-1.c bad %Oz (test for warnings, line 94)
FAIL: gcc.dg/format/c99-strftime-1.c bad %OZ (test for warnings, line 95)
FAIL: gcc.dg/format/c99-strftime-1.c bad %O% (test for warnings, line 96)
FAIL: gcc.dg/format/c99-strftime-1.c -DWIDE 2-digit year (test for warnings, line 16)
FAIL: gcc.dg/format/c99-strftime-1.c -DWIDE 2-digit year (test for warnings, line 17)
FAIL: gcc.dg/format/c99-strftime-1.c -DWIDE 2-digit year (test for warnings, line 18)
FAIL: gcc.dg/format/c99-strftime-1.c -DWIDE 2-digit year (test for warnings, line 19)
FAIL: gcc.dg/format/c99-strftime-1.c -DWIDE 2-digit year (test for warnings, line 21)
FAIL: gcc.dg/format/c99-strftime-1.c -DWIDE 2-digit year (test for warnings, line 22)
FAIL: gcc.dg/format/c99-strftime-1.c -DWIDE 2-digit year (test for warnings, line 23)
FAIL: gcc.dg/format/c99-strftime-1.c -DWIDE 2-digit year (test for warnings, line 24)
FAIL: gcc.dg/format/c99-strftime-1.c -DWIDE 2-digit year (test for warnings, line 28)
FAIL: gcc.dg/format/c99-strftime-1.c -DWIDE multiple %E/%O (test for warnings, line 30)
FAIL: gcc.dg/format/c99-strftime-1.c -DWIDE multiple %E/%O (test for warnings, line 31)
FAIL: gcc.dg/format/c99-strftime-1.c -DWIDE multiple %E/%O (test for warnings, line 32)
FAIL: gcc.dg/format/c99-strftime-1.c -DWIDE multiple %E/%O (test for warnings, line 33)
FAIL: gcc.dg/format/c99-strftime-1.c -DWIDE 2-digit year (test for warnings, line 31)
FAIL: gcc.dg/format/c99-strftime-1.c -DWIDE 2-digit year (test for warnings, line 32)
FAIL: gcc.dg/format/c99-strftime-1.c -DWIDE bad %Ea (test for warnings, line 36)
FAIL: gcc.dg/format/c99-strftime-1.c -DWIDE bad %EA (test for warnings, line 37)
FAIL: gcc.dg/format/c99-strftime-1.c -DWIDE bad %Eb (test for warnings, line 38)
FAIL: gcc.dg/format/c99-strftime-1.c -DWIDE bad %EB (test for warnings, line 39)
FAIL: gcc.dg/format/c99-strftime-1.c -DWIDE bad %Ed (test for warnings, line 40)
FAIL: gcc.dg/format/c99-strftime-1.c -DWIDE bad %ED (test for warnings, line 41)
FAIL: gcc.dg/format/c99-strftime-1.c -DWIDE 2-digit year (test for warnings, line 41)
FAIL: gcc.dg/format/c99-strftime-1.c -DWIDE bad %Ee (test for warnings, line 43)
FAIL: gcc.dg/format/c99-strftime-1.c -DWIDE bad %EF (test for warnings, line 44)
FAIL: gcc.dg/format/c99-strftime-1.c -DWIDE bad %Eg (test for warnings, line 45)
FAIL: gcc.dg/format/c99-strftime-1.c -DWIDE 2-digit year (test for warnings, line 45)
FAIL: gcc.dg/format/c99-strftime-1.c -DWIDE bad %EG (test for warnings, line 47)
FAIL: gcc.dg/format/c99-strftime-1.c -DWIDE bad %Eh (test for warnings, line 48)
FAIL: gcc.dg/format/c99-strftime-1.c -DWIDE bad %EH (test for warnings, line 49)
FAIL: gcc.dg/format/c99-strftime-1.c -DWIDE bad %EI (test for warnings, line 50)
FAIL: gcc.dg/format/c99-strftime-1.c -DWIDE bad %Ej (test for warnings, line 51)
FAIL: gcc.dg/format/c99-strftime-1.c -DWIDE bad %Em (test for warnings, line 52)
FAIL: gcc.dg/format/c99-strftime-1.c -DWIDE bad %EM (test for warnings, line 53)
FAIL: gcc.dg/format/c99-strftime-1.c -DWIDE bad %En (test for warnings, line 54)
FAIL: gcc.dg/format/c99-strftime-1.c -DWIDE bad %Ep (test for warnings, line 55)
FAIL: gcc.dg/format/c99-strftime-1.c -DWIDE bad %Er (test for warnings, line 56)
FAIL: gcc.dg/format/c99-strftime-1.c -DWIDE bad %ER (test for warnings, line 57)
FAIL: gcc.dg/format/c99-strftime-1.c -DWIDE bad %ES (test for warnings, line 58)
FAIL: gcc.dg/format/c99-strftime-1.c -DWIDE bad %Et (test for warnings, line 59)
FAIL: gcc.dg/format/c99-strftime-1.c -DWIDE bad %ET (test for warnings, line 60)
FAIL: gcc.dg/format/c99-strftime-1.c -DWIDE bad %Eu (test for warnings, line 61)
FAIL: gcc.dg/format/c99-strftime-1.c -DWIDE bad %EU (test for warnings, line 62)
FAIL: gcc.dg/format/c99-strftime-1.c -DWIDE bad %EV (test for warnings, line 63)
FAIL: gcc.dg/format/c99-strftime-1.c -DWIDE bad %Ew (test for warnings, line 64)
FAIL: gcc.dg/format/c99-strftime-1.c -DWIDE bad %EW (test for warnings, line 65)
FAIL: gcc.dg/format/c99-strftime-1.c -DWIDE bad %Ez (test for warnings, line 66)
FAIL: gcc.dg/format/c99-strftime-1.c -DWIDE bad %EZ (test for warnings, line 67)
FAIL: gcc.dg/format/c99-strftime-1.c -DWIDE bad %E% (test for warnings, line 68)
FAIL: gcc.dg/format/c99-strftime-1.c -DWIDE bad %Oa (test for warnings, line 69)
FAIL: gcc.dg/format/c99-strftime-1.c -DWIDE bad %OA (test for warnings, line 70)
FAIL: gcc.dg/format/c99-strftime-1.c -DWIDE bad %Ob (test for warnings, line 71)
FAIL: gcc.dg/format/c99-strftime-1.c -DWIDE bad %OB (test for warnings, line 72)
FAIL: gcc.dg/format/c99-strftime-1.c -DWIDE bad %Oc (test for warnings, line 73)
FAIL: gcc.dg/format/c99-strftime-1.c -DWIDE 2-digit year (test for warnings, line 73)
FAIL: gcc.dg/format/c99-strftime-1.c -DWIDE bad %OC (test for warnings, line 75)
FAIL: gcc.dg/format/c99-strftime-1.c -DWIDE bad %OD (test for warnings, line 76)
FAIL: gcc.dg/format/c99-strftime-1.c -DWIDE 2-digit year (test for warnings, line 76)
FAIL: gcc.dg/format/c99-strftime-1.c -DWIDE bad %OF (test for warnings, line 78)
FAIL: gcc.dg/format/c99-strftime-1.c -DWIDE bad %Og (test for warnings, line 79)
FAIL: gcc.dg/format/c99-strftime-1.c -DWIDE 2-digit year (test for warnings, line 79)
FAIL: gcc.dg/format/c99-strftime-1.c -DWIDE bad %OG (test for warnings, line 81)
FAIL: gcc.dg/format/c99-strftime-1.c -DWIDE bad %Oh (test for warnings, line 82)
FAIL: gcc.dg/format/c99-strftime-1.c -DWIDE bad %Oj (test for warnings, line 83)
FAIL: gcc.dg/format/c99-strftime-1.c -DWIDE bad %On (test for warnings, line 84)
FAIL: gcc.dg/format/c99-strftime-1.c -DWIDE bad %Op (test for warnings, line 85)
FAIL: gcc.dg/format/c99-strftime-1.c -DWIDE bad %Or (test for warnings, line 86)
FAIL: gcc.dg/format/c99-strftime-1.c -DWIDE bad %OR (test for warnings, line 87)
FAIL: gcc.dg/format/c99-strftime-1.c -DWIDE bad %Ot (test for warnings, line 88)
FAIL: gcc.dg/format/c99-strftime-1.c -DWIDE bad %OT (test for warnings, line 89)
FAIL: gcc.dg/format/c99-strftime-1.c -DWIDE bad %Ox (test for warnings, line 90)
FAIL: gcc.dg/format/c99-strftime-1.c -DWIDE 2-digit year (test for warnings, line 90)
FAIL: gcc.dg/format/c99-strftime-1.c -DWIDE bad %OX (test for warnings, line 92)
FAIL: gcc.dg/format/c99-strftime-1.c -DWIDE bad %OY (test for warnings, line 93)
FAIL: gcc.dg/format/c99-strftime-1.c -DWIDE bad %Oz (test for warnings, line 94)
FAIL: gcc.dg/format/c99-strftime-1.c -DWIDE bad %OZ (test for warnings, line 95)
FAIL: gcc.dg/format/c99-strftime-1.c -DWIDE bad %O% (test for warnings, line 96)
FAIL: gcc.dg/format/c99-strftime-2.c strftime %P (test for warnings, line 12)
FAIL: gcc.dg/format/c99-strftime-2.c strftime %k (test for warnings, line 14)
FAIL: gcc.dg/format/c99-strftime-2.c strftime %l (test for warnings, line 16)
FAIL: gcc.dg/format/c99-strftime-2.c strftime %s (test for warnings, line 18)
FAIL: gcc.dg/format/c99-strftime-2.c strftime width (test for warnings, line 21)
FAIL: gcc.dg/format/c99-strftime-2.c strftime flags (test for warnings, line 22)
FAIL: gcc.dg/format/c99-strftime-2.c -DWIDE strftime %P (test for warnings, line 12)
FAIL: gcc.dg/format/c99-strftime-2.c -DWIDE strftime %k (test for warnings, line 14)
FAIL: gcc.dg/format/c99-strftime-2.c -DWIDE strftime %l (test for warnings, line 16)
FAIL: gcc.dg/format/c99-strftime-2.c -DWIDE strftime %s (test for warnings, line 18)
FAIL: gcc.dg/format/c99-strftime-2.c -DWIDE strftime width (test for warnings, line 21)
FAIL: gcc.dg/format/c99-strftime-2.c -DWIDE strftime flags (test for warnings, line 22)
FAIL: gcc.dg/format/diag-1.c %hhf warning (test for warnings, line 12)
FAIL: gcc.dg/format/diag-1.c %llf warning (test for warnings, line 14)
FAIL: gcc.dg/format/diag-1.c size_t format warning (test for warnings, line 17)
FAIL: gcc.dg/format/diag-1.c -DWIDE %hhf warning (test for warnings, line 12)
FAIL: gcc.dg/format/diag-1.c -DWIDE %llf warning (test for warnings, line 14)
FAIL: gcc.dg/format/diag-1.c -DWIDE size_t format warning (test for warnings, line 17)
FAIL: gcc.dg/format/diag-2.c correct arg type (test for warnings, line 11)
FAIL: gcc.dg/format/diag-2.c correct arg type (test for warnings, line 12)
FAIL: gcc.dg/format/diag-2.c -DWIDE correct arg type (test for warnings, line 11)
FAIL: gcc.dg/format/diag-2.c -DWIDE correct arg type (test for warnings, line 12)
FAIL: gcc.dg/format/ext-1.c bad use of %q (test for warnings, line 19)
FAIL: gcc.dg/format/ext-1.c bad use of %q (test for warnings, line 20)
FAIL: gcc.dg/format/ext-1.c bad use of %q (test for warnings, line 21)
FAIL: gcc.dg/format/ext-1.c bad use of %q (test for warnings, line 22)
FAIL: gcc.dg/format/ext-1.c bad use of %q (test for warnings, line 23)
FAIL: gcc.dg/format/ext-1.c bad use of %q (test for warnings, line 24)
FAIL: gcc.dg/format/ext-1.c bad use of %q (test for warnings, line 25)
FAIL: gcc.dg/format/ext-1.c bad use of %q (test for warnings, line 26)
FAIL: gcc.dg/format/ext-1.c bad use of %q (test for warnings, line 27)
FAIL: gcc.dg/format/ext-1.c bad use of %q (test for warnings, line 28)
FAIL: gcc.dg/format/ext-1.c bad use of %q (test for warnings, line 29)
FAIL: gcc.dg/format/ext-1.c bad use of %q (test for warnings, line 30)
FAIL: gcc.dg/format/ext-1.c bad use of %q (test for warnings, line 31)
FAIL: gcc.dg/format/ext-1.c bad use of %q (test for warnings, line 36)
FAIL: gcc.dg/format/ext-1.c bad use of %Z (test for warnings, line 43)
FAIL: gcc.dg/format/ext-1.c bad use of %Z (test for warnings, line 44)
FAIL: gcc.dg/format/ext-1.c bad use of %Z (test for warnings, line 45)
FAIL: gcc.dg/format/ext-1.c bad use of %Z (test for warnings, line 46)
FAIL: gcc.dg/format/ext-1.c bad use of %Z (test for warnings, line 47)
FAIL: gcc.dg/format/ext-1.c bad use of %Z (test for warnings, line 48)
FAIL: gcc.dg/format/ext-1.c bad use of %Z (test for warnings, line 49)
FAIL: gcc.dg/format/ext-1.c bad use of %Z (test for warnings, line 50)
FAIL: gcc.dg/format/ext-1.c bad use of %Z (test for warnings, line 51)
FAIL: gcc.dg/format/ext-1.c bad use of %Z (test for warnings, line 52)
FAIL: gcc.dg/format/ext-1.c bad use of %Z (test for warnings, line 53)
FAIL: gcc.dg/format/ext-1.c bad use of %Z (test for warnings, line 54)
FAIL: gcc.dg/format/ext-1.c bad use of %Z (test for warnings, line 55)
FAIL: gcc.dg/format/ext-1.c bad use of %Z (test for warnings, line 56)
FAIL: gcc.dg/format/ext-1.c bad %+m (test for warnings, line 73)
FAIL: gcc.dg/format/ext-1.c bad % m (test for warnings, line 74)
FAIL: gcc.dg/format/ext-1.c bad %#m (test for warnings, line 75)
FAIL: gcc.dg/format/ext-1.c bad %0m (test for warnings, line 76)
FAIL: gcc.dg/format/ext-1.c bad %'m (test for warnings, line 77)
FAIL: gcc.dg/format/ext-1.c bad %hm (test for warnings, line 78)
FAIL: gcc.dg/format/ext-1.c bad %hhm (test for warnings, line 79)
FAIL: gcc.dg/format/ext-1.c bad %lm (test for warnings, line 80)
FAIL: gcc.dg/format/ext-1.c bad %llm (test for warnings, line 81)
FAIL: gcc.dg/format/ext-1.c bad %jm (test for warnings, line 82)
FAIL: gcc.dg/format/ext-1.c bad %zm (test for warnings, line 83)
FAIL: gcc.dg/format/ext-1.c bad %tm (test for warnings, line 84)
FAIL: gcc.dg/format/ext-1.c bad %Lm (test for warnings, line 85)
FAIL: gcc.dg/format/ext-1.c bad %qm (test for warnings, line 86)
FAIL: gcc.dg/format/ext-1.c bad %Zm (test for warnings, line 87)
FAIL: gcc.dg/format/ext-1.c printf %1\$m (test for warnings, line 94)
FAIL: gcc.dg/format/ext-1.c bad use of I flag (test for warnings, line 101)
FAIL: gcc.dg/format/ext-1.c bad use of I flag (test for warnings, line 102)
FAIL: gcc.dg/format/ext-1.c bad use of I flag (test for warnings, line 103)
FAIL: gcc.dg/format/ext-1.c bad use of I flag (test for warnings, line 104)
FAIL: gcc.dg/format/ext-1.c bad use of I flag (test for warnings, line 111)
FAIL: gcc.dg/format/ext-1.c bad use of I flag (test for warnings, line 112)
FAIL: gcc.dg/format/ext-1.c bad use of I flag (test for warnings, line 113)
FAIL: gcc.dg/format/ext-1.c bad use of I flag (test for warnings, line 114)
FAIL: gcc.dg/format/ext-1.c bad use of I flag (test for warnings, line 115)
FAIL: gcc.dg/format/ext-1.c bad use of I flag (test for warnings, line 116)
FAIL: gcc.dg/format/ext-1.c bad use of I flag (test for warnings, line 117)
FAIL: gcc.dg/format/ext-1.c bad use of I flag (test for warnings, line 118)
FAIL: gcc.dg/format/ext-1.c fprintf_unlocked (test for warnings, line 123)
FAIL: gcc.dg/format/ext-1.c printf_unlocked (test for warnings, line 125)
FAIL: gcc.dg/format/ext-1.c -DWIDE bad use of %q (test for warnings, line 19)
FAIL: gcc.dg/format/ext-1.c -DWIDE bad use of %q (test for warnings, line 20)
FAIL: gcc.dg/format/ext-1.c -DWIDE bad use of %q (test for warnings, line 21)
FAIL: gcc.dg/format/ext-1.c -DWIDE bad use of %q (test for warnings, line 22)
FAIL: gcc.dg/format/ext-1.c -DWIDE bad use of %q (test for warnings, line 23)
FAIL: gcc.dg/format/ext-1.c -DWIDE bad use of %q (test for warnings, line 24)
FAIL: gcc.dg/format/ext-1.c -DWIDE bad use of %q (test for warnings, line 25)
FAIL: gcc.dg/format/ext-1.c -DWIDE bad use of %q (test for warnings, line 26)
FAIL: gcc.dg/format/ext-1.c -DWIDE bad use of %q (test for warnings, line 27)
FAIL: gcc.dg/format/ext-1.c -DWIDE bad use of %q (test for warnings, line 28)
FAIL: gcc.dg/format/ext-1.c -DWIDE bad use of %q (test for warnings, line 29)
FAIL: gcc.dg/format/ext-1.c -DWIDE bad use of %q (test for warnings, line 30)
FAIL: gcc.dg/format/ext-1.c -DWIDE bad use of %q (test for warnings, line 31)
FAIL: gcc.dg/format/ext-1.c -DWIDE bad use of %q (test for warnings, line 36)
FAIL: gcc.dg/format/ext-1.c -DWIDE bad use of %Z (test for warnings, line 43)
FAIL: gcc.dg/format/ext-1.c -DWIDE bad use of %Z (test for warnings, line 44)
FAIL: gcc.dg/format/ext-1.c -DWIDE bad use of %Z (test for warnings, line 45)
FAIL: gcc.dg/format/ext-1.c -DWIDE bad use of %Z (test for warnings, line 46)
FAIL: gcc.dg/format/ext-1.c -DWIDE bad use of %Z (test for warnings, line 47)
FAIL: gcc.dg/format/ext-1.c -DWIDE bad use of %Z (test for warnings, line 48)
FAIL: gcc.dg/format/ext-1.c -DWIDE bad use of %Z (test for warnings, line 49)
FAIL: gcc.dg/format/ext-1.c -DWIDE bad use of %Z (test for warnings, line 50)
FAIL: gcc.dg/format/ext-1.c -DWIDE bad use of %Z (test for warnings, line 51)
FAIL: gcc.dg/format/ext-1.c -DWIDE bad use of %Z (test for warnings, line 52)
FAIL: gcc.dg/format/ext-1.c -DWIDE bad use of %Z (test for warnings, line 53)
FAIL: gcc.dg/format/ext-1.c -DWIDE bad use of %Z (test for warnings, line 54)
FAIL: gcc.dg/format/ext-1.c -DWIDE bad use of %Z (test for warnings, line 55)
FAIL: gcc.dg/format/ext-1.c -DWIDE bad use of %Z (test for warnings, line 56)
FAIL: gcc.dg/format/ext-1.c -DWIDE bad %+m (test for warnings, line 73)
FAIL: gcc.dg/format/ext-1.c -DWIDE bad % m (test for warnings, line 74)
FAIL: gcc.dg/format/ext-1.c -DWIDE bad %#m (test for warnings, line 75)
FAIL: gcc.dg/format/ext-1.c -DWIDE bad %0m (test for warnings, line 76)
FAIL: gcc.dg/format/ext-1.c -DWIDE bad %'m (test for warnings, line 77)
FAIL: gcc.dg/format/ext-1.c -DWIDE bad %hm (test for warnings, line 78)
FAIL: gcc.dg/format/ext-1.c -DWIDE bad %hhm (test for warnings, line 79)
FAIL: gcc.dg/format/ext-1.c -DWIDE bad %lm (test for warnings, line 80)
FAIL: gcc.dg/format/ext-1.c -DWIDE bad %llm (test for warnings, line 81)
FAIL: gcc.dg/format/ext-1.c -DWIDE bad %jm (test for warnings, line 82)
FAIL: gcc.dg/format/ext-1.c -DWIDE bad %zm (test for warnings, line 83)
FAIL: gcc.dg/format/ext-1.c -DWIDE bad %tm (test for warnings, line 84)
FAIL: gcc.dg/format/ext-1.c -DWIDE bad %Lm (test for warnings, line 85)
FAIL: gcc.dg/format/ext-1.c -DWIDE bad %qm (test for warnings, line 86)
FAIL: gcc.dg/format/ext-1.c -DWIDE bad %Zm (test for warnings, line 87)
FAIL: gcc.dg/format/ext-1.c -DWIDE printf %1\$m (test for warnings, line 94)
FAIL: gcc.dg/format/ext-1.c -DWIDE bad use of I flag (test for warnings, line 101)
FAIL: gcc.dg/format/ext-1.c -DWIDE bad use of I flag (test for warnings, line 102)
FAIL: gcc.dg/format/ext-1.c -DWIDE bad use of I flag (test for warnings, line 103)
FAIL: gcc.dg/format/ext-1.c -DWIDE bad use of I flag (test for warnings, line 104)
FAIL: gcc.dg/format/ext-1.c -DWIDE bad use of I flag (test for warnings, line 111)
FAIL: gcc.dg/format/ext-1.c -DWIDE bad use of I flag (test for warnings, line 112)
FAIL: gcc.dg/format/ext-1.c -DWIDE bad use of I flag (test for warnings, line 113)
FAIL: gcc.dg/format/ext-1.c -DWIDE bad use of I flag (test for warnings, line 114)
FAIL: gcc.dg/format/ext-1.c -DWIDE bad use of I flag (test for warnings, line 115)
FAIL: gcc.dg/format/ext-1.c -DWIDE bad use of I flag (test for warnings, line 116)
FAIL: gcc.dg/format/ext-1.c -DWIDE bad use of I flag (test for warnings, line 117)
FAIL: gcc.dg/format/ext-1.c -DWIDE bad use of I flag (test for warnings, line 118)
FAIL: gcc.dg/format/ext-1.c -DWIDE fprintf_unlocked (test for warnings, line 123)
FAIL: gcc.dg/format/ext-1.c -DWIDE printf_unlocked (test for warnings, line 125)
FAIL: gcc.dg/format/ext-2.c bad use of %q (test for warnings, line 19)
FAIL: gcc.dg/format/ext-2.c bad use of %q (test for warnings, line 20)
FAIL: gcc.dg/format/ext-2.c bad use of %q (test for warnings, line 21)
FAIL: gcc.dg/format/ext-2.c bad use of %q (test for warnings, line 22)
FAIL: gcc.dg/format/ext-2.c bad use of %q (test for warnings, line 23)
FAIL: gcc.dg/format/ext-2.c bad use of %q (test for warnings, line 24)
FAIL: gcc.dg/format/ext-2.c bad use of %q (test for warnings, line 25)
FAIL: gcc.dg/format/ext-2.c bad use of %q (test for warnings, line 26)
FAIL: gcc.dg/format/ext-2.c bad use of %q (test for warnings, line 27)
FAIL: gcc.dg/format/ext-2.c bad use of %q (test for warnings, line 28)
FAIL: gcc.dg/format/ext-2.c bad use of %q (test for warnings, line 29)
FAIL: gcc.dg/format/ext-2.c bad use of %q (test for warnings, line 30)
FAIL: gcc.dg/format/ext-2.c bad use of %q (test for warnings, line 31)
FAIL: gcc.dg/format/ext-2.c bad use of %q (test for warnings, line 32)
FAIL: gcc.dg/format/ext-2.c bad use of ' flag (test for warnings, line 44)
FAIL: gcc.dg/format/ext-2.c bad use of ' flag (test for warnings, line 45)
FAIL: gcc.dg/format/ext-2.c bad use of ' flag (test for warnings, line 46)
FAIL: gcc.dg/format/ext-2.c bad use of ' flag (test for warnings, line 47)
FAIL: gcc.dg/format/ext-2.c bad use of ' flag (test for warnings, line 48)
FAIL: gcc.dg/format/ext-2.c bad use of ' flag (test for warnings, line 49)
FAIL: gcc.dg/format/ext-2.c bad use of ' flag (test for warnings, line 50)
FAIL: gcc.dg/format/ext-2.c bad use of ' flag (test for warnings, line 51)
FAIL: gcc.dg/format/ext-2.c bad use of ' flag (test for warnings, line 52)
FAIL: gcc.dg/format/ext-2.c bad use of ' flag (test for warnings, line 53)
FAIL: gcc.dg/format/ext-2.c bad use of I flag (test for warnings, line 55)
FAIL: gcc.dg/format/ext-2.c bad use of I flag (test for warnings, line 56)
FAIL: gcc.dg/format/ext-2.c bad use of I flag (test for warnings, line 57)
FAIL: gcc.dg/format/ext-2.c bad use of I flag (test for warnings, line 58)
FAIL: gcc.dg/format/ext-2.c bad use of I flag (test for warnings, line 59)
FAIL: gcc.dg/format/ext-2.c bad use of I flag (test for warnings, line 60)
FAIL: gcc.dg/format/ext-2.c bad use of I flag (test for warnings, line 61)
FAIL: gcc.dg/format/ext-2.c bad use of I flag (test for warnings, line 62)
FAIL: gcc.dg/format/ext-2.c bad use of I flag (test for warnings, line 63)
FAIL: gcc.dg/format/ext-2.c bad use of I flag (test for warnings, line 64)
FAIL: gcc.dg/format/ext-2.c bad use of I flag (test for warnings, line 65)
FAIL: gcc.dg/format/ext-2.c bad use of I flag (test for warnings, line 66)
FAIL: gcc.dg/format/ext-2.c bad use of I flag (test for warnings, line 67)
FAIL: gcc.dg/format/ext-2.c bad use of I flag (test for warnings, line 68)
FAIL: gcc.dg/format/ext-2.c bad use of I flag (test for warnings, line 69)
FAIL: gcc.dg/format/ext-2.c bad use of I flag (test for warnings, line 70)
FAIL: gcc.dg/format/ext-2.c bad use of I flag (test for warnings, line 71)
FAIL: gcc.dg/format/ext-2.c bad use of I flag (test for warnings, line 72)
FAIL: gcc.dg/format/ext-2.c -DWIDE bad use of %q (test for warnings, line 19)
FAIL: gcc.dg/format/ext-2.c -DWIDE bad use of %q (test for warnings, line 20)
FAIL: gcc.dg/format/ext-2.c -DWIDE bad use of %q (test for warnings, line 21)
FAIL: gcc.dg/format/ext-2.c -DWIDE bad use of %q (test for warnings, line 22)
FAIL: gcc.dg/format/ext-2.c -DWIDE bad use of %q (test for warnings, line 23)
FAIL: gcc.dg/format/ext-2.c -DWIDE bad use of %q (test for warnings, line 24)
FAIL: gcc.dg/format/ext-2.c -DWIDE bad use of %q (test for warnings, line 25)
FAIL: gcc.dg/format/ext-2.c -DWIDE bad use of %q (test for warnings, line 26)
FAIL: gcc.dg/format/ext-2.c -DWIDE bad use of %q (test for warnings, line 27)
FAIL: gcc.dg/format/ext-2.c -DWIDE bad use of %q (test for warnings, line 28)
FAIL: gcc.dg/format/ext-2.c -DWIDE bad use of %q (test for warnings, line 29)
FAIL: gcc.dg/format/ext-2.c -DWIDE bad use of %q (test for warnings, line 30)
FAIL: gcc.dg/format/ext-2.c -DWIDE bad use of %q (test for warnings, line 31)
FAIL: gcc.dg/format/ext-2.c -DWIDE bad use of %q (test for warnings, line 32)
FAIL: gcc.dg/format/ext-2.c -DWIDE bad use of ' flag (test for warnings, line 44)
FAIL: gcc.dg/format/ext-2.c -DWIDE bad use of ' flag (test for warnings, line 45)
FAIL: gcc.dg/format/ext-2.c -DWIDE bad use of ' flag (test for warnings, line 46)
FAIL: gcc.dg/format/ext-2.c -DWIDE bad use of ' flag (test for warnings, line 47)
FAIL: gcc.dg/format/ext-2.c -DWIDE bad use of ' flag (test for warnings, line 48)
FAIL: gcc.dg/format/ext-2.c -DWIDE bad use of ' flag (test for warnings, line 49)
FAIL: gcc.dg/format/ext-2.c -DWIDE bad use of ' flag (test for warnings, line 50)
FAIL: gcc.dg/format/ext-2.c -DWIDE bad use of ' flag (test for warnings, line 51)
FAIL: gcc.dg/format/ext-2.c -DWIDE bad use of ' flag (test for warnings, line 52)
FAIL: gcc.dg/format/ext-2.c -DWIDE bad use of ' flag (test for warnings, line 53)
FAIL: gcc.dg/format/ext-2.c -DWIDE bad use of I flag (test for warnings, line 55)
FAIL: gcc.dg/format/ext-2.c -DWIDE bad use of I flag (test for warnings, line 56)
FAIL: gcc.dg/format/ext-2.c -DWIDE bad use of I flag (test for warnings, line 57)
FAIL: gcc.dg/format/ext-2.c -DWIDE bad use of I flag (test for warnings, line 58)
FAIL: gcc.dg/format/ext-2.c -DWIDE bad use of I flag (test for warnings, line 59)
FAIL: gcc.dg/format/ext-2.c -DWIDE bad use of I flag (test for warnings, line 60)
FAIL: gcc.dg/format/ext-2.c -DWIDE bad use of I flag (test for warnings, line 61)
FAIL: gcc.dg/format/ext-2.c -DWIDE bad use of I flag (test for warnings, line 62)
FAIL: gcc.dg/format/ext-2.c -DWIDE bad use of I flag (test for warnings, line 63)
FAIL: gcc.dg/format/ext-2.c -DWIDE bad use of I flag (test for warnings, line 64)
FAIL: gcc.dg/format/ext-2.c -DWIDE bad use of I flag (test for warnings, line 65)
FAIL: gcc.dg/format/ext-2.c -DWIDE bad use of I flag (test for warnings, line 66)
FAIL: gcc.dg/format/ext-2.c -DWIDE bad use of I flag (test for warnings, line 67)
FAIL: gcc.dg/format/ext-2.c -DWIDE bad use of I flag (test for warnings, line 68)
FAIL: gcc.dg/format/ext-2.c -DWIDE bad use of I flag (test for warnings, line 69)
FAIL: gcc.dg/format/ext-2.c -DWIDE bad use of I flag (test for warnings, line 70)
FAIL: gcc.dg/format/ext-2.c -DWIDE bad use of I flag (test for warnings, line 71)
FAIL: gcc.dg/format/ext-2.c -DWIDE bad use of I flag (test for warnings, line 72)
FAIL: gcc.dg/format/ext-3.c 2-digit year (test for warnings, line 26)
FAIL: gcc.dg/format/ext-3.c bad %a (test for warnings, line 28)
FAIL: gcc.dg/format/ext-3.c bad %a (test for warnings, line 29)
FAIL: gcc.dg/format/ext-3.c bad %a (test for warnings, line 30)
FAIL: gcc.dg/format/ext-3.c bad %a (test for warnings, line 31)
FAIL: gcc.dg/format/ext-3.c bad %A (test for warnings, line 32)
FAIL: gcc.dg/format/ext-3.c bad %A (test for warnings, line 33)
FAIL: gcc.dg/format/ext-3.c bad %A (test for warnings, line 34)
FAIL: gcc.dg/format/ext-3.c bad %A (test for warnings, line 35)
FAIL: gcc.dg/format/ext-3.c bad %b (test for warnings, line 36)
FAIL: gcc.dg/format/ext-3.c bad %b (test for warnings, line 37)
FAIL: gcc.dg/format/ext-3.c bad %b (test for warnings, line 38)
FAIL: gcc.dg/format/ext-3.c bad %b (test for warnings, line 39)
FAIL: gcc.dg/format/ext-3.c bad %B (test for warnings, line 40)
FAIL: gcc.dg/format/ext-3.c bad %B (test for warnings, line 41)
FAIL: gcc.dg/format/ext-3.c bad %B (test for warnings, line 42)
FAIL: gcc.dg/format/ext-3.c bad %B (test for warnings, line 43)
FAIL: gcc.dg/format/ext-3.c bad %F (test for warnings, line 44)
FAIL: gcc.dg/format/ext-3.c bad %F (test for warnings, line 45)
FAIL: gcc.dg/format/ext-3.c bad %F (test for warnings, line 46)
FAIL: gcc.dg/format/ext-3.c bad %F (test for warnings, line 47)
FAIL: gcc.dg/format/ext-3.c bad %h (test for warnings, line 48)
FAIL: gcc.dg/format/ext-3.c bad %h (test for warnings, line 49)
FAIL: gcc.dg/format/ext-3.c bad %h (test for warnings, line 50)
FAIL: gcc.dg/format/ext-3.c bad %h (test for warnings, line 51)
FAIL: gcc.dg/format/ext-3.c bad %n (test for warnings, line 52)
FAIL: gcc.dg/format/ext-3.c bad %n (test for warnings, line 53)
FAIL: gcc.dg/format/ext-3.c bad %n (test for warnings, line 54)
FAIL: gcc.dg/format/ext-3.c bad %n (test for warnings, line 55)
FAIL: gcc.dg/format/ext-3.c bad %p (test for warnings, line 56)
FAIL: gcc.dg/format/ext-3.c bad %p (test for warnings, line 57)
FAIL: gcc.dg/format/ext-3.c bad %p (test for warnings, line 58)
FAIL: gcc.dg/format/ext-3.c bad %p (test for warnings, line 59)
FAIL: gcc.dg/format/ext-3.c bad %r (test for warnings, line 60)
FAIL: gcc.dg/format/ext-3.c bad %r (test for warnings, line 61)
FAIL: gcc.dg/format/ext-3.c bad %r (test for warnings, line 62)
FAIL: gcc.dg/format/ext-3.c bad %r (test for warnings, line 63)
FAIL: gcc.dg/format/ext-3.c bad %R (test for warnings, line 64)
FAIL: gcc.dg/format/ext-3.c bad %R (test for warnings, line 65)
FAIL: gcc.dg/format/ext-3.c bad %R (test for warnings, line 66)
FAIL: gcc.dg/format/ext-3.c bad %R (test for warnings, line 67)
FAIL: gcc.dg/format/ext-3.c bad %t (test for warnings, line 68)
FAIL: gcc.dg/format/ext-3.c bad %t (test for warnings, line 69)
FAIL: gcc.dg/format/ext-3.c bad %t (test for warnings, line 70)
FAIL: gcc.dg/format/ext-3.c bad %t (test for warnings, line 71)
FAIL: gcc.dg/format/ext-3.c bad %T (test for warnings, line 72)
FAIL: gcc.dg/format/ext-3.c bad %T (test for warnings, line 73)
FAIL: gcc.dg/format/ext-3.c bad %T (test for warnings, line 74)
FAIL: gcc.dg/format/ext-3.c bad %T (test for warnings, line 75)
FAIL: gcc.dg/format/ext-3.c bad %X (test for warnings, line 76)
FAIL: gcc.dg/format/ext-3.c bad %X (test for warnings, line 77)
FAIL: gcc.dg/format/ext-3.c bad %X (test for warnings, line 78)
FAIL: gcc.dg/format/ext-3.c bad %X (test for warnings, line 79)
FAIL: gcc.dg/format/ext-3.c bad %z (test for warnings, line 80)
FAIL: gcc.dg/format/ext-3.c bad %z (test for warnings, line 81)
FAIL: gcc.dg/format/ext-3.c bad %z (test for warnings, line 82)
FAIL: gcc.dg/format/ext-3.c bad %z (test for warnings, line 83)
FAIL: gcc.dg/format/ext-3.c bad %Z (test for warnings, line 84)
FAIL: gcc.dg/format/ext-3.c bad %Z (test for warnings, line 85)
FAIL: gcc.dg/format/ext-3.c bad %Z (test for warnings, line 86)
FAIL: gcc.dg/format/ext-3.c bad %Z (test for warnings, line 87)
FAIL: gcc.dg/format/ext-3.c bad %c (test for warnings, line 89)
FAIL: gcc.dg/format/ext-3.c bad %c (test for warnings, line 90)
FAIL: gcc.dg/format/ext-3.c bad %c (test for warnings, line 91)
FAIL: gcc.dg/format/ext-3.c bad %c (test for warnings, line 92)
FAIL: gcc.dg/format/ext-3.c bad %D (test for warnings, line 93)
FAIL: gcc.dg/format/ext-3.c bad %D (test for warnings, line 94)
FAIL: gcc.dg/format/ext-3.c bad %D (test for warnings, line 95)
FAIL: gcc.dg/format/ext-3.c bad %D (test for warnings, line 96)
FAIL: gcc.dg/format/ext-3.c bad %x (test for warnings, line 97)
FAIL: gcc.dg/format/ext-3.c bad %x (test for warnings, line 98)
FAIL: gcc.dg/format/ext-3.c bad %x (test for warnings, line 99)
FAIL: gcc.dg/format/ext-3.c bad %x (test for warnings, line 100)
FAIL: gcc.dg/format/ext-3.c 2-digit year (test for warnings, line 89)
FAIL: gcc.dg/format/ext-3.c 2-digit year (test for warnings, line 90)
FAIL: gcc.dg/format/ext-3.c 2-digit year (test for warnings, line 91)
FAIL: gcc.dg/format/ext-3.c 2-digit year (test for warnings, line 92)
FAIL: gcc.dg/format/ext-3.c 2-digit year (test for warnings, line 93)
FAIL: gcc.dg/format/ext-3.c 2-digit year (test for warnings, line 94)
FAIL: gcc.dg/format/ext-3.c 2-digit year (test for warnings, line 95)
FAIL: gcc.dg/format/ext-3.c 2-digit year (test for warnings, line 96)
FAIL: gcc.dg/format/ext-3.c 2-digit year (test for warnings, line 97)
FAIL: gcc.dg/format/ext-3.c 2-digit year (test for warnings, line 98)
FAIL: gcc.dg/format/ext-3.c 2-digit year (test for warnings, line 99)
FAIL: gcc.dg/format/ext-3.c 2-digit year (test for warnings, line 100)
FAIL: gcc.dg/format/ext-3.c bad %P (test for warnings, line 114)
FAIL: gcc.dg/format/ext-3.c bad %P (test for warnings, line 115)
FAIL: gcc.dg/format/ext-3.c bad %P (test for warnings, line 116)
FAIL: gcc.dg/format/ext-3.c bad %P (test for warnings, line 117)
FAIL: gcc.dg/format/ext-3.c bad %C (test for warnings, line 124)
FAIL: gcc.dg/format/ext-3.c bad %C (test for warnings, line 125)
FAIL: gcc.dg/format/ext-3.c bad %d (test for warnings, line 126)
FAIL: gcc.dg/format/ext-3.c bad %d (test for warnings, line 127)
FAIL: gcc.dg/format/ext-3.c bad %e (test for warnings, line 128)
FAIL: gcc.dg/format/ext-3.c bad %e (test for warnings, line 129)
FAIL: gcc.dg/format/ext-3.c bad %F (test for warnings, line 130)
FAIL: gcc.dg/format/ext-3.c bad %F (test for warnings, line 131)
FAIL: gcc.dg/format/ext-3.c bad %G (test for warnings, line 132)
FAIL: gcc.dg/format/ext-3.c bad %G (test for warnings, line 133)
FAIL: gcc.dg/format/ext-3.c bad %H (test for warnings, line 134)
FAIL: gcc.dg/format/ext-3.c bad %H (test for warnings, line 135)
FAIL: gcc.dg/format/ext-3.c bad %I (test for warnings, line 136)
FAIL: gcc.dg/format/ext-3.c bad %I (test for warnings, line 137)
FAIL: gcc.dg/format/ext-3.c bad %j (test for warnings, line 138)
FAIL: gcc.dg/format/ext-3.c bad %j (test for warnings, line 139)
FAIL: gcc.dg/format/ext-3.c bad %m (test for warnings, line 140)
FAIL: gcc.dg/format/ext-3.c bad %m (test for warnings, line 141)
FAIL: gcc.dg/format/ext-3.c bad %M (test for warnings, line 142)
FAIL: gcc.dg/format/ext-3.c bad %M (test for warnings, line 143)
FAIL: gcc.dg/format/ext-3.c bad %n (test for warnings, line 144)
FAIL: gcc.dg/format/ext-3.c bad %n (test for warnings, line 145)
FAIL: gcc.dg/format/ext-3.c bad %p (test for warnings, line 146)
FAIL: gcc.dg/format/ext-3.c bad %r (test for warnings, line 147)
FAIL: gcc.dg/format/ext-3.c bad %r (test for warnings, line 148)
FAIL: gcc.dg/format/ext-3.c bad %R (test for warnings, line 149)
FAIL: gcc.dg/format/ext-3.c bad %R (test for warnings, line 150)
FAIL: gcc.dg/format/ext-3.c bad %S (test for warnings, line 151)
FAIL: gcc.dg/format/ext-3.c bad %S (test for warnings, line 152)
FAIL: gcc.dg/format/ext-3.c bad %t (test for warnings, line 153)
FAIL: gcc.dg/format/ext-3.c bad %t (test for warnings, line 154)
FAIL: gcc.dg/format/ext-3.c bad %T (test for warnings, line 155)
FAIL: gcc.dg/format/ext-3.c bad %T (test for warnings, line 156)
FAIL: gcc.dg/format/ext-3.c bad %u (test for warnings, line 157)
FAIL: gcc.dg/format/ext-3.c bad %u (test for warnings, line 158)
FAIL: gcc.dg/format/ext-3.c bad %U (test for warnings, line 159)
FAIL: gcc.dg/format/ext-3.c bad %U (test for warnings, line 160)
FAIL: gcc.dg/format/ext-3.c bad %V (test for warnings, line 161)
FAIL: gcc.dg/format/ext-3.c bad %V (test for warnings, line 162)
FAIL: gcc.dg/format/ext-3.c bad %w (test for warnings, line 163)
FAIL: gcc.dg/format/ext-3.c bad %w (test for warnings, line 164)
FAIL: gcc.dg/format/ext-3.c bad %W (test for warnings, line 165)
FAIL: gcc.dg/format/ext-3.c bad %W (test for warnings, line 166)
FAIL: gcc.dg/format/ext-3.c bad %X (test for warnings, line 167)
FAIL: gcc.dg/format/ext-3.c bad %X (test for warnings, line 168)
FAIL: gcc.dg/format/ext-3.c bad %Y (test for warnings, line 169)
FAIL: gcc.dg/format/ext-3.c bad %Y (test for warnings, line 170)
FAIL: gcc.dg/format/ext-3.c bad %z (test for warnings, line 171)
FAIL: gcc.dg/format/ext-3.c bad %z (test for warnings, line 172)
FAIL: gcc.dg/format/ext-3.c bad %P (test for warnings, line 173)
FAIL: gcc.dg/format/ext-3.c bad %P (test for warnings, line 174)
FAIL: gcc.dg/format/ext-3.c bad %k (test for warnings, line 175)
FAIL: gcc.dg/format/ext-3.c bad %k (test for warnings, line 176)
FAIL: gcc.dg/format/ext-3.c bad %l (test for warnings, line 177)
FAIL: gcc.dg/format/ext-3.c bad %l (test for warnings, line 178)
FAIL: gcc.dg/format/ext-3.c bad %s (test for warnings, line 179)
FAIL: gcc.dg/format/ext-3.c bad %s (test for warnings, line 180)
FAIL: gcc.dg/format/ext-3.c bad %c (test for warnings, line 182)
FAIL: gcc.dg/format/ext-3.c bad %c (test for warnings, line 183)
FAIL: gcc.dg/format/ext-3.c bad %D (test for warnings, line 184)
FAIL: gcc.dg/format/ext-3.c bad %D (test for warnings, line 185)
FAIL: gcc.dg/format/ext-3.c bad %g (test for warnings, line 186)
FAIL: gcc.dg/format/ext-3.c bad %g (test for warnings, line 187)
FAIL: gcc.dg/format/ext-3.c bad %x (test for warnings, line 188)
FAIL: gcc.dg/format/ext-3.c bad %x (test for warnings, line 189)
FAIL: gcc.dg/format/ext-3.c bad %y (test for warnings, line 190)
FAIL: gcc.dg/format/ext-3.c bad %y (test for warnings, line 191)
FAIL: gcc.dg/format/ext-3.c 2-digit year (test for warnings, line 182)
FAIL: gcc.dg/format/ext-3.c 2-digit year (test for warnings, line 183)
FAIL: gcc.dg/format/ext-3.c 2-digit year (test for warnings, line 184)
FAIL: gcc.dg/format/ext-3.c 2-digit year (test for warnings, line 185)
FAIL: gcc.dg/format/ext-3.c 2-digit year (test for warnings, line 186)
FAIL: gcc.dg/format/ext-3.c 2-digit year (test for warnings, line 187)
FAIL: gcc.dg/format/ext-3.c 2-digit year (test for warnings, line 188)
FAIL: gcc.dg/format/ext-3.c 2-digit year (test for warnings, line 189)
FAIL: gcc.dg/format/ext-3.c 2-digit year (test for warnings, line 190)
FAIL: gcc.dg/format/ext-3.c 2-digit year (test for warnings, line 191)
FAIL: gcc.dg/format/ext-3.c 2-digit year (test for warnings, line 208)
FAIL: gcc.dg/format/ext-3.c bad %OP (test for warnings, line 209)
FAIL: gcc.dg/format/ext-3.c bad %-_ (test for warnings, line 211)
FAIL: gcc.dg/format/ext-3.c bad %-0 (test for warnings, line 212)
FAIL: gcc.dg/format/ext-3.c bad %_0 (test for warnings, line 213)
FAIL: gcc.dg/format/ext-3.c bad %^# (test for warnings, line 215)
FAIL: gcc.dg/format/ext-3.c -DWIDE 2-digit year (test for warnings, line 26)
FAIL: gcc.dg/format/ext-3.c -DWIDE bad %a (test for warnings, line 28)
FAIL: gcc.dg/format/ext-3.c -DWIDE bad %a (test for warnings, line 29)
FAIL: gcc.dg/format/ext-3.c -DWIDE bad %a (test for warnings, line 30)
FAIL: gcc.dg/format/ext-3.c -DWIDE bad %a (test for warnings, line 31)
FAIL: gcc.dg/format/ext-3.c -DWIDE bad %A (test for warnings, line 32)
FAIL: gcc.dg/format/ext-3.c -DWIDE bad %A (test for warnings, line 33)
FAIL: gcc.dg/format/ext-3.c -DWIDE bad %A (test for warnings, line 34)
FAIL: gcc.dg/format/ext-3.c -DWIDE bad %A (test for warnings, line 35)
FAIL: gcc.dg/format/ext-3.c -DWIDE bad %b (test for warnings, line 36)
FAIL: gcc.dg/format/ext-3.c -DWIDE bad %b (test for warnings, line 37)
FAIL: gcc.dg/format/ext-3.c -DWIDE bad %b (test for warnings, line 38)
FAIL: gcc.dg/format/ext-3.c -DWIDE bad %b (test for warnings, line 39)
FAIL: gcc.dg/format/ext-3.c -DWIDE bad %B (test for warnings, line 40)
FAIL: gcc.dg/format/ext-3.c -DWIDE bad %B (test for warnings, line 41)
FAIL: gcc.dg/format/ext-3.c -DWIDE bad %B (test for warnings, line 42)
FAIL: gcc.dg/format/ext-3.c -DWIDE bad %B (test for warnings, line 43)
FAIL: gcc.dg/format/ext-3.c -DWIDE bad %F (test for warnings, line 44)
FAIL: gcc.dg/format/ext-3.c -DWIDE bad %F (test for warnings, line 45)
FAIL: gcc.dg/format/ext-3.c -DWIDE bad %F (test for warnings, line 46)
FAIL: gcc.dg/format/ext-3.c -DWIDE bad %F (test for warnings, line 47)
FAIL: gcc.dg/format/ext-3.c -DWIDE bad %h (test for warnings, line 48)
FAIL: gcc.dg/format/ext-3.c -DWIDE bad %h (test for warnings, line 49)
FAIL: gcc.dg/format/ext-3.c -DWIDE bad %h (test for warnings, line 50)
FAIL: gcc.dg/format/ext-3.c -DWIDE bad %h (test for warnings, line 51)
FAIL: gcc.dg/format/ext-3.c -DWIDE bad %n (test for warnings, line 52)
FAIL: gcc.dg/format/ext-3.c -DWIDE bad %n (test for warnings, line 53)
FAIL: gcc.dg/format/ext-3.c -DWIDE bad %n (test for warnings, line 54)
FAIL: gcc.dg/format/ext-3.c -DWIDE bad %n (test for warnings, line 55)
FAIL: gcc.dg/format/ext-3.c -DWIDE bad %p (test for warnings, line 56)
FAIL: gcc.dg/format/ext-3.c -DWIDE bad %p (test for warnings, line 57)
FAIL: gcc.dg/format/ext-3.c -DWIDE bad %p (test for warnings, line 58)
FAIL: gcc.dg/format/ext-3.c -DWIDE bad %p (test for warnings, line 59)
FAIL: gcc.dg/format/ext-3.c -DWIDE bad %r (test for warnings, line 60)
FAIL: gcc.dg/format/ext-3.c -DWIDE bad %r (test for warnings, line 61)
FAIL: gcc.dg/format/ext-3.c -DWIDE bad %r (test for warnings, line 62)
FAIL: gcc.dg/format/ext-3.c -DWIDE bad %r (test for warnings, line 63)
FAIL: gcc.dg/format/ext-3.c -DWIDE bad %R (test for warnings, line 64)
FAIL: gcc.dg/format/ext-3.c -DWIDE bad %R (test for warnings, line 65)
FAIL: gcc.dg/format/ext-3.c -DWIDE bad %R (test for warnings, line 66)
FAIL: gcc.dg/format/ext-3.c -DWIDE bad %R (test for warnings, line 67)
FAIL: gcc.dg/format/ext-3.c -DWIDE bad %t (test for warnings, line 68)
FAIL: gcc.dg/format/ext-3.c -DWIDE bad %t (test for warnings, line 69)
FAIL: gcc.dg/format/ext-3.c -DWIDE bad %t (test for warnings, line 70)
FAIL: gcc.dg/format/ext-3.c -DWIDE bad %t (test for warnings, line 71)
FAIL: gcc.dg/format/ext-3.c -DWIDE bad %T (test for warnings, line 72)
FAIL: gcc.dg/format/ext-3.c -DWIDE bad %T (test for warnings, line 73)
FAIL: gcc.dg/format/ext-3.c -DWIDE bad %T (test for warnings, line 74)
FAIL: gcc.dg/format/ext-3.c -DWIDE bad %T (test for warnings, line 75)
FAIL: gcc.dg/format/ext-3.c -DWIDE bad %X (test for warnings, line 76)
FAIL: gcc.dg/format/ext-3.c -DWIDE bad %X (test for warnings, line 77)
FAIL: gcc.dg/format/ext-3.c -DWIDE bad %X (test for warnings, line 78)
FAIL: gcc.dg/format/ext-3.c -DWIDE bad %X (test for warnings, line 79)
FAIL: gcc.dg/format/ext-3.c -DWIDE bad %z (test for warnings, line 80)
FAIL: gcc.dg/format/ext-3.c -DWIDE bad %z (test for warnings, line 81)
FAIL: gcc.dg/format/ext-3.c -DWIDE bad %z (test for warnings, line 82)
FAIL: gcc.dg/format/ext-3.c -DWIDE bad %z (test for warnings, line 83)
FAIL: gcc.dg/format/ext-3.c -DWIDE bad %Z (test for warnings, line 84)
FAIL: gcc.dg/format/ext-3.c -DWIDE bad %Z (test for warnings, line 85)
FAIL: gcc.dg/format/ext-3.c -DWIDE bad %Z (test for warnings, line 86)
FAIL: gcc.dg/format/ext-3.c -DWIDE bad %Z (test for warnings, line 87)
FAIL: gcc.dg/format/ext-3.c -DWIDE bad %c (test for warnings, line 89)
FAIL: gcc.dg/format/ext-3.c -DWIDE bad %c (test for warnings, line 90)
FAIL: gcc.dg/format/ext-3.c -DWIDE bad %c (test for warnings, line 91)
FAIL: gcc.dg/format/ext-3.c -DWIDE bad %c (test for warnings, line 92)
FAIL: gcc.dg/format/ext-3.c -DWIDE bad %D (test for warnings, line 93)
FAIL: gcc.dg/format/ext-3.c -DWIDE bad %D (test for warnings, line 94)
FAIL: gcc.dg/format/ext-3.c -DWIDE bad %D (test for warnings, line 95)
FAIL: gcc.dg/format/ext-3.c -DWIDE bad %D (test for warnings, line 96)
FAIL: gcc.dg/format/ext-3.c -DWIDE bad %x (test for warnings, line 97)
FAIL: gcc.dg/format/ext-3.c -DWIDE bad %x (test for warnings, line 98)
FAIL: gcc.dg/format/ext-3.c -DWIDE bad %x (test for warnings, line 99)
FAIL: gcc.dg/format/ext-3.c -DWIDE bad %x (test for warnings, line 100)
FAIL: gcc.dg/format/ext-3.c -DWIDE 2-digit year (test for warnings, line 89)
FAIL: gcc.dg/format/ext-3.c -DWIDE 2-digit year (test for warnings, line 90)
FAIL: gcc.dg/format/ext-3.c -DWIDE 2-digit year (test for warnings, line 91)
FAIL: gcc.dg/format/ext-3.c -DWIDE 2-digit year (test for warnings, line 92)
FAIL: gcc.dg/format/ext-3.c -DWIDE 2-digit year (test for warnings, line 93)
FAIL: gcc.dg/format/ext-3.c -DWIDE 2-digit year (test for warnings, line 94)
FAIL: gcc.dg/format/ext-3.c -DWIDE 2-digit year (test for warnings, line 95)
FAIL: gcc.dg/format/ext-3.c -DWIDE 2-digit year (test for warnings, line 96)
FAIL: gcc.dg/format/ext-3.c -DWIDE 2-digit year (test for warnings, line 97)
FAIL: gcc.dg/format/ext-3.c -DWIDE 2-digit year (test for warnings, line 98)
FAIL: gcc.dg/format/ext-3.c -DWIDE 2-digit year (test for warnings, line 99)
FAIL: gcc.dg/format/ext-3.c -DWIDE 2-digit year (test for warnings, line 100)
FAIL: gcc.dg/format/ext-3.c -DWIDE bad %P (test for warnings, line 114)
FAIL: gcc.dg/format/ext-3.c -DWIDE bad %P (test for warnings, line 115)
FAIL: gcc.dg/format/ext-3.c -DWIDE bad %P (test for warnings, line 116)
FAIL: gcc.dg/format/ext-3.c -DWIDE bad %P (test for warnings, line 117)
FAIL: gcc.dg/format/ext-3.c -DWIDE bad %C (test for warnings, line 124)
FAIL: gcc.dg/format/ext-3.c -DWIDE bad %C (test for warnings, line 125)
FAIL: gcc.dg/format/ext-3.c -DWIDE bad %d (test for warnings, line 126)
FAIL: gcc.dg/format/ext-3.c -DWIDE bad %d (test for warnings, line 127)
FAIL: gcc.dg/format/ext-3.c -DWIDE bad %e (test for warnings, line 128)
FAIL: gcc.dg/format/ext-3.c -DWIDE bad %e (test for warnings, line 129)
FAIL: gcc.dg/format/ext-3.c -DWIDE bad %F (test for warnings, line 130)
FAIL: gcc.dg/format/ext-3.c -DWIDE bad %F (test for warnings, line 131)
FAIL: gcc.dg/format/ext-3.c -DWIDE bad %G (test for warnings, line 132)
FAIL: gcc.dg/format/ext-3.c -DWIDE bad %G (test for warnings, line 133)
FAIL: gcc.dg/format/ext-3.c -DWIDE bad %H (test for warnings, line 134)
FAIL: gcc.dg/format/ext-3.c -DWIDE bad %H (test for warnings, line 135)
FAIL: gcc.dg/format/ext-3.c -DWIDE bad %I (test for warnings, line 136)
FAIL: gcc.dg/format/ext-3.c -DWIDE bad %I (test for warnings, line 137)
FAIL: gcc.dg/format/ext-3.c -DWIDE bad %j (test for warnings, line 138)
FAIL: gcc.dg/format/ext-3.c -DWIDE bad %j (test for warnings, line 139)
FAIL: gcc.dg/format/ext-3.c -DWIDE bad %m (test for warnings, line 140)
FAIL: gcc.dg/format/ext-3.c -DWIDE bad %m (test for warnings, line 141)
FAIL: gcc.dg/format/ext-3.c -DWIDE bad %M (test for warnings, line 142)
FAIL: gcc.dg/format/ext-3.c -DWIDE bad %M (test for warnings, line 143)
FAIL: gcc.dg/format/ext-3.c -DWIDE bad %n (test for warnings, line 144)
FAIL: gcc.dg/format/ext-3.c -DWIDE bad %n (test for warnings, line 145)
FAIL: gcc.dg/format/ext-3.c -DWIDE bad %p (test for warnings, line 146)
FAIL: gcc.dg/format/ext-3.c -DWIDE bad %r (test for warnings, line 147)
FAIL: gcc.dg/format/ext-3.c -DWIDE bad %r (test for warnings, line 148)
FAIL: gcc.dg/format/ext-3.c -DWIDE bad %R (test for warnings, line 149)
FAIL: gcc.dg/format/ext-3.c -DWIDE bad %R (test for warnings, line 150)
FAIL: gcc.dg/format/ext-3.c -DWIDE bad %S (test for warnings, line 151)
FAIL: gcc.dg/format/ext-3.c -DWIDE bad %S (test for warnings, line 152)
FAIL: gcc.dg/format/ext-3.c -DWIDE bad %t (test for warnings, line 153)
FAIL: gcc.dg/format/ext-3.c -DWIDE bad %t (test for warnings, line 154)
FAIL: gcc.dg/format/ext-3.c -DWIDE bad %T (test for warnings, line 155)
FAIL: gcc.dg/format/ext-3.c -DWIDE bad %T (test for warnings, line 156)
FAIL: gcc.dg/format/ext-3.c -DWIDE bad %u (test for warnings, line 157)
FAIL: gcc.dg/format/ext-3.c -DWIDE bad %u (test for warnings, line 158)
FAIL: gcc.dg/format/ext-3.c -DWIDE bad %U (test for warnings, line 159)
FAIL: gcc.dg/format/ext-3.c -DWIDE bad %U (test for warnings, line 160)
FAIL: gcc.dg/format/ext-3.c -DWIDE bad %V (test for warnings, line 161)
FAIL: gcc.dg/format/ext-3.c -DWIDE bad %V (test for warnings, line 162)
FAIL: gcc.dg/format/ext-3.c -DWIDE bad %w (test for warnings, line 163)
FAIL: gcc.dg/format/ext-3.c -DWIDE bad %w (test for warnings, line 164)
FAIL: gcc.dg/format/ext-3.c -DWIDE bad %W (test for warnings, line 165)
FAIL: gcc.dg/format/ext-3.c -DWIDE bad %W (test for warnings, line 166)
FAIL: gcc.dg/format/ext-3.c -DWIDE bad %X (test for warnings, line 167)
FAIL: gcc.dg/format/ext-3.c -DWIDE bad %X (test for warnings, line 168)
FAIL: gcc.dg/format/ext-3.c -DWIDE bad %Y (test for warnings, line 169)
FAIL: gcc.dg/format/ext-3.c -DWIDE bad %Y (test for warnings, line 170)
FAIL: gcc.dg/format/ext-3.c -DWIDE bad %z (test for warnings, line 171)
FAIL: gcc.dg/format/ext-3.c -DWIDE bad %z (test for warnings, line 172)
FAIL: gcc.dg/format/ext-3.c -DWIDE bad %P (test for warnings, line 173)
FAIL: gcc.dg/format/ext-3.c -DWIDE bad %P (test for warnings, line 174)
FAIL: gcc.dg/format/ext-3.c -DWIDE bad %k (test for warnings, line 175)
FAIL: gcc.dg/format/ext-3.c -DWIDE bad %k (test for warnings, line 176)
FAIL: gcc.dg/format/ext-3.c -DWIDE bad %l (test for warnings, line 177)
FAIL: gcc.dg/format/ext-3.c -DWIDE bad %l (test for warnings, line 178)
FAIL: gcc.dg/format/ext-3.c -DWIDE bad %s (test for warnings, line 179)
FAIL: gcc.dg/format/ext-3.c -DWIDE bad %s (test for warnings, line 180)
FAIL: gcc.dg/format/ext-3.c -DWIDE bad %c (test for warnings, line 182)
FAIL: gcc.dg/format/ext-3.c -DWIDE bad %c (test for warnings, line 183)
FAIL: gcc.dg/format/ext-3.c -DWIDE bad %D (test for warnings, line 184)
FAIL: gcc.dg/format/ext-3.c -DWIDE bad %D (test for warnings, line 185)
FAIL: gcc.dg/format/ext-3.c -DWIDE bad %g (test for warnings, line 186)
FAIL: gcc.dg/format/ext-3.c -DWIDE bad %g (test for warnings, line 187)
FAIL: gcc.dg/format/ext-3.c -DWIDE bad %x (test for warnings, line 188)
FAIL: gcc.dg/format/ext-3.c -DWIDE bad %x (test for warnings, line 189)
FAIL: gcc.dg/format/ext-3.c -DWIDE bad %y (test for warnings, line 190)
FAIL: gcc.dg/format/ext-3.c -DWIDE bad %y (test for warnings, line 191)
FAIL: gcc.dg/format/ext-3.c -DWIDE 2-digit year (test for warnings, line 182)
FAIL: gcc.dg/format/ext-3.c -DWIDE 2-digit year (test for warnings, line 183)
FAIL: gcc.dg/format/ext-3.c -DWIDE 2-digit year (test for warnings, line 184)
FAIL: gcc.dg/format/ext-3.c -DWIDE 2-digit year (test for warnings, line 185)
FAIL: gcc.dg/format/ext-3.c -DWIDE 2-digit year (test for warnings, line 186)
FAIL: gcc.dg/format/ext-3.c -DWIDE 2-digit year (test for warnings, line 187)
FAIL: gcc.dg/format/ext-3.c -DWIDE 2-digit year (test for warnings, line 188)
FAIL: gcc.dg/format/ext-3.c -DWIDE 2-digit year (test for warnings, line 189)
FAIL: gcc.dg/format/ext-3.c -DWIDE 2-digit year (test for warnings, line 190)
FAIL: gcc.dg/format/ext-3.c -DWIDE 2-digit year (test for warnings, line 191)
FAIL: gcc.dg/format/ext-3.c -DWIDE 2-digit year (test for warnings, line 208)
FAIL: gcc.dg/format/ext-3.c -DWIDE bad %OP (test for warnings, line 209)
FAIL: gcc.dg/format/ext-3.c -DWIDE bad %-_ (test for warnings, line 211)
FAIL: gcc.dg/format/ext-3.c -DWIDE bad %-0 (test for warnings, line 212)
FAIL: gcc.dg/format/ext-3.c -DWIDE bad %_0 (test for warnings, line 213)
FAIL: gcc.dg/format/ext-3.c -DWIDE bad %^# (test for warnings, line 215)
FAIL: gcc.dg/format/ext-5.c gettext (test for warnings, line 12)
FAIL: gcc.dg/format/ext-5.c dgettext (test for warnings, line 14)
FAIL: gcc.dg/format/ext-5.c dcgettext (test for warnings, line 16)
FAIL: gcc.dg/format/ext-5.c -DWIDE gettext (test for warnings, line 12)
FAIL: gcc.dg/format/ext-5.c -DWIDE dgettext (test for warnings, line 14)
FAIL: gcc.dg/format/ext-5.c -DWIDE dcgettext (test for warnings, line 16)
FAIL: gcc.dg/format/ext-6.c fprintf (test for warnings, line 16)
FAIL: gcc.dg/format/ext-6.c printf (test for warnings, line 18)
FAIL: gcc.dg/format/ext-6.c fprintf_unlocked (test for warnings, line 20)
FAIL: gcc.dg/format/ext-6.c printf_unlocked (test for warnings, line 22)
FAIL: gcc.dg/format/ext-6.c sprintf (test for warnings, line 24)
FAIL: gcc.dg/format/ext-6.c snprintf (test for warnings, line 26)
FAIL: gcc.dg/format/ext-6.c vfprintf (test for warnings, line 28)
FAIL: gcc.dg/format/ext-6.c vprintf (test for warnings, line 30)
FAIL: gcc.dg/format/ext-6.c vsprintf (test for warnings, line 32)
FAIL: gcc.dg/format/ext-6.c vsnprintf (test for warnings, line 34)
FAIL: gcc.dg/format/ext-6.c fscanf (test for warnings, line 36)
FAIL: gcc.dg/format/ext-6.c scanf (test for warnings, line 38)
FAIL: gcc.dg/format/ext-6.c sscanf (test for warnings, line 40)
FAIL: gcc.dg/format/ext-6.c vfscanf (test for warnings, line 42)
FAIL: gcc.dg/format/ext-6.c vscanf (test for warnings, line 44)
FAIL: gcc.dg/format/ext-6.c vsscanf (test for warnings, line 46)
FAIL: gcc.dg/format/ext-6.c -DWIDE fprintf (test for warnings, line 16)
FAIL: gcc.dg/format/ext-6.c -DWIDE printf (test for warnings, line 18)
FAIL: gcc.dg/format/ext-6.c -DWIDE fprintf_unlocked (test for warnings, line 20)
FAIL: gcc.dg/format/ext-6.c -DWIDE printf_unlocked (test for warnings, line 22)
FAIL: gcc.dg/format/ext-6.c -DWIDE sprintf (test for warnings, line 24)
FAIL: gcc.dg/format/ext-6.c -DWIDE snprintf (test for warnings, line 26)
FAIL: gcc.dg/format/ext-6.c -DWIDE vfprintf (test for warnings, line 28)
FAIL: gcc.dg/format/ext-6.c -DWIDE vprintf (test for warnings, line 30)
FAIL: gcc.dg/format/ext-6.c -DWIDE vsprintf (test for warnings, line 32)
FAIL: gcc.dg/format/ext-6.c -DWIDE vsnprintf (test for warnings, line 34)
FAIL: gcc.dg/format/ext-6.c -DWIDE fscanf (test for warnings, line 36)
FAIL: gcc.dg/format/ext-6.c -DWIDE scanf (test for warnings, line 38)
FAIL: gcc.dg/format/ext-6.c -DWIDE sscanf (test for warnings, line 40)
FAIL: gcc.dg/format/ext-6.c -DWIDE vfscanf (test for warnings, line 42)
FAIL: gcc.dg/format/ext-6.c -DWIDE vscanf (test for warnings, line 44)
FAIL: gcc.dg/format/ext-6.c -DWIDE vsscanf (test for warnings, line 46)
FAIL: gcc.dg/format/gcc_diag-1.c extra arg (test for warnings, line 77)
FAIL: gcc.dg/format/gcc_diag-1.c extra arg (test for warnings, line 78)
FAIL: gcc.dg/format/gcc_diag-1.c extra arg (test for warnings, line 79)
FAIL: gcc.dg/format/gcc_diag-1.c bogus modifier (test for warnings, line 80)
FAIL: gcc.dg/format/gcc_diag-1.c bogus modifier (test for warnings, line 81)
FAIL: gcc.dg/format/gcc_diag-1.c bogus modifier (test for warnings, line 82)
FAIL: gcc.dg/format/gcc_diag-1.c bogus modifier (test for warnings, line 83)
FAIL: gcc.dg/format/gcc_diag-1.c bogus modifier (test for warnings, line 84)
FAIL: gcc.dg/format/gcc_diag-1.c bogus modifier (test for warnings, line 85)
FAIL: gcc.dg/format/gcc_diag-1.c missing arg (test for warnings, line 86)
FAIL: gcc.dg/format/gcc_diag-1.c missing arg (test for warnings, line 87)
FAIL: gcc.dg/format/gcc_diag-1.c missing arg (test for warnings, line 88)
FAIL: gcc.dg/format/gcc_diag-1.c missing arg (test for warnings, line 89)
FAIL: gcc.dg/format/gcc_diag-1.c missing arg (test for warnings, line 90)
FAIL: gcc.dg/format/gcc_diag-1.c missing arg (test for warnings, line 91)
FAIL: gcc.dg/format/gcc_diag-1.c wrong arg (test for warnings, line 92)
FAIL: gcc.dg/format/gcc_diag-1.c wrong arg (test for warnings, line 93)
FAIL: gcc.dg/format/gcc_diag-1.c wrong arg (test for warnings, line 94)
FAIL: gcc.dg/format/gcc_diag-1.c wrong arg (test for warnings, line 95)
FAIL: gcc.dg/format/gcc_diag-1.c wrong arg (test for warnings, line 96)
FAIL: gcc.dg/format/gcc_diag-1.c wrong arg (test for warnings, line 97)
FAIL: gcc.dg/format/gcc_diag-1.c wrong arg (test for warnings, line 98)
FAIL: gcc.dg/format/gcc_diag-1.c wrong arg (test for warnings, line 99)
FAIL: gcc.dg/format/gcc_diag-1.c wrong arg (test for warnings, line 100)
FAIL: gcc.dg/format/gcc_diag-1.c bogus modifier (test for warnings, line 101)
FAIL: gcc.dg/format/gcc_diag-1.c bogus modifier (test for warnings, line 102)
FAIL: gcc.dg/format/gcc_diag-1.c bogus modifier (test for warnings, line 103)
FAIL: gcc.dg/format/gcc_diag-1.c bogus modifier (test for warnings, line 104)
FAIL: gcc.dg/format/gcc_diag-1.c bogus modifier (test for warnings, line 105)
FAIL: gcc.dg/format/gcc_diag-1.c bogus modifier (test for warnings, line 106)
FAIL: gcc.dg/format/gcc_diag-1.c bogus tree (test for warnings, line 107)
FAIL: gcc.dg/format/gcc_diag-1.c bogus tree (test for warnings, line 108)
FAIL: gcc.dg/format/gcc_diag-1.c bogus modifier (test for warnings, line 109)
FAIL: gcc.dg/format/gcc_diag-1.c bogus modifier (test for warnings, line 110)
FAIL: gcc.dg/format/gcc_diag-1.c missing arg (test for warnings, line 111)
FAIL: gcc.dg/format/gcc_diag-1.c wrong arg (test for warnings, line 112)
FAIL: gcc.dg/format/gcc_diag-1.c extra arg (test for warnings, line 113)
FAIL: gcc.dg/format/gcc_diag-1.c bogus modifier (test for warnings, line 114)
FAIL: gcc.dg/format/gcc_diag-1.c bogus modifier (test for warnings, line 115)
FAIL: gcc.dg/format/gcc_diag-1.c missing arg (test for warnings, line 116)
FAIL: gcc.dg/format/gcc_diag-1.c missing arg (test for warnings, line 117)
FAIL: gcc.dg/format/gcc_diag-1.c wrong arg (test for warnings, line 118)
FAIL: gcc.dg/format/gcc_diag-1.c wrong arg (test for warnings, line 119)
FAIL: gcc.dg/format/gcc_diag-1.c extra arg (test for warnings, line 120)
FAIL: gcc.dg/format/gcc_diag-1.c extra arg (test for warnings, line 121)
FAIL: gcc.dg/format/gcc_diag-1.c HEX (test for warnings, line 124)
FAIL: gcc.dg/format/gcc_diag-1.c float (test for warnings, line 125)
FAIL: gcc.dg/format/gcc_diag-1.c float (test for warnings, line 126)
FAIL: gcc.dg/format/gcc_diag-1.c float (test for warnings, line 127)
FAIL: gcc.dg/format/gcc_diag-1.c float (test for warnings, line 128)
FAIL: gcc.dg/format/gcc_diag-1.c float (test for warnings, line 129)
FAIL: gcc.dg/format/gcc_diag-1.c counter (test for warnings, line 130)
FAIL: gcc.dg/format/gcc_diag-1.c conversion (test for warnings, line 131)
FAIL: gcc.dg/format/gcc_diag-1.c bad flag (test for warnings, line 134)
FAIL: gcc.dg/format/gcc_diag-1.c bad flag (test for warnings, line 135)
FAIL: gcc.dg/format/gcc_diag-1.c bad flag (test for warnings, line 136)
FAIL: gcc.dg/format/gcc_diag-1.c bad flag (test for warnings, line 137)
FAIL: gcc.dg/format/gcc_diag-1.c bad flag (test for warnings, line 138)
FAIL: gcc.dg/format/gcc_diag-1.c bad flag (test for warnings, line 139)
FAIL: gcc.dg/format/gcc_diag-1.c bad flag (test for warnings, line 140)
FAIL: gcc.dg/format/gcc_diag-1.c bad flag (test for warnings, line 141)
FAIL: gcc.dg/format/gcc_diag-1.c bad flag (test for warnings, line 142)
FAIL: gcc.dg/format/gcc_diag-1.c bad flag (test for warnings, line 143)
FAIL: gcc.dg/format/gcc_diag-1.c bad flag (test for warnings, line 144)
FAIL: gcc.dg/format/gcc_diag-1.c bad flag (test for warnings, line 145)
FAIL: gcc.dg/format/gcc_diag-1.c bad flag (test for warnings, line 146)
FAIL: gcc.dg/format/gcc_diag-1.c bad flag (test for warnings, line 147)
FAIL: gcc.dg/format/gcc_diag-1.c bad flag (test for warnings, line 148)
FAIL: gcc.dg/format/gcc_diag-1.c bad flag (test for warnings, line 149)
FAIL: gcc.dg/format/gcc_diag-1.c bad flag (test for warnings, line 150)
FAIL: gcc.dg/format/gcc_diag-1.c bad flag (test for warnings, line 151)
FAIL: gcc.dg/format/gcc_diag-1.c bad flag (test for warnings, line 152)
FAIL: gcc.dg/format/gcc_diag-1.c bad flag (test for warnings, line 153)
FAIL: gcc.dg/format/gcc_diag-1.c bad flag (test for warnings, line 154)
FAIL: gcc.dg/format/gcc_diag-1.c bad flag (test for warnings, line 155)
FAIL: gcc.dg/format/gcc_diag-1.c bad flag (test for warnings, line 156)
FAIL: gcc.dg/format/gcc_diag-1.c bad flag (test for warnings, line 157)
FAIL: gcc.dg/format/gcc_diag-1.c bad flag (test for warnings, line 158)
FAIL: gcc.dg/format/gcc_diag-1.c bad flag (test for warnings, line 159)
FAIL: gcc.dg/format/gcc_diag-1.c bad flag (test for warnings, line 160)
FAIL: gcc.dg/format/gcc_diag-1.c bad flag (test for warnings, line 161)
FAIL: gcc.dg/format/gcc_diag-1.c bad flag (test for warnings, line 162)
FAIL: gcc.dg/format/gcc_diag-1.c bad flag (test for warnings, line 163)
FAIL: gcc.dg/format/gcc_diag-1.c bad flag (test for warnings, line 164)
FAIL: gcc.dg/format/gcc_diag-1.c bad flag (test for warnings, line 165)
FAIL: gcc.dg/format/gcc_diag-1.c bad flag (test for warnings, line 166)
FAIL: gcc.dg/format/gcc_diag-1.c bad argument types (test for warnings, line 168)
FAIL: gcc.dg/format/gcc_diag-1.c bad argument types (test for warnings, line 169)
FAIL: gcc.dg/format/gcc_diag-1.c bad argument types (test for warnings, line 170)
FAIL: gcc.dg/format/gcc_diag-1.c bad * argument types (test for warnings, line 171)
FAIL: gcc.dg/format/gcc_diag-1.c bad * argument types (test for warnings, line 172)
FAIL: gcc.dg/format/gcc_diag-1.c bad * argument types (test for warnings, line 173)
FAIL: gcc.dg/format/gcc_diag-1.c bad * argument types (test for warnings, line 174)
FAIL: gcc.dg/format/gcc_diag-1.c bad * argument types (test for warnings, line 175)
FAIL: gcc.dg/format/gcc_diag-1.c bad argument types (test for warnings, line 176)
FAIL: gcc.dg/format/gcc_diag-1.c bad argument types (test for warnings, line 177)
FAIL: gcc.dg/format/gcc_diag-1.c wrong number of args (test for warnings, line 180)
FAIL: gcc.dg/format/gcc_diag-1.c wrong number of args (test for warnings, line 181)
FAIL: gcc.dg/format/gcc_diag-1.c warning for empty format (test for warnings, line 183)
FAIL: gcc.dg/format/gcc_diag-1.c warning for embedded NUL (test for warnings, line 184)
FAIL: gcc.dg/format/gcc_diag-1.c warning for embedded NUL (test for warnings, line 185)
FAIL: gcc.dg/format/gcc_diag-1.c warning for embedded NUL (test for warnings, line 186)
FAIL: gcc.dg/format/gcc_diag-1.c trailing % warning (test for warnings, line 188)
FAIL: gcc.dg/format/gcc_diag-1.c wide string (test for warnings, line 189)
FAIL: gcc.dg/format/gcc_diag-1.c bad argument types (test for warnings, line 193)
FAIL: gcc.dg/format/gcc_diag-1.c -DWIDE extra arg (test for warnings, line 77)
FAIL: gcc.dg/format/gcc_diag-1.c -DWIDE extra arg (test for warnings, line 78)
FAIL: gcc.dg/format/gcc_diag-1.c -DWIDE extra arg (test for warnings, line 79)
FAIL: gcc.dg/format/gcc_diag-1.c -DWIDE bogus modifier (test for warnings, line 80)
FAIL: gcc.dg/format/gcc_diag-1.c -DWIDE bogus modifier (test for warnings, line 81)
FAIL: gcc.dg/format/gcc_diag-1.c -DWIDE bogus modifier (test for warnings, line 82)
FAIL: gcc.dg/format/gcc_diag-1.c -DWIDE bogus modifier (test for warnings, line 83)
FAIL: gcc.dg/format/gcc_diag-1.c -DWIDE bogus modifier (test for warnings, line 84)
FAIL: gcc.dg/format/gcc_diag-1.c -DWIDE bogus modifier (test for warnings, line 85)
FAIL: gcc.dg/format/gcc_diag-1.c -DWIDE missing arg (test for warnings, line 86)
FAIL: gcc.dg/format/gcc_diag-1.c -DWIDE missing arg (test for warnings, line 87)
FAIL: gcc.dg/format/gcc_diag-1.c -DWIDE missing arg (test for warnings, line 88)
FAIL: gcc.dg/format/gcc_diag-1.c -DWIDE missing arg (test for warnings, line 89)
FAIL: gcc.dg/format/gcc_diag-1.c -DWIDE missing arg (test for warnings, line 90)
FAIL: gcc.dg/format/gcc_diag-1.c -DWIDE missing arg (test for warnings, line 91)
FAIL: gcc.dg/format/gcc_diag-1.c -DWIDE wrong arg (test for warnings, line 92)
FAIL: gcc.dg/format/gcc_diag-1.c -DWIDE wrong arg (test for warnings, line 93)
FAIL: gcc.dg/format/gcc_diag-1.c -DWIDE wrong arg (test for warnings, line 94)
FAIL: gcc.dg/format/gcc_diag-1.c -DWIDE wrong arg (test for warnings, line 95)
FAIL: gcc.dg/format/gcc_diag-1.c -DWIDE wrong arg (test for warnings, line 96)
FAIL: gcc.dg/format/gcc_diag-1.c -DWIDE wrong arg (test for warnings, line 97)
FAIL: gcc.dg/format/gcc_diag-1.c -DWIDE wrong arg (test for warnings, line 98)
FAIL: gcc.dg/format/gcc_diag-1.c -DWIDE wrong arg (test for warnings, line 99)
FAIL: gcc.dg/format/gcc_diag-1.c -DWIDE wrong arg (test for warnings, line 100)
FAIL: gcc.dg/format/gcc_diag-1.c -DWIDE bogus modifier (test for warnings, line 101)
FAIL: gcc.dg/format/gcc_diag-1.c -DWIDE bogus modifier (test for warnings, line 102)
FAIL: gcc.dg/format/gcc_diag-1.c -DWIDE bogus modifier (test for warnings, line 103)
FAIL: gcc.dg/format/gcc_diag-1.c -DWIDE bogus modifier (test for warnings, line 104)
FAIL: gcc.dg/format/gcc_diag-1.c -DWIDE bogus modifier (test for warnings, line 105)
FAIL: gcc.dg/format/gcc_diag-1.c -DWIDE bogus modifier (test for warnings, line 106)
FAIL: gcc.dg/format/gcc_diag-1.c -DWIDE bogus tree (test for warnings, line 107)
FAIL: gcc.dg/format/gcc_diag-1.c -DWIDE bogus tree (test for warnings, line 108)
FAIL: gcc.dg/format/gcc_diag-1.c -DWIDE bogus modifier (test for warnings, line 109)
FAIL: gcc.dg/format/gcc_diag-1.c -DWIDE bogus modifier (test for warnings, line 110)
FAIL: gcc.dg/format/gcc_diag-1.c -DWIDE missing arg (test for warnings, line 111)
FAIL: gcc.dg/format/gcc_diag-1.c -DWIDE wrong arg (test for warnings, line 112)
FAIL: gcc.dg/format/gcc_diag-1.c -DWIDE extra arg (test for warnings, line 113)
FAIL: gcc.dg/format/gcc_diag-1.c -DWIDE bogus modifier (test for warnings, line 114)
FAIL: gcc.dg/format/gcc_diag-1.c -DWIDE bogus modifier (test for warnings, line 115)
FAIL: gcc.dg/format/gcc_diag-1.c -DWIDE missing arg (test for warnings, line 116)
FAIL: gcc.dg/format/gcc_diag-1.c -DWIDE missing arg (test for warnings, line 117)
FAIL: gcc.dg/format/gcc_diag-1.c -DWIDE wrong arg (test for warnings, line 118)
FAIL: gcc.dg/format/gcc_diag-1.c -DWIDE wrong arg (test for warnings, line 119)
FAIL: gcc.dg/format/gcc_diag-1.c -DWIDE extra arg (test for warnings, line 120)
FAIL: gcc.dg/format/gcc_diag-1.c -DWIDE extra arg (test for warnings, line 121)
FAIL: gcc.dg/format/gcc_diag-1.c -DWIDE HEX (test for warnings, line 124)
FAIL: gcc.dg/format/gcc_diag-1.c -DWIDE float (test for warnings, line 125)
FAIL: gcc.dg/format/gcc_diag-1.c -DWIDE float (test for warnings, line 126)
FAIL: gcc.dg/format/gcc_diag-1.c -DWIDE float (test for warnings, line 127)
FAIL: gcc.dg/format/gcc_diag-1.c -DWIDE float (test for warnings, line 128)
FAIL: gcc.dg/format/gcc_diag-1.c -DWIDE float (test for warnings, line 129)
FAIL: gcc.dg/format/gcc_diag-1.c -DWIDE counter (test for warnings, line 130)
FAIL: gcc.dg/format/gcc_diag-1.c -DWIDE conversion (test for warnings, line 131)
FAIL: gcc.dg/format/gcc_diag-1.c -DWIDE bad flag (test for warnings, line 134)
FAIL: gcc.dg/format/gcc_diag-1.c -DWIDE bad flag (test for warnings, line 135)
FAIL: gcc.dg/format/gcc_diag-1.c -DWIDE bad flag (test for warnings, line 136)
FAIL: gcc.dg/format/gcc_diag-1.c -DWIDE bad flag (test for warnings, line 137)
FAIL: gcc.dg/format/gcc_diag-1.c -DWIDE bad flag (test for warnings, line 138)
FAIL: gcc.dg/format/gcc_diag-1.c -DWIDE bad flag (test for warnings, line 139)
FAIL: gcc.dg/format/gcc_diag-1.c -DWIDE bad flag (test for warnings, line 140)
FAIL: gcc.dg/format/gcc_diag-1.c -DWIDE bad flag (test for warnings, line 141)
FAIL: gcc.dg/format/gcc_diag-1.c -DWIDE bad flag (test for warnings, line 142)
FAIL: gcc.dg/format/gcc_diag-1.c -DWIDE bad flag (test for warnings, line 143)
FAIL: gcc.dg/format/gcc_diag-1.c -DWIDE bad flag (test for warnings, line 144)
FAIL: gcc.dg/format/gcc_diag-1.c -DWIDE bad flag (test for warnings, line 145)
FAIL: gcc.dg/format/gcc_diag-1.c -DWIDE bad flag (test for warnings, line 146)
FAIL: gcc.dg/format/gcc_diag-1.c -DWIDE bad flag (test for warnings, line 147)
FAIL: gcc.dg/format/gcc_diag-1.c -DWIDE bad flag (test for warnings, line 148)
FAIL: gcc.dg/format/gcc_diag-1.c -DWIDE bad flag (test for warnings, line 149)
FAIL: gcc.dg/format/gcc_diag-1.c -DWIDE bad flag (test for warnings, line 150)
FAIL: gcc.dg/format/gcc_diag-1.c -DWIDE bad flag (test for warnings, line 151)
FAIL: gcc.dg/format/gcc_diag-1.c -DWIDE bad flag (test for warnings, line 152)
FAIL: gcc.dg/format/gcc_diag-1.c -DWIDE bad flag (test for warnings, line 153)
FAIL: gcc.dg/format/gcc_diag-1.c -DWIDE bad flag (test for warnings, line 154)
FAIL: gcc.dg/format/gcc_diag-1.c -DWIDE bad flag (test for warnings, line 155)
FAIL: gcc.dg/format/gcc_diag-1.c -DWIDE bad flag (test for warnings, line 156)
FAIL: gcc.dg/format/gcc_diag-1.c -DWIDE bad flag (test for warnings, line 157)
FAIL: gcc.dg/format/gcc_diag-1.c -DWIDE bad flag (test for warnings, line 158)
FAIL: gcc.dg/format/gcc_diag-1.c -DWIDE bad flag (test for warnings, line 159)
FAIL: gcc.dg/format/gcc_diag-1.c -DWIDE bad flag (test for warnings, line 160)
FAIL: gcc.dg/format/gcc_diag-1.c -DWIDE bad flag (test for warnings, line 161)
FAIL: gcc.dg/format/gcc_diag-1.c -DWIDE bad flag (test for warnings, line 162)
FAIL: gcc.dg/format/gcc_diag-1.c -DWIDE bad flag (test for warnings, line 163)
FAIL: gcc.dg/format/gcc_diag-1.c -DWIDE bad flag (test for warnings, line 164)
FAIL: gcc.dg/format/gcc_diag-1.c -DWIDE bad flag (test for warnings, line 165)
FAIL: gcc.dg/format/gcc_diag-1.c -DWIDE bad flag (test for warnings, line 166)
FAIL: gcc.dg/format/gcc_diag-1.c -DWIDE bad argument types (test for warnings, line 168)
FAIL: gcc.dg/format/gcc_diag-1.c -DWIDE bad argument types (test for warnings, line 169)
FAIL: gcc.dg/format/gcc_diag-1.c -DWIDE bad argument types (test for warnings, line 170)
FAIL: gcc.dg/format/gcc_diag-1.c -DWIDE bad * argument types (test for warnings, line 171)
FAIL: gcc.dg/format/gcc_diag-1.c -DWIDE bad * argument types (test for warnings, line 172)
FAIL: gcc.dg/format/gcc_diag-1.c -DWIDE bad * argument types (test for warnings, line 173)
FAIL: gcc.dg/format/gcc_diag-1.c -DWIDE bad * argument types (test for warnings, line 174)
FAIL: gcc.dg/format/gcc_diag-1.c -DWIDE bad * argument types (test for warnings, line 175)
FAIL: gcc.dg/format/gcc_diag-1.c -DWIDE bad argument types (test for warnings, line 176)
FAIL: gcc.dg/format/gcc_diag-1.c -DWIDE bad argument types (test for warnings, line 177)
FAIL: gcc.dg/format/gcc_diag-1.c -DWIDE wrong number of args (test for warnings, line 180)
FAIL: gcc.dg/format/gcc_diag-1.c -DWIDE wrong number of args (test for warnings, line 181)
FAIL: gcc.dg/format/gcc_diag-1.c -DWIDE warning for empty format (test for warnings, line 183)
FAIL: gcc.dg/format/gcc_diag-1.c -DWIDE warning for embedded NUL (test for warnings, line 184)
FAIL: gcc.dg/format/gcc_diag-1.c -DWIDE warning for embedded NUL (test for warnings, line 185)
FAIL: gcc.dg/format/gcc_diag-1.c -DWIDE warning for embedded NUL (test for warnings, line 186)
FAIL: gcc.dg/format/gcc_diag-1.c -DWIDE trailing % warning (test for warnings, line 188)
FAIL: gcc.dg/format/gcc_diag-1.c -DWIDE wide string (test for warnings, line 189)
FAIL: gcc.dg/format/gcc_diag-1.c -DWIDE bad argument types (test for warnings, line 193)
FAIL: gcc.dg/format/multattr-1.c printf (test for warnings, line 36)
FAIL: gcc.dg/format/multattr-1.c scanf (test for warnings, line 37)
FAIL: gcc.dg/format/multattr-1.c printf (test for warnings, line 40)
FAIL: gcc.dg/format/multattr-1.c scanf (test for warnings, line 41)
FAIL: gcc.dg/format/multattr-1.c printf (test for warnings, line 44)
FAIL: gcc.dg/format/multattr-1.c scanf (test for warnings, line 45)
FAIL: gcc.dg/format/multattr-1.c printf (test for warnings, line 48)
FAIL: gcc.dg/format/multattr-1.c scanf (test for warnings, line 49)
FAIL: gcc.dg/format/multattr-1.c -DWIDE printf (test for warnings, line 36)
FAIL: gcc.dg/format/multattr-1.c -DWIDE scanf (test for warnings, line 37)
FAIL: gcc.dg/format/multattr-1.c -DWIDE printf (test for warnings, line 40)
FAIL: gcc.dg/format/multattr-1.c -DWIDE scanf (test for warnings, line 41)
FAIL: gcc.dg/format/multattr-1.c -DWIDE printf (test for warnings, line 44)
FAIL: gcc.dg/format/multattr-1.c -DWIDE scanf (test for warnings, line 45)
FAIL: gcc.dg/format/multattr-1.c -DWIDE printf (test for warnings, line 48)
FAIL: gcc.dg/format/multattr-1.c -DWIDE scanf (test for warnings, line 49)
FAIL: gcc.dg/format/multattr-2.c printf (test for warnings, line 29)
FAIL: gcc.dg/format/multattr-2.c scanf (test for warnings, line 30)
FAIL: gcc.dg/format/multattr-2.c printf (test for warnings, line 33)
FAIL: gcc.dg/format/multattr-2.c scanf (test for warnings, line 34)
FAIL: gcc.dg/format/multattr-2.c printf (test for warnings, line 37)
FAIL: gcc.dg/format/multattr-2.c scanf (test for warnings, line 38)
FAIL: gcc.dg/format/multattr-2.c -DWIDE printf (test for warnings, line 29)
FAIL: gcc.dg/format/multattr-2.c -DWIDE scanf (test for warnings, line 30)
FAIL: gcc.dg/format/multattr-2.c -DWIDE printf (test for warnings, line 33)
FAIL: gcc.dg/format/multattr-2.c -DWIDE scanf (test for warnings, line 34)
FAIL: gcc.dg/format/multattr-2.c -DWIDE printf (test for warnings, line 37)
FAIL: gcc.dg/format/multattr-2.c -DWIDE scanf (test for warnings, line 38)
FAIL: gcc.dg/format/multattr-3.c wrong type in conditional expr (test for warnings, line 16)
FAIL: gcc.dg/format/multattr-3.c wrong type in conditional expr (test for warnings, line 17)
FAIL: gcc.dg/format/multattr-3.c wrong type in conditional expr (test for warnings, line 18)
FAIL: gcc.dg/format/multattr-3.c too many args in all branches (test for warnings, line 21)
FAIL: gcc.dg/format/multattr-3.c wrong type (test for warnings, line 25)
FAIL: gcc.dg/format/multattr-3.c wrong type (test for warnings, line 26)
FAIL: gcc.dg/format/multattr-3.c wrong type (test for warnings, line 27)
FAIL: gcc.dg/format/multattr-3.c -DWIDE wrong type in conditional expr (test for warnings, line 16)
FAIL: gcc.dg/format/multattr-3.c -DWIDE wrong type in conditional expr (test for warnings, line 17)
FAIL: gcc.dg/format/multattr-3.c -DWIDE wrong type in conditional expr (test for warnings, line 18)
FAIL: gcc.dg/format/multattr-3.c -DWIDE too many args in all branches (test for warnings, line 21)
FAIL: gcc.dg/format/multattr-3.c -DWIDE wrong type (test for warnings, line 25)
FAIL: gcc.dg/format/multattr-3.c -DWIDE wrong type (test for warnings, line 26)
FAIL: gcc.dg/format/multattr-3.c -DWIDE wrong type (test for warnings, line 27)
FAIL: gcc.dg/format/no-exargs-2.c unused \$ operand (test for warnings, line 13)
FAIL: gcc.dg/format/no-exargs-2.c unused \$ operand (test for warnings, line 15)
FAIL: gcc.dg/format/no-exargs-2.c unused \$ scanf non-pointer operand (test for warnings, line 23)
FAIL: gcc.dg/format/no-exargs-2.c -DWIDE unused \$ operand (test for warnings, line 13)
FAIL: gcc.dg/format/no-exargs-2.c -DWIDE unused \$ operand (test for warnings, line 15)
FAIL: gcc.dg/format/no-exargs-2.c -DWIDE unused \$ scanf non-pointer operand (test for warnings, line 23)
FAIL: gcc.dg/format/plus-1.c wrong number of args (test for warnings, line 14)
FAIL: gcc.dg/format/plus-1.c zero-length string (test for warnings, line 15)
FAIL: gcc.dg/format/plus-1.c (test for excess errors)
FAIL: gcc.dg/format/plus-1.c -DWIDE wrong number of args (test for warnings, line 14)
FAIL: gcc.dg/format/plus-1.c -DWIDE zero-length string (test for warnings, line 15)
FAIL: gcc.dg/format/plus-1.c -DWIDE (test for excess errors)
FAIL: gcc.dg/format/strfmon-1.c wrong type (test for warnings, line 40)
FAIL: gcc.dg/format/strfmon-1.c wrong type (test for warnings, line 41)
FAIL: gcc.dg/format/strfmon-1.c + and ( flags (test for warnings, line 43)
FAIL: gcc.dg/format/strfmon-1.c + and ( flags (test for warnings, line 44)
FAIL: gcc.dg/format/strfmon-1.c empty left precision (test for warnings, line 46)
FAIL: gcc.dg/format/strfmon-1.c empty right precision (test for warnings, line 47)
FAIL: gcc.dg/format/strfmon-1.c bogus %% (test for warnings, line 51)
FAIL: gcc.dg/format/strfmon-1.c bogus %% (test for warnings, line 52)
FAIL: gcc.dg/format/strfmon-1.c bogus %% (test for warnings, line 53)
FAIL: gcc.dg/format/strfmon-1.c bogus %% (test for warnings, line 54)
FAIL: gcc.dg/format/strfmon-1.c bogus %% (test for warnings, line 55)
FAIL: gcc.dg/format/strfmon-1.c too few args (test for warnings, line 57)
FAIL: gcc.dg/format/strfmon-1.c empty (test for warnings, line 58)
FAIL: gcc.dg/format/strfmon-1.c tailing % (test for warnings, line 60)
FAIL: gcc.dg/format/strfmon-1.c embedded NUL (test for warnings, line 61)
FAIL: gcc.dg/format/strfmon-1.c repeated flag (test for warnings, line 62)
FAIL: gcc.dg/format/strfmon-1.c -DWIDE wrong type (test for warnings, line 40)
FAIL: gcc.dg/format/strfmon-1.c -DWIDE wrong type (test for warnings, line 41)
FAIL: gcc.dg/format/strfmon-1.c -DWIDE + and ( flags (test for warnings, line 43)
FAIL: gcc.dg/format/strfmon-1.c -DWIDE + and ( flags (test for warnings, line 44)
FAIL: gcc.dg/format/strfmon-1.c -DWIDE empty left precision (test for warnings, line 46)
FAIL: gcc.dg/format/strfmon-1.c -DWIDE empty right precision (test for warnings, line 47)
FAIL: gcc.dg/format/strfmon-1.c -DWIDE bogus %% (test for warnings, line 51)
FAIL: gcc.dg/format/strfmon-1.c -DWIDE bogus %% (test for warnings, line 52)
FAIL: gcc.dg/format/strfmon-1.c -DWIDE bogus %% (test for warnings, line 53)
FAIL: gcc.dg/format/strfmon-1.c -DWIDE bogus %% (test for warnings, line 54)
FAIL: gcc.dg/format/strfmon-1.c -DWIDE bogus %% (test for warnings, line 55)
FAIL: gcc.dg/format/strfmon-1.c -DWIDE too few args (test for warnings, line 57)
FAIL: gcc.dg/format/strfmon-1.c -DWIDE empty (test for warnings, line 58)
FAIL: gcc.dg/format/strfmon-1.c -DWIDE tailing % (test for warnings, line 60)
FAIL: gcc.dg/format/strfmon-1.c -DWIDE embedded NUL (test for warnings, line 61)
FAIL: gcc.dg/format/strfmon-1.c -DWIDE repeated flag (test for warnings, line 62)
FAIL: gcc.dg/format/va-1.c format error (test for warnings, line 11)
FAIL: gcc.dg/format/va-1.c -DWIDE format error (test for warnings, line 11)
FAIL: gcc.dg/format/warnll-1.c printf %qd (test for warnings, line 19)
FAIL: gcc.dg/format/warnll-1.c printf %qi (test for warnings, line 20)
FAIL: gcc.dg/format/warnll-1.c printf %qo (test for warnings, line 21)
FAIL: gcc.dg/format/warnll-1.c printf %qu (test for warnings, line 22)
FAIL: gcc.dg/format/warnll-1.c printf %qx (test for warnings, line 23)
FAIL: gcc.dg/format/warnll-1.c printf %qX (test for warnings, line 24)
FAIL: gcc.dg/format/warnll-1.c printf %qn (test for warnings, line 25)
FAIL: gcc.dg/format/warnll-1.c printf %Ld (test for warnings, line 26)
FAIL: gcc.dg/format/warnll-1.c printf %Li (test for warnings, line 27)
FAIL: gcc.dg/format/warnll-1.c printf %oL (test for warnings, line 28)
FAIL: gcc.dg/format/warnll-1.c printf %Lu (test for warnings, line 29)
FAIL: gcc.dg/format/warnll-1.c printf %Lx (test for warnings, line 30)
FAIL: gcc.dg/format/warnll-1.c printf %LX (test for warnings, line 31)
FAIL: gcc.dg/format/warnll-1.c scanf %qd (test for warnings, line 32)
FAIL: gcc.dg/format/warnll-1.c scanf %qi (test for warnings, line 33)
FAIL: gcc.dg/format/warnll-1.c scanf %qo (test for warnings, line 34)
FAIL: gcc.dg/format/warnll-1.c scanf %qu (test for warnings, line 35)
FAIL: gcc.dg/format/warnll-1.c scanf %qx (test for warnings, line 36)
FAIL: gcc.dg/format/warnll-1.c scanf %qX (test for warnings, line 37)
FAIL: gcc.dg/format/warnll-1.c scanf %qn (test for warnings, line 38)
FAIL: gcc.dg/format/warnll-1.c scanf %Ld (test for warnings, line 39)
FAIL: gcc.dg/format/warnll-1.c scanf %Li (test for warnings, line 40)
FAIL: gcc.dg/format/warnll-1.c scanf %oL (test for warnings, line 41)
FAIL: gcc.dg/format/warnll-1.c scanf %Lu (test for warnings, line 42)
FAIL: gcc.dg/format/warnll-1.c scanf %Lx (test for warnings, line 43)
FAIL: gcc.dg/format/warnll-1.c scanf %LX (test for warnings, line 44)
FAIL: gcc.dg/format/warnll-1.c -DWIDE printf %qd (test for warnings, line 19)
FAIL: gcc.dg/format/warnll-1.c -DWIDE printf %qi (test for warnings, line 20)
FAIL: gcc.dg/format/warnll-1.c -DWIDE printf %qo (test for warnings, line 21)
FAIL: gcc.dg/format/warnll-1.c -DWIDE printf %qu (test for warnings, line 22)
FAIL: gcc.dg/format/warnll-1.c -DWIDE printf %qx (test for warnings, line 23)
FAIL: gcc.dg/format/warnll-1.c -DWIDE printf %qX (test for warnings, line 24)
FAIL: gcc.dg/format/warnll-1.c -DWIDE printf %qn (test for warnings, line 25)
FAIL: gcc.dg/format/warnll-1.c -DWIDE printf %Ld (test for warnings, line 26)
FAIL: gcc.dg/format/warnll-1.c -DWIDE printf %Li (test for warnings, line 27)
FAIL: gcc.dg/format/warnll-1.c -DWIDE printf %oL (test for warnings, line 28)
FAIL: gcc.dg/format/warnll-1.c -DWIDE printf %Lu (test for warnings, line 29)
FAIL: gcc.dg/format/warnll-1.c -DWIDE printf %Lx (test for warnings, line 30)
FAIL: gcc.dg/format/warnll-1.c -DWIDE printf %LX (test for warnings, line 31)
FAIL: gcc.dg/format/warnll-1.c -DWIDE scanf %qd (test for warnings, line 32)
FAIL: gcc.dg/format/warnll-1.c -DWIDE scanf %qi (test for warnings, line 33)
FAIL: gcc.dg/format/warnll-1.c -DWIDE scanf %qo (test for warnings, line 34)
FAIL: gcc.dg/format/warnll-1.c -DWIDE scanf %qu (test for warnings, line 35)
FAIL: gcc.dg/format/warnll-1.c -DWIDE scanf %qx (test for warnings, line 36)
FAIL: gcc.dg/format/warnll-1.c -DWIDE scanf %qX (test for warnings, line 37)
FAIL: gcc.dg/format/warnll-1.c -DWIDE scanf %qn (test for warnings, line 38)
FAIL: gcc.dg/format/warnll-1.c -DWIDE scanf %Ld (test for warnings, line 39)
FAIL: gcc.dg/format/warnll-1.c -DWIDE scanf %Li (test for warnings, line 40)
FAIL: gcc.dg/format/warnll-1.c -DWIDE scanf %oL (test for warnings, line 41)
FAIL: gcc.dg/format/warnll-1.c -DWIDE scanf %Lu (test for warnings, line 42)
FAIL: gcc.dg/format/warnll-1.c -DWIDE scanf %Lx (test for warnings, line 43)
FAIL: gcc.dg/format/warnll-1.c -DWIDE scanf %LX (test for warnings, line 44)
FAIL: gcc.dg/format/xopen-1.c precision with %C (test for warnings, line 20)
FAIL: gcc.dg/format/xopen-1.c bad %hC (test for warnings, line 21)
FAIL: gcc.dg/format/xopen-1.c bad %hhC (test for warnings, line 22)
FAIL: gcc.dg/format/xopen-1.c bad %lC (test for warnings, line 23)
FAIL: gcc.dg/format/xopen-1.c bad %llC (test for warnings, line 24)
FAIL: gcc.dg/format/xopen-1.c bad %jC (test for warnings, line 25)
FAIL: gcc.dg/format/xopen-1.c bad %zC (test for warnings, line 26)
FAIL: gcc.dg/format/xopen-1.c bad %tC (test for warnings, line 27)
FAIL: gcc.dg/format/xopen-1.c bad %LC (test for warnings, line 28)
FAIL: gcc.dg/format/xopen-1.c bad %+C (test for warnings, line 30)
FAIL: gcc.dg/format/xopen-1.c bad % C (test for warnings, line 31)
FAIL: gcc.dg/format/xopen-1.c bad %#C (test for warnings, line 32)
FAIL: gcc.dg/format/xopen-1.c bad %0C (test for warnings, line 33)
FAIL: gcc.dg/format/xopen-1.c bad %'C (test for warnings, line 34)
FAIL: gcc.dg/format/xopen-1.c bad %hS (test for warnings, line 38)
FAIL: gcc.dg/format/xopen-1.c bad %hhS (test for warnings, line 39)
FAIL: gcc.dg/format/xopen-1.c bad %lS (test for warnings, line 40)
FAIL: gcc.dg/format/xopen-1.c bad %llS (test for warnings, line 41)
FAIL: gcc.dg/format/xopen-1.c bad %jS (test for warnings, line 42)
FAIL: gcc.dg/format/xopen-1.c bad %zS (test for warnings, line 43)
FAIL: gcc.dg/format/xopen-1.c bad %tS (test for warnings, line 44)
FAIL: gcc.dg/format/xopen-1.c bad %LS (test for warnings, line 45)
FAIL: gcc.dg/format/xopen-1.c bad %+S (test for warnings, line 47)
FAIL: gcc.dg/format/xopen-1.c bad % S (test for warnings, line 48)
FAIL: gcc.dg/format/xopen-1.c bad %#S (test for warnings, line 49)
FAIL: gcc.dg/format/xopen-1.c bad %0S (test for warnings, line 50)
FAIL: gcc.dg/format/xopen-1.c bad %'S (test for warnings, line 51)
FAIL: gcc.dg/format/xopen-1.c bad %hC (test for warnings, line 56)
FAIL: gcc.dg/format/xopen-1.c bad %hhC (test for warnings, line 57)
FAIL: gcc.dg/format/xopen-1.c bad %lC (test for warnings, line 58)
FAIL: gcc.dg/format/xopen-1.c bad %llC (test for warnings, line 59)
FAIL: gcc.dg/format/xopen-1.c bad %jC (test for warnings, line 60)
FAIL: gcc.dg/format/xopen-1.c bad %zC (test for warnings, line 61)
FAIL: gcc.dg/format/xopen-1.c bad %tC (test for warnings, line 62)
FAIL: gcc.dg/format/xopen-1.c bad %LC (test for warnings, line 63)
FAIL: gcc.dg/format/xopen-1.c bad %hS (test for warnings, line 64)
FAIL: gcc.dg/format/xopen-1.c bad %hhS (test for warnings, line 65)
FAIL: gcc.dg/format/xopen-1.c bad %lS (test for warnings, line 66)
FAIL: gcc.dg/format/xopen-1.c bad %llS (test for warnings, line 67)
FAIL: gcc.dg/format/xopen-1.c bad %jS (test for warnings, line 68)
FAIL: gcc.dg/format/xopen-1.c bad %zS (test for warnings, line 69)
FAIL: gcc.dg/format/xopen-1.c bad %tS (test for warnings, line 70)
FAIL: gcc.dg/format/xopen-1.c bad %LS (test for warnings, line 71)
FAIL: gcc.dg/format/xopen-1.c bad use of ' flag (test for warnings, line 78)
FAIL: gcc.dg/format/xopen-1.c bad use of ' flag (test for warnings, line 79)
FAIL: gcc.dg/format/xopen-1.c bad use of ' flag (test for warnings, line 80)
FAIL: gcc.dg/format/xopen-1.c bad use of ' flag (test for warnings, line 81)
FAIL: gcc.dg/format/xopen-1.c bad use of ' flag (test for warnings, line 82)
FAIL: gcc.dg/format/xopen-1.c bad use of ' flag (test for warnings, line 83)
FAIL: gcc.dg/format/xopen-1.c bad use of ' flag (test for warnings, line 84)
FAIL: gcc.dg/format/xopen-1.c bad use of ' flag (test for warnings, line 85)
FAIL: gcc.dg/format/xopen-1.c bad use of ' flag (test for warnings, line 86)
FAIL: gcc.dg/format/xopen-1.c bad use of ' flag (test for warnings, line 87)
FAIL: gcc.dg/format/xopen-1.c bad use of ' flag (test for warnings, line 88)
FAIL: gcc.dg/format/xopen-1.c mismatched args with \$ format (test for warnings, line 92)
FAIL: gcc.dg/format/xopen-1.c mixing \$ and non-\$ formats (test for warnings, line 96)
FAIL: gcc.dg/format/xopen-1.c mixing \$ and non-\$ formats (test for warnings, line 98)
FAIL: gcc.dg/format/xopen-1.c mixing \$ and non-\$ formats (test for warnings, line 99)
FAIL: gcc.dg/format/xopen-1.c mixing \$ and non-\$ formats (test for warnings, line 100)
FAIL: gcc.dg/format/xopen-1.c mixing \$ and non-\$ formats (test for warnings, line 101)
FAIL: gcc.dg/format/xopen-1.c \$ number too large (test for warnings, line 103)
FAIL: gcc.dg/format/xopen-1.c \$ number too small (test for warnings, line 104)
FAIL: gcc.dg/format/xopen-1.c unused \$ operand (test for warnings, line 105)
FAIL: gcc.dg/format/xopen-1.c unused \$ operand (test for warnings, line 106)
FAIL: gcc.dg/format/xopen-1.c unused \$ operand (test for warnings, line 107)
FAIL: gcc.dg/format/xopen-1.c unused \$ scanf pointer operand (test for warnings, line 112)
FAIL: gcc.dg/format/xopen-1.c unused \$ scanf pointer operand (test for warnings, line 115)
FAIL: gcc.dg/format/xopen-1.c unused \$ scanf non-pointer operand (test for warnings, line 117)
FAIL: gcc.dg/format/xopen-1.c unused \$ scanf pointer operand (test for warnings, line 120)
FAIL: gcc.dg/format/xopen-1.c operand number with suppression (test for warnings, line 122)
FAIL: gcc.dg/format/xopen-1.c multiple use of scanf argument (test for warnings, line 124)
FAIL: gcc.dg/format/xopen-1.c -DWIDE precision with %C (test for warnings, line 20)
FAIL: gcc.dg/format/xopen-1.c -DWIDE bad %hC (test for warnings, line 21)
FAIL: gcc.dg/format/xopen-1.c -DWIDE bad %hhC (test for warnings, line 22)
FAIL: gcc.dg/format/xopen-1.c -DWIDE bad %lC (test for warnings, line 23)
FAIL: gcc.dg/format/xopen-1.c -DWIDE bad %llC (test for warnings, line 24)
FAIL: gcc.dg/format/xopen-1.c -DWIDE bad %jC (test for warnings, line 25)
FAIL: gcc.dg/format/xopen-1.c -DWIDE bad %zC (test for warnings, line 26)
FAIL: gcc.dg/format/xopen-1.c -DWIDE bad %tC (test for warnings, line 27)
FAIL: gcc.dg/format/xopen-1.c -DWIDE bad %LC (test for warnings, line 28)
FAIL: gcc.dg/format/xopen-1.c -DWIDE bad %+C (test for warnings, line 30)
FAIL: gcc.dg/format/xopen-1.c -DWIDE bad % C (test for warnings, line 31)
FAIL: gcc.dg/format/xopen-1.c -DWIDE bad %#C (test for warnings, line 32)
FAIL: gcc.dg/format/xopen-1.c -DWIDE bad %0C (test for warnings, line 33)
FAIL: gcc.dg/format/xopen-1.c -DWIDE bad %'C (test for warnings, line 34)
FAIL: gcc.dg/format/xopen-1.c -DWIDE bad %hS (test for warnings, line 38)
FAIL: gcc.dg/format/xopen-1.c -DWIDE bad %hhS (test for warnings, line 39)
FAIL: gcc.dg/format/xopen-1.c -DWIDE bad %lS (test for warnings, line 40)
FAIL: gcc.dg/format/xopen-1.c -DWIDE bad %llS (test for warnings, line 41)
FAIL: gcc.dg/format/xopen-1.c -DWIDE bad %jS (test for warnings, line 42)
FAIL: gcc.dg/format/xopen-1.c -DWIDE bad %zS (test for warnings, line 43)
FAIL: gcc.dg/format/xopen-1.c -DWIDE bad %tS (test for warnings, line 44)
FAIL: gcc.dg/format/xopen-1.c -DWIDE bad %LS (test for warnings, line 45)
FAIL: gcc.dg/format/xopen-1.c -DWIDE bad %+S (test for warnings, line 47)
FAIL: gcc.dg/format/xopen-1.c -DWIDE bad % S (test for warnings, line 48)
FAIL: gcc.dg/format/xopen-1.c -DWIDE bad %#S (test for warnings, line 49)
FAIL: gcc.dg/format/xopen-1.c -DWIDE bad %0S (test for warnings, line 50)
FAIL: gcc.dg/format/xopen-1.c -DWIDE bad %'S (test for warnings, line 51)
FAIL: gcc.dg/format/xopen-1.c -DWIDE bad %hC (test for warnings, line 56)
FAIL: gcc.dg/format/xopen-1.c -DWIDE bad %hhC (test for warnings, line 57)
FAIL: gcc.dg/format/xopen-1.c -DWIDE bad %lC (test for warnings, line 58)
FAIL: gcc.dg/format/xopen-1.c -DWIDE bad %llC (test for warnings, line 59)
FAIL: gcc.dg/format/xopen-1.c -DWIDE bad %jC (test for warnings, line 60)
FAIL: gcc.dg/format/xopen-1.c -DWIDE bad %zC (test for warnings, line 61)
FAIL: gcc.dg/format/xopen-1.c -DWIDE bad %tC (test for warnings, line 62)
FAIL: gcc.dg/format/xopen-1.c -DWIDE bad %LC (test for warnings, line 63)
FAIL: gcc.dg/format/xopen-1.c -DWIDE bad %hS (test for warnings, line 64)
FAIL: gcc.dg/format/xopen-1.c -DWIDE bad %hhS (test for warnings, line 65)
FAIL: gcc.dg/format/xopen-1.c -DWIDE bad %lS (test for warnings, line 66)
FAIL: gcc.dg/format/xopen-1.c -DWIDE bad %llS (test for warnings, line 67)
FAIL: gcc.dg/format/xopen-1.c -DWIDE bad %jS (test for warnings, line 68)
FAIL: gcc.dg/format/xopen-1.c -DWIDE bad %zS (test for warnings, line 69)
FAIL: gcc.dg/format/xopen-1.c -DWIDE bad %tS (test for warnings, line 70)
FAIL: gcc.dg/format/xopen-1.c -DWIDE bad %LS (test for warnings, line 71)
FAIL: gcc.dg/format/xopen-1.c -DWIDE bad use of ' flag (test for warnings, line 78)
FAIL: gcc.dg/format/xopen-1.c -DWIDE bad use of ' flag (test for warnings, line 79)
FAIL: gcc.dg/format/xopen-1.c -DWIDE bad use of ' flag (test for warnings, line 80)
FAIL: gcc.dg/format/xopen-1.c -DWIDE bad use of ' flag (test for warnings, line 81)
FAIL: gcc.dg/format/xopen-1.c -DWIDE bad use of ' flag (test for warnings, line 82)
FAIL: gcc.dg/format/xopen-1.c -DWIDE bad use of ' flag (test for warnings, line 83)
FAIL: gcc.dg/format/xopen-1.c -DWIDE bad use of ' flag (test for warnings, line 84)
FAIL: gcc.dg/format/xopen-1.c -DWIDE bad use of ' flag (test for warnings, line 85)
FAIL: gcc.dg/format/xopen-1.c -DWIDE bad use of ' flag (test for warnings, line 86)
FAIL: gcc.dg/format/xopen-1.c -DWIDE bad use of ' flag (test for warnings, line 87)
FAIL: gcc.dg/format/xopen-1.c -DWIDE bad use of ' flag (test for warnings, line 88)
FAIL: gcc.dg/format/xopen-1.c -DWIDE mismatched args with \$ format (test for warnings, line 92)
FAIL: gcc.dg/format/xopen-1.c -DWIDE mixing \$ and non-\$ formats (test for warnings, line 96)
FAIL: gcc.dg/format/xopen-1.c -DWIDE mixing \$ and non-\$ formats (test for warnings, line 98)
FAIL: gcc.dg/format/xopen-1.c -DWIDE mixing \$ and non-\$ formats (test for warnings, line 99)
FAIL: gcc.dg/format/xopen-1.c -DWIDE mixing \$ and non-\$ formats (test for warnings, line 100)
FAIL: gcc.dg/format/xopen-1.c -DWIDE mixing \$ and non-\$ formats (test for warnings, line 101)
FAIL: gcc.dg/format/xopen-1.c -DWIDE \$ number too large (test for warnings, line 103)
FAIL: gcc.dg/format/xopen-1.c -DWIDE \$ number too small (test for warnings, line 104)
FAIL: gcc.dg/format/xopen-1.c -DWIDE unused \$ operand (test for warnings, line 105)
FAIL: gcc.dg/format/xopen-1.c -DWIDE unused \$ operand (test for warnings, line 106)
FAIL: gcc.dg/format/xopen-1.c -DWIDE unused \$ operand (test for warnings, line 107)
FAIL: gcc.dg/format/xopen-1.c -DWIDE unused \$ scanf pointer operand (test for warnings, line 112)
FAIL: gcc.dg/format/xopen-1.c -DWIDE unused \$ scanf pointer operand (test for warnings, line 115)
FAIL: gcc.dg/format/xopen-1.c -DWIDE unused \$ scanf non-pointer operand (test for warnings, line 117)
FAIL: gcc.dg/format/xopen-1.c -DWIDE unused \$ scanf pointer operand (test for warnings, line 120)
FAIL: gcc.dg/format/xopen-1.c -DWIDE operand number with suppression (test for warnings, line 122)
FAIL: gcc.dg/format/xopen-1.c -DWIDE multiple use of scanf argument (test for warnings, line 124)
FAIL: gcc.dg/format/xopen-3.c mixing \$ and non-\$ formats (test for warnings, line 12)
FAIL: gcc.dg/format/xopen-3.c mixing \$ and non-\$ formats (test for warnings, line 13)
FAIL: gcc.dg/format/xopen-3.c mixing \$ and non-\$ formats (test for warnings, line 14)
FAIL: gcc.dg/format/xopen-3.c -DWIDE mixing \$ and non-\$ formats (test for warnings, line 12)
FAIL: gcc.dg/format/xopen-3.c -DWIDE mixing \$ and non-\$ formats (test for warnings, line 13)
FAIL: gcc.dg/format/xopen-3.c -DWIDE mixing \$ and non-\$ formats (test for warnings, line 14)
FAIL: gcc.dg/tree-ssa/ifc-20040816-2.c scan-tree-dump-times Applying if-conversion 1
FAIL: 96:is -:should be 1
FAIL: gcc.misc-tests/gcov-4.c gcov: 1 failures in line counts, 0 in branch percentages, 0 in return percentages
=== gcc Summary ===
# of expected passes 29091
# of unexpected failures 2350
# of unexpected successes 1
# of expected failures 108
# of untested testcases 28
# of unsupported tests 280
/mnt/build/build-2004-10-17-161001-trunk/gcc/xgcc version 4.0.0 20041017 (experimental)
=== libstdc++-v3 check-abi Summary ===
# of added symbols: 87
# of missing symbols: 46
# of incompatible symbols: 46
using: /home/pme/src/trunk/libstdc++-v3/config/abi/i486-linux-gnu/baseline_symbols.txt
=== libstdc++ tests ===
Running target unix
XPASS: 22_locale/locale/cons/12658_thread-1.cc execution test
XPASS: 26_numerics/cmath/c99_classification_macros_c.cc (test for excess errors)
=== libstdc++ Summary ===
# of expected passes 2969
# of unexpected successes 2
# of expected failures 5
Compiler version: 4.0.020041017(experimental)
Platform: i686-pc-linux-gnu
configure flags: --prefix=/mnt/build/install-2004-10-17-161001-trunk --enable-threads=posix --enable-__cxa_atexit --with-dwarf2 --enable-languages=c++,f95 --enable-languages=c,c++,f95