This is the mail archive of the
gcc-testresults@gcc.gnu.org
mailing list for the GCC project.
Results for 4.0.020041017(experimental) testsuite on alphaev67-unknown-linux-gnu
- From: Diego Novillo <dnovillo at redhat dot com>
- To: gcc-testresults at gcc dot gnu dot org
- Date: Sun, 17 Oct 2004 14:44:46 -0700
- Subject: Results for 4.0.020041017(experimental) testsuite on alphaev67-unknown-linux-gnu
LAST_UPDATED:
Native configuration is alphaev67-unknown-linux-gnu
=== libffi tests ===
Running target unix
=== libffi Summary ===
# of expected passes 214
# of unsupported tests 2
=== libjava tests ===
Running target unix
WARNING: program timed out.
WARNING: program timed out.
WARNING: program timed out.
FAIL: assignment -O3 compilation from source
WARNING: program timed out.
FAIL: pr17500 -O3 compilation from bytecode
WARNING: program timed out.
FAIL: Array_3 execution - source compiled test
FAIL: Array_3 execution - gij test
FAIL: Array_3 execution - bytecode->native test
FAIL: Array_3 -O3 execution - source compiled test
FAIL: Array_3 execution - gij test
FAIL: Array_3 -O3 execution - bytecode->native test
WARNING: program timed out.
FAIL: Class_1 compilation from source
FAIL: Invoke_1 execution - source compiled test
FAIL: Invoke_1 execution - bytecode->native test
FAIL: Invoke_1 -O3 execution - source compiled test
FAIL: Invoke_1 -O3 execution - bytecode->native test
FAIL: LargeFile execution - source compiled test
FAIL: LargeFile execution - gij test
FAIL: LargeFile execution - bytecode->native test
FAIL: LargeFile -O3 execution - source compiled test
FAIL: LargeFile execution - gij test
FAIL: LargeFile -O3 execution - bytecode->native test
FAIL: PR218 output - source compiled test
FAIL: PR218 output - gij test
FAIL: PR218 output - bytecode->native test
FAIL: PR218 -O3 output - source compiled test
FAIL: PR218 output - gij test
FAIL: PR218 -O3 output - bytecode->native test
FAIL: Throw_2 execution - source compiled test
FAIL: Throw_2 execution - gij test
FAIL: Throw_2 execution - bytecode->native test
FAIL: Throw_2 -O3 execution - source compiled test
FAIL: Throw_2 execution - gij test
FAIL: Throw_2 -O3 execution - bytecode->native test
FAIL: initexc execution - gij test
FAIL: initexc execution - gij test
=== libjava Summary ===
# of expected passes 3590
# of unexpected failures 33
# of expected failures 14
# of untested testcases 42
=== libmudflap tests ===
Running target unix
FAIL: libmudflap.c/pass49-frag.c execution test
FAIL: libmudflap.c/pass49-frag.c output pattern test
FAIL: libmudflap.c/pass49-frag.c (-static) execution test
FAIL: libmudflap.c/pass49-frag.c (-static) output pattern test
FAIL: libmudflap.c/pass49-frag.c (-O2) execution test
FAIL: libmudflap.c/pass49-frag.c (-O2) output pattern test
FAIL: libmudflap.c/pass49-frag.c (-O3) execution test
FAIL: libmudflap.c/pass49-frag.c (-O3) output pattern test
FAIL: libmudflap.cth/pass40-frag.c execution test
FAIL: libmudflap.cth/pass40-frag.c output pattern test
FAIL: libmudflap.cth/pass40-frag.c (-O2) execution test
FAIL: libmudflap.cth/pass40-frag.c (-O2) output pattern test
FAIL: libmudflap.cth/pass40-frag.c (-O3) execution test
FAIL: libmudflap.cth/pass40-frag.c (-O3) output pattern test
=== libmudflap Summary ===
# of expected passes 1202
# of unexpected failures 14
=== libstdc++-v3 check-abi Summary ===
# of added symbols: 50
# of missing symbols: 0
# of incompatible symbols: 0
using: /home/cygnus/dnovillo/perf/sbox/gcc/local.alpha/src/libstdc++-v3/config/abi/alpha-linux-gnu/baseline_symbols.txt
=== libstdc++ tests ===
Running target unix
XPASS: 22_locale/locale/cons/12658_thread-1.cc execution test
WARNING: program timed out.
FAIL: 22_locale/money_put/put/char/4.cc (test for excess errors)
FAIL: 23_containers/vector/cons/4.cc execution test
FAIL: 26_numerics/cmath/fabs_inline.cc (test for excess errors)
WARNING: 26_numerics/cmath/fabs_inline.cc compilation failed to produce executable
FAIL: 26_numerics/complex/pow.cc execution test
WARNING: program timed out.
FAIL: 27_io/basic_ostream/inserters_character/wchar_t/7.cc (test for excess errors)
XPASS: 27_io/fpos/14320-1.cc execution test
FAIL: ext/enc_filebuf/char/13189.cc (test for excess errors)
WARNING: ext/enc_filebuf/char/13189.cc compilation failed to produce executable
FAIL: ext/enc_filebuf/wchar_t/13189.cc (test for excess errors)
WARNING: ext/enc_filebuf/wchar_t/13189.cc compilation failed to produce executable
FAIL: ext/malloc_allocator/check_deallocate_null.cc (test for excess errors)
WARNING: ext/malloc_allocator/check_deallocate_null.cc compilation failed to produce executable
=== libstdc++ Summary ===
# of expected passes 2972
# of unexpected failures 8
# of unexpected successes 2
# of expected failures 5
=== g++ tests ===
Running target unix
WARNING: program timed out.
FAIL: g++.dg/debug/trivial.C -gstabs+3 -O2 (test for excess errors)
WARNING: program timed out.
FAIL: g++.dg/abi/vbase1.C (test for excess errors)
WARNING: program timed out.
FAIL: g++.dg/eh/cleanup1.C (test for excess errors)
WARNING: program timed out.
WARNING: program timed out.
XPASS: g++.dg/rtti/tinfo1.C scan-assembler _ZTIP9CTemplateIhE:
XPASS: g++.dg/rtti/tinfo1.C scan-assembler-not .globl[ \\t]+_ZTIP9CTemplateIhE
XPASS: g++.dg/rtti/tinfo1.C scan-assembler-not .section[^\\n\\r]*_ZTIP9CTemplateIhE[^\\n\\r]*
FAIL: 102:is -:should be 1
FAIL: g++.dg/gcov/gcov-1.C gcov: 1 failures in line counts, 0 in branch percentages, 0 in return percentages
WARNING: program timed out.
FAIL: g++.old-deja/g++.brendan/prepost4.C (test for excess errors)
WARNING: program timed out.
WARNING: program timed out.
FAIL: g++.old-deja/g++.bugs/900331_02.C (test for excess errors)
WARNING: program timed out.
WARNING: program timed out.
FAIL: g++.old-deja/g++.jason/overload18.C (test for excess errors)
WARNING: program timed out.
FAIL: g++.old-deja/g++.law/arm2.C (test for excess errors)
WARNING: program timed out.
FAIL: g++.old-deja/g++.law/copy2.C (test for excess errors)
WARNING: g++.old-deja/g++.mike/p10769a.C compilation failed to produce executable
WARNING: program timed out.
FAIL: g++.old-deja/g++.ns/template15.C (test for excess errors)
WARNING: g++.old-deja/g++.other/enum5.C compilation failed to produce executable
WARNING: program timed out.
FAIL: g++.old-deja/g++.other/string1.C (test for excess errors)
WARNING: program timed out.
WARNING: g++.old-deja/g++.pt/friend44.C compilation failed to produce executable
=== g++ Summary ===
# of expected passes 10175
# of unexpected failures 12
# of unexpected successes 3
# of expected failures 78
# of unsupported tests 81
/dorothy/dnovillo/sbox/gcc/bld.dorothy/gcc/testsuite/../g++ version 4.0.0 20041017 (experimental)
=== gcc tests ===
Running target unix
WARNING: program timed out.
FAIL: gcc.c-torture/compile/20000329-1.c -O3 -fomit-frame-pointer (test for excess errors)
WARNING: program timed out.
FAIL: gcc.c-torture/compile/20001226-1.c -O0 (test for excess errors)
WARNING: program timed out.
FAIL: gcc.c-torture/compile/20001226-1.c -O1 (test for excess errors)
WARNING: program timed out.
FAIL: gcc.c-torture/compile/20001226-1.c -O2 (test for excess errors)
WARNING: program timed out.
FAIL: gcc.c-torture/compile/20001226-1.c -O3 -fomit-frame-pointer (test for excess errors)
WARNING: program timed out.
FAIL: gcc.c-torture/compile/20001226-1.c -O3 -g (test for excess errors)
WARNING: program timed out.
FAIL: gcc.c-torture/compile/20001226-1.c -Os (test for excess errors)
WARNING: program timed out.
FAIL: gcc.c-torture/compile/200031109-1.c -O3 -g (test for excess errors)
WARNING: program timed out.
FAIL: gcc.c-torture/compile/20020303-1.c -O3 -fomit-frame-pointer (test for excess errors)
WARNING: program timed out.
FAIL: gcc.c-torture/compile/20030410-1.c -O0 (test for excess errors)
WARNING: program timed out.
FAIL: gcc.c-torture/compile/990117-1.c -O0 (test for excess errors)
WARNING: program timed out.
FAIL: gcc.c-torture/compile/mangle-1.c -O1 (test for excess errors)
FAIL: gcc.c-torture/execute/builtins/memmove.c execution, -O1
FAIL: gcc.c-torture/execute/builtins/memmove.c execution, -O2
FAIL: gcc.c-torture/execute/builtins/memmove.c execution, -O3 -fomit-frame-pointer
FAIL: gcc.c-torture/execute/builtins/memmove.c execution, -O3 -g
FAIL: gcc.c-torture/execute/builtins/memmove.c execution, -Os
WARNING: program timed out.
FAIL: gcc.c-torture/execute/20000605-1.c compilation, -O3 -fomit-frame-pointer -funroll-loops
UNRESOLVED: gcc.c-torture/execute/20000605-1.c execution, -O3 -fomit-frame-pointer -funroll-loops
WARNING: program timed out.
FAIL: gcc.c-torture/execute/20010518-2.c compilation, -O2
UNRESOLVED: gcc.c-torture/execute/20010518-2.c execution, -O2
XPASS: gcc.c-torture/execute/20020227-1.c execution, -O3 -fomit-frame-pointer
XPASS: gcc.c-torture/execute/20020227-1.c execution, -O3 -g
WARNING: program timed out.
FAIL: gcc.c-torture/execute/20030928-1.c compilation, -O2
UNRESOLVED: gcc.c-torture/execute/20030928-1.c execution, -O2
WARNING: program timed out.
FAIL: gcc.c-torture/execute/20040307-1.c compilation, -O1
UNRESOLVED: gcc.c-torture/execute/20040307-1.c execution, -O1
WARNING: program timed out.
FAIL: gcc.c-torture/execute/20040307-1.c compilation, -O2
UNRESOLVED: gcc.c-torture/execute/20040307-1.c execution, -O2
WARNING: program timed out.
FAIL: gcc.c-torture/execute/20040307-1.c compilation, -O3 -fomit-frame-pointer
UNRESOLVED: gcc.c-torture/execute/20040307-1.c execution, -O3 -fomit-frame-pointer
WARNING: program timed out.
FAIL: gcc.c-torture/execute/20040307-1.c compilation, -O3 -fomit-frame-pointer -funroll-loops
UNRESOLVED: gcc.c-torture/execute/20040307-1.c execution, -O3 -fomit-frame-pointer -funroll-loops
WARNING: program timed out.
FAIL: gcc.c-torture/execute/20040307-1.c compilation, -O3 -fomit-frame-pointer -funroll-all-loops -finline-functions
UNRESOLVED: gcc.c-torture/execute/20040307-1.c execution, -O3 -fomit-frame-pointer -funroll-all-loops -finline-functions
WARNING: program timed out.
FAIL: gcc.c-torture/execute/20040307-1.c compilation, -O3 -g
UNRESOLVED: gcc.c-torture/execute/20040307-1.c execution, -O3 -g
WARNING: program timed out.
FAIL: gcc.c-torture/execute/20040307-1.c compilation, -Os
UNRESOLVED: gcc.c-torture/execute/20040307-1.c execution, -Os
WARNING: program timed out.
FAIL: gcc.c-torture/execute/920428-2.c compilation, -O0
UNRESOLVED: gcc.c-torture/execute/920428-2.c execution, -O0
WARNING: program timed out.
FAIL: gcc.c-torture/execute/930713-1.c compilation, -Os
UNRESOLVED: gcc.c-torture/execute/930713-1.c execution, -Os
WARNING: program timed out.
FAIL: gcc.c-torture/execute/931004-1.c compilation, -O2
UNRESOLVED: gcc.c-torture/execute/931004-1.c execution, -O2
WARNING: program timed out.
FAIL: gcc.c-torture/execute/950710-1.c compilation, -O3 -fomit-frame-pointer
UNRESOLVED: gcc.c-torture/execute/950710-1.c execution, -O3 -fomit-frame-pointer
WARNING: program timed out.
FAIL: gcc.c-torture/execute/complex-2.c compilation, -O3 -fomit-frame-pointer
UNRESOLVED: gcc.c-torture/execute/complex-2.c execution, -O3 -fomit-frame-pointer
WARNING: program timed out.
FAIL: gcc.c-torture/execute/divcmp-4.c compilation, -O1
UNRESOLVED: gcc.c-torture/execute/divcmp-4.c execution, -O1
WARNING: program timed out.
FAIL: gcc.c-torture/execute/loop-3c.c compilation, -O1
UNRESOLVED: gcc.c-torture/execute/loop-3c.c execution, -O1
FAIL: gcc.c-torture/execute/memcpy-bi.c compilation, -O3 -g
UNRESOLVED: gcc.c-torture/execute/memcpy-bi.c execution, -O3 -g
WARNING: program timed out.
FAIL: gcc.c-torture/execute/va-arg-10.c compilation, -O1
UNRESOLVED: gcc.c-torture/execute/va-arg-10.c execution, -O1
WARNING: program timed out.
FAIL: gcc.c-torture/unsorted/m2.c, -O1
FAIL: tmpdir-gcc.dg-struct-layout-1/t024 c_compat_x_tst.o-c_compat_y_tst.o execute
FAIL: tmpdir-gcc.dg-struct-layout-1/t027 c_compat_x_tst.o-c_compat_y_tst.o execute
FAIL: tmpdir-gcc.dg-struct-layout-1/t028 c_compat_x_tst.o-c_compat_y_tst.o execute
WARNING: program timed out.
FAIL: gcc.dg/cpp/19960224-1.c (test for excess errors)
FAIL: gcc.dg/debug/dwarf2/dwarf-die7.c scan-assembler 1.*DW_AT_inline
FAIL: gcc.dg/c90-const-expr-3.c (test for excess errors)
FAIL: gcc.dg/c99-const-expr-3.c (test for excess errors)
FAIL: gcc.dg/cleanup-10.c execution test
FAIL: gcc.dg/cleanup-11.c execution test
FAIL: gcc.dg/cleanup-8.c execution test
FAIL: gcc.dg/cleanup-9.c execution test
WARNING: program timed out.
WARNING: program timed out.
WARNING: program timed out.
FAIL: gcc.dg/pch/common-1.c -O0 -g (test for excess errors)
WARNING: program timed out.
FAIL: ./macro-1.h -O3 -fomit-frame-pointer (test for excess errors)
FAIL: gcc.dg/tree-ssa/ifc-20040816-2.c scan-tree-dump-times Applying if-conversion 1
FAIL: gcc.dg/tree-ssa/loop-5.c scan-tree-dump-times int iter 1
FAIL: 96:is -:should be 1
FAIL: gcc.misc-tests/gcov-4.c gcov: 1 failures in line counts, 0 in branch percentages, 0 in return percentages
=== gcc Summary ===
# of expected passes 30732
# of unexpected failures 54
# of unexpected successes 2
# of expected failures 70
# of unresolved testcases 19
# of untested testcases 28
# of unsupported tests 507
/dorothy/dnovillo/sbox/gcc/bld.dorothy/gcc/xgcc version 4.0.0 20041017 (experimental)
=== gfortran tests ===
Running target unix
FAIL: gfortran.dg/der_array_1.f90 -O0 execution test
FAIL: gfortran.dg/der_array_1.f90 -O1 execution test
FAIL: gfortran.dg/der_array_1.f90 -O2 execution test
FAIL: gfortran.dg/der_array_1.f90 -O3 -fomit-frame-pointer execution test
FAIL: gfortran.dg/der_array_1.f90 -O3 -fomit-frame-pointer -funroll-loops execution test
FAIL: gfortran.dg/der_array_1.f90 -O3 -fomit-frame-pointer -funroll-all-loops -finline-functions execution test
FAIL: gfortran.dg/der_array_1.f90 -O3 -g execution test
FAIL: gfortran.dg/der_array_1.f90 -Os execution test
FAIL: gfortran.dg/func_derived_1.f90 -O0 execution test
FAIL: gfortran.dg/func_derived_1.f90 -O1 execution test
FAIL: gfortran.dg/func_derived_1.f90 -O2 execution test
FAIL: gfortran.dg/func_derived_1.f90 -O3 -fomit-frame-pointer execution test
FAIL: gfortran.dg/func_derived_1.f90 -O3 -fomit-frame-pointer -funroll-loops execution test
FAIL: gfortran.dg/func_derived_1.f90 -O3 -fomit-frame-pointer -funroll-all-loops -finline-functions execution test
FAIL: gfortran.dg/func_derived_1.f90 -O3 -g execution test
FAIL: gfortran.dg/func_derived_1.f90 -Os execution test
XPASS: gfortran.dg/ret_pointer_1.f90 -O0 execution test
XPASS: gfortran.dg/ret_pointer_1.f90 -O1 execution test
XPASS: gfortran.dg/ret_pointer_1.f90 -O2 execution test
XPASS: gfortran.dg/ret_pointer_1.f90 -O3 -fomit-frame-pointer execution test
XPASS: gfortran.dg/ret_pointer_1.f90 -O3 -fomit-frame-pointer -funroll-loops execution test
XPASS: gfortran.dg/ret_pointer_1.f90 -O3 -fomit-frame-pointer -funroll-all-loops -finline-functions execution test
XPASS: gfortran.dg/ret_pointer_1.f90 -O3 -g execution test
XPASS: gfortran.dg/ret_pointer_1.f90 -Os execution test
WARNING: program timed out.
FAIL: gfortran.dg/g77/f77-edit-apostrophe-out.f -O3 -fomit-frame-pointer (test for excess errors)
FAIL: gfortran.fortran-torture/execute/emptyif.f90 compilation, -O1
FAIL: gfortran.fortran-torture/execute/emptyif.f90 compilation, -O2
FAIL: gfortran.fortran-torture/execute/emptyif.f90 compilation, -O3 -fomit-frame-pointer
FAIL: gfortran.fortran-torture/execute/emptyif.f90 compilation, -O3 -fomit-frame-pointer -funroll-loops
FAIL: gfortran.fortran-torture/execute/emptyif.f90 compilation, -O3 -fomit-frame-pointer -funroll-all-loops -finline-functions
FAIL: gfortran.fortran-torture/execute/emptyif.f90 compilation, -O3 -g
FAIL: gfortran.fortran-torture/execute/emptyif.f90 compilation, -Os
FAIL: gfortran.fortran-torture/execute/forall_3.f90 execution, -O1
FAIL: gfortran.fortran-torture/execute/forall_3.f90 execution, -O2
FAIL: gfortran.fortran-torture/execute/forall_3.f90 execution, -O3 -fomit-frame-pointer
FAIL: gfortran.fortran-torture/execute/forall_3.f90 execution, -O3 -fomit-frame-pointer -funroll-loops
FAIL: gfortran.fortran-torture/execute/forall_3.f90 execution, -O3 -fomit-frame-pointer -funroll-all-loops -finline-functions
FAIL: gfortran.fortran-torture/execute/forall_3.f90 execution, -O3 -g
FAIL: gfortran.fortran-torture/execute/forall_3.f90 execution, -Os
FAIL: gfortran.fortran-torture/execute/intrinsic_pack.f90 execution, -O0
FAIL: gfortran.fortran-torture/execute/intrinsic_pack.f90 execution, -O1
FAIL: gfortran.fortran-torture/execute/intrinsic_pack.f90 execution, -O2
FAIL: gfortran.fortran-torture/execute/intrinsic_pack.f90 execution, -O3 -fomit-frame-pointer
FAIL: gfortran.fortran-torture/execute/intrinsic_pack.f90 execution, -O3 -fomit-frame-pointer -funroll-loops
FAIL: gfortran.fortran-torture/execute/intrinsic_pack.f90 execution, -O3 -fomit-frame-pointer -funroll-all-loops -finline-functions
FAIL: gfortran.fortran-torture/execute/intrinsic_pack.f90 execution, -O3 -g
FAIL: gfortran.fortran-torture/execute/intrinsic_pack.f90 execution, -Os
WARNING: program timed out.
=== gfortran Summary ===
# of expected passes 4593
# of unexpected failures 39
# of unexpected successes 8
# of expected failures 19
# of untested testcases 7
# of unsupported tests 8
/dorothy/dnovillo/sbox/gcc/bld.dorothy/gcc/testsuite/../gfortran version 4.0.0 20041017 (experimental)
=== objc tests ===
Running target unix
=== objc Summary ===
# of expected passes 1421
# of unsupported tests 7
/dorothy/dnovillo/sbox/gcc/bld.dorothy/gcc/xgcc version 4.0.0 20041017 (experimental)
Compiler version: 4.0.020041017(experimental)
Platform: alphaev67-unknown-linux-gnu
configure flags: --prefix=/home/cygnus/dnovillo/perf/sbox/gcc/local.alpha/inst.dorothy --srcdir=/home/cygnus/dnovillo/perf/sbox/gcc/local.alpha/src --disable-multilib --enable-mpfr --enable-languages=c,c++,f95,java,objc