This is the mail archive of the
gcc-testresults@gcc.gnu.org
mailing list for the GCC project.
Results for 4.0.0 20041017 (experimental) testsuite on powerpc64-unknown-linux-gnu
- From: Janis Johnson <janis187 at us dot ibm dot com>
- To: gcc-testresults at gcc dot gnu dot org
- Date: Sat, 16 Oct 2004 21:47:30 -0700
- Subject: Results for 4.0.0 20041017 (experimental) testsuite on powerpc64-unknown-linux-gnu
Linux 2.4.21-17.EL ppc64
GNU C Library stable release version 2.3.2
GNU ld version 2.15
GNU assembler 2.15
GNU Make version 3.79.1
DejaGnu:
Expect version is 5.40.0
Tcl version is 8.4
Framework version is 1.4.4
CVS branch: mainline
This hardware does not support VMX instructions.
LAST_UPDATED: Sun Oct 17 01:20:20 UTC 2004
Native configuration is powerpc64-unknown-linux-gnu
=== g++ tests ===
Running target unix/-m32
XPASS: g++.dg/eh/simd-2.C execution test
XPASS: g++.dg/rtti/tinfo1.C scan-assembler _ZTIP9CTemplateIhE:
XPASS: g++.dg/rtti/tinfo1.C scan-assembler-not .globl[ \\t]+_ZTIP9CTemplateIhE
XPASS: g++.dg/rtti/tinfo1.C scan-assembler-not .section[^\\n\\r]*_ZTIP9CTemplateIhE[^\\n\\r]*
FAIL: 102:is -:should be 1
FAIL: g++.dg/gcov/gcov-1.C gcov: 1 failures in line counts, 0 in branch percentages, 0 in return percentages
WARNING: g++.old-deja/g++.mike/p10769a.C compilation failed to produce executable
WARNING: g++.old-deja/g++.other/enum5.C compilation failed to produce executable
XPASS: g++.old-deja/g++.other/init5.C execution test
WARNING: g++.old-deja/g++.pt/friend44.C compilation failed to produce executable
=== g++ Summary for unix/-m32 ===
# of expected passes 10206
# of unexpected failures 2
# of unexpected successes 5
# of expected failures 77
# of unsupported tests 71
Running target unix/-m64
XPASS: g++.dg/rtti/tinfo1.C scan-assembler _ZTIP9CTemplateIhE:
XPASS: g++.dg/rtti/tinfo1.C scan-assembler-not .globl[ \\t]+_ZTIP9CTemplateIhE
XPASS: g++.dg/rtti/tinfo1.C scan-assembler-not .section[^\\n\\r]*_ZTIP9CTemplateIhE[^\\n\\r]*
FAIL: 102:is -:should be 1
FAIL: g++.dg/gcov/gcov-1.C gcov: 1 failures in line counts, 0 in branch percentages, 0 in return percentages
WARNING: g++.old-deja/g++.mike/p10769a.C compilation failed to produce executable
WARNING: g++.old-deja/g++.other/enum5.C compilation failed to produce executable
XPASS: g++.old-deja/g++.other/init5.C execution test
WARNING: g++.old-deja/g++.pt/friend44.C compilation failed to produce executable
=== g++ Summary for unix/-m64 ===
# of expected passes 10206
# of unexpected failures 2
# of unexpected successes 4
# of expected failures 78
# of unsupported tests 71
=== g++ Summary ===
# of expected passes 20412
# of unexpected failures 4
# of unexpected successes 9
# of expected failures 155
# of unsupported tests 142
/home/gccbuild/build/nightly/build-gcc-mline/gcc/testsuite/../g++ version 4.0.0 20041017 (experimental)
=== gcc tests ===
Running target unix/-m32
FAIL: gcc.c-torture/execute/builtins/memmove.c execution, -O1
FAIL: gcc.c-torture/execute/builtins/memmove.c execution, -O2
FAIL: gcc.c-torture/execute/builtins/memmove.c execution, -O3 -fomit-frame-pointer
FAIL: gcc.c-torture/execute/builtins/memmove.c execution, -O3 -g
FAIL: gcc.c-torture/execute/builtins/memmove.c execution, -Os
FAIL: gcc.c-torture/execute/stdarg-2.c compilation, -O1
UNRESOLVED: gcc.c-torture/execute/stdarg-2.c execution, -O1
FAIL: gcc.c-torture/execute/stdarg-2.c compilation, -O2
UNRESOLVED: gcc.c-torture/execute/stdarg-2.c execution, -O2
FAIL: gcc.c-torture/execute/stdarg-2.c compilation, -O3 -fomit-frame-pointer
UNRESOLVED: gcc.c-torture/execute/stdarg-2.c execution, -O3 -fomit-frame-pointer
FAIL: gcc.c-torture/execute/stdarg-2.c compilation, -O3 -g
UNRESOLVED: gcc.c-torture/execute/stdarg-2.c execution, -O3 -g
FAIL: gcc.c-torture/execute/stdarg-2.c compilation, -Os
UNRESOLVED: gcc.c-torture/execute/stdarg-2.c execution, -Os
FAIL: gcc.dg/compat/vector-2 c_compat_x_tst.o compile
FAIL: gcc.dg/compat/vector-2 c_compat_y_tst.o compile
UNRESOLVED: gcc.dg/compat/vector-2 c_compat_x_tst.o-c_compat_y_tst.o link
UNRESOLVED: gcc.dg/compat/vector-2 c_compat_x_tst.o-c_compat_y_tst.o execute
FAIL: tmpdir-gcc.dg-struct-layout-1/t001 c_compat_x_tst.o compile
UNRESOLVED: tmpdir-gcc.dg-struct-layout-1/t001 c_compat_x_tst.o-c_compat_y_tst.o link
UNRESOLVED: tmpdir-gcc.dg-struct-layout-1/t001 c_compat_x_tst.o-c_compat_y_tst.o execute
FAIL: gcc.dg/debug/dwarf2/dwarf-die7.c scan-assembler 1.*DW_AT_inline
FAIL: gcc.dg/c90-const-expr-3.c (test for excess errors)
FAIL: gcc.dg/c99-const-expr-3.c (test for excess errors)
FAIL: gcc.dg/ppc64-abi-1.c execution test
FAIL: gcc.dg/ppc64-abi-2.c (test for excess errors)
WARNING: gcc.dg/ppc64-abi-2.c compilation failed to produce executable
FAIL: gcc.dg/ppc64-abi-3.c (test for errors, line 11)
FAIL: gcc.dg/ppc64-abi-3.c (test for errors, line 26)
FAIL: gcc.dg/ppc64-abi-3.c (test for excess errors)
FAIL: gcc.dg/pr17055-1.c (test for excess errors)
FAIL: gcc.dg/tree-ssa/ifc-20040816-2.c scan-tree-dump-times Applying if-conversion 1
FAIL: gcc.dg/tree-ssa/sra-1.c scan-tree-dump-times link_error 0
FAIL: gcc.dg/vect/vect-13.c execution test
FAIL: gcc.dg/vect/vect-17.c execution test
FAIL: gcc.dg/vect/vect-18.c execution test
FAIL: gcc.dg/vect/vect-19.c execution test
FAIL: gcc.dg/vect/vect-2.c execution test
FAIL: gcc.dg/vect/vect-20.c execution test
FAIL: gcc.dg/vect/vect-20.c scan-tree-dump-times vectorized 3 loops 1
FAIL: gcc.dg/vect/vect-22.c execution test
FAIL: gcc.dg/vect/vect-25.c execution test
FAIL: gcc.dg/vect/vect-26.c execution test
FAIL: gcc.dg/vect/vect-27.c execution test
FAIL: gcc.dg/vect/vect-27a.c execution test
FAIL: gcc.dg/vect/vect-28.c execution test
FAIL: gcc.dg/vect/vect-29.c execution test
FAIL: gcc.dg/vect/vect-29a.c execution test
FAIL: gcc.dg/vect/vect-3.c execution test
FAIL: gcc.dg/vect/vect-30.c execution test
FAIL: gcc.dg/vect/vect-31.c execution test
FAIL: gcc.dg/vect/vect-32.c execution test
FAIL: gcc.dg/vect/vect-34.c execution test
FAIL: gcc.dg/vect/vect-36.c execution test
FAIL: gcc.dg/vect/vect-37.c execution test
FAIL: gcc.dg/vect/vect-4.c execution test
FAIL: gcc.dg/vect/vect-40.c execution test
FAIL: gcc.dg/vect/vect-42.c execution test
FAIL: gcc.dg/vect/vect-43.c execution test
FAIL: gcc.dg/vect/vect-44.c execution test
FAIL: gcc.dg/vect/vect-46.c execution test
FAIL: gcc.dg/vect/vect-48.c execution test
FAIL: gcc.dg/vect/vect-48a.c execution test
FAIL: gcc.dg/vect/vect-5.c execution test
FAIL: gcc.dg/vect/vect-50.c execution test
FAIL: gcc.dg/vect/vect-52.c execution test
FAIL: gcc.dg/vect/vect-54.c execution test
FAIL: gcc.dg/vect/vect-56.c execution test
FAIL: gcc.dg/vect/vect-56a.c execution test
FAIL: gcc.dg/vect/vect-58.c execution test
FAIL: gcc.dg/vect/vect-6.c execution test
FAIL: gcc.dg/vect/vect-60.c execution test
FAIL: gcc.dg/vect/vect-62.c execution test
FAIL: gcc.dg/vect/vect-64.c execution test
FAIL: gcc.dg/vect/vect-65.c execution test
FAIL: gcc.dg/vect/vect-66.c execution test
FAIL: gcc.dg/vect/vect-68.c execution test
FAIL: gcc.dg/vect/vect-69.c execution test
FAIL: gcc.dg/vect/vect-7.c execution test
FAIL: gcc.dg/vect/vect-72.c execution test
FAIL: gcc.dg/vect/vect-72a.c execution test
FAIL: gcc.dg/vect/vect-73.c execution test
FAIL: gcc.dg/vect/vect-74.c execution test
FAIL: gcc.dg/vect/vect-75.c execution test
FAIL: gcc.dg/vect/vect-76.c execution test
FAIL: gcc.dg/vect/vect-77.c execution test
FAIL: gcc.dg/vect/vect-77a.c execution test
FAIL: gcc.dg/vect/vect-8.c execution test
FAIL: gcc.dg/vect/vect-80.c execution test
FAIL: gcc.dg/vect/vect-all.c execution test
FAIL: 96:is -:should be 1
FAIL: gcc.misc-tests/gcov-4.c gcov: 1 failures in line counts, 0 in branch percentages, 0 in return percentages
=== gcc Summary for unix/-m32 ===
# of expected passes 31747
# of unexpected failures 83
# of expected failures 92
# of unresolved testcases 9
# of untested testcases 28
# of unsupported tests 402
Running target unix/-m64
FAIL: gcc.c-torture/execute/930718-1.c execution, -O2
FAIL: gcc.c-torture/execute/930718-1.c execution, -O3 -fomit-frame-pointer
FAIL: gcc.c-torture/execute/930718-1.c execution, -O3 -g
FAIL: gcc.c-torture/execute/930718-1.c execution, -Os
FAIL: gcc.dg/compat/vector-2 c_compat_x_tst.o compile
FAIL: gcc.dg/compat/vector-2 c_compat_y_tst.o compile
UNRESOLVED: gcc.dg/compat/vector-2 c_compat_x_tst.o-c_compat_y_tst.o link
UNRESOLVED: gcc.dg/compat/vector-2 c_compat_x_tst.o-c_compat_y_tst.o execute
FAIL: gcc.dg/debug/dwarf2/dwarf-die7.c scan-assembler 1.*DW_AT_inline
FAIL: gcc.dg/c90-const-expr-3.c (test for excess errors)
FAIL: gcc.dg/c99-const-expr-3.c (test for excess errors)
FAIL: gcc.dg/ppc64-abi-3.c (test for errors, line 11)
FAIL: gcc.dg/ppc64-abi-3.c (test for errors, line 26)
FAIL: gcc.dg/ppc64-abi-3.c (test for excess errors)
FAIL: gcc.dg/tree-ssa/ifc-20040816-2.c scan-tree-dump-times Applying if-conversion 1
FAIL: gcc.dg/vect/vect-13.c execution test
FAIL: gcc.dg/vect/vect-17.c execution test
FAIL: gcc.dg/vect/vect-18.c execution test
FAIL: gcc.dg/vect/vect-19.c execution test
FAIL: gcc.dg/vect/vect-2.c execution test
FAIL: gcc.dg/vect/vect-20.c execution test
FAIL: gcc.dg/vect/vect-20.c scan-tree-dump-times vectorized 3 loops 1
FAIL: gcc.dg/vect/vect-22.c execution test
FAIL: gcc.dg/vect/vect-25.c execution test
FAIL: gcc.dg/vect/vect-26.c execution test
FAIL: gcc.dg/vect/vect-27.c execution test
FAIL: gcc.dg/vect/vect-27a.c execution test
FAIL: gcc.dg/vect/vect-28.c execution test
FAIL: gcc.dg/vect/vect-29.c execution test
FAIL: gcc.dg/vect/vect-29a.c execution test
FAIL: gcc.dg/vect/vect-3.c execution test
FAIL: gcc.dg/vect/vect-30.c execution test
FAIL: gcc.dg/vect/vect-31.c execution test
FAIL: gcc.dg/vect/vect-32.c execution test
FAIL: gcc.dg/vect/vect-34.c execution test
FAIL: gcc.dg/vect/vect-36.c execution test
FAIL: gcc.dg/vect/vect-4.c execution test
FAIL: gcc.dg/vect/vect-40.c execution test
FAIL: gcc.dg/vect/vect-42.c execution test
FAIL: gcc.dg/vect/vect-43.c execution test
FAIL: gcc.dg/vect/vect-44.c execution test
FAIL: gcc.dg/vect/vect-46.c scan-tree-dump-times vectorized 1 loops 1
FAIL: gcc.dg/vect/vect-48.c execution test
FAIL: gcc.dg/vect/vect-48a.c execution test
FAIL: gcc.dg/vect/vect-5.c execution test
FAIL: gcc.dg/vect/vect-50.c scan-tree-dump-times vectorized 1 loops 1
FAIL: gcc.dg/vect/vect-52.c scan-tree-dump-times vectorized 1 loops 1
FAIL: gcc.dg/vect/vect-54.c execution test
FAIL: gcc.dg/vect/vect-56.c execution test
FAIL: gcc.dg/vect/vect-56a.c execution test
FAIL: gcc.dg/vect/vect-58.c scan-tree-dump-times vectorized 1 loops 1
FAIL: gcc.dg/vect/vect-6.c execution test
FAIL: gcc.dg/vect/vect-60.c scan-tree-dump-times vectorized 1 loops 1
FAIL: gcc.dg/vect/vect-62.c execution test
FAIL: gcc.dg/vect/vect-64.c execution test
FAIL: gcc.dg/vect/vect-65.c execution test
FAIL: gcc.dg/vect/vect-66.c execution test
FAIL: gcc.dg/vect/vect-68.c execution test
FAIL: gcc.dg/vect/vect-69.c execution test
FAIL: gcc.dg/vect/vect-7.c execution test
FAIL: gcc.dg/vect/vect-72.c execution test
FAIL: gcc.dg/vect/vect-72a.c execution test
FAIL: gcc.dg/vect/vect-73.c execution test
FAIL: gcc.dg/vect/vect-74.c execution test
FAIL: gcc.dg/vect/vect-75.c execution test
FAIL: gcc.dg/vect/vect-76.c execution test
FAIL: gcc.dg/vect/vect-77.c scan-tree-dump-times vectorized 1 loops 1
FAIL: gcc.dg/vect/vect-77a.c scan-tree-dump-times vectorized 1 loops 1
FAIL: gcc.dg/vect/vect-8.c execution test
FAIL: gcc.dg/vect/vect-80.c execution test
FAIL: gcc.dg/vect/vect-all.c execution test
FAIL: 96:is -:should be 1
FAIL: gcc.misc-tests/gcov-4.c gcov: 1 failures in line counts, 0 in branch percentages, 0 in return percentages
FAIL: linkage.c
=== gcc Summary for unix/-m64 ===
# of expected passes 31766
# of unexpected failures 72
# of expected failures 92
# of unresolved testcases 2
# of untested testcases 28
# of unsupported tests 402
=== gcc Summary ===
# of expected passes 63513
# of unexpected failures 155
# of expected failures 184
# of unresolved testcases 11
# of untested testcases 56
# of unsupported tests 804
/home/gccbuild/build/nightly/build-gcc-mline/gcc/xgcc version 4.0.0 20041017 (experimental)
=== objc tests ===
Running target unix/-m32
=== objc Summary for unix/-m32 ===
# of expected passes 1421
# of unsupported tests 7
Running target unix/-m64
=== objc Summary for unix/-m64 ===
# of expected passes 1421
# of unsupported tests 7
=== objc Summary ===
# of expected passes 2842
# of unsupported tests 14
/home/gccbuild/build/nightly/build-gcc-mline/gcc/xgcc version 4.0.0 20041017 (experimental)
=== libmudflap tests ===
Running target unix/-m32
FAIL: libmudflap.c/pass49-frag.c execution test
FAIL: libmudflap.c/pass49-frag.c output pattern test
FAIL: libmudflap.c/pass49-frag.c (-static) execution test
FAIL: libmudflap.c/pass49-frag.c (-static) output pattern test
FAIL: libmudflap.c/pass49-frag.c (-O2) execution test
FAIL: libmudflap.c/pass49-frag.c (-O2) output pattern test
FAIL: libmudflap.c/pass49-frag.c (-O3) execution test
FAIL: libmudflap.c/pass49-frag.c (-O3) output pattern test
WARNING: program timed out.
FAIL: libmudflap.cth/pass39-frag.c (-O2) (rerun 9) execution test
FAIL: libmudflap.cth/pass39-frag.c (-O2) (rerun 9) output pattern test
WARNING: program timed out.
FAIL: libmudflap.cth/pass39-frag.c (-O2) (rerun 12) execution test
FAIL: libmudflap.cth/pass39-frag.c (-O2) (rerun 12) output pattern test
WARNING: program timed out.
FAIL: libmudflap.cth/pass39-frag.c (-O2) (rerun 17) execution test
FAIL: libmudflap.cth/pass39-frag.c (-O2) (rerun 17) output pattern test
WARNING: program timed out.
FAIL: libmudflap.cth/pass39-frag.c (-O3) (rerun 7) execution test
FAIL: libmudflap.cth/pass39-frag.c (-O3) (rerun 7) output pattern test
WARNING: program timed out.
FAIL: libmudflap.cth/pass39-frag.c (-O3) (rerun 8) execution test
FAIL: libmudflap.cth/pass39-frag.c (-O3) (rerun 8) output pattern test
WARNING: program timed out.
FAIL: libmudflap.cth/pass39-frag.c (-O3) (rerun 17) execution test
WARNING: program timed out.
FAIL: libmudflap.cth/pass39-frag.c (-O3) (rerun 18) execution test
FAIL: libmudflap.cth/pass39-frag.c (-O3) (rerun 18) output pattern test
WARNING: program timed out.
FAIL: libmudflap.cth/pass39-frag.c (-O3) (rerun 19) execution test
FAIL: libmudflap.cth/pass39-frag.c (-O3) (rerun 19) output pattern test
=== libmudflap Summary for unix/-m32 ===
# of expected passes 1193
# of unexpected failures 23
Running target unix/-m64
FAIL: libmudflap.c/fail27-frag.c output pattern test
FAIL: libmudflap.c/fail27-frag.c (-O2) output pattern test
FAIL: libmudflap.c/fail27-frag.c (-O3) output pattern test
=== libmudflap Summary for unix/-m64 ===
# of expected passes 1213
# of unexpected failures 3
=== libmudflap Summary ===
# of expected passes 2406
# of unexpected failures 26
=== libstdc++ tests ===
Running target unix/-m32
XPASS: 22_locale/locale/cons/12658_thread-1.cc execution test
XPASS: 26_numerics/cmath/c99_classification_macros_c.cc (test for excess errors)
FAIL: ext/array_allocator/2.cc execution test
=== libstdc++ Summary for unix/-m32 ===
# of expected passes 2983
# of unexpected failures 1
# of unexpected successes 2
# of expected failures 5
Running target unix/-m64
XPASS: 22_locale/locale/cons/12658_thread-1.cc execution test
FAIL: 22_locale/messages/members/char/1.cc execution test
FAIL: 22_locale/messages/members/char/2.cc execution test
FAIL: 22_locale/messages/members/char/wrapped_env.cc execution test
FAIL: 22_locale/messages/members/char/wrapped_locale.cc execution test
FAIL: 22_locale/messages_byname/named_equivalence.cc execution test
XPASS: 26_numerics/cmath/c99_classification_macros_c.cc (test for excess errors)
FAIL: 26_numerics/complex/13450.cc execution test
FAIL: 26_numerics/complex/complex_value.cc execution test
FAIL: 26_numerics/complex/pow.cc execution test
XPASS: 27_io/fpos/14320-1.cc execution test
FAIL: ext/array_allocator/2.cc execution test
=== libstdc++ Summary for unix/-m64 ===
# of expected passes 2975
# of unexpected failures 9
# of unexpected successes 3
# of expected failures 4
=== libstdc++ Summary ===
# of expected passes 5958
# of unexpected failures 10
# of unexpected successes 5
# of expected failures 9
Compiler version: 4.0.0 20041017 (experimental)
Platform: powerpc64-unknown-linux-gnu
configure flags: --prefix=/opt/gcc-nightly/mline-20041017 --build=powerpc64-linux --host=powerpc64-linux --target=powerpc64-linux --with-cpu=default32 --with-as=/opt/gcc-nightly/binutils/bin/as --with-ld=/opt/gcc-nightly/binutils/bin/ld --enable-threads=posix --enable-shared --enable-__cxa_atexit --with-mpfr=/opt/gcc-nightly/gmp --enable-languages=c,c++,objc