This is the mail archive of the
gcc-testresults@gcc.gnu.org
mailing list for the GCC project.
Results for 4.0.0 20041006 (experimental) testsuite on i686-pc-linux-gnu
- From: hjl at gnu-10 dot sc dot intel dot com (H.J. Lu)
- To: gcc-testresults at gcc dot gnu dot org
- Date: Thu, 7 Oct 2004 09:21:56 -0700 (PDT)
- Subject: Results for 4.0.0 20041006 (experimental) testsuite on i686-pc-linux-gnu
LAST_UPDATED: Wed Oct 6 20:26:43 UTC 2004
Native configuration is i686-pc-linux-gnu
=== gcc tests ===
Running target unix
XPASS: gcc.c-torture/execute/loop-2e.c execution, -Os
FAIL: gcc.dg/debug/dwarf2/dwarf-die7.c scan-assembler 1.*DW_AT_inline
FAIL: gcc.dg/c90-const-expr-3.c (test for excess errors)
FAIL: gcc.dg/c99-const-expr-3.c (test for excess errors)
FAIL: gcc.dg/cleanup-10.c execution test
FAIL: gcc.dg/cleanup-11.c execution test
FAIL: gcc.dg/cleanup-8.c execution test
FAIL: gcc.dg/cleanup-9.c execution test
FAIL: gcc.dg/tree-ssa/ifc-20040816-2.c scan-tree-dump-times Applying if-conversion 1
FAIL: 96:is -:should be 1
FAIL: gcc.misc-tests/gcov-4.c gcov: 1 failures in line counts, 0 in branch percentages, 0 in return percentages
=== gcc Summary ===
# of expected passes 31102
# of unexpected failures 10
# of unexpected successes 1
# of expected failures 114
# of untested testcases 28
# of unsupported tests 272
/export/build/gnu/gcc/build-i686-linux/gcc/xgcc version 4.0.0 20041006 (experimental)
=== gfortran tests ===
Running target unix
FAIL: gfortran.dg/assignment_1.f90 -O0 execution test
FAIL: gfortran.dg/assignment_1.f90 -O1 execution test
FAIL: gfortran.dg/assignment_1.f90 -O2 execution test
FAIL: gfortran.dg/assignment_1.f90 -O3 -fomit-frame-pointer execution test
FAIL: gfortran.dg/assignment_1.f90 -O3 -fomit-frame-pointer -funroll-loops execution test
FAIL: gfortran.dg/assignment_1.f90 -O3 -fomit-frame-pointer -funroll-all-loops -finline-functions execution test
FAIL: gfortran.dg/assignment_1.f90 -O3 -g execution test
FAIL: gfortran.dg/assignment_1.f90 -Os execution test
FAIL: gfortran.dg/auto_array_1.f90 -O0 execution test
FAIL: gfortran.dg/auto_array_1.f90 -O1 execution test
FAIL: gfortran.dg/auto_array_1.f90 -O2 execution test
FAIL: gfortran.dg/auto_array_1.f90 -O3 -fomit-frame-pointer execution test
FAIL: gfortran.dg/auto_array_1.f90 -O3 -fomit-frame-pointer -funroll-loops execution test
FAIL: gfortran.dg/auto_array_1.f90 -O3 -fomit-frame-pointer -funroll-all-loops -finline-functions execution test
FAIL: gfortran.dg/auto_array_1.f90 -O3 -g execution test
FAIL: gfortran.dg/auto_array_1.f90 -Os execution test
FAIL: gfortran.dg/blockdata_1.f90 -O0 execution test
FAIL: gfortran.dg/blockdata_1.f90 -O1 execution test
FAIL: gfortran.dg/blockdata_1.f90 -O2 execution test
FAIL: gfortran.dg/blockdata_1.f90 -O3 -fomit-frame-pointer execution test
FAIL: gfortran.dg/blockdata_1.f90 -O3 -fomit-frame-pointer -funroll-loops execution test
FAIL: gfortran.dg/blockdata_1.f90 -O3 -fomit-frame-pointer -funroll-all-loops -finline-functions execution test
FAIL: gfortran.dg/blockdata_1.f90 -O3 -g execution test
FAIL: gfortran.dg/blockdata_1.f90 -Os execution test
FAIL: gfortran.dg/common_pointer_1.f90 -O0 execution test
FAIL: gfortran.dg/common_pointer_1.f90 -O1 execution test
FAIL: gfortran.dg/common_pointer_1.f90 -O2 execution test
FAIL: gfortran.dg/common_pointer_1.f90 -O3 -fomit-frame-pointer execution test
FAIL: gfortran.dg/common_pointer_1.f90 -O3 -fomit-frame-pointer -funroll-loops execution test
FAIL: gfortran.dg/common_pointer_1.f90 -O3 -fomit-frame-pointer -funroll-all-loops -finline-functions execution test
FAIL: gfortran.dg/common_pointer_1.f90 -O3 -g execution test
FAIL: gfortran.dg/common_pointer_1.f90 -Os execution test
FAIL: gfortran.dg/contained_1.f90 -O0 execution test
FAIL: gfortran.dg/contained_1.f90 -O1 execution test
FAIL: gfortran.dg/contained_1.f90 -O2 execution test
FAIL: gfortran.dg/contained_1.f90 -O3 -fomit-frame-pointer execution test
FAIL: gfortran.dg/contained_1.f90 -O3 -fomit-frame-pointer -funroll-loops execution test
FAIL: gfortran.dg/contained_1.f90 -O3 -fomit-frame-pointer -funroll-all-loops -finline-functions execution test
FAIL: gfortran.dg/contained_1.f90 -O3 -g execution test
FAIL: gfortran.dg/contained_1.f90 -Os execution test
FAIL: gfortran.dg/der_array_1.f90 -O0 execution test
FAIL: gfortran.dg/der_array_1.f90 -O1 execution test
FAIL: gfortran.dg/der_array_1.f90 -O2 execution test
FAIL: gfortran.dg/der_array_1.f90 -O3 -fomit-frame-pointer execution test
FAIL: gfortran.dg/der_array_1.f90 -O3 -fomit-frame-pointer -funroll-loops execution test
FAIL: gfortran.dg/der_array_1.f90 -O3 -fomit-frame-pointer -funroll-all-loops -finline-functions execution test
FAIL: gfortran.dg/der_array_1.f90 -O3 -g execution test
FAIL: gfortran.dg/der_array_1.f90 -Os execution test
FAIL: gfortran.dg/der_array_io_1.f90 -O0 execution test
FAIL: gfortran.dg/der_array_io_1.f90 -O1 execution test
FAIL: gfortran.dg/der_array_io_1.f90 -O2 execution test
FAIL: gfortran.dg/der_array_io_1.f90 -O3 -fomit-frame-pointer execution test
FAIL: gfortran.dg/der_array_io_1.f90 -O3 -fomit-frame-pointer -funroll-loops execution test
FAIL: gfortran.dg/der_array_io_1.f90 -O3 -fomit-frame-pointer -funroll-all-loops -finline-functions execution test
FAIL: gfortran.dg/der_array_io_1.f90 -O3 -g execution test
FAIL: gfortran.dg/der_array_io_1.f90 -Os execution test
FAIL: gfortran.dg/der_array_io_2.f90 -O0 execution test
FAIL: gfortran.dg/der_array_io_2.f90 -O1 execution test
FAIL: gfortran.dg/der_array_io_2.f90 -O2 execution test
FAIL: gfortran.dg/der_array_io_2.f90 -O3 -fomit-frame-pointer execution test
FAIL: gfortran.dg/der_array_io_2.f90 -O3 -fomit-frame-pointer -funroll-loops execution test
FAIL: gfortran.dg/der_array_io_2.f90 -O3 -fomit-frame-pointer -funroll-all-loops -finline-functions execution test
FAIL: gfortran.dg/der_array_io_2.f90 -O3 -g execution test
FAIL: gfortran.dg/der_array_io_2.f90 -Os execution test
FAIL: gfortran.dg/der_array_io_3.f90 -O0 execution test
FAIL: gfortran.dg/der_array_io_3.f90 -O1 execution test
FAIL: gfortran.dg/der_array_io_3.f90 -O2 execution test
FAIL: gfortran.dg/der_array_io_3.f90 -O3 -fomit-frame-pointer execution test
FAIL: gfortran.dg/der_array_io_3.f90 -O3 -fomit-frame-pointer -funroll-loops execution test
FAIL: gfortran.dg/der_array_io_3.f90 -O3 -fomit-frame-pointer -funroll-all-loops -finline-functions execution test
FAIL: gfortran.dg/der_array_io_3.f90 -O3 -g execution test
FAIL: gfortran.dg/der_array_io_3.f90 -Os execution test
FAIL: gfortran.dg/dfloat_1.f90 -O0 execution test
FAIL: gfortran.dg/dfloat_1.f90 -O1 execution test
FAIL: gfortran.dg/dfloat_1.f90 -O2 execution test
FAIL: gfortran.dg/dfloat_1.f90 -O3 -fomit-frame-pointer execution test
FAIL: gfortran.dg/dfloat_1.f90 -O3 -fomit-frame-pointer -funroll-loops execution test
FAIL: gfortran.dg/dfloat_1.f90 -O3 -fomit-frame-pointer -funroll-all-loops -finline-functions execution test
FAIL: gfortran.dg/dfloat_1.f90 -O3 -g execution test
FAIL: gfortran.dg/dfloat_1.f90 -Os execution test
FAIL: gfortran.dg/do_1.f90 -O0 execution test
FAIL: gfortran.dg/do_1.f90 -O1 execution test
FAIL: gfortran.dg/do_1.f90 -O2 execution test
FAIL: gfortran.dg/do_1.f90 -O3 -fomit-frame-pointer execution test
FAIL: gfortran.dg/do_1.f90 -O3 -fomit-frame-pointer -funroll-loops execution test
FAIL: gfortran.dg/do_1.f90 -O3 -fomit-frame-pointer -funroll-all-loops -finline-functions execution test
FAIL: gfortran.dg/do_1.f90 -O3 -g execution test
FAIL: gfortran.dg/do_1.f90 -Os execution test
FAIL: gfortran.dg/edit_real_1.f90 -O0 execution test
FAIL: gfortran.dg/edit_real_1.f90 -O1 execution test
FAIL: gfortran.dg/edit_real_1.f90 -O2 execution test
FAIL: gfortran.dg/edit_real_1.f90 -O3 -fomit-frame-pointer execution test
FAIL: gfortran.dg/edit_real_1.f90 -O3 -fomit-frame-pointer -funroll-loops execution test
FAIL: gfortran.dg/edit_real_1.f90 -O3 -fomit-frame-pointer -funroll-all-loops -finline-functions execution test
FAIL: gfortran.dg/edit_real_1.f90 -O3 -g execution test
FAIL: gfortran.dg/edit_real_1.f90 -Os execution test
FAIL: gfortran.dg/empty_format_1.f90 -O0 (test for excess errors)
FAIL: gfortran.dg/empty_format_1.f90 -O0 execution test
FAIL: gfortran.dg/empty_format_1.f90 -O1 (test for excess errors)
FAIL: gfortran.dg/empty_format_1.f90 -O1 execution test
FAIL: gfortran.dg/empty_format_1.f90 -O2 (test for excess errors)
FAIL: gfortran.dg/empty_format_1.f90 -O2 execution test
FAIL: gfortran.dg/empty_format_1.f90 -O3 -fomit-frame-pointer (test for excess errors)
FAIL: gfortran.dg/empty_format_1.f90 -O3 -fomit-frame-pointer execution test
FAIL: gfortran.dg/empty_format_1.f90 -O3 -fomit-frame-pointer -funroll-loops (test for excess errors)
FAIL: gfortran.dg/empty_format_1.f90 -O3 -fomit-frame-pointer -funroll-loops execution test
FAIL: gfortran.dg/empty_format_1.f90 -O3 -fomit-frame-pointer -funroll-all-loops -finline-functions (test for excess errors)
FAIL: gfortran.dg/empty_format_1.f90 -O3 -fomit-frame-pointer -funroll-all-loops -finline-functions execution test
FAIL: gfortran.dg/empty_format_1.f90 -O3 -g (test for excess errors)
FAIL: gfortran.dg/empty_format_1.f90 -O3 -g execution test
FAIL: gfortran.dg/empty_format_1.f90 -Os (test for excess errors)
FAIL: gfortran.dg/empty_format_1.f90 -Os execution test
FAIL: gfortran.dg/eof_1.f90 -O0 execution test
FAIL: gfortran.dg/eof_1.f90 -O1 execution test
FAIL: gfortran.dg/eof_1.f90 -O2 execution test
FAIL: gfortran.dg/eof_1.f90 -O3 -fomit-frame-pointer execution test
FAIL: gfortran.dg/eof_1.f90 -O3 -fomit-frame-pointer -funroll-loops execution test
FAIL: gfortran.dg/eof_1.f90 -O3 -fomit-frame-pointer -funroll-all-loops -finline-functions execution test
FAIL: gfortran.dg/eof_1.f90 -O3 -g execution test
FAIL: gfortran.dg/eof_1.f90 -Os execution test
FAIL: gfortran.dg/eof_2.f90 -O0 execution test
FAIL: gfortran.dg/eof_2.f90 -O1 execution test
FAIL: gfortran.dg/eof_2.f90 -O2 execution test
FAIL: gfortran.dg/eof_2.f90 -O3 -fomit-frame-pointer execution test
FAIL: gfortran.dg/eof_2.f90 -O3 -fomit-frame-pointer -funroll-loops execution test
FAIL: gfortran.dg/eof_2.f90 -O3 -fomit-frame-pointer -funroll-all-loops -finline-functions execution test
FAIL: gfortran.dg/eof_2.f90 -O3 -g execution test
FAIL: gfortran.dg/eof_2.f90 -Os execution test
FAIL: gfortran.dg/func_derived_1.f90 -O0 execution test
FAIL: gfortran.dg/func_derived_1.f90 -O1 execution test
FAIL: gfortran.dg/func_derived_1.f90 -O2 execution test
FAIL: gfortran.dg/func_derived_1.f90 -O3 -fomit-frame-pointer execution test
FAIL: gfortran.dg/func_derived_1.f90 -O3 -fomit-frame-pointer -funroll-loops execution test
FAIL: gfortran.dg/func_derived_1.f90 -O3 -fomit-frame-pointer -funroll-all-loops -finline-functions execution test
FAIL: gfortran.dg/func_derived_1.f90 -O3 -g execution test
FAIL: gfortran.dg/func_derived_1.f90 -Os execution test
FAIL: gfortran.dg/ishft.f90 -O0 execution test
FAIL: gfortran.dg/ishft.f90 -O1 execution test
FAIL: gfortran.dg/ishft.f90 -O2 execution test
FAIL: gfortran.dg/ishft.f90 -O3 -fomit-frame-pointer execution test
FAIL: gfortran.dg/ishft.f90 -O3 -fomit-frame-pointer -funroll-loops execution test
FAIL: gfortran.dg/ishft.f90 -O3 -fomit-frame-pointer -funroll-all-loops -finline-functions execution test
FAIL: gfortran.dg/ishft.f90 -O3 -g execution test
FAIL: gfortran.dg/ishft.f90 -Os execution test
FAIL: gfortran.dg/list_read_1.f90 -O0 execution test
FAIL: gfortran.dg/list_read_1.f90 -O1 execution test
FAIL: gfortran.dg/list_read_1.f90 -O2 execution test
FAIL: gfortran.dg/list_read_1.f90 -O3 -fomit-frame-pointer execution test
FAIL: gfortran.dg/list_read_1.f90 -O3 -fomit-frame-pointer -funroll-loops execution test
FAIL: gfortran.dg/list_read_1.f90 -O3 -fomit-frame-pointer -funroll-all-loops -finline-functions execution test
FAIL: gfortran.dg/list_read_1.f90 -O3 -g execution test
FAIL: gfortran.dg/list_read_1.f90 -Os execution test
FAIL: gfortran.dg/list_read_2.f90 -O0 execution test
FAIL: gfortran.dg/list_read_2.f90 -O1 execution test
FAIL: gfortran.dg/list_read_2.f90 -O2 execution test
FAIL: gfortran.dg/list_read_2.f90 -O3 -fomit-frame-pointer execution test
FAIL: gfortran.dg/list_read_2.f90 -O3 -fomit-frame-pointer -funroll-loops execution test
FAIL: gfortran.dg/list_read_2.f90 -O3 -fomit-frame-pointer -funroll-all-loops -finline-functions execution test
FAIL: gfortran.dg/list_read_2.f90 -O3 -g execution test
FAIL: gfortran.dg/list_read_2.f90 -Os execution test
FAIL: gfortran.dg/merge_char_1.f90 -O0 execution test
FAIL: gfortran.dg/merge_char_1.f90 -O1 execution test
FAIL: gfortran.dg/merge_char_1.f90 -O2 execution test
FAIL: gfortran.dg/merge_char_1.f90 -O3 -fomit-frame-pointer execution test
FAIL: gfortran.dg/merge_char_1.f90 -O3 -fomit-frame-pointer -funroll-loops execution test
FAIL: gfortran.dg/merge_char_1.f90 -O3 -fomit-frame-pointer -funroll-all-loops -finline-functions execution test
FAIL: gfortran.dg/merge_char_1.f90 -O3 -g execution test
FAIL: gfortran.dg/merge_char_1.f90 -Os execution test
FAIL: gfortran.dg/pointer_init_1.f90 -O0 execution test
FAIL: gfortran.dg/pointer_init_1.f90 -O1 execution test
FAIL: gfortran.dg/pointer_init_1.f90 -O2 execution test
FAIL: gfortran.dg/pointer_init_1.f90 -O3 -fomit-frame-pointer execution test
FAIL: gfortran.dg/pointer_init_1.f90 -O3 -fomit-frame-pointer -funroll-loops execution test
FAIL: gfortran.dg/pointer_init_1.f90 -O3 -fomit-frame-pointer -funroll-all-loops -finline-functions execution test
FAIL: gfortran.dg/pointer_init_1.f90 -O3 -g execution test
FAIL: gfortran.dg/pointer_init_1.f90 -Os execution test
FAIL: gfortran.dg/pr15129.f90 -O0 execution test
FAIL: gfortran.dg/pr15129.f90 -O1 execution test
FAIL: gfortran.dg/pr15129.f90 -O2 execution test
FAIL: gfortran.dg/pr15129.f90 -O3 -fomit-frame-pointer execution test
FAIL: gfortran.dg/pr15129.f90 -O3 -fomit-frame-pointer -funroll-loops execution test
FAIL: gfortran.dg/pr15129.f90 -O3 -fomit-frame-pointer -funroll-all-loops -finline-functions execution test
FAIL: gfortran.dg/pr15129.f90 -O3 -g execution test
FAIL: gfortran.dg/pr15129.f90 -Os execution test
FAIL: gfortran.dg/pr15140.f90 -O0 execution test
FAIL: gfortran.dg/pr15140.f90 -O1 execution test
FAIL: gfortran.dg/pr15140.f90 -O2 execution test
FAIL: gfortran.dg/pr15140.f90 -O3 -fomit-frame-pointer execution test
FAIL: gfortran.dg/pr15140.f90 -O3 -fomit-frame-pointer -funroll-loops execution test
FAIL: gfortran.dg/pr15140.f90 -O3 -fomit-frame-pointer -funroll-all-loops -finline-functions execution test
FAIL: gfortran.dg/pr15140.f90 -O3 -g execution test
FAIL: gfortran.dg/pr15140.f90 -Os execution test
FAIL: gfortran.dg/pr15324.f90 -O0 execution test
FAIL: gfortran.dg/pr15324.f90 -O1 execution test
FAIL: gfortran.dg/pr15324.f90 -O2 execution test
FAIL: gfortran.dg/pr15324.f90 -O3 -fomit-frame-pointer execution test
FAIL: gfortran.dg/pr15324.f90 -O3 -fomit-frame-pointer -funroll-loops execution test
FAIL: gfortran.dg/pr15324.f90 -O3 -fomit-frame-pointer -funroll-all-loops -finline-functions execution test
FAIL: gfortran.dg/pr15324.f90 -O3 -g execution test
FAIL: gfortran.dg/pr15324.f90 -Os execution test
FAIL: gfortran.dg/pr15957.f90 -O0 execution test
FAIL: gfortran.dg/pr15957.f90 -O1 execution test
FAIL: gfortran.dg/pr15957.f90 -O2 execution test
FAIL: gfortran.dg/pr15957.f90 -O3 -fomit-frame-pointer execution test
FAIL: gfortran.dg/pr15957.f90 -O3 -fomit-frame-pointer -funroll-loops execution test
FAIL: gfortran.dg/pr15957.f90 -O3 -fomit-frame-pointer -funroll-all-loops -finline-functions execution test
FAIL: gfortran.dg/pr15957.f90 -O3 -g execution test
FAIL: gfortran.dg/pr15957.f90 -Os execution test
FAIL: gfortran.dg/pr16935.f90 -O0 execution test
FAIL: gfortran.dg/pr16935.f90 -O1 execution test
FAIL: gfortran.dg/pr16935.f90 -O2 execution test
FAIL: gfortran.dg/pr16935.f90 -O3 -fomit-frame-pointer execution test
FAIL: gfortran.dg/pr16935.f90 -O3 -fomit-frame-pointer -funroll-loops execution test
FAIL: gfortran.dg/pr16935.f90 -O3 -fomit-frame-pointer -funroll-all-loops -finline-functions execution test
FAIL: gfortran.dg/pr16935.f90 -O3 -g execution test
FAIL: gfortran.dg/pr16935.f90 -Os execution test
FAIL: gfortran.dg/pr16938.f90 -O0 execution test
FAIL: gfortran.dg/pr16938.f90 -O1 execution test
FAIL: gfortran.dg/pr16938.f90 -O2 execution test
FAIL: gfortran.dg/pr16938.f90 -O3 -fomit-frame-pointer execution test
FAIL: gfortran.dg/pr16938.f90 -O3 -fomit-frame-pointer -funroll-loops execution test
FAIL: gfortran.dg/pr16938.f90 -O3 -fomit-frame-pointer -funroll-all-loops -finline-functions execution test
FAIL: gfortran.dg/pr16938.f90 -O3 -g execution test
FAIL: gfortran.dg/pr16938.f90 -Os execution test
FAIL: gfortran.dg/pr17090.f90 -O0 execution test
FAIL: gfortran.dg/pr17090.f90 -O1 execution test
FAIL: gfortran.dg/pr17090.f90 -O2 execution test
FAIL: gfortran.dg/pr17090.f90 -O3 -fomit-frame-pointer execution test
FAIL: gfortran.dg/pr17090.f90 -O3 -fomit-frame-pointer -funroll-loops execution test
FAIL: gfortran.dg/pr17090.f90 -O3 -fomit-frame-pointer -funroll-all-loops -finline-functions execution test
FAIL: gfortran.dg/pr17090.f90 -O3 -g execution test
FAIL: gfortran.dg/pr17090.f90 -Os execution test
FAIL: gfortran.dg/pr17286.f90 -O0 execution test
FAIL: gfortran.dg/pr17286.f90 -O1 execution test
FAIL: gfortran.dg/pr17286.f90 -O2 execution test
FAIL: gfortran.dg/pr17286.f90 -O3 -fomit-frame-pointer execution test
FAIL: gfortran.dg/pr17286.f90 -O3 -fomit-frame-pointer -funroll-loops execution test
FAIL: gfortran.dg/pr17286.f90 -O3 -fomit-frame-pointer -funroll-all-loops -finline-functions execution test
FAIL: gfortran.dg/pr17286.f90 -O3 -g execution test
FAIL: gfortran.dg/pr17286.f90 -Os execution test
FAIL: gfortran.dg/pr17612.f90 -O0 execution test
FAIL: gfortran.dg/pr17612.f90 -O1 execution test
FAIL: gfortran.dg/pr17612.f90 -O2 execution test
FAIL: gfortran.dg/pr17612.f90 -O3 -fomit-frame-pointer execution test
FAIL: gfortran.dg/pr17612.f90 -O3 -fomit-frame-pointer -funroll-loops execution test
FAIL: gfortran.dg/pr17612.f90 -O3 -fomit-frame-pointer -funroll-all-loops -finline-functions execution test
FAIL: gfortran.dg/pr17612.f90 -O3 -g execution test
FAIL: gfortran.dg/pr17612.f90 -Os execution test
FAIL: gfortran.dg/pr17706.f90 -O0 execution test
FAIL: gfortran.dg/pr17706.f90 -O1 execution test
FAIL: gfortran.dg/pr17706.f90 -O2 execution test
FAIL: gfortran.dg/pr17706.f90 -O3 -fomit-frame-pointer execution test
FAIL: gfortran.dg/pr17706.f90 -O3 -fomit-frame-pointer -funroll-loops execution test
FAIL: gfortran.dg/pr17706.f90 -O3 -fomit-frame-pointer -funroll-all-loops -finline-functions execution test
FAIL: gfortran.dg/pr17706.f90 -O3 -g execution test
FAIL: gfortran.dg/pr17706.f90 -Os execution test
FAIL: gfortran.dg/pr17708.f90 -O0 execution test
FAIL: gfortran.dg/pr17708.f90 -O1 execution test
FAIL: gfortran.dg/pr17708.f90 -O2 execution test
FAIL: gfortran.dg/pr17708.f90 -O3 -fomit-frame-pointer execution test
FAIL: gfortran.dg/pr17708.f90 -O3 -fomit-frame-pointer -funroll-loops execution test
FAIL: gfortran.dg/pr17708.f90 -O3 -fomit-frame-pointer -funroll-all-loops -finline-functions execution test
FAIL: gfortran.dg/pr17708.f90 -O3 -g execution test
FAIL: gfortran.dg/pr17708.f90 -Os execution test
FAIL: gfortran.dg/reduction.f90 -O0 execution test
FAIL: gfortran.dg/reduction.f90 -O1 execution test
FAIL: gfortran.dg/reduction.f90 -O2 execution test
FAIL: gfortran.dg/reduction.f90 -O3 -fomit-frame-pointer execution test
FAIL: gfortran.dg/reduction.f90 -O3 -fomit-frame-pointer -funroll-loops execution test
FAIL: gfortran.dg/reduction.f90 -O3 -fomit-frame-pointer -funroll-all-loops -finline-functions execution test
FAIL: gfortran.dg/reduction.f90 -O3 -g execution test
FAIL: gfortran.dg/reduction.f90 -Os execution test
FAIL: gfortran.dg/ret_array_1.f90 -O0 execution test
FAIL: gfortran.dg/ret_array_1.f90 -O1 execution test
FAIL: gfortran.dg/ret_array_1.f90 -O2 execution test
FAIL: gfortran.dg/ret_array_1.f90 -O3 -fomit-frame-pointer execution test
FAIL: gfortran.dg/ret_array_1.f90 -O3 -fomit-frame-pointer -funroll-loops execution test
FAIL: gfortran.dg/ret_array_1.f90 -O3 -fomit-frame-pointer -funroll-all-loops -finline-functions execution test
FAIL: gfortran.dg/ret_array_1.f90 -O3 -g execution test
FAIL: gfortran.dg/ret_array_1.f90 -Os execution test
FAIL: gfortran.dg/rewind_1.f90 -O0 execution test
FAIL: gfortran.dg/rewind_1.f90 -O1 execution test
FAIL: gfortran.dg/rewind_1.f90 -O2 execution test
FAIL: gfortran.dg/rewind_1.f90 -O3 -fomit-frame-pointer execution test
FAIL: gfortran.dg/rewind_1.f90 -O3 -fomit-frame-pointer -funroll-loops execution test
FAIL: gfortran.dg/rewind_1.f90 -O3 -fomit-frame-pointer -funroll-all-loops -finline-functions execution test
FAIL: gfortran.dg/rewind_1.f90 -O3 -g execution test
FAIL: gfortran.dg/rewind_1.f90 -Os execution test
FAIL: gfortran.dg/simpleif_1.f90 -O0 execution test
FAIL: gfortran.dg/simpleif_1.f90 -O1 execution test
FAIL: gfortran.dg/simpleif_1.f90 -O2 execution test
FAIL: gfortran.dg/simpleif_1.f90 -O3 -fomit-frame-pointer execution test
FAIL: gfortran.dg/simpleif_1.f90 -O3 -fomit-frame-pointer -funroll-loops execution test
FAIL: gfortran.dg/simpleif_1.f90 -O3 -fomit-frame-pointer -funroll-all-loops -finline-functions execution test
FAIL: gfortran.dg/simpleif_1.f90 -O3 -g execution test
FAIL: gfortran.dg/simpleif_1.f90 -Os execution test
FAIL: gfortran.dg/string_ctor_1.f90 -O0 execution test
FAIL: gfortran.dg/string_ctor_1.f90 -O1 execution test
FAIL: gfortran.dg/string_ctor_1.f90 -O2 execution test
FAIL: gfortran.dg/string_ctor_1.f90 -O3 -fomit-frame-pointer execution test
FAIL: gfortran.dg/string_ctor_1.f90 -O3 -fomit-frame-pointer -funroll-loops execution test
FAIL: gfortran.dg/string_ctor_1.f90 -O3 -fomit-frame-pointer -funroll-all-loops -finline-functions execution test
FAIL: gfortran.dg/string_ctor_1.f90 -O3 -g execution test
FAIL: gfortran.dg/string_ctor_1.f90 -Os execution test
FAIL: gfortran.dg/g77/13037.f -O0 execution test
FAIL: gfortran.dg/g77/13037.f -O1 execution test
FAIL: gfortran.dg/g77/13037.f -O2 execution test
FAIL: gfortran.dg/g77/13037.f -O3 -fomit-frame-pointer execution test
FAIL: gfortran.dg/g77/13037.f -O3 -fomit-frame-pointer -funroll-loops execution test
FAIL: gfortran.dg/g77/13037.f -O3 -fomit-frame-pointer -funroll-all-loops -finline-functions execution test
FAIL: gfortran.dg/g77/13037.f -O3 -g execution test
FAIL: gfortran.dg/g77/13037.f -Os execution test
FAIL: gfortran.dg/g77/1832.f -O0 execution test
FAIL: gfortran.dg/g77/1832.f -O1 execution test
FAIL: gfortran.dg/g77/1832.f -O2 execution test
FAIL: gfortran.dg/g77/1832.f -O3 -fomit-frame-pointer execution test
FAIL: gfortran.dg/g77/1832.f -O3 -fomit-frame-pointer -funroll-loops execution test
FAIL: gfortran.dg/g77/1832.f -O3 -fomit-frame-pointer -funroll-all-loops -finline-functions execution test
FAIL: gfortran.dg/g77/1832.f -O3 -g execution test
FAIL: gfortran.dg/g77/1832.f -Os execution test
FAIL: gfortran.dg/g77/19981119-0.f -O0 execution test
FAIL: gfortran.dg/g77/19981119-0.f -O1 execution test
FAIL: gfortran.dg/g77/19981119-0.f -O2 execution test
FAIL: gfortran.dg/g77/19981119-0.f -O3 -fomit-frame-pointer execution test
FAIL: gfortran.dg/g77/19981119-0.f -O3 -fomit-frame-pointer -funroll-loops execution test
FAIL: gfortran.dg/g77/19981119-0.f -O3 -fomit-frame-pointer -funroll-all-loops -finline-functions execution test
FAIL: gfortran.dg/g77/19981119-0.f -O3 -g execution test
FAIL: gfortran.dg/g77/19981119-0.f -Os execution test
FAIL: gfortran.dg/g77/19990313-0.f -O0 execution test
FAIL: gfortran.dg/g77/19990313-0.f -O1 execution test
FAIL: gfortran.dg/g77/19990313-0.f -O2 execution test
FAIL: gfortran.dg/g77/19990313-0.f -O3 -fomit-frame-pointer execution test
FAIL: gfortran.dg/g77/19990313-0.f -O3 -fomit-frame-pointer -funroll-loops execution test
FAIL: gfortran.dg/g77/19990313-0.f -O3 -fomit-frame-pointer -funroll-all-loops -finline-functions execution test
FAIL: gfortran.dg/g77/19990313-0.f -O3 -g execution test
FAIL: gfortran.dg/g77/19990313-0.f -Os execution test
FAIL: gfortran.dg/g77/19990313-1.f -O0 execution test
FAIL: gfortran.dg/g77/19990313-1.f -O1 execution test
FAIL: gfortran.dg/g77/19990313-1.f -O2 execution test
FAIL: gfortran.dg/g77/19990313-1.f -O3 -fomit-frame-pointer execution test
FAIL: gfortran.dg/g77/19990313-1.f -O3 -fomit-frame-pointer -funroll-loops execution test
FAIL: gfortran.dg/g77/19990313-1.f -O3 -fomit-frame-pointer -funroll-all-loops -finline-functions execution test
FAIL: gfortran.dg/g77/19990313-1.f -O3 -g execution test
FAIL: gfortran.dg/g77/19990313-1.f -Os execution test
FAIL: gfortran.dg/g77/19990313-2.f -O0 execution test
FAIL: gfortran.dg/g77/19990313-2.f -O1 execution test
FAIL: gfortran.dg/g77/19990313-2.f -O2 execution test
FAIL: gfortran.dg/g77/19990313-2.f -O3 -fomit-frame-pointer execution test
FAIL: gfortran.dg/g77/19990313-2.f -O3 -fomit-frame-pointer -funroll-loops execution test
FAIL: gfortran.dg/g77/19990313-2.f -O3 -fomit-frame-pointer -funroll-all-loops -finline-functions execution test
FAIL: gfortran.dg/g77/19990313-2.f -O3 -g execution test
FAIL: gfortran.dg/g77/19990313-2.f -Os execution test
FAIL: gfortran.dg/g77/19990313-3.f -O0 execution test
FAIL: gfortran.dg/g77/19990313-3.f -O1 execution test
FAIL: gfortran.dg/g77/19990313-3.f -O2 execution test
FAIL: gfortran.dg/g77/19990313-3.f -O3 -fomit-frame-pointer execution test
FAIL: gfortran.dg/g77/19990313-3.f -O3 -fomit-frame-pointer -funroll-loops execution test
FAIL: gfortran.dg/g77/19990313-3.f -O3 -fomit-frame-pointer -funroll-all-loops -finline-functions execution test
FAIL: gfortran.dg/g77/19990313-3.f -O3 -g execution test
FAIL: gfortran.dg/g77/19990313-3.f -Os execution test
FAIL: gfortran.dg/g77/19990419-1.f -O0 execution test
FAIL: gfortran.dg/g77/19990419-1.f -O1 execution test
FAIL: gfortran.dg/g77/19990419-1.f -O2 execution test
FAIL: gfortran.dg/g77/19990419-1.f -O3 -fomit-frame-pointer execution test
FAIL: gfortran.dg/g77/19990419-1.f -O3 -fomit-frame-pointer -funroll-loops execution test
FAIL: gfortran.dg/g77/19990419-1.f -O3 -fomit-frame-pointer -funroll-all-loops -finline-functions execution test
FAIL: gfortran.dg/g77/19990419-1.f -O3 -g execution test
FAIL: gfortran.dg/g77/19990419-1.f -Os execution test
FAIL: gfortran.dg/g77/19990826-0.f -O0 execution test
FAIL: gfortran.dg/g77/19990826-0.f -O1 execution test
FAIL: gfortran.dg/g77/19990826-0.f -O2 execution test
FAIL: gfortran.dg/g77/19990826-0.f -O3 -fomit-frame-pointer execution test
FAIL: gfortran.dg/g77/19990826-0.f -O3 -fomit-frame-pointer -funroll-loops execution test
FAIL: gfortran.dg/g77/19990826-0.f -O3 -fomit-frame-pointer -funroll-all-loops -finline-functions execution test
FAIL: gfortran.dg/g77/19990826-0.f -O3 -g execution test
FAIL: gfortran.dg/g77/19990826-0.f -Os execution test
FAIL: gfortran.dg/g77/19990826-2.f -O0 execution test
FAIL: gfortran.dg/g77/19990826-2.f -O1 execution test
FAIL: gfortran.dg/g77/19990826-2.f -O2 execution test
FAIL: gfortran.dg/g77/19990826-2.f -O3 -fomit-frame-pointer execution test
FAIL: gfortran.dg/g77/19990826-2.f -O3 -fomit-frame-pointer -funroll-loops execution test
FAIL: gfortran.dg/g77/19990826-2.f -O3 -fomit-frame-pointer -funroll-all-loops -finline-functions execution test
FAIL: gfortran.dg/g77/19990826-2.f -O3 -g execution test
FAIL: gfortran.dg/g77/19990826-2.f -Os execution test
FAIL: gfortran.dg/g77/20000503-1.f -O0 execution test
FAIL: gfortran.dg/g77/20000503-1.f -O1 execution test
FAIL: gfortran.dg/g77/20000503-1.f -O2 execution test
FAIL: gfortran.dg/g77/20000503-1.f -O3 -fomit-frame-pointer execution test
FAIL: gfortran.dg/g77/20000503-1.f -O3 -fomit-frame-pointer -funroll-loops execution test
FAIL: gfortran.dg/g77/20000503-1.f -O3 -fomit-frame-pointer -funroll-all-loops -finline-functions execution test
FAIL: gfortran.dg/g77/20000503-1.f -O3 -g execution test
FAIL: gfortran.dg/g77/20000503-1.f -Os execution test
FAIL: gfortran.dg/g77/20001111.f -O0 execution test
FAIL: gfortran.dg/g77/20001111.f -O1 execution test
FAIL: gfortran.dg/g77/20001111.f -O2 execution test
FAIL: gfortran.dg/g77/20001111.f -O3 -fomit-frame-pointer execution test
FAIL: gfortran.dg/g77/20001111.f -O3 -fomit-frame-pointer -funroll-loops execution test
FAIL: gfortran.dg/g77/20001111.f -O3 -fomit-frame-pointer -funroll-all-loops -finline-functions execution test
FAIL: gfortran.dg/g77/20001111.f -O3 -g execution test
FAIL: gfortran.dg/g77/20001111.f -Os execution test
FAIL: gfortran.dg/g77/20010116.f -O0 execution test
FAIL: gfortran.dg/g77/20010116.f -O1 execution test
FAIL: gfortran.dg/g77/20010116.f -O2 execution test
FAIL: gfortran.dg/g77/20010116.f -O3 -fomit-frame-pointer execution test
FAIL: gfortran.dg/g77/20010116.f -O3 -fomit-frame-pointer -funroll-loops execution test
FAIL: gfortran.dg/g77/20010116.f -O3 -fomit-frame-pointer -funroll-all-loops -finline-functions execution test
FAIL: gfortran.dg/g77/20010116.f -O3 -g execution test
FAIL: gfortran.dg/g77/20010116.f -Os execution test
FAIL: gfortran.dg/g77/20010216-1.f -O0 execution test
FAIL: gfortran.dg/g77/20010216-1.f -O1 execution test
FAIL: gfortran.dg/g77/20010216-1.f -O2 execution test
FAIL: gfortran.dg/g77/20010216-1.f -O3 -fomit-frame-pointer execution test
FAIL: gfortran.dg/g77/20010216-1.f -O3 -fomit-frame-pointer -funroll-loops execution test
FAIL: gfortran.dg/g77/20010216-1.f -O3 -fomit-frame-pointer -funroll-all-loops -finline-functions execution test
FAIL: gfortran.dg/g77/20010216-1.f -O3 -g execution test
FAIL: gfortran.dg/g77/20010216-1.f -Os execution test
FAIL: gfortran.dg/g77/20010426-1.f -O0 execution test
FAIL: gfortran.dg/g77/20010426-1.f -O1 execution test
FAIL: gfortran.dg/g77/20010426-1.f -O2 execution test
FAIL: gfortran.dg/g77/20010426-1.f -O3 -fomit-frame-pointer execution test
FAIL: gfortran.dg/g77/20010426-1.f -O3 -fomit-frame-pointer -funroll-loops execution test
FAIL: gfortran.dg/g77/20010426-1.f -O3 -fomit-frame-pointer -funroll-all-loops -finline-functions execution test
FAIL: gfortran.dg/g77/20010426-1.f -O3 -g execution test
FAIL: gfortran.dg/g77/20010426-1.f -Os execution test
FAIL: gfortran.dg/g77/20010430.f -O0 execution test
FAIL: gfortran.dg/g77/20010430.f -O1 execution test
FAIL: gfortran.dg/g77/20010430.f -O2 execution test
FAIL: gfortran.dg/g77/20010430.f -O3 -fomit-frame-pointer execution test
FAIL: gfortran.dg/g77/20010430.f -O3 -fomit-frame-pointer -funroll-loops execution test
FAIL: gfortran.dg/g77/20010430.f -O3 -fomit-frame-pointer -funroll-all-loops -finline-functions execution test
FAIL: gfortran.dg/g77/20010430.f -O3 -g execution test
FAIL: gfortran.dg/g77/20010430.f -Os execution test
FAIL: gfortran.dg/g77/20010610.f -O0 execution test
FAIL: gfortran.dg/g77/20010610.f -O1 execution test
FAIL: gfortran.dg/g77/20010610.f -O2 execution test
FAIL: gfortran.dg/g77/20010610.f -O3 -fomit-frame-pointer execution test
FAIL: gfortran.dg/g77/20010610.f -O3 -fomit-frame-pointer -funroll-loops execution test
FAIL: gfortran.dg/g77/20010610.f -O3 -fomit-frame-pointer -funroll-all-loops -finline-functions execution test
FAIL: gfortran.dg/g77/20010610.f -O3 -g execution test
FAIL: gfortran.dg/g77/20010610.f -Os execution test
FAIL: gfortran.dg/g77/6177.f -O0 execution test
FAIL: gfortran.dg/g77/6177.f -O1 execution test
FAIL: gfortran.dg/g77/6177.f -O2 execution test
FAIL: gfortran.dg/g77/6177.f -O3 -fomit-frame-pointer execution test
FAIL: gfortran.dg/g77/6177.f -O3 -fomit-frame-pointer -funroll-loops execution test
FAIL: gfortran.dg/g77/6177.f -O3 -fomit-frame-pointer -funroll-all-loops -finline-functions execution test
FAIL: gfortran.dg/g77/6177.f -O3 -g execution test
FAIL: gfortran.dg/g77/6177.f -Os execution test
FAIL: gfortran.dg/g77/7388.f -O0 execution test
FAIL: gfortran.dg/g77/7388.f -O1 execution test
FAIL: gfortran.dg/g77/7388.f -O2 execution test
FAIL: gfortran.dg/g77/7388.f -O3 -fomit-frame-pointer execution test
FAIL: gfortran.dg/g77/7388.f -O3 -fomit-frame-pointer -funroll-loops execution test
FAIL: gfortran.dg/g77/7388.f -O3 -fomit-frame-pointer -funroll-all-loops -finline-functions execution test
FAIL: gfortran.dg/g77/7388.f -O3 -g execution test
FAIL: gfortran.dg/g77/7388.f -Os execution test
FAIL: gfortran.dg/g77/947.f -O0 execution test
FAIL: gfortran.dg/g77/947.f -O1 execution test
FAIL: gfortran.dg/g77/947.f -O2 execution test
FAIL: gfortran.dg/g77/947.f -O3 -fomit-frame-pointer execution test
FAIL: gfortran.dg/g77/947.f -O3 -fomit-frame-pointer -funroll-loops execution test
FAIL: gfortran.dg/g77/947.f -O3 -fomit-frame-pointer -funroll-all-loops -finline-functions execution test
FAIL: gfortran.dg/g77/947.f -O3 -g execution test
FAIL: gfortran.dg/g77/947.f -Os execution test
FAIL: gfortran.dg/g77/970816-3.f -O0 execution test
FAIL: gfortran.dg/g77/970816-3.f -O1 execution test
FAIL: gfortran.dg/g77/970816-3.f -O2 execution test
FAIL: gfortran.dg/g77/970816-3.f -O3 -fomit-frame-pointer execution test
FAIL: gfortran.dg/g77/970816-3.f -O3 -fomit-frame-pointer -funroll-loops execution test
FAIL: gfortran.dg/g77/970816-3.f -O3 -fomit-frame-pointer -funroll-all-loops -finline-functions execution test
FAIL: gfortran.dg/g77/970816-3.f -O3 -g execution test
FAIL: gfortran.dg/g77/970816-3.f -Os execution test
FAIL: gfortran.dg/g77/971102-1.f -O0 execution test
FAIL: gfortran.dg/g77/971102-1.f -O1 execution test
FAIL: gfortran.dg/g77/971102-1.f -O2 execution test
FAIL: gfortran.dg/g77/971102-1.f -O3 -fomit-frame-pointer execution test
FAIL: gfortran.dg/g77/971102-1.f -O3 -fomit-frame-pointer -funroll-loops execution test
FAIL: gfortran.dg/g77/971102-1.f -O3 -fomit-frame-pointer -funroll-all-loops -finline-functions execution test
FAIL: gfortran.dg/g77/971102-1.f -O3 -g execution test
FAIL: gfortran.dg/g77/971102-1.f -Os execution test
FAIL: gfortran.dg/g77/980520-1.f -O0 execution test
FAIL: gfortran.dg/g77/980520-1.f -O1 execution test
FAIL: gfortran.dg/g77/980520-1.f -O2 execution test
FAIL: gfortran.dg/g77/980520-1.f -O3 -fomit-frame-pointer execution test
FAIL: gfortran.dg/g77/980520-1.f -O3 -fomit-frame-pointer -funroll-loops execution test
FAIL: gfortran.dg/g77/980520-1.f -O3 -fomit-frame-pointer -funroll-all-loops -finline-functions execution test
FAIL: gfortran.dg/g77/980520-1.f -O3 -g execution test
FAIL: gfortran.dg/g77/980520-1.f -Os execution test
FAIL: gfortran.dg/g77/980628-0.f -O0 execution test
FAIL: gfortran.dg/g77/980628-0.f -O1 execution test
FAIL: gfortran.dg/g77/980628-0.f -O2 execution test
FAIL: gfortran.dg/g77/980628-0.f -O3 -fomit-frame-pointer execution test
FAIL: gfortran.dg/g77/980628-0.f -O3 -fomit-frame-pointer -funroll-loops execution test
FAIL: gfortran.dg/g77/980628-0.f -O3 -fomit-frame-pointer -funroll-all-loops -finline-functions execution test
FAIL: gfortran.dg/g77/980628-0.f -O3 -g execution test
FAIL: gfortran.dg/g77/980628-0.f -Os execution test
FAIL: gfortran.dg/g77/980628-1.f -O0 execution test
FAIL: gfortran.dg/g77/980628-1.f -O1 execution test
FAIL: gfortran.dg/g77/980628-1.f -O2 execution test
FAIL: gfortran.dg/g77/980628-1.f -O3 -fomit-frame-pointer execution test
FAIL: gfortran.dg/g77/980628-1.f -O3 -fomit-frame-pointer -funroll-loops execution test
FAIL: gfortran.dg/g77/980628-1.f -O3 -fomit-frame-pointer -funroll-all-loops -finline-functions execution test
FAIL: gfortran.dg/g77/980628-1.f -O3 -g execution test
FAIL: gfortran.dg/g77/980628-1.f -Os execution test
FAIL: gfortran.dg/g77/980628-10.f -O0 execution test
FAIL: gfortran.dg/g77/980628-10.f -O1 execution test
FAIL: gfortran.dg/g77/980628-10.f -O2 execution test
FAIL: gfortran.dg/g77/980628-10.f -O3 -fomit-frame-pointer execution test
FAIL: gfortran.dg/g77/980628-10.f -O3 -fomit-frame-pointer -funroll-loops execution test
FAIL: gfortran.dg/g77/980628-10.f -O3 -fomit-frame-pointer -funroll-all-loops -finline-functions execution test
FAIL: gfortran.dg/g77/980628-10.f -O3 -g execution test
FAIL: gfortran.dg/g77/980628-10.f -Os execution test
FAIL: gfortran.dg/g77/980628-2.f -O0 execution test
FAIL: gfortran.dg/g77/980628-2.f -O1 execution test
FAIL: gfortran.dg/g77/980628-2.f -O2 execution test
FAIL: gfortran.dg/g77/980628-2.f -O3 -fomit-frame-pointer execution test
FAIL: gfortran.dg/g77/980628-2.f -O3 -fomit-frame-pointer -funroll-loops execution test
FAIL: gfortran.dg/g77/980628-2.f -O3 -fomit-frame-pointer -funroll-all-loops -finline-functions execution test
FAIL: gfortran.dg/g77/980628-2.f -O3 -g execution test
FAIL: gfortran.dg/g77/980628-2.f -Os execution test
FAIL: gfortran.dg/g77/980628-3.f -O0 execution test
FAIL: gfortran.dg/g77/980628-3.f -O1 execution test
FAIL: gfortran.dg/g77/980628-3.f -O2 execution test
FAIL: gfortran.dg/g77/980628-3.f -O3 -fomit-frame-pointer execution test
FAIL: gfortran.dg/g77/980628-3.f -O3 -fomit-frame-pointer -funroll-loops execution test
FAIL: gfortran.dg/g77/980628-3.f -O3 -fomit-frame-pointer -funroll-all-loops -finline-functions execution test
FAIL: gfortran.dg/g77/980628-3.f -O3 -g execution test
FAIL: gfortran.dg/g77/980628-3.f -Os execution test
FAIL: gfortran.dg/g77/980628-7.f -O0 execution test
FAIL: gfortran.dg/g77/980628-7.f -O1 execution test
FAIL: gfortran.dg/g77/980628-7.f -O2 execution test
FAIL: gfortran.dg/g77/980628-7.f -O3 -fomit-frame-pointer execution test
FAIL: gfortran.dg/g77/980628-7.f -O3 -fomit-frame-pointer -funroll-loops execution test
FAIL: gfortran.dg/g77/980628-7.f -O3 -fomit-frame-pointer -funroll-all-loops -finline-functions execution test
FAIL: gfortran.dg/g77/980628-7.f -O3 -g execution test
FAIL: gfortran.dg/g77/980628-7.f -Os execution test
FAIL: gfortran.dg/g77/980628-8.f -O0 execution test
FAIL: gfortran.dg/g77/980628-8.f -O1 execution test
FAIL: gfortran.dg/g77/980628-8.f -O2 execution test
FAIL: gfortran.dg/g77/980628-8.f -O3 -fomit-frame-pointer execution test
FAIL: gfortran.dg/g77/980628-8.f -O3 -fomit-frame-pointer -funroll-loops execution test
FAIL: gfortran.dg/g77/980628-8.f -O3 -fomit-frame-pointer -funroll-all-loops -finline-functions execution test
FAIL: gfortran.dg/g77/980628-8.f -O3 -g execution test
FAIL: gfortran.dg/g77/980628-8.f -Os execution test
FAIL: gfortran.dg/g77/980628-9.f -O0 execution test
FAIL: gfortran.dg/g77/980628-9.f -O1 execution test
FAIL: gfortran.dg/g77/980628-9.f -O2 execution test
FAIL: gfortran.dg/g77/980628-9.f -O3 -fomit-frame-pointer execution test
FAIL: gfortran.dg/g77/980628-9.f -O3 -fomit-frame-pointer -funroll-loops execution test
FAIL: gfortran.dg/g77/980628-9.f -O3 -fomit-frame-pointer -funroll-all-loops -finline-functions execution test
FAIL: gfortran.dg/g77/980628-9.f -O3 -g execution test
FAIL: gfortran.dg/g77/980628-9.f -Os execution test
FAIL: gfortran.dg/g77/980701-0.f -O0 execution test
FAIL: gfortran.dg/g77/980701-0.f -O1 execution test
FAIL: gfortran.dg/g77/980701-0.f -O2 execution test
FAIL: gfortran.dg/g77/980701-0.f -O3 -fomit-frame-pointer execution test
FAIL: gfortran.dg/g77/980701-0.f -O3 -fomit-frame-pointer -funroll-loops execution test
FAIL: gfortran.dg/g77/980701-0.f -O3 -fomit-frame-pointer -funroll-all-loops -finline-functions execution test
FAIL: gfortran.dg/g77/980701-0.f -O3 -g execution test
FAIL: gfortran.dg/g77/980701-0.f -Os execution test
FAIL: gfortran.dg/g77/980701-1.f -O0 execution test
FAIL: gfortran.dg/g77/980701-1.f -O1 execution test
FAIL: gfortran.dg/g77/980701-1.f -O2 execution test
FAIL: gfortran.dg/g77/980701-1.f -O3 -fomit-frame-pointer execution test
FAIL: gfortran.dg/g77/980701-1.f -O3 -fomit-frame-pointer -funroll-loops execution test
FAIL: gfortran.dg/g77/980701-1.f -O3 -fomit-frame-pointer -funroll-all-loops -finline-functions execution test
FAIL: gfortran.dg/g77/980701-1.f -O3 -g execution test
FAIL: gfortran.dg/g77/980701-1.f -Os execution test
FAIL: gfortran.dg/g77/cabs.f -O0 execution test
FAIL: gfortran.dg/g77/cabs.f -O1 execution test
FAIL: gfortran.dg/g77/cabs.f -O2 execution test
FAIL: gfortran.dg/g77/cabs.f -O3 -fomit-frame-pointer execution test
FAIL: gfortran.dg/g77/cabs.f -O3 -fomit-frame-pointer -funroll-loops execution test
FAIL: gfortran.dg/g77/cabs.f -O3 -fomit-frame-pointer -funroll-all-loops -finline-functions execution test
FAIL: gfortran.dg/g77/cabs.f -O3 -g execution test
FAIL: gfortran.dg/g77/cabs.f -Os execution test
FAIL: gfortran.dg/g77/claus.f -O0 execution test
FAIL: gfortran.dg/g77/claus.f -O1 execution test
FAIL: gfortran.dg/g77/claus.f -O2 execution test
FAIL: gfortran.dg/g77/claus.f -O3 -fomit-frame-pointer execution test
FAIL: gfortran.dg/g77/claus.f -O3 -fomit-frame-pointer -funroll-loops execution test
FAIL: gfortran.dg/g77/claus.f -O3 -fomit-frame-pointer -funroll-all-loops -finline-functions execution test
FAIL: gfortran.dg/g77/claus.f -O3 -g execution test
FAIL: gfortran.dg/g77/claus.f -Os execution test
FAIL: gfortran.dg/g77/complex_1.f -O0 execution test
FAIL: gfortran.dg/g77/complex_1.f -O1 execution test
FAIL: gfortran.dg/g77/complex_1.f -O2 execution test
FAIL: gfortran.dg/g77/complex_1.f -O3 -fomit-frame-pointer execution test
FAIL: gfortran.dg/g77/complex_1.f -O3 -fomit-frame-pointer -funroll-loops execution test
FAIL: gfortran.dg/g77/complex_1.f -O3 -fomit-frame-pointer -funroll-all-loops -finline-functions execution test
FAIL: gfortran.dg/g77/complex_1.f -O3 -g execution test
FAIL: gfortran.dg/g77/complex_1.f -Os execution test
FAIL: gfortran.dg/g77/cpp3.F -O0 execution test
FAIL: gfortran.dg/g77/cpp3.F -O1 execution test
FAIL: gfortran.dg/g77/cpp3.F -O2 execution test
FAIL: gfortran.dg/g77/cpp3.F -O3 -fomit-frame-pointer execution test
FAIL: gfortran.dg/g77/cpp3.F -O3 -fomit-frame-pointer -funroll-loops execution test
FAIL: gfortran.dg/g77/cpp3.F -O3 -fomit-frame-pointer -funroll-all-loops -finline-functions execution test
FAIL: gfortran.dg/g77/cpp3.F -O3 -g execution test
FAIL: gfortran.dg/g77/cpp3.F -Os execution test
FAIL: gfortran.dg/g77/dcomplex.f -O0 execution test
FAIL: gfortran.dg/g77/dcomplex.f -O1 execution test
FAIL: gfortran.dg/g77/dcomplex.f -O2 execution test
FAIL: gfortran.dg/g77/dcomplex.f -O3 -fomit-frame-pointer execution test
FAIL: gfortran.dg/g77/dcomplex.f -O3 -fomit-frame-pointer -funroll-loops execution test
FAIL: gfortran.dg/g77/dcomplex.f -O3 -fomit-frame-pointer -funroll-all-loops -finline-functions execution test
FAIL: gfortran.dg/g77/dcomplex.f -O3 -g execution test
FAIL: gfortran.dg/g77/dcomplex.f -Os execution test
FAIL: gfortran.dg/g77/dnrm2.f -O0 execution test
FAIL: gfortran.dg/g77/dnrm2.f -O1 execution test
FAIL: gfortran.dg/g77/dnrm2.f -O2 execution test
FAIL: gfortran.dg/g77/dnrm2.f -O3 -fomit-frame-pointer execution test
FAIL: gfortran.dg/g77/dnrm2.f -O3 -fomit-frame-pointer -funroll-loops execution test
FAIL: gfortran.dg/g77/dnrm2.f -O3 -fomit-frame-pointer -funroll-all-loops -finline-functions execution test
FAIL: gfortran.dg/g77/dnrm2.f -O3 -g execution test
FAIL: gfortran.dg/g77/dnrm2.f -Os execution test
FAIL: gfortran.dg/g77/erfc.f -O0 execution test
FAIL: gfortran.dg/g77/erfc.f -O1 execution test
FAIL: gfortran.dg/g77/erfc.f -O2 execution test
FAIL: gfortran.dg/g77/erfc.f -O3 -fomit-frame-pointer execution test
FAIL: gfortran.dg/g77/erfc.f -O3 -fomit-frame-pointer -funroll-loops execution test
FAIL: gfortran.dg/g77/erfc.f -O3 -fomit-frame-pointer -funroll-all-loops -finline-functions execution test
FAIL: gfortran.dg/g77/erfc.f -O3 -g execution test
FAIL: gfortran.dg/g77/erfc.f -Os execution test
FAIL: gfortran.dg/g77/f77-edit-apostrophe-out.f -O0 execution test
FAIL: gfortran.dg/g77/f77-edit-apostrophe-out.f -O1 execution test
FAIL: gfortran.dg/g77/f77-edit-apostrophe-out.f -O2 execution test
FAIL: gfortran.dg/g77/f77-edit-apostrophe-out.f -O3 -fomit-frame-pointer execution test
FAIL: gfortran.dg/g77/f77-edit-apostrophe-out.f -O3 -fomit-frame-pointer -funroll-loops execution test
FAIL: gfortran.dg/g77/f77-edit-apostrophe-out.f -O3 -fomit-frame-pointer -funroll-all-loops -finline-functions execution test
FAIL: gfortran.dg/g77/f77-edit-apostrophe-out.f -O3 -g execution test
FAIL: gfortran.dg/g77/f77-edit-apostrophe-out.f -Os execution test
FAIL: gfortran.dg/g77/f77-edit-colon-out.f -O0 execution test
FAIL: gfortran.dg/g77/f77-edit-colon-out.f -O1 execution test
FAIL: gfortran.dg/g77/f77-edit-colon-out.f -O2 execution test
FAIL: gfortran.dg/g77/f77-edit-colon-out.f -O3 -fomit-frame-pointer execution test
FAIL: gfortran.dg/g77/f77-edit-colon-out.f -O3 -fomit-frame-pointer -funroll-loops execution test
FAIL: gfortran.dg/g77/f77-edit-colon-out.f -O3 -fomit-frame-pointer -funroll-all-loops -finline-functions execution test
FAIL: gfortran.dg/g77/f77-edit-colon-out.f -O3 -g execution test
FAIL: gfortran.dg/g77/f77-edit-colon-out.f -Os execution test
FAIL: gfortran.dg/g77/f77-edit-h-out.f -O0 execution test
FAIL: gfortran.dg/g77/f77-edit-h-out.f -O1 execution test
FAIL: gfortran.dg/g77/f77-edit-h-out.f -O2 execution test
FAIL: gfortran.dg/g77/f77-edit-h-out.f -O3 -fomit-frame-pointer execution test
FAIL: gfortran.dg/g77/f77-edit-h-out.f -O3 -fomit-frame-pointer -funroll-loops execution test
FAIL: gfortran.dg/g77/f77-edit-h-out.f -O3 -fomit-frame-pointer -funroll-all-loops -finline-functions execution test
FAIL: gfortran.dg/g77/f77-edit-h-out.f -O3 -g execution test
FAIL: gfortran.dg/g77/f77-edit-h-out.f -Os execution test
FAIL: gfortran.dg/g77/f77-edit-i-in.f -O0 execution test
FAIL: gfortran.dg/g77/f77-edit-i-in.f -O1 execution test
FAIL: gfortran.dg/g77/f77-edit-i-in.f -O2 execution test
FAIL: gfortran.dg/g77/f77-edit-i-in.f -O3 -fomit-frame-pointer execution test
FAIL: gfortran.dg/g77/f77-edit-i-in.f -O3 -fomit-frame-pointer -funroll-loops execution test
FAIL: gfortran.dg/g77/f77-edit-i-in.f -O3 -fomit-frame-pointer -funroll-all-loops -finline-functions execution test
FAIL: gfortran.dg/g77/f77-edit-i-in.f -O3 -g execution test
FAIL: gfortran.dg/g77/f77-edit-i-in.f -Os execution test
FAIL: gfortran.dg/g77/f77-edit-i-out.f -O0 execution test
FAIL: gfortran.dg/g77/f77-edit-i-out.f -O1 execution test
FAIL: gfortran.dg/g77/f77-edit-i-out.f -O2 execution test
FAIL: gfortran.dg/g77/f77-edit-i-out.f -O3 -fomit-frame-pointer execution test
FAIL: gfortran.dg/g77/f77-edit-i-out.f -O3 -fomit-frame-pointer -funroll-loops execution test
FAIL: gfortran.dg/g77/f77-edit-i-out.f -O3 -fomit-frame-pointer -funroll-all-loops -finline-functions execution test
FAIL: gfortran.dg/g77/f77-edit-i-out.f -O3 -g execution test
FAIL: gfortran.dg/g77/f77-edit-i-out.f -Os execution test
FAIL: gfortran.dg/g77/f77-edit-s-out.f -O0 execution test
FAIL: gfortran.dg/g77/f77-edit-s-out.f -O1 execution test
FAIL: gfortran.dg/g77/f77-edit-s-out.f -O2 execution test
FAIL: gfortran.dg/g77/f77-edit-s-out.f -O3 -fomit-frame-pointer execution test
FAIL: gfortran.dg/g77/f77-edit-s-out.f -O3 -fomit-frame-pointer -funroll-loops execution test
FAIL: gfortran.dg/g77/f77-edit-s-out.f -O3 -fomit-frame-pointer -funroll-all-loops -finline-functions execution test
FAIL: gfortran.dg/g77/f77-edit-s-out.f -O3 -g execution test
FAIL: gfortran.dg/g77/f77-edit-s-out.f -Os execution test
FAIL: gfortran.dg/g77/f77-edit-slash-out.f -O0 execution test
FAIL: gfortran.dg/g77/f77-edit-slash-out.f -O1 execution test
FAIL: gfortran.dg/g77/f77-edit-slash-out.f -O2 execution test
FAIL: gfortran.dg/g77/f77-edit-slash-out.f -O3 -fomit-frame-pointer execution test
FAIL: gfortran.dg/g77/f77-edit-slash-out.f -O3 -fomit-frame-pointer -funroll-loops execution test
FAIL: gfortran.dg/g77/f77-edit-slash-out.f -O3 -fomit-frame-pointer -funroll-all-loops -finline-functions execution test
FAIL: gfortran.dg/g77/f77-edit-slash-out.f -O3 -g execution test
FAIL: gfortran.dg/g77/f77-edit-slash-out.f -Os execution test
FAIL: gfortran.dg/g77/f77-edit-t-out.f -O0 execution test
FAIL: gfortran.dg/g77/f77-edit-t-out.f -O1 execution test
FAIL: gfortran.dg/g77/f77-edit-t-out.f -O2 execution test
FAIL: gfortran.dg/g77/f77-edit-t-out.f -O3 -fomit-frame-pointer execution test
FAIL: gfortran.dg/g77/f77-edit-t-out.f -O3 -fomit-frame-pointer -funroll-loops execution test
FAIL: gfortran.dg/g77/f77-edit-t-out.f -O3 -fomit-frame-pointer -funroll-all-loops -finline-functions execution test
FAIL: gfortran.dg/g77/f77-edit-t-out.f -O3 -g execution test
FAIL: gfortran.dg/g77/f77-edit-t-out.f -Os execution test
FAIL: gfortran.dg/g77/f77-edit-x-out.f -O0 execution test
FAIL: gfortran.dg/g77/f77-edit-x-out.f -O1 execution test
FAIL: gfortran.dg/g77/f77-edit-x-out.f -O2 execution test
FAIL: gfortran.dg/g77/f77-edit-x-out.f -O3 -fomit-frame-pointer execution test
FAIL: gfortran.dg/g77/f77-edit-x-out.f -O3 -fomit-frame-pointer -funroll-loops execution test
FAIL: gfortran.dg/g77/f77-edit-x-out.f -O3 -fomit-frame-pointer -funroll-all-loops -finline-functions execution test
FAIL: gfortran.dg/g77/f77-edit-x-out.f -O3 -g execution test
FAIL: gfortran.dg/g77/f77-edit-x-out.f -Os execution test
FAIL: gfortran.dg/g77/f90-intrinsic-mathematical.f -O0 execution test
FAIL: gfortran.dg/g77/f90-intrinsic-mathematical.f -O1 execution test
FAIL: gfortran.dg/g77/f90-intrinsic-mathematical.f -O2 execution test
FAIL: gfortran.dg/g77/f90-intrinsic-mathematical.f -O3 -fomit-frame-pointer execution test
FAIL: gfortran.dg/g77/f90-intrinsic-mathematical.f -O3 -fomit-frame-pointer -funroll-loops execution test
FAIL: gfortran.dg/g77/f90-intrinsic-mathematical.f -O3 -fomit-frame-pointer -funroll-all-loops -finline-functions execution test
FAIL: gfortran.dg/g77/f90-intrinsic-mathematical.f -O3 -g execution test
FAIL: gfortran.dg/g77/f90-intrinsic-mathematical.f -Os execution test
FAIL: gfortran.dg/g77/f90-intrinsic-numeric.f -O0 execution test
FAIL: gfortran.dg/g77/f90-intrinsic-numeric.f -O1 execution test
FAIL: gfortran.dg/g77/f90-intrinsic-numeric.f -O2 execution test
FAIL: gfortran.dg/g77/f90-intrinsic-numeric.f -O3 -fomit-frame-pointer execution test
FAIL: gfortran.dg/g77/f90-intrinsic-numeric.f -O3 -fomit-frame-pointer -funroll-loops execution test
FAIL: gfortran.dg/g77/f90-intrinsic-numeric.f -O3 -fomit-frame-pointer -funroll-all-loops -finline-functions execution test
FAIL: gfortran.dg/g77/f90-intrinsic-numeric.f -O3 -g execution test
FAIL: gfortran.dg/g77/f90-intrinsic-numeric.f -Os execution test
FAIL: gfortran.dg/g77/int8421.f -O0 execution test
FAIL: gfortran.dg/g77/int8421.f -O1 execution test
FAIL: gfortran.dg/g77/int8421.f -O2 execution test
FAIL: gfortran.dg/g77/int8421.f -O3 -fomit-frame-pointer execution test
FAIL: gfortran.dg/g77/int8421.f -O3 -fomit-frame-pointer -funroll-loops execution test
FAIL: gfortran.dg/g77/int8421.f -O3 -fomit-frame-pointer -funroll-all-loops -finline-functions execution test
FAIL: gfortran.dg/g77/int8421.f -O3 -g execution test
FAIL: gfortran.dg/g77/int8421.f -Os execution test
FAIL: gfortran.dg/g77/intrinsic-unix-bessel.f -O0 execution test
FAIL: gfortran.dg/g77/intrinsic-unix-bessel.f -O1 execution test
FAIL: gfortran.dg/g77/intrinsic-unix-bessel.f -O2 execution test
FAIL: gfortran.dg/g77/intrinsic-unix-bessel.f -O3 -fomit-frame-pointer execution test
FAIL: gfortran.dg/g77/intrinsic-unix-bessel.f -O3 -fomit-frame-pointer -funroll-loops execution test
FAIL: gfortran.dg/g77/intrinsic-unix-bessel.f -O3 -fomit-frame-pointer -funroll-all-loops -finline-functions execution test
FAIL: gfortran.dg/g77/intrinsic-unix-bessel.f -O3 -g execution test
FAIL: gfortran.dg/g77/intrinsic-unix-bessel.f -Os execution test
FAIL: gfortran.dg/g77/intrinsic-unix-erf.f -O0 execution test
FAIL: gfortran.dg/g77/intrinsic-unix-erf.f -O1 execution test
FAIL: gfortran.dg/g77/intrinsic-unix-erf.f -O2 execution test
FAIL: gfortran.dg/g77/intrinsic-unix-erf.f -O3 -fomit-frame-pointer execution test
FAIL: gfortran.dg/g77/intrinsic-unix-erf.f -O3 -fomit-frame-pointer -funroll-loops execution test
FAIL: gfortran.dg/g77/intrinsic-unix-erf.f -O3 -fomit-frame-pointer -funroll-all-loops -finline-functions execution test
FAIL: gfortran.dg/g77/intrinsic-unix-erf.f -O3 -g execution test
FAIL: gfortran.dg/g77/intrinsic-unix-erf.f -Os execution test
FAIL: gfortran.dg/g77/labug1.f -O0 execution test
FAIL: gfortran.dg/g77/labug1.f -O1 execution test
FAIL: gfortran.dg/g77/labug1.f -O2 execution test
FAIL: gfortran.dg/g77/labug1.f -O3 -fomit-frame-pointer execution test
FAIL: gfortran.dg/g77/labug1.f -O3 -fomit-frame-pointer -funroll-loops execution test
FAIL: gfortran.dg/g77/labug1.f -O3 -fomit-frame-pointer -funroll-all-loops -finline-functions execution test
FAIL: gfortran.dg/g77/labug1.f -O3 -g execution test
FAIL: gfortran.dg/g77/labug1.f -Os execution test
FAIL: gfortran.dg/g77/large_vec.f -O0 execution test
FAIL: gfortran.dg/g77/large_vec.f -O1 execution test
FAIL: gfortran.dg/g77/large_vec.f -O2 execution test
FAIL: gfortran.dg/g77/large_vec.f -O3 -fomit-frame-pointer execution test
FAIL: gfortran.dg/g77/large_vec.f -O3 -fomit-frame-pointer -funroll-loops execution test
FAIL: gfortran.dg/g77/large_vec.f -O3 -fomit-frame-pointer -funroll-all-loops -finline-functions execution test
FAIL: gfortran.dg/g77/large_vec.f -O3 -g execution test
FAIL: gfortran.dg/g77/large_vec.f -Os execution test
FAIL: gfortran.dg/g77/le.f -O0 execution test
FAIL: gfortran.dg/g77/le.f -O1 execution test
FAIL: gfortran.dg/g77/le.f -O2 execution test
FAIL: gfortran.dg/g77/le.f -O3 -fomit-frame-pointer execution test
FAIL: gfortran.dg/g77/le.f -O3 -fomit-frame-pointer -funroll-loops execution test
FAIL: gfortran.dg/g77/le.f -O3 -fomit-frame-pointer -funroll-all-loops -finline-functions execution test
FAIL: gfortran.dg/g77/le.f -O3 -g execution test
FAIL: gfortran.dg/g77/le.f -Os execution test
FAIL: gfortran.dg/g77/short.f -O0 execution test
FAIL: gfortran.dg/g77/short.f -O1 execution test
FAIL: gfortran.dg/g77/short.f -O2 execution test
FAIL: gfortran.dg/g77/short.f -O3 -fomit-frame-pointer execution test
FAIL: gfortran.dg/g77/short.f -O3 -fomit-frame-pointer -funroll-loops execution test
FAIL: gfortran.dg/g77/short.f -O3 -fomit-frame-pointer -funroll-all-loops -finline-functions execution test
FAIL: gfortran.dg/g77/short.f -O3 -g execution test
FAIL: gfortran.dg/g77/short.f -Os execution test
FAIL: gfortran.dg/g77/strlen0.f -O0 execution test
FAIL: gfortran.dg/g77/strlen0.f -O1 execution test
FAIL: gfortran.dg/g77/strlen0.f -O2 execution test
FAIL: gfortran.dg/g77/strlen0.f -O3 -fomit-frame-pointer execution test
FAIL: gfortran.dg/g77/strlen0.f -O3 -fomit-frame-pointer -funroll-loops execution test
FAIL: gfortran.dg/g77/strlen0.f -O3 -fomit-frame-pointer -funroll-all-loops -finline-functions execution test
FAIL: gfortran.dg/g77/strlen0.f -O3 -g execution test
FAIL: gfortran.dg/g77/strlen0.f -Os execution test
FAIL: gfortran.fortran-torture/execute/emptyif.f90 compilation, -O1
FAIL: gfortran.fortran-torture/execute/emptyif.f90 compilation, -O2
FAIL: gfortran.fortran-torture/execute/emptyif.f90 compilation, -O3 -fomit-frame-pointer
FAIL: gfortran.fortran-torture/execute/emptyif.f90 compilation, -O3 -fomit-frame-pointer -funroll-loops
FAIL: gfortran.fortran-torture/execute/emptyif.f90 compilation, -O3 -fomit-frame-pointer -funroll-all-loops -finline-functions
FAIL: gfortran.fortran-torture/execute/emptyif.f90 compilation, -O3 -g
FAIL: gfortran.fortran-torture/execute/emptyif.f90 compilation, -Os
FAIL: gfortran.fortran-torture/execute/forall_3.f90 execution, -O1
=== gfortran Summary ===
# of expected passes 3767
# of unexpected failures 784
# of expected failures 19
# of untested testcases 7
/export/build/gnu/gcc/build-i686-linux/gcc/testsuite/../gfortran version 4.0.0 20041006 (experimental)
=== g++ tests ===
Running target unix
XPASS: g++.dg/rtti/tinfo1.C scan-assembler _ZTIP9CTemplateIhE:
XPASS: g++.dg/rtti/tinfo1.C scan-assembler-not .globl[ \\t]+_ZTIP9CTemplateIhE
XPASS: g++.dg/rtti/tinfo1.C scan-assembler-not .section[^\\n\\r]*_ZTIP9CTemplateIhE[^\\n\\r]*
FAIL: 102:is -:should be 1
FAIL: g++.dg/gcov/gcov-1.C gcov: 1 failures in line counts, 0 in branch percentages, 0 in return percentages
WARNING: g++.old-deja/g++.mike/p10769a.C compilation failed to produce executable
WARNING: g++.old-deja/g++.other/enum5.C compilation failed to produce executable
WARNING: g++.old-deja/g++.pt/friend44.C compilation failed to produce executable
FAIL: g++.old-deja/g++.robertl/eb21.C execution test
=== g++ Summary ===
# of expected passes 10203
# of unexpected failures 3
# of unexpected successes 3
# of expected failures 78
# of unsupported tests 49
/export/build/gnu/gcc/build-i686-linux/gcc/testsuite/../g++ version 4.0.0 20041006 (experimental)
=== objc tests ===
Running target unix
=== objc Summary ===
# of expected passes 1421
# of unsupported tests 7
/export/build/gnu/gcc/build-i686-linux/gcc/xgcc version 4.0.0 20041006 (experimental)
=== libffi tests ===
Running target unix
=== libffi Summary ===
# of expected passes 214
# of unsupported tests 2
=== libjava tests ===
Running target unix
=== libjava Summary ===
# of expected passes 3613
# of expected failures 14
# of untested testcases 16
=== libmudflap tests ===
Running target unix
WARNING: program timed out.
FAIL: libmudflap.cth/pass37-frag.c (rerun 4) execution test
FAIL: libmudflap.cth/pass37-frag.c (rerun 4) output pattern test
WARNING: program timed out.
FAIL: libmudflap.cth/pass37-frag.c (rerun 5) execution test
FAIL: libmudflap.cth/pass37-frag.c (rerun 5) output pattern test
WARNING: program timed out.
FAIL: libmudflap.cth/pass37-frag.c (rerun 6) execution test
FAIL: libmudflap.cth/pass37-frag.c (rerun 6) output pattern test
WARNING: program timed out.
FAIL: libmudflap.cth/pass37-frag.c (rerun 7) execution test
FAIL: libmudflap.cth/pass37-frag.c (rerun 7) output pattern test
WARNING: program timed out.
FAIL: libmudflap.cth/pass37-frag.c (rerun 15) execution test
FAIL: libmudflap.cth/pass37-frag.c (rerun 15) output pattern test
WARNING: program timed out.
FAIL: libmudflap.cth/pass37-frag.c (rerun 16) execution test
FAIL: libmudflap.cth/pass37-frag.c (rerun 16) output pattern test
FAIL: libmudflap.cth/pass40-frag.c execution test
FAIL: libmudflap.cth/pass40-frag.c output pattern test
WARNING: program timed out.
FAIL: libmudflap.cth/pass39-frag.c (-static -DSTATIC) (rerun 15) execution test
FAIL: libmudflap.cth/pass39-frag.c (-static -DSTATIC) (rerun 15) output pattern test
WARNING: program timed out.
FAIL: libmudflap.cth/pass39-frag.c (-static -DSTATIC) (rerun 16) execution test
FAIL: libmudflap.cth/pass39-frag.c (-static -DSTATIC) (rerun 16) output pattern test
WARNING: program timed out.
FAIL: libmudflap.cth/pass37-frag.c (-O2) (rerun 12) execution test
FAIL: libmudflap.cth/pass37-frag.c (-O2) (rerun 12) output pattern test
FAIL: libmudflap.cth/pass40-frag.c (-O2) execution test
FAIL: libmudflap.cth/pass40-frag.c (-O2) output pattern test
WARNING: program timed out.
FAIL: libmudflap.cth/pass37-frag.c (-O3) (rerun 7) execution test
WARNING: program timed out.
FAIL: libmudflap.cth/pass37-frag.c (-O3) (rerun 14) execution test
WARNING: program timed out.
FAIL: libmudflap.cth/pass39-frag.c (-O3) (rerun 8) execution test
FAIL: libmudflap.cth/pass39-frag.c (-O3) (rerun 8) output pattern test
WARNING: program timed out.
FAIL: libmudflap.cth/pass39-frag.c (-O3) (rerun 9) execution test
WARNING: program timed out.
FAIL: libmudflap.cth/pass39-frag.c (-O3) (rerun 13) execution test
FAIL: libmudflap.cth/pass39-frag.c (-O3) (rerun 13) output pattern test
WARNING: program timed out.
FAIL: libmudflap.cth/pass39-frag.c (-O3) (rerun 17) execution test
FAIL: libmudflap.cth/pass39-frag.c (-O3) (rerun 17) output pattern test
WARNING: program timed out.
FAIL: libmudflap.cth/pass39-frag.c (-O3) (rerun 18) execution test
FAIL: libmudflap.cth/pass40-frag.c (-O3) execution test
FAIL: libmudflap.cth/pass40-frag.c (-O3) output pattern test
=== libmudflap Summary ===
# of expected passes 1166
# of unexpected failures 34
=== libstdc++ tests ===
Running target unix
XPASS: 22_locale/locale/cons/12658_thread-1.cc execution test
XPASS: 26_numerics/cmath/c99_classification_macros_c.cc (test for excess errors)
FAIL: thread/pthread7-rope.cc execution test
=== libstdc++ Summary ===
# of expected passes 2957
# of unexpected failures 1
# of unexpected successes 2
# of expected failures 5
Compiler version: 4.0.0 20041006 (experimental)
Platform: i686-pc-linux-gnu
configure flags: --enable-clocale=gnu --with-system-zlib --disable-libunwind-exceptions --with-demangler-in-ld --enable-shared --enable-threads=posix --enable-haifa --disable-checking --prefix=/usr/gcc-4.0 --with-local-prefix=/usr/local --enable-languages=c,c++,f95,java,objc