This is the mail archive of the
gcc-testresults@gcc.gnu.org
mailing list for the GCC project.
Results for 3.3.4 testsuite on alphaev68-dec-osf5.1
- From: Lionel Giraudeau - BRUYERES <lgiraude at rhodiumD0 dot ccc dot cea dot fr>
- To: gcc-testresults at gcc dot gnu dot org
- Date: Tue, 5 Oct 2004 15:04:17 +0200 (CEST)
- Subject: Results for 3.3.4 testsuite on alphaev68-dec-osf5.1
Submited by : Lionel Giraudeau
LAST_UPDATED:
Native configuration is alphaev68-dec-osf5.1
=== libstdc++-v3 tests ===
Running target unix
FAIL: 18_support/numeric_limits.cc execution test
WARNING: program timed out.
FAIL: 27_io/filebuf_members.cc execution test
FAIL: 27_io/istream_extractor_arith/12.cc execution test
=== libstdc++-v3 Summary ===
# of expected passes 415
# of unexpected failures 3
# of expected failures 17
# of unsupported tests 6
=== g++ tests ===
Running target unix
FAIL: g++.dg/parse/crash6.C (test for excess errors)
XPASS: g++.ext/attrib5.C (test for excess errors)
XPASS: g++.ext/attrib5.C Execution test
=== g++ Summary ===
# of expected passes 8182
# of unexpected failures 1
# of unexpected successes 2
# of expected failures 98
# of untested testcases 22
# of unsupported tests 28
/usr/local/src/objdir_3.3.4/gcc/testsuite/../g++ version 3.3.4
=== g77 tests ===
Running target unix
FAIL: g77.f-torture/execute/19990826-2.f compilation, -O2
FAIL: g77.f-torture/execute/19990826-2.f compilation, -O3 -fomit-frame-pointer
FAIL: g77.f-torture/execute/19990826-2.f compilation, -O3 -g
FAIL: g77.f-torture/execute/19990826-2.f compilation, -Os
FAIL: g77.f-torture/execute/20010116.f compilation, -O2
FAIL: g77.f-torture/execute/20010116.f compilation, -O3 -fomit-frame-pointer
FAIL: g77.f-torture/execute/20010116.f compilation, -O3 -fomit-frame-pointer -funroll-loops
FAIL: g77.f-torture/execute/20010116.f compilation, -O3 -fomit-frame-pointer -funroll-all-loops -finline-functions
FAIL: g77.f-torture/execute/20010116.f compilation, -O3 -g
FAIL: g77.f-torture/execute/20010116.f compilation, -Os
=== g77 Summary ===
# of expected passes 1700
# of unexpected failures 10
# of untested testcases 10
# of unsupported tests 8
/usr/local/src/objdir_3.3.4/gcc/testsuite/../g77 version 3.3.4
=== gcc tests ===
Running target unix
FAIL: gcc.c-torture/compile/labels-3.c, -O0
FAIL: gcc.c-torture/compile/labels-3.c, -O1
FAIL: gcc.c-torture/compile/labels-3.c, -O2
FAIL: gcc.c-torture/compile/labels-3.c, -O3 -fomit-frame-pointer
FAIL: gcc.c-torture/compile/labels-3.c, -O3 -g
FAIL: gcc.c-torture/compile/labels-3.c, -Os
FAIL: gcc.c-torture/execute/20020227-1.c compilation, -O2
UNRESOLVED: gcc.c-torture/execute/20020227-1.c execution, -O2
FAIL: gcc.c-torture/execute/20020227-1.c compilation, -O3 -fomit-frame-pointer
UNRESOLVED: gcc.c-torture/execute/20020227-1.c execution, -O3 -fomit-frame-pointer
FAIL: gcc.c-torture/execute/20020227-1.c compilation, -O3 -g
UNRESOLVED: gcc.c-torture/execute/20020227-1.c execution, -O3 -g
FAIL: gcc.c-torture/execute/20020227-1.c compilation, -Os
UNRESOLVED: gcc.c-torture/execute/20020227-1.c execution, -Os
FAIL: gcc.c-torture/execute/complex-5.c compilation, -O2
UNRESOLVED: gcc.c-torture/execute/complex-5.c execution, -O2
FAIL: gcc.c-torture/execute/complex-5.c compilation, -Os
UNRESOLVED: gcc.c-torture/execute/complex-5.c execution, -Os
FAIL: gcc.c-torture/execute/complex-6.c compilation, -O2
UNRESOLVED: gcc.c-torture/execute/complex-6.c execution, -O2
FAIL: gcc.c-torture/execute/complex-6.c compilation, -Os
UNRESOLVED: gcc.c-torture/execute/complex-6.c execution, -Os
FAIL: gcc.c-torture/execute/regstack-1.c execution, -O1
FAIL: gcc.c-torture/execute/ieee/20010226-1.c execution, -O1
FAIL: gcc.c-torture/execute/ieee/inf-1.c execution, -O1
FAIL: gcc.dg/duff-2.c (test for excess errors)
FAIL: gcc.dg/inline-2.c scan-assembler bsr
=== gcc Summary ===
# of expected passes 21131
# of unexpected failures 19
# of expected failures 74
# of unresolved testcases 8
# of unsupported tests 192
/usr/local/src/objdir_3.3.4/gcc/xgcc version 3.3.4
Compiler version: 3.3.4
Platform: alphaev68-dec-osf5.1
configure flags: --host=alphaev68-dec-osf5.1 --enable-languages=c++,f77 --program-suffix=-3.3.4 --prefix=/usr/local/soft/gcc-3.3.4