This is the mail archive of the
gcc-testresults@gcc.gnu.org
mailing list for the GCC project.
Results for 3.3.5 testsuite on i686-pc-linux-gnu
- From: Joe Buck <Joe dot Buck at synopsys dot com>
- To: gcc-testresults at gcc dot gnu dot org
- Date: Mon, 4 Oct 2004 02:32:21 -0700
- Subject: Results for 3.3.5 testsuite on i686-pc-linux-gnu
This is a Red Hat 7.2 system, running on a dual 2.2 GHz Intel Xeon system.
kernel: 2.4.7-10 (from Red Hat)
glibc: 2.2.4-31 (from Red Hat)
binutils: 2.14 (FSF)
Only C, C++, ObjC, and Fortran 77 are tested (no Java).
LAST_UPDATED: Mon Oct 4 07:34:03 UTC 2004
Native configuration is i686-pc-linux-gnu
=== g++ tests ===
Running target unix
=== g++ Summary ===
# of expected passes 8256
# of expected failures 98
# of untested testcases 9
# of unsupported tests 15
/disks/tmp/gccbuild/3_3_branch/gcc/testsuite/../g++ version 3.3.5
=== g77 tests ===
Running target unix
=== g77 Summary ===
# of expected passes 1736
/disks/tmp/gccbuild/3_3_branch/gcc/testsuite/../g77 version 3.3.5
=== gcc tests ===
Running target unix
FAIL: gcc.dg/duff-2.c (test for excess errors)
=== gcc Summary ===
# of expected passes 21452
# of unexpected failures 1
# of expected failures 69
# of unsupported tests 101
/disks/tmp/gccbuild/3_3_branch/gcc/xgcc version 3.3.5
=== objc tests ===
Running target unix
=== objc Summary ===
# of expected passes 1166
/disks/tmp/gccbuild/3_3_branch/gcc/xgcc version 3.3.5
=== libstdc++-v3 check-abi Summary ===
# of added symbols: 51
# of missing symbols: 0
# of incompatible symbols: 0
using: /u/jbuck/gnu/src/cvs/3_3_branch/gcc/libstdc++-v3/config/abi/i486-linux-gnu/baseline_symbols.txt
=== libstdc++-v3 tests ===
Running target unix
XPASS: 22_locale/ctype_is_char.cc execution test
XPASS: 22_locale/ctype_is_wchar_t.cc execution test
XPASS: 22_locale/members.cc execution test
XPASS: 22_locale/messages_byname.cc execution test
XPASS: 22_locale/messages_members_char.cc execution test
XPASS: 22_locale/money_get_members_char.cc execution test
XPASS: 22_locale/money_get_members_wchar_t.cc execution test
XPASS: 22_locale/money_put_members_char.cc execution test
XPASS: 22_locale/money_put_members_wchar_t.cc execution test
XPASS: 22_locale/moneypunct_byname.cc execution test
XPASS: 22_locale/moneypunct_members_char.cc execution test
XPASS: 22_locale/moneypunct_members_wchar_t.cc execution test
XPASS: 22_locale/num_get_members_char.cc execution test
XPASS: 22_locale/num_get_members_wchar_t.cc execution test
XPASS: 22_locale/num_put_members_char.cc execution test
XPASS: 22_locale/num_put_members_wchar_t.cc execution test
XPASS: 22_locale/numpunct_byname.cc execution test
XPASS: 22_locale/numpunct_members_char.cc execution test
XPASS: 22_locale/numpunct_members_wchar_t.cc execution test
XPASS: 22_locale/time_get_members_char.cc execution test
XPASS: 22_locale/time_get_members_wchar_t.cc execution test
XPASS: 22_locale/time_put_members_char.cc execution test
XPASS: 22_locale/time_put_members_wchar_t.cc execution test
WARNING: program timed out.
FAIL: 27_io/filebuf_members.cc execution test
=== libstdc++-v3 Summary ===
# of expected passes 452
# of unexpected failures 1
# of unexpected successes 23
# of expected failures 5
Compiler version: 3.3.5
Platform: i686-pc-linux-gnu
configure flags: --host=i686-pc-linux-gnu --prefix=/usr/localdisk/gcc-cvs/3_3_branch --with-gnu-as --with-as=/usr/localdisk/binutils-2.14/bin/as --with-gnu-ld --with-ld=/usr/localdisk/binutils-2.14/bin/ld --enable-languages=c,c++,objc,f77