This is the mail archive of the gcc-testresults@gcc.gnu.org mailing list for the GCC project.
Index Nav: | [Date Index] [Subject Index] [Author Index] [Thread Index] | |
---|---|---|
Message Nav: | [Date Prev] [Date Next] | [Thread Prev] [Thread Next] |
Other format: | [Raw text] |
LAST_UPDATED: Native configuration is sparc-sun-solaris2.9 === g++ tests === Running target unix UNRESOLVED: g++.dg/ext/visibility/assign1.C UNRESOLVED: g++.dg/ext/visibility/fvisibility-inlines-hidden.C UNRESOLVED: g++.dg/ext/visibility/fvisibility-override1.C UNRESOLVED: g++.dg/ext/visibility/fvisibility-override2.C UNRESOLVED: g++.dg/ext/visibility/fvisibility.C UNRESOLVED: g++.dg/ext/visibility/memfuncts.C UNRESOLVED: g++.dg/ext/visibility/new1.C UNRESOLVED: g++.dg/ext/visibility/noPLT.C UNRESOLVED: g++.dg/ext/visibility/pragma-override1.C UNRESOLVED: g++.dg/ext/visibility/pragma-override2.C UNRESOLVED: g++.dg/ext/visibility/pragma.C UNRESOLVED: g++.dg/ext/visibility/staticmemfuncts.C UNRESOLVED: g++.dg/ext/visibility/virtual.C UNRESOLVED: g++.dg/ext/visibility/visibility-1.C UNRESOLVED: g++.dg/ext/visibility/visibility-2.C UNRESOLVED: g++.dg/ext/visibility/visibility-3.C UNRESOLVED: g++.dg/ext/visibility/visibility-4.C UNRESOLVED: g++.dg/ext/visibility/visibility-5.C UNRESOLVED: g++.dg/ext/visibility/visibility-6.C UNRESOLVED: g++.dg/ext/visibility/visibility-7.C UNRESOLVED: g++.dg/ext/visibility/visibility-8.C XPASS: g++.dg/other/packed1.C execution test WARNING: program timed out. FAIL: g++.dg/parse/stack1.C (test for excess errors) XPASS: g++.dg/rtti/tinfo1.C scan-assembler _ZTIP9CTemplateIhE: XPASS: g++.dg/rtti/tinfo1.C scan-assembler-not .globl[ \\t]+_ZTIP9CTemplateIhE XPASS: g++.dg/rtti/tinfo1.C scan-assembler-not .section[^\\n\\r]*_ZTIP9CTemplateIhE[^\\n\\r]* FAIL: 102:is -:should be 1 FAIL: g++.dg/gcov/gcov-1.C gcov: 1 failures in line counts, 0 in branch percentages, 0 in return percentages WARNING: g++.old-deja/g++.mike/p10769a.C compilation failed to produce executable WARNING: g++.old-deja/g++.other/enum5.C compilation failed to produce executable FAIL: g++.old-deja/g++.other/thunk1.C (test for excess errors) WARNING: g++.old-deja/g++.other/thunk1.C compilation failed to produce executable WARNING: g++.old-deja/g++.pt/friend44.C compilation failed to produce executable === g++ Summary === # of expected passes 10047 # of unexpected failures 4 # of unexpected successes 4 # of expected failures 78 # of unresolved testcases 21 # of unsupported tests 109 /tmp/kg/40/build/gcc/testsuite/../g++ version 4.0.0 20041003 (experimental) === gcc tests === Running target unix WARNING: program timed out. FAIL: gcc.c-torture/execute/20040307-1.c compilation, -O1 UNRESOLVED: gcc.c-torture/execute/20040307-1.c execution, -O1 WARNING: program timed out. FAIL: gcc.c-torture/execute/20040307-1.c compilation, -O2 UNRESOLVED: gcc.c-torture/execute/20040307-1.c execution, -O2 WARNING: program timed out. FAIL: gcc.c-torture/execute/20040307-1.c compilation, -O3 -fomit-frame-pointer UNRESOLVED: gcc.c-torture/execute/20040307-1.c execution, -O3 -fomit-frame-pointer WARNING: program timed out. FAIL: gcc.c-torture/execute/20040307-1.c compilation, -O3 -fomit-frame-pointer -funroll-loops UNRESOLVED: gcc.c-torture/execute/20040307-1.c execution, -O3 -fomit-frame-pointer -funroll-loops WARNING: program timed out. FAIL: gcc.c-torture/execute/20040307-1.c compilation, -O3 -fomit-frame-pointer -funroll-all-loops -finline-functions UNRESOLVED: gcc.c-torture/execute/20040307-1.c execution, -O3 -fomit-frame-pointer -funroll-all-loops -finline-functions WARNING: program timed out. FAIL: gcc.c-torture/execute/20040307-1.c compilation, -O3 -g UNRESOLVED: gcc.c-torture/execute/20040307-1.c execution, -O3 -g WARNING: program timed out. FAIL: gcc.c-torture/execute/20040307-1.c compilation, -Os UNRESOLVED: gcc.c-torture/execute/20040307-1.c execution, -Os FAIL: gcc.c-torture/execute/stdarg-2.c execution, -O0 FAIL: gcc.c-torture/execute/stdarg-2.c execution, -O1 FAIL: gcc.c-torture/execute/stdarg-2.c execution, -O2 FAIL: gcc.c-torture/execute/stdarg-2.c execution, -O3 -fomit-frame-pointer FAIL: gcc.c-torture/execute/stdarg-2.c execution, -O3 -g FAIL: gcc.c-torture/execute/stdarg-2.c execution, -Os FAIL: gcc.dg/compat/struct-layout-1 c_compat_main_tst.o compile FAIL: gcc.dg/compat/struct-layout-1 c_compat_x_tst.o compile FAIL: gcc.dg/compat/struct-layout-1 c_compat_y_tst.o compile UNRESOLVED: gcc.dg/compat/struct-layout-1 c_compat_x_tst.o-c_compat_y_tst.o link UNRESOLVED: gcc.dg/compat/struct-layout-1 c_compat_x_tst.o-c_compat_y_tst.o execute WARNING: Could not compile gcc.dg/compat/struct-layout-1 generator FAIL: gcc.dg/debug/dwarf2/dwarf-die7.c scan-assembler 1.*DW_AT_inline FAIL: gcc.dg/c90-const-expr-3.c (test for excess errors) FAIL: gcc.dg/c99-const-expr-3.c (test for excess errors) WARNING: program timed out. FAIL: gcc.dg/c99-intconst-1.c (test for excess errors) FAIL: gcc.dg/uninit-C.c (test for excess errors) FAIL: gcc.dg/uninit-H.c (test for bogus messages, line 20) FAIL: gcc.dg/uninit-H.c (test for excess errors) UNRESOLVED: gcc.dg/visibility-1.c UNRESOLVED: gcc.dg/visibility-10.c UNRESOLVED: gcc.dg/visibility-2.c UNRESOLVED: gcc.dg/visibility-3.c UNRESOLVED: gcc.dg/visibility-4.c UNRESOLVED: gcc.dg/visibility-5.c UNRESOLVED: gcc.dg/visibility-6.c UNRESOLVED: gcc.dg/visibility-7.c UNRESOLVED: gcc.dg/visibility-8.c UNRESOLVED: gcc.dg/visibility-9.c UNRESOLVED: gcc.dg/visibility-a.c FAIL: gcc.dg/tree-ssa/ifc-20040816-2.c scan-tree-dump-times Applying if-conversion 1 FAIL: 96:is -:should be 1 FAIL: gcc.misc-tests/gcov-4.c gcov: 1 failures in line counts, 0 in branch percentages, 0 in return percentages === gcc Summary === # of expected passes 30238 # of unexpected failures 26 # of expected failures 71 # of unresolved testcases 20 # of untested testcases 28 # of unsupported tests 509 /tmp/kg/40/build/gcc/xgcc version 4.0.0 20041003 (experimental) === objc tests === Running target unix === objc Summary === # of expected passes 1421 # of unsupported tests 7 /tmp/kg/40/build/gcc/xgcc version 4.0.0 20041003 (experimental) === libstdc++ tests === Running target unix XPASS: 22_locale/locale/cons/12658_thread-1.cc execution test FAIL: 22_locale/time_put/put/wchar_t/1.cc execution test FAIL: 22_locale/time_put/put/wchar_t/10.cc execution test FAIL: 22_locale/time_put/put/wchar_t/5.cc execution test FAIL: 22_locale/time_put/put/wchar_t/9.cc execution test FAIL: 26_numerics/complex/13450.cc (test for excess errors) WARNING: 26_numerics/complex/13450.cc compilation failed to produce executable FAIL: 26_numerics/complex/complex_value.cc (test for excess errors) WARNING: 26_numerics/complex/complex_value.cc compilation failed to produce executable FAIL: 26_numerics/complex/pow.cc (test for excess errors) WARNING: 26_numerics/complex/pow.cc compilation failed to produce executable WARNING: program timed out. FAIL: thread/pthread7-rope.cc execution test === libstdc++ Summary === # of expected passes 2916 # of unexpected failures 8 # of unexpected successes 1 # of expected failures 6 Compiler version: 4.0.0 20041003 (experimental) Platform: sparc-sun-solaris2.9 configure flags: --verbose --disable-libgcj --enable-languages=c,c++,java,objc
Index Nav: | [Date Index] [Subject Index] [Author Index] [Thread Index] | |
---|---|---|
Message Nav: | [Date Prev] [Date Next] | [Thread Prev] [Thread Next] |