This is the mail archive of the
gcc-testresults@gcc.gnu.org
mailing list for the GCC project.
Results for 4.0.0 20040927 (experimental) testsuite on sparc64-unknown-linux-gnu
- From: Christian Joensson <chj at j-son dot org>
- To: gcc-testresults at gcc dot gnu dot org
- Date: Tue, 28 Sep 2004 17:22:22 +0200
- Subject: Results for 4.0.0 20040927 (experimental) testsuite on sparc64-unknown-linux-gnu
AuroraFedora Core release 1.91 (Wombat FC2) UP UltraSparc IIi (Sabre) sun4u:
binutils-2.15.90.0.3-6
bison-1.875-7.1
dejagnu-1.4.2-11
expect-5.39.0-96.1
gcc-3.3.3-3
glibc-2.3.3-26sparc3.sparc
glibc-2.3.3-26sparc3.sparc64
glibc-kernheaders-2.6-14sparc
kernel-2.6.8-1.571sp1
tcl-8.4.5-6
zlib-1.2.1.1-2.1.sparc
zlib-1.2.1.1-2.1.sparc64
LAST_UPDATED: Mon Sep 27 11:42:10 UTC 2004
Native configuration is sparc64-unknown-linux-gnu
=== gcc tests ===
Running target unix
WARNING: program timed out.
FAIL: gcc.c-torture/compile/20001226-1.c (test for excess errors)
WARNING: program timed out.
FAIL: gcc.c-torture/compile/20001226-1.c (test for excess errors)
WARNING: program timed out.
FAIL: gcc.c-torture/compile/20001226-1.c (test for excess errors)
WARNING: program timed out.
FAIL: gcc.c-torture/compile/20001226-1.c (test for excess errors)
WARNING: program timed out.
FAIL: gcc.c-torture/compile/20001226-1.c (test for excess errors)
XPASS: gcc.c-torture/compile/simd-5.c (test for excess errors)
XPASS: gcc.c-torture/compile/simd-5.c (test for excess errors)
XPASS: gcc.c-torture/execute/20020227-1.c execution, -O3 -fomit-frame-pointer
XPASS: gcc.c-torture/execute/20020227-1.c execution, -O3 -g
FAIL: gcc.c-torture/execute/loop-14.c execution, -Os
XPASS: gcc.c-torture/execute/simd-5.c compilation, -O0
FAIL: gcc.dg/compat/vector-1 c_compat_x_tst.o compile
FAIL: gcc.dg/compat/vector-1 c_compat_y_tst.o compile
UNRESOLVED: gcc.dg/compat/vector-1 c_compat_x_tst.o-c_compat_y_tst.o link
UNRESOLVED: gcc.dg/compat/vector-1 c_compat_x_tst.o-c_compat_y_tst.o execute
FAIL: gcc.dg/compat/vector-2 c_compat_x_tst.o compile
FAIL: gcc.dg/compat/vector-2 c_compat_y_tst.o compile
UNRESOLVED: gcc.dg/compat/vector-2 c_compat_x_tst.o-c_compat_y_tst.o link
UNRESOLVED: gcc.dg/compat/vector-2 c_compat_x_tst.o-c_compat_y_tst.o execute
FAIL: tmpdir-gcc.dg-struct-layout-1/t001 c_compat_x_tst.o compile
FAIL: tmpdir-gcc.dg-struct-layout-1/t001 c_compat_y_tst.o compile
UNRESOLVED: tmpdir-gcc.dg-struct-layout-1/t001 c_compat_x_tst.o-c_compat_y_tst.o link
UNRESOLVED: tmpdir-gcc.dg-struct-layout-1/t001 c_compat_x_tst.o-c_compat_y_tst.o execute
FAIL: tmpdir-gcc.dg-struct-layout-1/t002 c_compat_x_tst.o compile
FAIL: tmpdir-gcc.dg-struct-layout-1/t002 c_compat_y_tst.o compile
UNRESOLVED: tmpdir-gcc.dg-struct-layout-1/t002 c_compat_x_tst.o-c_compat_y_tst.o link
UNRESOLVED: tmpdir-gcc.dg-struct-layout-1/t002 c_compat_x_tst.o-c_compat_y_tst.o execute
FAIL: tmpdir-gcc.dg-struct-layout-1/t003 c_compat_x_tst.o-c_compat_y_tst.o execute
FAIL: tmpdir-gcc.dg-struct-layout-1/t004 c_compat_x_tst.o compile
FAIL: tmpdir-gcc.dg-struct-layout-1/t004 c_compat_y_tst.o compile
UNRESOLVED: tmpdir-gcc.dg-struct-layout-1/t004 c_compat_x_tst.o-c_compat_y_tst.o link
UNRESOLVED: tmpdir-gcc.dg-struct-layout-1/t004 c_compat_x_tst.o-c_compat_y_tst.o execute
FAIL: tmpdir-gcc.dg-struct-layout-1/t005 c_compat_x_tst.o-c_compat_y_tst.o execute
FAIL: tmpdir-gcc.dg-struct-layout-1/t006 c_compat_x_tst.o-c_compat_y_tst.o execute
FAIL: tmpdir-gcc.dg-struct-layout-1/t007 c_compat_x_tst.o-c_compat_y_tst.o execute
FAIL: tmpdir-gcc.dg-struct-layout-1/t009 c_compat_x_tst.o-c_compat_y_tst.o execute
FAIL: tmpdir-gcc.dg-struct-layout-1/t010 c_compat_x_tst.o-c_compat_y_tst.o execute
FAIL: tmpdir-gcc.dg-struct-layout-1/t011 c_compat_x_tst.o-c_compat_y_tst.o execute
FAIL: tmpdir-gcc.dg-struct-layout-1/t012 c_compat_x_tst.o-c_compat_y_tst.o execute
FAIL: tmpdir-gcc.dg-struct-layout-1/t013 c_compat_x_tst.o-c_compat_y_tst.o execute
FAIL: tmpdir-gcc.dg-struct-layout-1/t015 c_compat_x_tst.o-c_compat_y_tst.o execute
FAIL: tmpdir-gcc.dg-struct-layout-1/t017 c_compat_x_tst.o-c_compat_y_tst.o execute
FAIL: tmpdir-gcc.dg-struct-layout-1/t024 c_compat_x_tst.o-c_compat_y_tst.o execute
FAIL: tmpdir-gcc.dg-struct-layout-1/t025 c_compat_x_tst.o compile
FAIL: tmpdir-gcc.dg-struct-layout-1/t025 c_compat_y_tst.o compile
UNRESOLVED: tmpdir-gcc.dg-struct-layout-1/t025 c_compat_x_tst.o-c_compat_y_tst.o link
UNRESOLVED: tmpdir-gcc.dg-struct-layout-1/t025 c_compat_x_tst.o-c_compat_y_tst.o execute
FAIL: tmpdir-gcc.dg-struct-layout-1/t026 c_compat_x_tst.o compile
FAIL: tmpdir-gcc.dg-struct-layout-1/t026 c_compat_y_tst.o compile
UNRESOLVED: tmpdir-gcc.dg-struct-layout-1/t026 c_compat_x_tst.o-c_compat_y_tst.o link
UNRESOLVED: tmpdir-gcc.dg-struct-layout-1/t026 c_compat_x_tst.o-c_compat_y_tst.o execute
FAIL: tmpdir-gcc.dg-struct-layout-1/t027 c_compat_x_tst.o compile
FAIL: tmpdir-gcc.dg-struct-layout-1/t027 c_compat_y_tst.o compile
UNRESOLVED: tmpdir-gcc.dg-struct-layout-1/t027 c_compat_x_tst.o-c_compat_y_tst.o link
UNRESOLVED: tmpdir-gcc.dg-struct-layout-1/t027 c_compat_x_tst.o-c_compat_y_tst.o execute
FAIL: tmpdir-gcc.dg-struct-layout-1/t028 c_compat_x_tst.o compile
FAIL: tmpdir-gcc.dg-struct-layout-1/t028 c_compat_y_tst.o compile
UNRESOLVED: tmpdir-gcc.dg-struct-layout-1/t028 c_compat_x_tst.o-c_compat_y_tst.o link
UNRESOLVED: tmpdir-gcc.dg-struct-layout-1/t028 c_compat_x_tst.o-c_compat_y_tst.o execute
FAIL: gcc.dg/debug/dwarf2/dwarf-die7.c scan-assembler 1.*DW_AT_inline
FAIL: gcc.dg/c90-const-expr-3.c (test for excess errors)
WARNING: program timed out.
FAIL: gcc.dg/c99-const-expr-3.c (test for excess errors)
WARNING: program timed out.
FAIL: gcc.dg/c99-intconst-1.c (test for excess errors)
FAIL: gcc.dg/cleanup-10.c execution test
FAIL: gcc.dg/cleanup-11.c execution test
FAIL: gcc.dg/cleanup-8.c execution test
FAIL: gcc.dg/cleanup-9.c execution test
FAIL: gcc.dg/uninit-H.c (test for bogus messages, line 20)
FAIL: gcc.dg/uninit-H.c (test for excess errors)
FAIL: gcc.dg/pch/save-temps-1.c (test for excess errors)
FAIL: gcc.dg/pch/static-1.c (test for excess errors)
FAIL: gcc.dg/pch/static-1.c (test for excess errors)
FAIL: gcc.dg/pch/static-1.c (test for excess errors)
FAIL: gcc.dg/pch/static-2.c (test for excess errors)
FAIL: gcc.dg/pch/static-2.c (test for excess errors)
FAIL: gcc.dg/pch/static-2.c (test for excess errors)
FAIL: gcc.dg/pch/static-3.c (test for excess errors)
FAIL: gcc.dg/pch/static-3.c (test for excess errors)
FAIL: gcc.dg/pch/static-3.c (test for excess errors)
FAIL: gcc.dg/pch/system-1.c (test for excess errors)
FAIL: gcc.dg/pch/system-1.c (test for excess errors)
FAIL: gcc.dg/pch/system-1.c (test for excess errors)
FAIL: gcc.dg/pch/system-1.c (test for excess errors)
FAIL: gcc.dg/pch/system-1.c (test for excess errors)
FAIL: gcc.dg/pch/system-1.c (test for excess errors)
FAIL: gcc.dg/pch/system-1.c (test for excess errors)
FAIL: gcc.dg/special/gcsec-1.c (test for excess errors)
FAIL: gcc.dg/tls/alias-1.c (test for excess errors)
FAIL: gcc.dg/tls/opt-2.c (test for excess errors)
FAIL: gcc.dg/tree-ssa/20040703-1.c scan-tree-dump-times 0.0 0
FAIL: gcc.dg/tree-ssa/ifc-20040816-2.c scan-tree-dump-times Applying if-conversion 1
FAIL: gcc.dg/tree-ssa/loop-4.c scan-tree-dump-times iter 0
FAIL: 96:is -:should be 1
FAIL: gcc.misc-tests/gcov-4.c gcov: 1 failures in line counts, 0 in branch percentages, 0 in return percentages
FAIL: linkage.c
=== gcc Summary ===
# of expected passes 30266
# of unexpected failures 72
# of unexpected successes 5
# of expected failures 68
# of unresolved testcases 18
# of untested testcases 45
# of unsupported tests 494
/usr/local/src/trunk/objdir/gcc/xgcc version 4.0.0 20040927 (experimental)
=== gfortran tests ===
Running target unix
FAIL: gfortran.dg/der_array_1.f90 execution test
FAIL: gfortran.dg/der_array_1.f90 execution test
FAIL: gfortran.dg/der_array_1.f90 execution test
FAIL: gfortran.dg/der_array_1.f90 execution test
FAIL: gfortran.dg/der_array_1.f90 execution test
FAIL: gfortran.dg/der_array_1.f90 execution test
FAIL: gfortran.dg/der_array_1.f90 execution test
FAIL: gfortran.dg/der_array_1.f90 execution test
FAIL: gfortran.dg/func_derived_1.f90 execution test
FAIL: gfortran.dg/func_derived_1.f90 execution test
FAIL: gfortran.dg/func_derived_1.f90 execution test
FAIL: gfortran.dg/func_derived_1.f90 execution test
FAIL: gfortran.dg/func_derived_1.f90 execution test
FAIL: gfortran.dg/func_derived_1.f90 execution test
FAIL: gfortran.dg/func_derived_1.f90 execution test
FAIL: gfortran.dg/func_derived_1.f90 execution test
XPASS: gfortran.dg/ret_pointer_1.f90 execution test
XPASS: gfortran.dg/ret_pointer_1.f90 execution test
XPASS: gfortran.dg/ret_pointer_1.f90 execution test
XPASS: gfortran.dg/ret_pointer_1.f90 execution test
XPASS: gfortran.dg/ret_pointer_1.f90 execution test
XPASS: gfortran.dg/ret_pointer_1.f90 execution test
XPASS: gfortran.dg/ret_pointer_1.f90 execution test
XPASS: gfortran.dg/ret_pointer_1.f90 execution test
FAIL: gfortran.dg/g77/980628-10.f execution test
FAIL: gfortran.dg/g77/980628-10.f execution test
FAIL: gfortran.dg/g77/980628-10.f execution test
FAIL: gfortran.dg/g77/980628-10.f execution test
FAIL: gfortran.dg/g77/980628-10.f execution test
FAIL: gfortran.dg/g77/980628-10.f execution test
FAIL: gfortran.dg/g77/980628-10.f execution test
FAIL: gfortran.dg/g77/980628-10.f execution test
FAIL: gfortran.dg/g77/980628-2.f execution test
FAIL: gfortran.dg/g77/980628-2.f execution test
FAIL: gfortran.dg/g77/980628-2.f execution test
FAIL: gfortran.dg/g77/980628-2.f execution test
FAIL: gfortran.dg/g77/980628-2.f execution test
FAIL: gfortran.dg/g77/980628-2.f execution test
FAIL: gfortran.dg/g77/980628-2.f execution test
FAIL: gfortran.dg/g77/980628-2.f execution test
FAIL: gfortran.dg/g77/980628-3.f execution test
FAIL: gfortran.dg/g77/980628-3.f execution test
FAIL: gfortran.dg/g77/980628-3.f execution test
FAIL: gfortran.dg/g77/980628-3.f execution test
FAIL: gfortran.dg/g77/980628-3.f execution test
FAIL: gfortran.dg/g77/980628-3.f execution test
FAIL: gfortran.dg/g77/980628-3.f execution test
FAIL: gfortran.dg/g77/980628-3.f execution test
FAIL: gfortran.dg/g77/980628-9.f execution test
FAIL: gfortran.dg/g77/980628-9.f execution test
FAIL: gfortran.dg/g77/980628-9.f execution test
FAIL: gfortran.dg/g77/980628-9.f execution test
FAIL: gfortran.dg/g77/980628-9.f execution test
FAIL: gfortran.dg/g77/980628-9.f execution test
FAIL: gfortran.dg/g77/980628-9.f execution test
FAIL: gfortran.dg/g77/980628-9.f execution test
FAIL: gfortran.fortran-torture/execute/common.f90 execution, -O2
FAIL: gfortran.fortran-torture/execute/common.f90 execution, -O3 -fomit-frame-pointer
FAIL: gfortran.fortran-torture/execute/common.f90 execution, -O3 -fomit-frame-pointer -funroll-loops
FAIL: gfortran.fortran-torture/execute/common.f90 execution, -O3 -fomit-frame-pointer -funroll-all-loops -finline-functions
FAIL: gfortran.fortran-torture/execute/common.f90 execution, -O3 -g
FAIL: gfortran.fortran-torture/execute/contained_3.f90 compilation, -O2
FAIL: gfortran.fortran-torture/execute/contained_3.f90 compilation, -O3 -fomit-frame-pointer
FAIL: gfortran.fortran-torture/execute/contained_3.f90 compilation, -O3 -fomit-frame-pointer -funroll-loops
FAIL: gfortran.fortran-torture/execute/contained_3.f90 compilation, -O3 -fomit-frame-pointer -funroll-all-loops -finline-functions
FAIL: gfortran.fortran-torture/execute/contained_3.f90 compilation, -O3 -g
FAIL: gfortran.fortran-torture/execute/contained_3.f90 compilation, -Os
FAIL: gfortran.fortran-torture/execute/data_2.f90 execution, -O2
FAIL: gfortran.fortran-torture/execute/data_2.f90 execution, -O3 -fomit-frame-pointer
FAIL: gfortran.fortran-torture/execute/data_2.f90 execution, -O3 -fomit-frame-pointer -funroll-loops
FAIL: gfortran.fortran-torture/execute/data_2.f90 execution, -O3 -fomit-frame-pointer -funroll-all-loops -finline-functions
FAIL: gfortran.fortran-torture/execute/data_2.f90 execution, -O3 -g
FAIL: gfortran.fortran-torture/execute/direct_io.f90 execution, -O0
FAIL: gfortran.fortran-torture/execute/direct_io.f90 execution, -O1
FAIL: gfortran.fortran-torture/execute/direct_io.f90 execution, -O2
FAIL: gfortran.fortran-torture/execute/direct_io.f90 execution, -O3 -fomit-frame-pointer
FAIL: gfortran.fortran-torture/execute/direct_io.f90 execution, -O3 -fomit-frame-pointer -funroll-loops
FAIL: gfortran.fortran-torture/execute/direct_io.f90 execution, -O3 -fomit-frame-pointer -funroll-all-loops -finline-functions
FAIL: gfortran.fortran-torture/execute/direct_io.f90 execution, -O3 -g
FAIL: gfortran.fortran-torture/execute/direct_io.f90 execution, -Os
FAIL: gfortran.fortran-torture/execute/emptyif.f90 compilation, -O1
FAIL: gfortran.fortran-torture/execute/emptyif.f90 compilation, -O2
FAIL: gfortran.fortran-torture/execute/emptyif.f90 compilation, -O3 -fomit-frame-pointer
FAIL: gfortran.fortran-torture/execute/emptyif.f90 compilation, -O3 -fomit-frame-pointer -funroll-loops
FAIL: gfortran.fortran-torture/execute/emptyif.f90 compilation, -O3 -fomit-frame-pointer -funroll-all-loops -finline-functions
FAIL: gfortran.fortran-torture/execute/emptyif.f90 compilation, -O3 -g
FAIL: gfortran.fortran-torture/execute/emptyif.f90 compilation, -Os
FAIL: gfortran.fortran-torture/execute/forall_3.f90 execution, -O0
FAIL: gfortran.fortran-torture/execute/forall_3.f90 execution, -O1
FAIL: gfortran.fortran-torture/execute/inquire_3.f90 execution, -O0
FAIL: gfortran.fortran-torture/execute/inquire_3.f90 execution, -O1
FAIL: gfortran.fortran-torture/execute/inquire_3.f90 execution, -O2
FAIL: gfortran.fortran-torture/execute/inquire_3.f90 execution, -O3 -fomit-frame-pointer
FAIL: gfortran.fortran-torture/execute/inquire_3.f90 execution, -O3 -fomit-frame-pointer -funroll-loops
FAIL: gfortran.fortran-torture/execute/inquire_3.f90 execution, -O3 -fomit-frame-pointer -funroll-all-loops -finline-functions
FAIL: gfortran.fortran-torture/execute/inquire_3.f90 execution, -O3 -g
FAIL: gfortran.fortran-torture/execute/inquire_3.f90 execution, -Os
FAIL: gfortran.fortran-torture/execute/inquire_4.f90 execution, -O0
FAIL: gfortran.fortran-torture/execute/inquire_4.f90 execution, -O1
FAIL: gfortran.fortran-torture/execute/inquire_4.f90 execution, -O2
FAIL: gfortran.fortran-torture/execute/inquire_4.f90 execution, -O3 -fomit-frame-pointer
FAIL: gfortran.fortran-torture/execute/inquire_4.f90 execution, -O3 -fomit-frame-pointer -funroll-loops
FAIL: gfortran.fortran-torture/execute/inquire_4.f90 execution, -O3 -fomit-frame-pointer -funroll-all-loops -finline-functions
FAIL: gfortran.fortran-torture/execute/inquire_4.f90 execution, -O3 -g
FAIL: gfortran.fortran-torture/execute/inquire_4.f90 execution, -Os
FAIL: gfortran.fortran-torture/execute/intrinsic_dotprod.f90 execution, -O1
FAIL: gfortran.fortran-torture/execute/intrinsic_dotprod.f90 execution, -O2
FAIL: gfortran.fortran-torture/execute/intrinsic_dotprod.f90 execution, -O3 -fomit-frame-pointer
FAIL: gfortran.fortran-torture/execute/intrinsic_dotprod.f90 execution, -O3 -fomit-frame-pointer -funroll-loops
FAIL: gfortran.fortran-torture/execute/intrinsic_dotprod.f90 execution, -O3 -fomit-frame-pointer -funroll-all-loops -finline-functions
FAIL: gfortran.fortran-torture/execute/intrinsic_dotprod.f90 execution, -O3 -g
FAIL: gfortran.fortran-torture/execute/intrinsic_dotprod.f90 execution, -Os
FAIL: gfortran.fortran-torture/execute/seq_io.f90 execution, -O0
FAIL: gfortran.fortran-torture/execute/seq_io.f90 execution, -O1
FAIL: gfortran.fortran-torture/execute/seq_io.f90 execution, -O2
FAIL: gfortran.fortran-torture/execute/seq_io.f90 execution, -O3 -fomit-frame-pointer
FAIL: gfortran.fortran-torture/execute/seq_io.f90 execution, -O3 -fomit-frame-pointer -funroll-loops
FAIL: gfortran.fortran-torture/execute/seq_io.f90 execution, -O3 -fomit-frame-pointer -funroll-all-loops -finline-functions
FAIL: gfortran.fortran-torture/execute/seq_io.f90 execution, -O3 -g
FAIL: gfortran.fortran-torture/execute/seq_io.f90 execution, -Os
FAIL: gfortran.fortran-torture/execute/st_function.f90 compilation, -O2
FAIL: gfortran.fortran-torture/execute/st_function.f90 compilation, -O3 -fomit-frame-pointer
FAIL: gfortran.fortran-torture/execute/st_function.f90 compilation, -O3 -fomit-frame-pointer -funroll-loops
FAIL: gfortran.fortran-torture/execute/st_function.f90 compilation, -O3 -fomit-frame-pointer -funroll-all-loops -finline-functions
FAIL: gfortran.fortran-torture/execute/st_function.f90 compilation, -O3 -g
FAIL: gfortran.fortran-torture/execute/st_function.f90 compilation, -Os
=== gfortran Summary ===
# of expected passes 4302
# of unexpected failures 118
# of unexpected successes 8
# of expected failures 27
# of untested testcases 19
# of unsupported tests 8
/usr/local/src/trunk/objdir/gcc/testsuite/../gfortran version 4.0.0 20040927 (experimental)
=== g++ tests ===
Running target unix
XPASS: g++.dg/other/packed1.C execution test
WARNING: program timed out.
FAIL: g++.dg/parse/stack1.C (test for excess errors)
XPASS: g++.dg/rtti/tinfo1.C scan-assembler _ZTIP9CTemplateIhE:
XPASS: g++.dg/rtti/tinfo1.C scan-assembler-not .globl[ \\t]+_ZTIP9CTemplateIhE
XPASS: g++.dg/rtti/tinfo1.C scan-assembler-not .section[^\\n\\r]*_ZTIP9CTemplateIhE[^\\n\\r]*
FAIL: 102:is -:should be 1
FAIL: g++.dg/gcov/gcov-1.C gcov: 1 failures in line counts, 0 in branch percentages, 0 in return percentages
FAIL: g++.dg/pch/empty.C (test for excess errors)
FAIL: g++.dg/pch/empty.C (test for excess errors)
FAIL: g++.dg/pch/empty.C (test for excess errors)
FAIL: g++.dg/pch/externc-1.C (test for excess errors)
FAIL: g++.dg/pch/externc-1.C (test for excess errors)
FAIL: g++.dg/pch/externc-1.C (test for excess errors)
FAIL: g++.dg/pch/static-1.C (test for excess errors)
FAIL: g++.dg/pch/static-1.C (test for excess errors)
FAIL: g++.dg/pch/static-1.C (test for excess errors)
FAIL: g++.dg/pch/system-1.C (test for excess errors)
FAIL: g++.dg/pch/system-2.C (test for excess errors)
FAIL: g++.dg/pch/uninst.C (test for excess errors)
FAIL: g++.dg/pch/uninst.C (test for excess errors)
FAIL: g++.dg/pch/uninst.C (test for excess errors)
FAIL: g++.dg/pch/wchar-1.C (test for excess errors)
FAIL: g++.dg/pch/wchar-1.C (test for excess errors)
FAIL: g++.dg/pch/wchar-1.C (test for excess errors)
WARNING: g++.old-deja/g++.mike/p10769a.C compilation failed to produce executable
WARNING: g++.old-deja/g++.other/enum5.C compilation failed to produce executable
XPASS: g++.old-deja/g++.other/init5.C execution test
FAIL: g++.old-deja/g++.other/thunk1.C (test for excess errors)
WARNING: g++.old-deja/g++.other/thunk1.C compilation failed to produce executable
WARNING: g++.old-deja/g++.pt/friend44.C compilation failed to produce executable
=== g++ Summary ===
# of expected passes 10067
# of unexpected failures 21
# of unexpected successes 5
# of expected failures 77
# of untested testcases 17
# of unsupported tests 82
/usr/local/src/trunk/objdir/gcc/testsuite/../g++ version 4.0.0 20040927 (experimental)
=== objc tests ===
Running target unix
=== objc Summary ===
# of expected passes 1421
# of unsupported tests 7
/usr/local/src/trunk/objdir/gcc/xgcc version 4.0.0 20040927 (experimental)
=== libffi tests ===
Running target unix
=== libffi Summary ===
# of expected passes 212
# of unsupported tests 2
=== libjava tests ===
Running target unix
FAIL: PR15133 output - gij test
FAIL: invoke output - gij test
FAIL: overload output - gij test
FAIL: register output - gij test
FAIL: simple_int output - gij test
WARNING: program timed out.
FAIL: Array_3 execution - source compiled test
WARNING: program timed out.
FAIL: Array_3 execution - gij test
WARNING: program timed out.
FAIL: Array_3 execution - bytecode->native test
WARNING: program timed out.
FAIL: Array_3 -O3 execution - source compiled test
WARNING: program timed out.
FAIL: Array_3 execution - gij test
WARNING: program timed out.
FAIL: Array_3 -O3 execution - bytecode->native test
WARNING: program timed out.
FAIL: Invoke_1 execution - source compiled test
WARNING: program timed out.
FAIL: Invoke_1 execution - bytecode->native test
WARNING: program timed out.
FAIL: Invoke_1 -O3 execution - source compiled test
WARNING: program timed out.
FAIL: Invoke_1 -O3 execution - bytecode->native test
WARNING: program timed out.
FAIL: PR218 execution - source compiled test
WARNING: program timed out.
FAIL: PR218 execution - gij test
WARNING: program timed out.
FAIL: PR218 execution - bytecode->native test
WARNING: program timed out.
FAIL: PR218 -O3 execution - source compiled test
WARNING: program timed out.
FAIL: PR218 execution - gij test
WARNING: program timed out.
FAIL: PR218 -O3 execution - bytecode->native test
WARNING: program timed out.
FAIL: Thread_HoldsLock execution - source compiled test
WARNING: program timed out.
FAIL: Thread_HoldsLock execution - gij test
WARNING: program timed out.
FAIL: Thread_HoldsLock execution - bytecode->native test
WARNING: program timed out.
FAIL: Thread_HoldsLock -O3 execution - source compiled test
WARNING: program timed out.
FAIL: Thread_HoldsLock execution - gij test
WARNING: program timed out.
FAIL: Thread_HoldsLock -O3 execution - bytecode->native test
WARNING: program timed out.
FAIL: Throw_2 execution - source compiled test
WARNING: program timed out.
FAIL: Throw_2 execution - gij test
WARNING: program timed out.
FAIL: Throw_2 execution - bytecode->native test
WARNING: program timed out.
FAIL: Throw_2 -O3 execution - source compiled test
WARNING: program timed out.
FAIL: Throw_2 execution - gij test
WARNING: program timed out.
FAIL: Throw_2 -O3 execution - bytecode->native test
WARNING: program timed out.
FAIL: pr16789 execution - source compiled test
WARNING: program timed out.
FAIL: pr16789 execution - gij test
WARNING: program timed out.
FAIL: pr16789 execution - bytecode->native test
WARNING: program timed out.
FAIL: pr16789 -O3 execution - source compiled test
WARNING: program timed out.
FAIL: pr16789 execution - gij test
WARNING: program timed out.
FAIL: pr16789 -O3 execution - bytecode->native test
=== libjava Summary ===
# of expected passes 3540
# of unexpected failures 39
# of expected failures 14
# of untested testcases 50
=== libmudflap tests ===
Running target unix
FAIL: libmudflap.c/pass49-frag.c execution test
FAIL: libmudflap.c/pass49-frag.c output pattern test
FAIL: libmudflap.c/pass49-frag.c (-static) execution test
FAIL: libmudflap.c/pass49-frag.c (-static) output pattern test
FAIL: libmudflap.c/pass49-frag.c (-O2) execution test
FAIL: libmudflap.c/pass49-frag.c (-O2) output pattern test
FAIL: libmudflap.c/pass49-frag.c (-O3) execution test
FAIL: libmudflap.c/pass49-frag.c (-O3) output pattern test
=== libmudflap Summary ===
# of expected passes 1160
# of unexpected failures 8
=== libstdc++-v3 check-abi Summary ===
# of added symbols: 525
# of missing symbols: 501
# of incompatible symbols: 512
using: /usr/local/src/trunk/gcc/libstdc++-v3/config/abi/sparc-linux-gnu/baseline_symbols.txt
=== libstdc++ tests ===
Running target unix
XPASS: 22_locale/locale/cons/12658_thread-1.cc execution test
XPASS: 26_numerics/cmath/c99_classification_macros_c.cc (test for excess errors)
XPASS: 27_io/fpos/14320-1.cc execution test
=== libstdc++ Summary ===
# of expected passes 2899
# of unexpected successes 3
# of expected failures 4
Compiler version: 4.0.0 20040927 (experimental)
Platform: sparc64-unknown-linux-gnu
configure flags: --enable-__cxa_atexit --enable-shared --enable-languages=c,c++,f95,java,objc
Counting all warnings,
there are 386 warnings in stage0 of this bootstrap.
Number of warnings per file:
102 libmudflap/mf-runtime.c
98 libobjc/archive.c
21 libiberty/regex.c
20 libiberty/concat.c
19 libjava/java/lang/mprec.c
9 ./java/lang/Integer.h
8 libjava/java/lang/strtod.c
8 include/xregex2.h
6 libjava/java/lang/natClassLoader.cc
6 libjava/java/lang/e_exp.c
6 libjava/java/lang/dtoa.c
6 include/fibheap.h
6 fastjar/jartool.c
5 libcpp/pch.c
4 monetary_members.cc
4 libiberty/pex-unix.c
2 ./runtime-info.h
2 libobjc/thr.c
2 libobjc/sendmsg.c
2 libmudflap/mf-hooks3.c
2 libjava/prims.cc
2 libjava/java/lang/natClass.cc
2 libjava/java/lang/e_rem_pio2.c
2 libjava/java/lang/e_asin.c
2 libjava/gnu/gcj/io/shs.cc
2 libgfortran/generated/transpose_i8.c
2 libgfortran/generated/transpose_i4.c
2 libgfortran/generated/matmul_r8.c
2 libgfortran/generated/matmul_r4.c
2 libgfortran/generated/matmul_l8.c
2 libgfortran/generated/matmul_l4.c
2 libgfortran/generated/matmul_i8.c
2 libgfortran/generated/matmul_i4.c
2 libgfortran/generated/matmul_c8.c
2 libgfortran/generated/matmul_c4.c
2 libcpp/macro.c
2 java/net/natNetworkInterface.cc
2 include/java-signal.h
2 gnu/java/nio/natPipeImpl.cc
2 gcc/defaults.h
2 gcc/coretypes.h
2 gcc/boehm-gc/mark_rts.c
2 gcc/auto-host.h
1 libmath/stubs.c
1 libcpp/makedepend.c
1 libcpp/directives.c
1 fastjar/compress.c
Number of warning types:
90 pointer targets in initialization differ in signedness
80 pointer targets in passing arg ??? of pointer to function differ in signedness
21 signed and unsigned type in conditional expression
20 traditional C rejects ISO C style function definitions
20 passing arg ??? of '_gfortran_size0' from incompatible pointer type
12 suggest parentheses around + or - inside shift
9 this decimal constant is unsigned only in ISO C90
8 pointer targets in passing arg ??? of 'objc_write_string' differ in signedness
6 pointer targets in passing arg ??? of 'objc_write_string_atomic' differ in signedness
6 pointer targets in passing arg ??? of \`???' differ in signedness
6 comparison between signed and unsigned integer expressions
6 bit-field \`???' type invalid in ISO C
4 variable 'out' might be clobbered by 'longjmp' or 'vfork'
4 unused variable \`???'
4 this is the location of the previous definition
4 suggest parentheses around assignment used as truth value
4 'noreturn' function does return
4 ISO C90 does not support 'static' or type qualifiers in parameter array declarators
4 ISO C90 does not support \`static' or type qualifiers in parameter array declarators
4 initialization discards qualifiers from pointer target type
4 format '%06lu' expects type 'long unsigned int', but argument 6 has type '__suseconds_t'
4 format '%06lu' expects type 'long unsigned int', but argument 4 has type '__suseconds_t'
4 format '%06lu' expects type 'long unsigned int', but argument 15 has type '__suseconds_t'
4 cast from pointer to integer of different size
3 suggest parentheses around arithmetic in operand of |
2 'z' is used uninitialized in this function
2 'void __rt_sigreturn_stub()' defined but not used
2 'void byteReverse()' declared 'static' but never defined
2 unused parameter 'self'
2 unused parameter '_p'
2 't' may be used uninitialized in this function
2 string length \`???' is greater than the length \`???' ISO C89 compilers are required to support
2 'spec_case' may be used uninitialized in this function
2 \`rtx' redefined
2 'lo' may be used uninitialized in this function
2 'k' may be used uninitialized in this function
2 'ilim' may be used uninitialized in this function
2 'ilim1' may be used uninitialized in this function
2 'hi' may be used uninitialized in this function
2 function returns address of local variable
2 'delta' may be used uninitialized in this function
2 \`DEFAULT_USE_CXA_ATEXIT' redefined
2 'bs' may be used uninitialized in this function
2 'bd' may be used uninitialized in this function
2 'bb' may be used uninitialized in this function
1 unused variable 'struct_forward_array'
1 unused parameter \`???'
1 'struct_forward_array' defined but not used
1 '__ret\$field\$3' may be used uninitialized in this function
1 '__ret\$field\$2' may be used uninitialized in this function
1 '__ret\$field\$1' may be used uninitialized in this function
1 '__ret\$field\$0' may be used uninitialized in this function
1 incompatible implicit declaration of built-in function 'fabsl'
1 implicit declaration of function \`???'
1 assignment from incompatible pointer type
1 assignment discards qualifiers from pointer target type
Counting all warnings,
there are 10 warnings in stage3 of this bootstrap.
Number of warnings per file:
3 gcc/gcc.c
2 gcc/objc/lang-specs.h
2 gcc/libgcc2.c
2 gcc/config/sparc/sparc.md
1 gcc/java/jvspec.c
Number of warning types:
1 string length '844' is greater than the length '509' ISO C89 compilers are required to support
1 string length '819' is greater than the length '509' ISO C89 compilers are required to support
1 string length '783' is greater than the length '509' ISO C89 compilers are required to support
1 string length '709' is greater than the length '509' ISO C89 compilers are required to support
1 string length '608' is greater than the length '509' ISO C89 compilers are required to support
1 string length '603' is greater than the length '509' ISO C89 compilers are required to support
1 pointer targets in passing arg ??? of '__udivmodti4' differ in signedness
1 pointer targets in passing arg ??? of '__udivmoddi4' differ in signedness
1 operand 2 missing mode?
1 operand 0 missing mode?