This is the mail archive of the
gcc-testresults@gcc.gnu.org
mailing list for the GCC project.
Results for 4.0.0 20040924 (experimental) testsuite onx86_64-unknown-linux-gnu
- From: Laurent GUERBY <laurent at guerby dot net>
- To: gcc-testresults at gcc dot gnu dot org
- Date: Sat, 25 Sep 2004 11:31:26 +0200
- Subject: Results for 4.0.0 20040924 (experimental) testsuite onx86_64-unknown-linux-gnu
LAST_UPDATED: Fri Sep 24 17:30:04 UTC 2004
(with Jan and Zdenek not yet submitted patches)
=== acats tests ===
FAIL: c330001
FAIL: c380004
FAIL: c43214c
FAIL: c45273a
FAIL: c45347a
FAIL: c45347b
FAIL: c45347c
FAIL: c61008a
FAIL: c74004a
FAIL: c95072a
FAIL: c95072b
FAIL: c97114a
FAIL: c97117a
FAIL: ca11005
FAIL: cc1221d
FAIL: cd10002
FAIL: cd2a21e
FAIL: cd2a22i
FAIL: cd2a31a
FAIL: cxaa017
FAIL: cxb4004
FAIL: cxh3002
=== acats Summary ===
# of expected passes 2295
# of unexpected failures 22
Native configuration is x86_64-unknown-linux-gnu
=== gcc tests ===
Running target unix
FAIL: gcc.c-torture/compile/simd-5.c (test for excess errors)
FAIL: gcc.c-torture/execute/ieee/fp-cmp-4q.c compilation, -O0
UNRESOLVED: gcc.c-torture/execute/ieee/fp-cmp-4q.c execution, -O0
FAIL: gcc.c-torture/execute/ieee/fp-cmp-4q.c compilation, -O1
UNRESOLVED: gcc.c-torture/execute/ieee/fp-cmp-4q.c execution, -O1
FAIL: gcc.c-torture/execute/ieee/fp-cmp-4q.c compilation, -O2
UNRESOLVED: gcc.c-torture/execute/ieee/fp-cmp-4q.c execution, -O2
FAIL: gcc.c-torture/execute/ieee/fp-cmp-4q.c compilation, -O3 -fomit-frame-pointer
UNRESOLVED: gcc.c-torture/execute/ieee/fp-cmp-4q.c execution, -O3 -fomit-frame-pointer
FAIL: gcc.c-torture/execute/ieee/fp-cmp-4q.c compilation, -O3 -g
UNRESOLVED: gcc.c-torture/execute/ieee/fp-cmp-4q.c execution, -O3 -g
FAIL: gcc.c-torture/execute/ieee/fp-cmp-4q.c compilation, -Os
UNRESOLVED: gcc.c-torture/execute/ieee/fp-cmp-4q.c execution, -Os
FAIL: gcc.c-torture/execute/ieee/fp-cmp-8q.c compilation, -O0
UNRESOLVED: gcc.c-torture/execute/ieee/fp-cmp-8q.c execution, -O0
FAIL: gcc.c-torture/execute/ieee/fp-cmp-8q.c compilation, -O1
UNRESOLVED: gcc.c-torture/execute/ieee/fp-cmp-8q.c execution, -O1
FAIL: gcc.c-torture/execute/ieee/fp-cmp-8q.c compilation, -O2
UNRESOLVED: gcc.c-torture/execute/ieee/fp-cmp-8q.c execution, -O2
FAIL: gcc.c-torture/execute/ieee/fp-cmp-8q.c compilation, -O3 -fomit-frame-pointer
UNRESOLVED: gcc.c-torture/execute/ieee/fp-cmp-8q.c execution, -O3 -fomit-frame-pointer
FAIL: gcc.c-torture/execute/ieee/fp-cmp-8q.c compilation, -O3 -g
UNRESOLVED: gcc.c-torture/execute/ieee/fp-cmp-8q.c execution, -O3 -g
FAIL: gcc.c-torture/execute/ieee/fp-cmp-8q.c compilation, -Os
UNRESOLVED: gcc.c-torture/execute/ieee/fp-cmp-8q.c execution, -Os
FAIL: gcc.c-torture/unsorted/opout.c, -O1
FAIL: gcc.c-torture/unsorted/opout.c, -O2
FAIL: gcc.c-torture/unsorted/opout.c, -O3 -fomit-frame-pointer
FAIL: gcc.c-torture/unsorted/opout.c, -O3 -g
FAIL: gcc.c-torture/unsorted/opout.c, -Os
FAIL: gcc.dg/compat/vector-2 c_compat_x_tst.o compile
UNRESOLVED: gcc.dg/compat/vector-2 c_compat_x_tst.o-c_compat_y_tst.o link
UNRESOLVED: gcc.dg/compat/vector-2 c_compat_x_tst.o-c_compat_y_tst.o execute
FAIL: tmpdir-gcc.dg-struct-layout-1/t001 c_compat_x_tst.o compile
UNRESOLVED: tmpdir-gcc.dg-struct-layout-1/t001 c_compat_x_tst.o-c_compat_y_tst.o link
UNRESOLVED: tmpdir-gcc.dg-struct-layout-1/t001 c_compat_x_tst.o-c_compat_y_tst.o execute
FAIL: tmpdir-gcc.dg-struct-layout-1/t027 c_compat_x_tst.o-c_compat_y_tst.o execute
FAIL: gcc.dg/debug/dwarf2/dwarf-die7.c scan-assembler 1.*DW_AT_inline
FAIL: gcc.dg/c90-const-expr-3.c (test for excess errors)
FAIL: gcc.dg/c99-const-expr-3.c (test for excess errors)
FAIL: gcc.dg/i386-sse-2.c (test for excess errors)
FAIL: gcc.dg/loop-3.c (test for excess errors)
FAIL: gcc.dg/uninit-H.c (test for bogus messages, line 20)
FAIL: gcc.dg/uninit-H.c (test for excess errors)
FAIL: gcc.dg/tree-ssa/ifc-20040816-2.c scan-tree-dump-times Applying if-conversion 1
FAIL: gcc.dg/tree-ssa/loop-2.c scan-tree-dump-times arr_base.*= 0
FAIL: gcc.dg/tree-ssa/loop-2.c scan-tree-dump-times 1700 1
FAIL: gcc.dg/tree-ssa/loop-2.c scan-tree-dump-times iter 0
FAIL: gcc.dg/tree-ssa/loop-4.c scan-tree-dump-times arr_base.*= 0
FAIL: gcc.dg/tree-ssa/loop-4.c scan-tree-dump-times iter 0
FAIL: gcc.dg/vect/vect-1.c (test for excess errors)
FAIL: gcc.dg/vect/vect-2.c (test for excess errors)
WARNING: gcc.dg/vect/vect-2.c compilation failed to produce executable
FAIL: gcc.dg/vect/vect-25.c (test for excess errors)
WARNING: gcc.dg/vect/vect-25.c compilation failed to produce executable
FAIL: gcc.dg/vect/vect-27a.c scan-tree-dump-times vectorized 1 loops 1
FAIL: gcc.dg/vect/vect-29a.c scan-tree-dump-times vectorized 1 loops 1
FAIL: gcc.dg/vect/vect-3.c (test for excess errors)
WARNING: gcc.dg/vect/vect-3.c compilation failed to produce executable
FAIL: gcc.dg/vect/vect-31.c (test for excess errors)
WARNING: gcc.dg/vect/vect-31.c compilation failed to produce executable
FAIL: gcc.dg/vect/vect-32.c (test for excess errors)
WARNING: gcc.dg/vect/vect-32.c compilation failed to produce executable
FAIL: gcc.dg/vect/vect-34.c (test for excess errors)
WARNING: gcc.dg/vect/vect-34.c compilation failed to produce executable
FAIL: gcc.dg/vect/vect-36.c (test for excess errors)
WARNING: gcc.dg/vect/vect-36.c compilation failed to produce executable
FAIL: gcc.dg/vect/vect-38.c (test for excess errors)
WARNING: gcc.dg/vect/vect-38.c compilation failed to produce executable
FAIL: gcc.dg/vect/vect-4.c (test for excess errors)
WARNING: gcc.dg/vect/vect-4.c compilation failed to produce executable
FAIL: gcc.dg/vect/vect-40.c scan-tree-dump-times vectorized 1 loops 1
FAIL: gcc.dg/vect/vect-42.c scan-tree-dump-times vectorized 1 loops 1
FAIL: gcc.dg/vect/vect-43.c scan-tree-dump-times vectorized 1 loops 1
FAIL: gcc.dg/vect/vect-48a.c scan-tree-dump-times vectorized 1 loops 1
FAIL: gcc.dg/vect/vect-5.c (test for excess errors)
WARNING: gcc.dg/vect/vect-5.c compilation failed to produce executable
FAIL: gcc.dg/vect/vect-56a.c scan-tree-dump-times vectorized 1 loops 1
FAIL: gcc.dg/vect/vect-6.c (test for excess errors)
WARNING: gcc.dg/vect/vect-6.c compilation failed to produce executable
FAIL: gcc.dg/vect/vect-64.c (test for excess errors)
WARNING: gcc.dg/vect/vect-64.c compilation failed to produce executable
FAIL: gcc.dg/vect/vect-65.c (test for excess errors)
WARNING: gcc.dg/vect/vect-65.c compilation failed to produce executable
FAIL: gcc.dg/vect/vect-66.c (test for excess errors)
WARNING: gcc.dg/vect/vect-66.c compilation failed to produce executable
FAIL: gcc.dg/vect/vect-68.c (test for excess errors)
WARNING: gcc.dg/vect/vect-68.c compilation failed to produce executable
FAIL: gcc.dg/vect/vect-69.c (test for excess errors)
WARNING: gcc.dg/vect/vect-69.c compilation failed to produce executable
FAIL: gcc.dg/vect/vect-7.c (test for excess errors)
WARNING: gcc.dg/vect/vect-7.c compilation failed to produce executable
FAIL: gcc.dg/vect/vect-72a.c scan-tree-dump-times vectorized 1 loops 1
FAIL: gcc.dg/vect/vect-73.c scan-tree-dump-times vectorized 1 loops 1
FAIL: gcc.dg/vect/vect-74.c scan-tree-dump-times vectorized 1 loops 1
FAIL: gcc.dg/vect/vect-75.c scan-tree-dump-times vectorized 1 loops 1
FAIL: gcc.dg/vect/vect-76.c (test for excess errors)
WARNING: gcc.dg/vect/vect-76.c compilation failed to produce executable
FAIL: gcc.dg/vect/vect-76.c scan-tree-dump-times vectorized 3 loops 1
FAIL: gcc.dg/vect/vect-77a.c scan-tree-dump-times vectorized 1 loops 1
FAIL: gcc.dg/vect/vect-all.c (test for excess errors)
WARNING: gcc.dg/vect/vect-all.c compilation failed to produce executable
FAIL: gcc.misc-tests/bprob-1.c compilation, -O1 -fbranch-probabilities
UNRESOLVED: gcc.misc-tests/bprob-1.c execution, -O1 -fbranch-probabilities
FAIL: gcc.misc-tests/bprob-1.c compilation, -O2 -DPERFTIME -fbranch-probabilities
UNRESOLVED: gcc.misc-tests/bprob-1.c execution, -O2 -DPERFTIME -fbranch-probabilities
FAIL: gcc.misc-tests/bprob-1.c compilation, -O3 -DPERFTIME -fbranch-probabilities
UNRESOLVED: gcc.misc-tests/bprob-1.c execution, -O3 -DPERFTIME -fbranch-probabilities
FAIL: gcc.misc-tests/bprob-1.c compilation, -O3 -g -DPERFTIME -fbranch-probabilities
UNRESOLVED: gcc.misc-tests/bprob-1.c execution, -O3 -g -DPERFTIME -fbranch-probabilities
FAIL: gcc.misc-tests/bprob-1.c compilation, -Os -fbranch-probabilities
UNRESOLVED: gcc.misc-tests/bprob-1.c execution, -Os -fbranch-probabilities
FAIL: gcc.misc-tests/bprob-1.c compilation, -O1 -ftree-based-profiling -fbranch-probabilities
UNRESOLVED: gcc.misc-tests/bprob-1.c execution, -O1 -ftree-based-profiling -fbranch-probabilities
FAIL: 96:is -:should be 1
FAIL: gcc.misc-tests/gcov-4.c gcov: 1 failures in line counts, 0 in branch percentages, 0 in return percentages
=== gcc Summary ===
# of expected passes 30561
# of unexpected failures 75
# of expected failures 114
# of unresolved testcases 22
# of untested testcases 28
# of unsupported tests 379
/home/guerby/work/gcc/build/build-20040925T004505/gcc/xgcc version 4.0.0 20040924 (experimental)
Compiler version: 4.0.0 20040924 (experimental)
Platform: x86_64-unknown-linux-gnu
configure flags: --prefix=/home/guerby/work/gcc/install/install-20040925T004505 --enable-__cxa_atexit --disable-nls --enable-threads=posix --enable-languages=c,ada