This is the mail archive of the
gcc-testresults@gcc.gnu.org
mailing list for the GCC project.
Results for 4.0.0 20040913 (experimental) testsuite on powerpc-apple-darwin7.5.0
- From: Andreas Tobler <toa at pop dot agri dot ch>
- To: gcc-testresults at gcc dot gnu dot org
- Date: Tue, 14 Sep 2004 17:33:56 +0200
- Subject: Results for 4.0.0 20040913 (experimental) testsuite on powerpc-apple-darwin7.5.0
LAST_UPDATED: Mon Sep 13 20:43:24 UTC 2004
Native configuration is powerpc-apple-darwin7.5.0
=== g++ tests ===
Running target unix
UNRESOLVED: g++.dg/ext/visibility/assign1.C
UNRESOLVED: g++.dg/ext/visibility/fvisibility-inlines-hidden.C
UNRESOLVED: g++.dg/ext/visibility/fvisibility-override1.C
UNRESOLVED: g++.dg/ext/visibility/fvisibility-override2.C
UNRESOLVED: g++.dg/ext/visibility/fvisibility.C
UNRESOLVED: g++.dg/ext/visibility/memfuncts.C
UNRESOLVED: g++.dg/ext/visibility/new1.C
UNRESOLVED: g++.dg/ext/visibility/noPLT.C
UNRESOLVED: g++.dg/ext/visibility/pragma-override1.C
UNRESOLVED: g++.dg/ext/visibility/pragma-override2.C
UNRESOLVED: g++.dg/ext/visibility/pragma.C
UNRESOLVED: g++.dg/ext/visibility/staticmemfuncts.C
UNRESOLVED: g++.dg/ext/visibility/virtual.C
UNRESOLVED: g++.dg/ext/visibility/visibility-1.C
UNRESOLVED: g++.dg/ext/visibility/visibility-2.C
UNRESOLVED: g++.dg/ext/visibility/visibility-3.C
UNRESOLVED: g++.dg/ext/visibility/visibility-4.C
UNRESOLVED: g++.dg/ext/visibility/visibility-5.C
UNRESOLVED: g++.dg/ext/visibility/visibility-6.C
UNRESOLVED: g++.dg/ext/visibility/visibility-7.C
UNRESOLVED: g++.dg/ext/visibility/visibility-8.C
UNRESOLVED: g++.dg/init/init-ref4.C
XPASS: g++.dg/other/packed1.C execution test
WARNING: program timed out.
FAIL: g++.dg/parse/stack1.C (test for excess errors)
XPASS: g++.dg/rtti/tinfo1.C scan-assembler _ZTIP9CTemplateIhE:
XPASS: g++.dg/rtti/tinfo1.C scan-assembler-not .globl[ \\t]+_ZTIP9CTemplateIhE
XPASS: g++.dg/rtti/tinfo1.C scan-assembler-not .section[^\\n\\r]*_ZTIP9CTemplateIhE[^\\n\\r]*
FAIL: g++.dg/warn/weak1.C (test for excess errors)
FAIL: 102:is -:should be 1
FAIL: g++.dg/gcov/gcov-1.C gcov: 1 failures in line counts, 0 in branch percentages, 0 in return percentages
FAIL: g++.dg/special/conpr-3.C execution test
UNRESOLVED: g++.old-deja/g++.ext/attrib5.C
WARNING: g++.old-deja/g++.mike/p10769a.C compilation failed to produce executable
WARNING: g++.old-deja/g++.other/enum5.C compilation failed to produce executable
WARNING: g++.old-deja/g++.pt/friend44.C compilation failed to produce executable
UNRESOLVED: g++.old-deja/g++.pt/static3.C
=== g++ Summary ===
# of expected passes 9964
# of unexpected failures 5
# of unexpected successes 4
# of expected failures 80
# of unresolved testcases 24
# of unsupported tests 107
/Volumes/src/gcc/gcc-cvs-clean/objdir/gcc/testsuite/../g++ version 4.0.0 20040913 (experimental)
=== gcc tests ===
Running target unix
FAIL: gcc.c-torture/compile/20021108-1.c -O0 (test for excess errors)
FAIL: gcc.c-torture/compile/20021108-1.c -O1 (test for excess errors)
FAIL: gcc.c-torture/compile/20021108-1.c -O2 (test for excess errors)
FAIL: gcc.c-torture/compile/20021108-1.c -O3 -fomit-frame-pointer (test for excess errors)
FAIL: gcc.c-torture/compile/20021108-1.c -O3 -g (test for excess errors)
FAIL: gcc.c-torture/compile/20021108-1.c -Os (test for excess errors)
FAIL: gcc.c-torture/compile/labels-1.c -O0 (test for excess errors)
FAIL: gcc.c-torture/compile/labels-1.c -O1 (test for excess errors)
FAIL: gcc.c-torture/compile/labels-1.c -O2 (test for excess errors)
FAIL: gcc.c-torture/compile/labels-1.c -O3 -fomit-frame-pointer (test for excess errors)
FAIL: gcc.c-torture/compile/labels-1.c -O3 -g (test for excess errors)
FAIL: gcc.c-torture/compile/labels-1.c -Os (test for excess errors)
FAIL: gcc.c-torture/compile/labels-2.c -O0 (test for excess errors)
FAIL: gcc.c-torture/compile/labels-2.c -O1 (test for excess errors)
FAIL: gcc.c-torture/compile/labels-2.c -O2 (test for excess errors)
FAIL: gcc.c-torture/compile/labels-2.c -O3 -fomit-frame-pointer (test for excess errors)
FAIL: gcc.c-torture/compile/labels-2.c -O3 -g (test for excess errors)
FAIL: gcc.c-torture/compile/labels-2.c -Os (test for excess errors)
FAIL: gcc.c-torture/execute/921013-1.c execution, -O3 -fomit-frame-pointer -funroll-loops
FAIL: gcc.c-torture/execute/921013-1.c execution, -O3 -fomit-frame-pointer -funroll-all-loops -finline-functions
FAIL: gcc.c-torture/execute/931004-12.c execution, -O0
FAIL: gcc.c-torture/execute/931004-12.c execution, -O1
FAIL: gcc.c-torture/execute/931004-12.c execution, -O2
FAIL: gcc.c-torture/execute/931004-12.c execution, -O3 -fomit-frame-pointer
FAIL: gcc.c-torture/execute/931004-12.c execution, -O3 -fomit-frame-pointer -funroll-loops
FAIL: gcc.c-torture/execute/931004-12.c execution, -O3 -fomit-frame-pointer -funroll-all-loops -finline-functions
FAIL: gcc.c-torture/execute/931004-12.c execution, -O3 -g
FAIL: gcc.c-torture/execute/931004-12.c execution, -Os
FAIL: gcc.c-torture/execute/va-arg-22.c execution, -O0
FAIL: gcc.c-torture/execute/va-arg-22.c execution, -O1
FAIL: gcc.c-torture/execute/va-arg-22.c execution, -O2
FAIL: gcc.c-torture/execute/va-arg-22.c execution, -O3 -fomit-frame-pointer
FAIL: gcc.c-torture/execute/va-arg-22.c execution, -O3 -fomit-frame-pointer -funroll-loops
FAIL: gcc.c-torture/execute/va-arg-22.c execution, -O3 -fomit-frame-pointer -funroll-all-loops -finline-functions
FAIL: gcc.c-torture/execute/va-arg-22.c execution, -O3 -g
FAIL: gcc.c-torture/execute/va-arg-22.c execution, -Os
FAIL: gcc.dg/compat/struct-by-value-2 c_compat_x_tst.o-c_compat_y_tst.o execute
FAIL: gcc.dg/compat/struct-by-value-4 c_compat_x_tst.o-c_compat_y_tst.o execute
FAIL: gcc.dg/compat/struct-return-2 c_compat_x_tst.o-c_compat_y_tst.o execute
FAIL: gcc.dg/compat/vector-2 c_compat_x_tst.o compile
FAIL: gcc.dg/compat/vector-2 c_compat_y_tst.o compile
UNRESOLVED: gcc.dg/compat/vector-2 c_compat_x_tst.o-c_compat_y_tst.o link
UNRESOLVED: gcc.dg/compat/vector-2 c_compat_x_tst.o-c_compat_y_tst.o execute
WARNING: Could not compile gcc.dg/compat/struct-layout-1 generator
FAIL: gcc.dg/debug/dwarf2/dwarf-die7.c scan-assembler 1.*DW_AT_inline
FAIL: gcc.dg/altivec-18.c scan-assembler vcmpgtub
FAIL: gcc.dg/array-quals-1.c scan-assembler-not \\\\.data(?!\\\\.rel\\\\.ro)
FAIL: gcc.dg/c90-const-expr-3.c (test for excess errors)
FAIL: gcc.dg/c99-const-expr-3.c (test for excess errors)
FAIL: gcc.dg/darwin-abi-2.c (test for excess errors)
FAIL: gcc.dg/darwin-abi-2.c execution test
FAIL: gcc.dg/darwin-longdouble.c (test for excess errors)
FAIL: gcc.dg/pr17055-1.c (test for excess errors)
FAIL: gcc.dg/rs6000-power2-2.c scan-assembler-not lfd
FAIL: gcc.dg/rs6000-power2-2.c scan-assembler lfq
FAIL: gcc.dg/rs6000-power2-2.c scan-assembler stfq
UNRESOLVED: gcc.dg/visibility-1.c
UNRESOLVED: gcc.dg/visibility-10.c
UNRESOLVED: gcc.dg/visibility-2.c
UNRESOLVED: gcc.dg/visibility-3.c
UNRESOLVED: gcc.dg/visibility-4.c
UNRESOLVED: gcc.dg/visibility-5.c
UNRESOLVED: gcc.dg/visibility-6.c
UNRESOLVED: gcc.dg/visibility-7.c
UNRESOLVED: gcc.dg/visibility-8.c
UNRESOLVED: gcc.dg/visibility-9.c
UNRESOLVED: gcc.dg/visibility-a.c
UNRESOLVED: gcc.dg/special/weak-1.c
UNRESOLVED: gcc.dg/special/weak-2.c
UNRESOLVED: gcc.dg/special/wkali-1.c
UNRESOLVED: gcc.dg/special/wkali-2.c
FAIL: gcc.dg/torture/builtin-noret-1.c -O0 (test for excess errors)
FAIL: gcc.dg/torture/builtin-noret-1.c -O1 (test for excess errors)
FAIL: gcc.dg/torture/builtin-noret-1.c -O2 (test for excess errors)
FAIL: gcc.dg/torture/builtin-noret-1.c -O3 -fomit-frame-pointer (test for excess errors)
FAIL: gcc.dg/torture/builtin-noret-1.c -O3 -g (test for excess errors)
FAIL: gcc.dg/torture/builtin-noret-1.c -Os (test for excess errors)
FAIL: gcc.dg/torture/builtin-noret-2.c -O0 (test for excess errors)
FAIL: gcc.dg/torture/builtin-noret-2.c -O1 (test for excess errors)
FAIL: gcc.dg/torture/builtin-noret-2.c -O2 (test for excess errors)
FAIL: gcc.dg/torture/builtin-noret-2.c -O3 -fomit-frame-pointer (test for excess errors)
FAIL: gcc.dg/torture/builtin-noret-2.c -O3 -g (test for excess errors)
FAIL: gcc.dg/torture/builtin-noret-2.c -Os (test for excess errors)
FAIL: gcc.dg/tree-ssa/ifc-20040816-2.c scan-tree-dump-times Applying if-conversion 1
FAIL: gcc.dg/tree-ssa/loop-1.c scan-assembler-times foo 5
FAIL: gcc.dg/tree-ssa/loop-2.c scan-tree-dump-times arr_base.*= 0
FAIL: gcc.dg/tree-ssa/loop-4.c scan-tree-dump-times arr_base.*= 0
FAIL: gcc.dg/tree-ssa/sra-1.c scan-tree-dump-times link_error 0
XPASS: gcc.dg/vect/vect-13.c scan-tree-dump-times vectorized 1 loops 1
FAIL: gcc.dg/vmx/darwin-abi-3.c -O0 execution test
FAIL: gcc.dg/vmx/darwin-abi-3.c -O1 execution test
FAIL: gcc.dg/vmx/darwin-abi-3.c -O2 execution test
FAIL: gcc.dg/vmx/darwin-abi-3.c -O3 -fomit-frame-pointer execution test
FAIL: gcc.dg/vmx/darwin-abi-3.c -O3 -g execution test
FAIL: gcc.dg/vmx/darwin-abi-3.c -Os execution test
UNRESOLVED: gcc.dg/weak/typeof-2.c
UNRESOLVED: gcc.dg/weak/weak-1.c
UNRESOLVED: gcc.dg/weak/weak-2.c
UNRESOLVED: gcc.dg/weak/weak-3.c
UNRESOLVED: gcc.dg/weak/weak-4.c
UNRESOLVED: gcc.dg/weak/weak-5.c
UNRESOLVED: gcc.dg/weak/weak-6.c
UNRESOLVED: gcc.dg/weak/weak-7.c
UNRESOLVED: gcc.dg/weak/weak-8.c
UNRESOLVED: gcc.dg/weak/weak-9.c
FAIL: 96:is -:should be 1
FAIL: gcc.misc-tests/gcov-4.c gcov: 1 failures in line counts, 0 in branch percentages, 0 in return percentages
=== gcc Summary ===
# of expected passes 30613
# of unexpected failures 78
# of unexpected successes 1
# of expected failures 102
# of unresolved testcases 27
# of untested testcases 28
# of unsupported tests 404
/Volumes/src/gcc/gcc-cvs-clean/objdir/gcc/xgcc version 4.0.0 20040913 (experimental)
=== libffi tests ===
Running target unix
FAIL: libffi.call/closure_fn7.c output pattern test, is 400fffffff0ffff0410fffffffaffff0
FAIL: libffi.call/cls_3_1byte.c output pattern test, is 12 13 14 178 179 180: 190 192 194
=== libffi Summary ===
# of expected passes 225
# of unexpected failures 2
# of unsupported tests 2
=== libjava tests ===
Running target unix
XPASS: 15.28-string-13
XPASS: 15.15-precedence-5
XPASS: 3.10.2-round-6
FAIL: 3.10.2-round-8
XPASS: non-jls-argument-expansion-tokens-2
XPASS: non-jls-argument-expansion-tokens-4
XPASS: non-jls-argument-expansion-tokens-5
WARNING: program timed out.
FAIL: gnu.testlet.BinaryCompatibility.BinaryCompatibilityTest: Adding a method to a class (number 1)
FAIL: gnu.testlet.BinaryCompatibility.BinaryCompatibilityTest: Adding a field to a class (number 1)
FAIL: gnu.testlet.BinaryCompatibility.BinaryCompatibilityTest: Adding a method to an interface (number 1)
FAIL: gnu.testlet.BinaryCompatibility.BinaryCompatibilityTest: Deleting a method from a class (number 1)
FAIL: gnu.testlet.BinaryCompatibility.BinaryCompatibilityTest: Deleting a field from a class (number 1)
FAIL: gnu.testlet.BinaryCompatibility.BinaryCompatibilityTest: Reordering fields of a class (number 1)
FAIL: gnu.testlet.BinaryCompatibility.BinaryCompatibilityTest: Reordering methods of a class (number 1)
FAIL: gnu.testlet.java.awt.Choice.getSelected: add (number 3)
FAIL: gnu.testlet.java.awt.Choice.getSelected: add (number 4)
FAIL: gnu.testlet.java.awt.Choice.getSelected: add (number 5)
FAIL: gnu.testlet.java.awt.Choice.getSelected: add (number 6)
FAIL: gnu.testlet.java.awt.Choice.getSelected: addItem (number 3)
FAIL: gnu.testlet.java.awt.Choice.getSelected: addItem (number 4)
FAIL: gnu.testlet.java.awt.Choice.getSelected: addItem (number 5)
FAIL: gnu.testlet.java.awt.Choice.getSelected: addItem (number 6)
FAIL: gnu.testlet.java.awt.Choice.getSelected: insert-mauve (number 3)
FAIL: gnu.testlet.java.awt.Choice.getSelected: insert-mauve (number 4)
FAIL: gnu.testlet.java.awt.Choice.getSelected: insert-mauve (number 5)
FAIL: gnu.testlet.java.awt.Choice.getSelected: insert-mauve (number 6)
FAIL: gnu.testlet.java.awt.Choice.getSelected: insert-gnu (number 3)
FAIL: gnu.testlet.java.awt.Choice.getSelected: insert-gnu (number 4)
FAIL: gnu.testlet.java.awt.Choice.getSelected: insert-gnu (number 5)
FAIL: gnu.testlet.java.awt.Choice.getSelected: insert-gnu (number 6)
FAIL: gnu.testlet.java.awt.Choice.getSelected: insert-fsf (number 3)
FAIL: gnu.testlet.java.awt.Choice.getSelected: insert-fsf (number 4)
FAIL: gnu.testlet.java.awt.Choice.getSelected: insert-fsf (number 6)
FAIL: gnu.testlet.java.awt.Choice.getSelected: remove-gnu (number 3)
FAIL: gnu.testlet.java.awt.Choice.getSelected: remove-gnu (number 4)
FAIL: gnu.testlet.java.awt.Choice.getSelected: remove-gnu (number 6)
FAIL: gnu.testlet.java.awt.Choice.getSelected: remove-1-remove-0 (number 3)
FAIL: gnu.testlet.java.awt.Choice.getSelected: uncaught exception at "remove-1-remove-0" number 4: java.lang.ArrayIndexOutOfBoundsException: 0 >= 0
FAIL: gnu.testlet.java.awt.color.ColorSpace.getInstance: CS_sRGB (number 1)
FAIL: gnu.testlet.java.awt.color.ColorSpace.getInstance: CS_CIEXYZ (number 1)
FAIL: gnu.testlet.java.awt.color.ColorSpace.getInstance: CS_CIEXYZ (number 4)
FAIL: gnu.testlet.java.awt.color.ColorSpace.getInstance: CS_CIEXYZ (number 6)
FAIL: gnu.testlet.java.awt.color.ColorSpace.getInstance: CS_CIEXYZ (number 8)
FAIL: gnu.testlet.java.awt.color.ColorSpace.getInstance: uncaught exception at "CS_PYCC" number 1: java.lang.UnsupportedOperationException: profile not implemented
FAIL: gnu.testlet.java.awt.geom.GeneralPath.getPathIterator: transformed (number 14)
FAIL: gnu.testlet.java.awt.geom.GeneralPath.getPathIterator: transformed (number 15)
FAIL: gnu.testlet.java.awt.geom.GeneralPath.getPathIterator: transformed (number 24)
FAIL: gnu.testlet.java.awt.geom.GeneralPath.getPathIterator: transformed (number 25)
FAIL: gnu.testlet.java.awt.geom.GeneralPath.getPathIterator: uncaught exception at "transformed" number 32: java.lang.ArrayIndexOutOfBoundsException: 6
FAIL: gnu.testlet.java.io.File.security: createTempFile(2-args) - unexpected exception (number 1)
FAIL: gnu.testlet.java.io.File.security: File.listRoots() (number 1)
FAIL: gnu.testlet.java.io.File.security: file.renameTo - unexpected exception (number 1)
FAIL: gnu.testlet.java.io.File.security: dir.deleteOnExit() - unexpected exception (number 1)
FAIL: gnu.testlet.java.io.ObjectInputOutput.Compat1: Compatibility test for BigInteger (number 3)
FAIL: gnu.testlet.java.io.ObjectInputOutput.InputTest: gnu.testlet.java.io.ObjectInputOutput.Test\$CallDefault (number 1)
FAIL: gnu.testlet.java.io.ObjectInputOutput.InputTest: gnu.testlet.java.io.ObjectInputOutput.Test\$Extern (number 1)
FAIL: gnu.testlet.java.io.ObjectInputOutput.InputTest: gnu.testlet.java.io.ObjectInputOutput.Test\$NoCallDefault (number 1)
FAIL: gnu.testlet.java.io.ObjectInputOutput.InputTest: gnu.testlet.java.io.ObjectInputOutput.Test\$HairyGraph (number 1)
FAIL: gnu.testlet.java.io.ObjectInputOutput.InputTest: gnu.testlet.java.io.ObjectInputOutput.Test\$GetPutField (number 1)
FAIL: gnu.testlet.java.io.ObjectInputOutput.InputTest: gnu.testlet.java.io.ObjectInputOutput.Test\$FinalField (number 1)
FAIL: gnu.testlet.java.io.ObjectInputOutput.OutputTest: gnu.testlet.java.io.ObjectInputOutput.Test\$CallDefault (number 1)
FAIL: gnu.testlet.java.io.ObjectInputOutput.OutputTest: Serializable: gnu.testlet.java.io.ObjectInputOutput.Test\$Extern () (number 2)
FAIL: gnu.testlet.java.io.ObjectInputOutput.OutputTest: gnu.testlet.java.io.ObjectInputOutput.Test\$NoCallDefault (number 1)
FAIL: gnu.testlet.java.io.ObjectInputOutput.OutputTest: gnu.testlet.java.io.ObjectInputOutput.Test\$HairyGraph (number 1)
FAIL: gnu.testlet.java.io.ObjectInputOutput.OutputTest: Serializable: test(str=null, x=0) (number 2)
FAIL: gnu.testlet.java.io.ObjectInputOutput.OutputTest: gnu.testlet.java.io.ObjectInputOutput.Test\$FinalField (number 1)
FAIL: gnu.testlet.java.io.ObjectInputOutput.OutputTest: gnu.testlet.java.io.ObjectInputOutput.Test\$BadField (number 1)
FAIL: gnu.testlet.java.io.ObjectStreamClass.Test: getSerialVersionUID (number 1)
FAIL: gnu.testlet.java.io.ObjectStreamClass.Test: getSerialVersionUID (number 2)
FAIL: gnu.testlet.java.io.ObjectStreamClass.Test: getSerialVersionUID (number 3)
FAIL: gnu.testlet.java.io.ObjectStreamClass.Test: getSerialVersionUID (number 5)
FAIL: gnu.testlet.java.io.ObjectStreamClass.Test: getSerialVersionUID (number 6)
FAIL: gnu.testlet.java.io.ObjectStreamClass.Test: getSerialVersionUID (number 7)
FAIL: gnu.testlet.java.io.OutputStreamWriter.jdk11: OutputStreamWriter(writer, encoding) (number 1)
FAIL: gnu.testlet.java.io.OutputStreamWriter.jdk11: OutputStreamWriter(writer, encoding) // alias (number 1)
FAIL: gnu.testlet.java.io.PrintWriter.checkError (number 3)
FAIL: gnu.testlet.java.io.PrintWriter.jdk11: checkError() after close() (number 1)
FAIL: gnu.testlet.java.io.RandomAccessFile.setLength (number 14)
FAIL: gnu.testlet.java.lang.Class.init (number 5)
FAIL: gnu.testlet.java.lang.Math.MathTest: Error : test_pow failed - 9 (number 1)
FAIL: gnu.testlet.java.lang.Math.sin (number 1)
XPASS: gnu.testlet.java.lang.String.getBytes13: String.getBytes("UTF-16") (number 1)
XPASS: gnu.testlet.java.lang.String.getBytes14: String.getBytes("UTF-16BE") (number 1)
XPASS: gnu.testlet.java.lang.String.getBytes14: String.getBytes("UTF-16LE") (number 1)
FAIL: gnu.testlet.java.lang.Thread.contextClassLoader: null is a valid contextClassLoader (number 1)
FAIL: gnu.testlet.java.lang.Thread.contextClassLoader: New thread inherits null classloader (number 1)
FAIL: gnu.testlet.java.lang.Thread.contextClassLoader: run with null classloader (number 1)
FAIL: gnu.testlet.java.lang.Thread.daemon: Can change daemon state on an exitted Thread (number 1)
FAIL: gnu.testlet.java.lang.Thread.daemon: Daemon status changed when set on an exitted Thread (number 1)
FAIL: gnu.testlet.java.lang.Thread.stop: Unexpected exception during test() (number 1)
FAIL: gnu.testlet.java.lang.ref.PhantomReference.phantom: unreachable (number 1)
FAIL: gnu.testlet.java.lang.ref.PhantomReference.phantom: object finalized (number 1)
FAIL: gnu.testlet.java.lang.ref.WeakReference.weakref: unreachable (number 1)
FAIL: gnu.testlet.java.lang.ref.WeakReference.weakref: contents of weak reference (number 1)
FAIL: gnu.testlet.java.lang.reflect.Array.newInstance: Void.TYPE (number 1)
FAIL: gnu.testlet.java.lang.reflect.Array.newInstance: multi-dimensional (number 5)
FAIL: gnu.testlet.java.lang.reflect.Constructor.newInstance: int arg (number 1)
FAIL: gnu.testlet.java.lang.reflect.Constructor.newInstance: uncaught exception at "int arg" number 2: java.lang.ClassCastException: java.lang.IllegalAccessException cannot be cast to gnu.testlet.java.lang.reflect.Constructor.newInstance
FAIL: gnu.testlet.java.lang.reflect.Field.access (number 1)
FAIL: Link for gnu.testlet.java.lang.reflect.Method.invoke
FAIL: gnu.testlet.java.lang.reflect.ReflectAccess: java.lang.IllegalAccessException (number 1)
FAIL: Link for gnu.testlet.java.lang.reflect.sub.InvokeHelper
FAIL: gnu.testlet.java.net.DatagramPacket.DatagramPacketOffset: DatagramPacket Offset Test java.io.IOException: Invalid argument (number 1)
FAIL: gnu.testlet.java.net.DatagramPacket.DatagramPacketTest: uncaught exception at "Error : test_Basics failed - 8 The getAddress should return the value that is assigned to it" number 1: java.lang.NullPointerException
FAIL: gnu.testlet.java.net.DatagramPacket.DatagramPacketTest2: invalid_addr: test 1 - Should throw NullPointerException (number 1)
FAIL: gnu.testlet.java.net.DatagramPacket.DatagramPacketTest2: invalid_addr: test 2 - Should throw NullPointerException (number 1)
FAIL: gnu.testlet.java.net.DatagramPacket.DatagramPacketTest2: invalid_addr: test 3 - Should throw NullPointerException (number 1)
FAIL: gnu.testlet.java.net.DatagramSocket.DatagramSocketTest: Error : test_Basics failed - 8 (number 1)
FAIL: gnu.testlet.java.net.DatagramSocket.DatagramSocketTest: Error : test_echo failed - 3 Exception occured while sending/receiving (number 1)
FAIL: gnu.testlet.java.net.DatagramSocket.DatagramSocketTest: Error : test_echo - 5 failed The echo server did not send the expected data (number 1)
FAIL: gnu.testlet.java.net.DatagramSocket.DatagramSocketTest: Error : test_echoWithTimeout failed - 5 Exception occured while sending/receiving (number 1)
FAIL: gnu.testlet.java.net.DatagramSocket.DatagramSocketTest: Error : test_echoWithTimeout - 7 failed The echo server didnot send the expected data (number 1)
FAIL: gnu.testlet.java.net.DatagramSocket.DatagramSocketTest2: invalid_receive_data: test 1 - Should NOT throw Exception (number 1)
FAIL: gnu.testlet.java.net.DatagramSocket.DatagramSocketTest2: invalid_send_addr: test 1 - Should NOT throw Exception (number 1)
FAIL: gnu.testlet.java.net.DatagramSocket.DatagramSocketTest2: invalid_send_port: test 1 - Should NOT throw Exception (number 1)
FAIL: gnu.testlet.java.net.DatagramSocket.DatagramSocketTest2: invalid_send_data: test 1 - Should NOT throw Exception (number 1)
FAIL: gnu.testlet.java.net.InetAddress.InetAddressTest: uncaught exception at "Basics" number 1: java.lang.NullPointerException
FAIL: gnu.testlet.java.net.InetAddress.getLocalHost: uncaught exception at number 2: java.lang.NullPointerException
FAIL: gnu.testlet.java.net.InetSocketAddress.InetSocketAddressTest: Error : test_Constructors failed - 0 Should not throw Exception here (number 1)
FAIL: gnu.testlet.java.net.InetSocketAddress.InetSocketAddressTest: Error : test_Basics failed - 5 Resolveable hostname got not resolved (number 1)
FAIL: gnu.testlet.java.net.MulticastSocket.MulticastSocketTest: Correct args. - 3 (number 1)
FAIL: gnu.testlet.java.net.MulticastSocket.MulticastSocketTest: Correct args. different constructor. - 4 (number 1)
FAIL: gnu.testlet.java.net.MulticastSocket.MulticastSocketTest: joinGroup() with incorrect params. should have thrown a NullPointerException - 5a (number 1)
FAIL: gnu.testlet.java.net.MulticastSocket.MulticastSocketTest: leaveGroup() with incorrect params. should have thrown a NullPointerException - 7a (number 1)
FAIL: gnu.testlet.java.net.MulticastSocket.MulticastSocketTest: Correct args. - 8 (number 1)
FAIL: gnu.testlet.java.net.MulticastSocket.MulticastSocketTest: Should not have thrown any exception - 11 (number 1)
FAIL: gnu.testlet.java.net.MulticastSocket.MulticastSocketTest: could not create SECOND multicast socket on shared port 1234 (number 1)
FAIL: gnu.testlet.java.net.NetworkInterface.getByName: - 1 - NullPointerException expected (number 1)
FAIL: gnu.testlet.java.net.NetworkInterface.getByName: - 2 - no exeption expected (number 1)
FAIL: gnu.testlet.java.net.NetworkInterface.getByName: - 3 - no exeption expected (number 1)
FAIL: Compile gnu/testlet/java/net/ServerSocket/ServerSocketTest.lo for gnu.testlet.java.net.ServerSocket.ServerSocketTest
FAIL: gnu.testlet.java.net.Socket.SocketTest: Error : test_Basics failed - 2 Unknown host exception should have been thrown here. (number 1)
FAIL: gnu.testlet.java.net.Socket.SocketTest: Error : test_Basics failed - 7 exception should not have been thrown. (number 1)
FAIL: gnu.testlet.java.net.Socket.SocketTest: uncaught exception at "Error : test_Basics failed - 7 exception should not have been thrown." number 4: java.lang.NullPointerException
FAIL: gnu.testlet.java.net.Socket.jdk12: unexpected error: /tmp (number 1)
FAIL: gnu.testlet.java.net.Socket.jdk13: unexpected error: /tmp (number 1)
FAIL: gnu.testlet.java.net.Socket.jdk14: unconnected socket getPort() should return 0 (number 1)
FAIL: gnu.testlet.java.net.Socket.jdk14: unexpected error: /tmp (number 1)
FAIL: Link for gnu.testlet.java.nio.Buffer.PlainBufferTest
FAIL: Link for gnu.testlet.java.nio.Buffer.WrappedWithOffsetBufferTest
FAIL: gnu.testlet.java.nio.channels.FileChannel.manyopen: Unexpected exception at nr 77: java.io.IOException: Too many open files (number 1)
FAIL: gnu.testlet.java.security.Security.getProviders: test1Provider.5: java.security.InvalidParameterException: missing dot in 'CoffeeMakerFoo' (number 1)
FAIL: gnu.testlet.java.sql.Timestamp.TimestampTest: toString (number 1)
FAIL: gnu.testlet.java.sql.Timestamp.TimestampTest: toString (number 1)
FAIL: gnu.testlet.java.sql.Timestamp.TimestampTest: toString (number 1)
FAIL: gnu.testlet.java.text.DecimalFormat.formatExp: pattern ##.###E0 (number 2)
FAIL: gnu.testlet.java.util.ArrayList.serial (number 2)
FAIL: gnu.testlet.java.util.GregorianCalendar.conversion: uncaught exception at "Testing setTimeInMillis(281474976710656) i = 48" number 3: java.lang.IllegalArgumentException: month out of range
FAIL: gnu.testlet.java.util.Properties.AcuniaPropertiesTest: should throw an NullPointerEception instead of: java.lang.NullPointerException (number 1)
FAIL: gnu.testlet.java.util.Properties.AcuniaPropertiesTest: should throw an NullPointerEception instead of: java.lang.NullPointerException (number 1)
FAIL: gnu.testlet.java.util.Properties.AcuniaPropertiesTest: checkvalue -- got:\$ents=\$ (number 1)
FAIL: gnu.testlet.java.util.Properties.AcuniaPropertiesTest: check if all elements were found -- got: [!comment=, #morec=omments] (number 1)
FAIL: gnu.testlet.java.util.jar.JarFile.basic: all jarfile tests failed (number 1)
FAIL: gnu.testlet.java.util.logging.Logger.getAnonymousLogger: uncaught exception at number 8: java.lang.ArrayIndexOutOfBoundsException: 1
FAIL: gnu.testlet.java.util.logging.Logger.getLogger (number 7)
FAIL: gnu.testlet.java.util.logging.Logger.getLogger: uncaught exception at number 8: java.lang.ArrayIndexOutOfBoundsException: 1
FAIL: gnu.testlet.java.util.logging.Logger.hierarchyChecks: uncaught exception at number 1: java.lang.ArrayIndexOutOfBoundsException: 1
FAIL: gnu.testlet.java.util.logging.Logger.securityChecks: Logger.getAnonymousLogger() (number 7)
FAIL: gnu.testlet.java.util.logging.Logger.securityChecks: Logger.getAnonymousLogger(null) (number 7)
FAIL: gnu.testlet.java.util.regex.PatternSplit: test: (?=[a-z]) (number 1)
FAIL: gnu.testlet.java.util.zip.ZipInputStream.basic: reading zip file (number 1)
FAIL: gnu.testlet.java.util.zip.ZipInputStream.basic: reading zip file (number 2)
FAIL: gnu.testlet.java.util.zip.ZipInputStream.basic: failed all read_from_end tests (number 1)
FAIL: gnu.testlet.javax.swing.text.PlainDocument.PlainDocumentTest: end offset: 1 (26 expected (number 1)
FAIL: gnu.testlet.javax.swing.text.PlainDocument.PlainDocumentTest: end offset: 1 (26 expected (number 1)
=== libjava Summary ===
# of expected passes 34267
# of unexpected failures 156
# of unexpected successes 9
# of expected failures 762
# of untested testcases 16
=== libstdc++ tests ===
Running target unix
XPASS: 22_locale/locale/cons/12658_thread-1.cc execution test
FAIL: 22_locale/money_get/get/char/5.cc execution test
FAIL: 22_locale/money_get/get/wchar_t/5.cc execution test
FAIL: 22_locale/num_get/get/char/10.cc execution test
FAIL: 22_locale/num_get/get/char/4.cc execution test
FAIL: 22_locale/num_get/get/wchar_t/10.cc execution test
FAIL: 22_locale/num_get/get/wchar_t/4.cc execution test
FAIL: 23_containers/deque/cons/2.cc execution test
FAIL: 26_numerics/complex/13450.cc (test for excess errors)
WARNING: 26_numerics/complex/13450.cc compilation failed to produce executable
FAIL: 26_numerics/complex/complex_inserters_extractors.cc execution test
FAIL: 27_io/basic_filebuf/open/char/9507.cc execution test
FAIL: 27_io/basic_istream/extractors_arithmetic/char/01.cc execution test
FAIL: ext/slist_explicit_instantiation.cc (test for excess errors)
=== libstdc++ Summary ===
# of expected passes 2869
# of unexpected failures 12
# of unexpected successes 1
# of expected failures 5
# of unsupported tests 9
Compiler version: 4.0.0 20040913 (experimental)
Platform: powerpc-apple-darwin7.5.0
configure flags: --prefix=/Volumes/src/gcc/gcc-cvs-clean/testbin --disable-libmudflap --enable-java-awt=gtk --enable-gtk-cairo --enable-libgcj-multifile --enable-languages=c,c++,java