This is the mail archive of the
gcc-testresults@gcc.gnu.org
mailing list for the GCC project.
Results for 3.4.2 testsuite on i686-pc-linux-gnu
- From: David Ronis <ronis at mayer dot chem dot mcgill dot ca>
- To: gcc-testresults at gcc dot gnu dot org
- Date: Tue, 14 Sep 2004 10:09:25 -0400
- Subject: Results for 3.4.2 testsuite on i686-pc-linux-gnu
LAST_UPDATED: Obtained from CVS: -rgcc_3_4_2_release
Native configuration is i686-pc-linux-gnu
=== g++ tests ===
Running target unix
WARNING: program timed out.
FAIL: g++.dg/parse/stack1.C (test for excess errors)
XPASS: g++.dg/rtti/tinfo1.C scan-assembler _ZTIP9CTemplateIhE:
XPASS: g++.dg/rtti/tinfo1.C scan-assembler-not .globl[ \\t]+_ZTIP9CTemplateIhE
WARNING: g++.old-deja/g++.mike/p10769a.C compilation failed to produce executable
WARNING: g++.old-deja/g++.other/enum5.C compilation failed to produce executable
WARNING: g++.old-deja/g++.pt/friend44.C compilation failed to produce executable
=== g++ Summary ===
# of expected passes 9701
# of unexpected failures 1
# of unexpected successes 2
# of expected failures 68
# of unsupported tests 43
/home/ronis/objdir/gcc/testsuite/../g++ version 3.4.2
=== g77 tests ===
Running target unix
=== g77 Summary ===
# of expected passes 1812
/home/ronis/objdir/gcc/testsuite/../g77 version 3.4.2
=== gcc tests ===
Running target unix
FAIL: gcc.c-torture/execute/va-arg-25.c execution, -Os
XPASS: gcc.dg/cpp/cmdlne-dI-M.c scan-file (^|\\\\n)cmdlne-dI-M.*:[^\\\\n]*cmdlne-dI-M.c
XPASS: gcc.dg/cpp/cmdlne-dM-M.c scan-file (^|\\\\n)cmdlne-dM-M[^\\\\n]*:[^\\\\n]*cmdlne-dM-M.c
FAIL: gcc.dg/sequence-pt-1.c sequence point warning (test for warnings, line 66)
FAIL: gcc.dg/sequence-pt-1.c (test for excess errors)
FAIL: gcc.dg/typespec-1.c unsigned long long int signed (test for errors, line 935)
FAIL: gcc.dg/typespec-1.c unsigned long long int unsigned (test for errors, line 936)
FAIL: gcc.dg/typespec-1.c unsigned long long int _Bool (test for errors, line 937)
FAIL: gcc.dg/typespec-1.c (test for excess errors)
FAIL: gcc.dg/format/xopen-1.c multiple use of scanf argument (test for warnings, line 124)
FAIL: gcc.dg/format/xopen-1.c multiple use of scanf argument (test for warnings, line 124)
=== gcc Summary ===
# of expected passes 24829
# of unexpected failures 9
# of unexpected successes 2
# of expected failures 68
# of untested testcases 7
# of unsupported tests 198
/home/ronis/objdir/gcc/xgcc version 3.4.2
=== objc tests ===
Running target unix
=== objc Summary ===
# of expected passes 1352
# of unsupported tests 8
/home/ronis/objdir/gcc/xgcc version 3.4.2
=== libffi tests ===
Running target unix
=== libffi Summary ===
# of expected passes 212
# of unsupported tests 2
=== libjava tests ===
Running target unix
FAIL: linking simple
=== libjava Summary ===
# of expected passes 3260
# of unexpected failures 1
# of expected failures 11
# of untested testcases 8
=== libstdc++-v3 check-abi Summary ===
# of added symbols: 8
# of missing symbols: 7
# of incompatible symbols: 7
using: /home/ronis/gcc/libstdc++-v3/config/abi/i486-linux-gnu/baseline_symbols.txt
=== libstdc++ tests ===
Running target unix
XPASS: 22_locale/locale/cons/12658_thread.cc execution test
XPASS: 26_numerics/c99_classification_macros_c.cc (test for excess errors)
=== libstdc++ Summary ===
# of expected passes 2709
# of unexpected successes 2
# of expected failures 5
Compiler version: 3.4.2
Platform: i686-pc-linux-gnu
configure flags: --host=i686-pc-linux-gnu --prefix=/usr --with-gnu-as --enable-shared --with-gnu-ld --enable-threads=posix --enable-languages=c,c++,f77,java,objc
BOOT_CFLAGS=
CFLAGS (set before configure)=
CXXFLAGS (set before configure)=
Counting all warnings,
there are 19 warnings in stage3 of this bootstrap.
Number of warnings per file:
5 /usr/share/bison/bison.simple
3 insn-conditions.c
3 gengtype-lex.c
3 gcc/gcc.c
2 gcc/objc/lang-specs.h
1 gcc/libgcc2.c
1 gcc/java/jvspec.c
1 gcc/config/i386/i386.md
Number of warning types:
9 string length \`???' is greater than the length \`???' ISO C89 compilers are required to support
6 old-style parameter declaration
2 label \`???' defined but not used
1 operand 1 missing mode?
1 no previous prototype for '__enable_execute_stack'