This is the mail archive of the gcc-testresults@gcc.gnu.org mailing list for the GCC project.
Index Nav: | [Date Index] [Subject Index] [Author Index] [Thread Index] | |
---|---|---|
Message Nav: | [Date Prev] [Date Next] | [Thread Prev] [Thread Next] |
Other format: | [Raw text] |
LAST_UPDATED: Tue Aug 24 16:43:58 UTC 2004 Native configuration is ia64-unknown-linux-gnu === g++ tests === Running target unix FAIL: g++.dg/abi/inline1.C scan-assembler-not _ZTV1S FAIL: g++.dg/inherit/thunk1.C (test for excess errors) WARNING: g++.dg/inherit/thunk1.C compilation failed to produce executable FAIL: g++.dg/opt/inline1.C (test for excess errors) WARNING: program timed out. FAIL: g++.dg/opt/longbranch1.C (test for excess errors) XPASS: g++.dg/rtti/tinfo1.C scan-assembler _ZTIP9CTemplateIhE: XPASS: g++.dg/rtti/tinfo1.C scan-assembler-not .globl[ \\t]+_ZTIP9CTemplateIhE XPASS: g++.dg/rtti/tinfo1.C scan-assembler-not .section[^\\n\\r]*_ZTIP9CTemplateIhE[^\\n\\r]* FAIL: 102:is -:should be 1 FAIL: g++.dg/gcov/gcov-1.C gcov: 1 failures in line counts, 0 in branch percentages, 0 in return percentages WARNING: g++.old-deja/g++.mike/p10769a.C compilation failed to produce executable WARNING: g++.old-deja/g++.other/enum5.C compilation failed to produce executable FAIL: g++.old-deja/g++.other/local1.C (test for excess errors) WARNING: g++.old-deja/g++.pt/friend44.C compilation failed to produce executable === g++ Summary === # of expected passes 9691 # of unexpected failures 7 # of unexpected successes 3 # of expected failures 79 # of unsupported tests 77 /export/build/gnu/gcc/build-ia64-linux/gcc/testsuite/../g++ version 3.5.0 20040824 (experimental) === gcc tests === Running target unix WARNING: program timed out. FAIL: gcc.c-torture/compile/20001226-1.c (test for excess errors) XPASS: gcc.c-torture/execute/20020227-1.c execution, -O3 -fomit-frame-pointer XPASS: gcc.c-torture/execute/20020227-1.c execution, -O3 -g FAIL: gcc.c-torture/execute/ieee/fp-cmp-4q.c compilation, -O0 UNRESOLVED: gcc.c-torture/execute/ieee/fp-cmp-4q.c execution, -O0 FAIL: gcc.c-torture/execute/ieee/fp-cmp-4q.c compilation, -O1 UNRESOLVED: gcc.c-torture/execute/ieee/fp-cmp-4q.c execution, -O1 FAIL: gcc.c-torture/execute/ieee/fp-cmp-4q.c compilation, -O2 UNRESOLVED: gcc.c-torture/execute/ieee/fp-cmp-4q.c execution, -O2 FAIL: gcc.c-torture/execute/ieee/fp-cmp-4q.c compilation, -O3 -fomit-frame-pointer UNRESOLVED: gcc.c-torture/execute/ieee/fp-cmp-4q.c execution, -O3 -fomit-frame-pointer FAIL: gcc.c-torture/execute/ieee/fp-cmp-4q.c compilation, -O3 -g UNRESOLVED: gcc.c-torture/execute/ieee/fp-cmp-4q.c execution, -O3 -g FAIL: gcc.c-torture/execute/ieee/fp-cmp-4q.c compilation, -Os UNRESOLVED: gcc.c-torture/execute/ieee/fp-cmp-4q.c execution, -Os FAIL: gcc.c-torture/execute/ieee/fp-cmp-8q.c compilation, -O0 UNRESOLVED: gcc.c-torture/execute/ieee/fp-cmp-8q.c execution, -O0 FAIL: gcc.c-torture/execute/ieee/fp-cmp-8q.c compilation, -O1 UNRESOLVED: gcc.c-torture/execute/ieee/fp-cmp-8q.c execution, -O1 FAIL: gcc.c-torture/execute/ieee/fp-cmp-8q.c compilation, -O2 UNRESOLVED: gcc.c-torture/execute/ieee/fp-cmp-8q.c execution, -O2 FAIL: gcc.c-torture/execute/ieee/fp-cmp-8q.c compilation, -O3 -fomit-frame-pointer UNRESOLVED: gcc.c-torture/execute/ieee/fp-cmp-8q.c execution, -O3 -fomit-frame-pointer FAIL: gcc.c-torture/execute/ieee/fp-cmp-8q.c compilation, -O3 -g UNRESOLVED: gcc.c-torture/execute/ieee/fp-cmp-8q.c execution, -O3 -g FAIL: gcc.c-torture/execute/ieee/fp-cmp-8q.c compilation, -Os UNRESOLVED: gcc.c-torture/execute/ieee/fp-cmp-8q.c execution, -Os FAIL: gcc.dg/compat/scalar-by-value-3 c_compat_x_tst.o-c_compat_y_tst.o execute FAIL: gcc.dg/compat/scalar-return-3 c_compat_x_tst.o-c_compat_y_tst.o execute FAIL: gcc.dg/compat/struct-by-value-18 c_compat_x_tst.o-c_compat_y_tst.o execute FAIL: gcc.dg/compat/struct-by-value-7a c_compat_x_tst.o-c_compat_y_tst.o execute FAIL: gcc.dg/compat/struct-by-value-7b c_compat_x_tst.o-c_compat_y_tst.o execute FAIL: gcc.dg/compat/vector-2 c_compat_y_tst.o compile UNRESOLVED: gcc.dg/compat/vector-2 c_compat_x_tst.o-c_compat_y_tst.o link UNRESOLVED: gcc.dg/compat/vector-2 c_compat_x_tst.o-c_compat_y_tst.o execute FAIL: tmpdir-gcc.dg-struct-layout-1/t001 c_compat_x_tst.o compile FAIL: tmpdir-gcc.dg-struct-layout-1/t001 c_compat_y_tst.o compile UNRESOLVED: tmpdir-gcc.dg-struct-layout-1/t001 c_compat_x_tst.o-c_compat_y_tst.o link UNRESOLVED: tmpdir-gcc.dg-struct-layout-1/t001 c_compat_x_tst.o-c_compat_y_tst.o execute FAIL: tmpdir-gcc.dg-struct-layout-1/t011 c_compat_x_tst.o compile UNRESOLVED: tmpdir-gcc.dg-struct-layout-1/t011 c_compat_x_tst.o-c_compat_y_tst.o link UNRESOLVED: tmpdir-gcc.dg-struct-layout-1/t011 c_compat_x_tst.o-c_compat_y_tst.o execute FAIL: tmpdir-gcc.dg-struct-layout-1/t024 c_compat_x_tst.o compile UNRESOLVED: tmpdir-gcc.dg-struct-layout-1/t024 c_compat_x_tst.o-c_compat_y_tst.o link UNRESOLVED: tmpdir-gcc.dg-struct-layout-1/t024 c_compat_x_tst.o-c_compat_y_tst.o execute FAIL: tmpdir-gcc.dg-struct-layout-1/t026 c_compat_x_tst.o-c_compat_y_tst.o execute FAIL: tmpdir-gcc.dg-struct-layout-1/t027 c_compat_x_tst.o compile FAIL: tmpdir-gcc.dg-struct-layout-1/t027 c_compat_y_tst.o compile UNRESOLVED: tmpdir-gcc.dg-struct-layout-1/t027 c_compat_x_tst.o-c_compat_y_tst.o link UNRESOLVED: tmpdir-gcc.dg-struct-layout-1/t027 c_compat_x_tst.o-c_compat_y_tst.o execute FAIL: tmpdir-gcc.dg-struct-layout-1/t028 c_compat_x_tst.o compile FAIL: tmpdir-gcc.dg-struct-layout-1/t028 c_compat_y_tst.o compile UNRESOLVED: tmpdir-gcc.dg-struct-layout-1/t028 c_compat_x_tst.o-c_compat_y_tst.o link UNRESOLVED: tmpdir-gcc.dg-struct-layout-1/t028 c_compat_x_tst.o-c_compat_y_tst.o execute FAIL: gcc.dg/debug/dwarf2/dwarf-die7.c scan-assembler 1.*DW_AT_inline FAIL: gcc.dg/20030225-2.c (test for excess errors) FAIL: gcc.dg/20030225-2.c execution test FAIL: gcc.dg/c90-const-expr-3.c (test for excess errors) FAIL: gcc.dg/c99-const-expr-3.c (test for excess errors) FAIL: gcc.dg/ia64-asm-1.c (test for excess errors) FAIL: gcc.dg/ia64-sync-1.c (test for excess errors) FAIL: gcc.dg/ia64-sync-2.c (test for excess errors) FAIL: gcc.dg/ia64-sync-3.c (test for excess errors) FAIL: gcc.dg/uninit-H.c (test for bogus messages, line 20) FAIL: gcc.dg/special/gcsec-1.c (test for excess errors) FAIL: 96:is -:should be 1 FAIL: gcc.misc-tests/gcov-4.c gcov: 1 failures in line counts, 0 in branch percentages, 0 in return percentages === gcc Summary === # of expected passes 26688 # of unexpected failures 41 # of unexpected successes 2 # of expected failures 69 # of unresolved testcases 24 # of untested testcases 28 # of unsupported tests 458 /export/build/gnu/gcc/build-ia64-linux/gcc/xgcc version 3.5.0 20040824 (experimental) === objc tests === Running target unix === objc Summary === # of expected passes 1404 # of unsupported tests 7 /export/build/gnu/gcc/build-ia64-linux/gcc/xgcc version 3.5.0 20040824 (experimental) === libffi tests === Running target unix FAIL: libffi.call/cls_64byte.c execution test FAIL: libffi.call/cls_align_longdouble.c output pattern test, is 12 -inf 62 181 0 192: 193 -inf 254 FAIL: libffi.call/float.c execution test FAIL: libffi.call/float2.c execution test === libffi Summary === # of expected passes 207 # of unexpected failures 4 # of unsupported tests 2 === libjava tests === Running target unix WARNING: program timed out. FAIL: Thread_Wait_2 compilation from bytecode === libjava Summary === # of expected passes 3570 # of unexpected failures 1 # of expected failures 14 # of untested testcases 18 === libmudflap tests === Running target unix FAIL: libmudflap.c++/pass41-frag.cxx (test for excess errors) WARNING: libmudflap.c++/pass41-frag.cxx compilation failed to produce executable FAIL: libmudflap.c++/pass41-frag.cxx (-O2) (test for excess errors) WARNING: libmudflap.c++/pass41-frag.cxx (-O2) compilation failed to produce executable FAIL: libmudflap.c++/pass41-frag.cxx (-O3) (test for excess errors) WARNING: libmudflap.c++/pass41-frag.cxx (-O3) compilation failed to produce executable FAIL: ctors-12 linkage FAIL: ctors-21 linkage WARNING: program timed out. FAIL: ctors-12 execution WARNING: program timed out. FAIL: ctors-21 execution FAIL: ctors-12 linkage -static FAIL: ctors-21 linkage -static WARNING: program timed out. FAIL: ctors-12 execution -static WARNING: program timed out. FAIL: ctors-21 execution -static FAIL: ctors-12 linkage -O2 FAIL: ctors-21 linkage -O2 WARNING: program timed out. FAIL: ctors-12 execution -O2 WARNING: program timed out. FAIL: ctors-21 execution -O2 FAIL: ctors-12 linkage -O3 FAIL: ctors-21 linkage -O3 WARNING: program timed out. FAIL: ctors-12 execution -O3 WARNING: program timed out. FAIL: ctors-21 execution -O3 === libmudflap Summary === # of expected passes 1114 # of unexpected failures 19 === libstdc++-v3 check-abi Summary === # of added symbols: 26 # of missing symbols: 0 # of incompatible symbols: 0 === libstdc++ tests === Running target unix FAIL: 26_numerics/cmath/c99_classification_macros_c++.cc (test for excess errors) XPASS: 26_numerics/cmath/c99_classification_macros_c.cc (test for excess errors) XPASS: 27_io/fpos/14320-1.cc execution test === libstdc++ Summary === # of expected passes 2862 # of unexpected failures 1 # of unexpected successes 2 # of expected failures 5 Compiler version: 3.5.0 20040824 (experimental) Platform: ia64-unknown-linux-gnu configure flags: --enable-clocale=gnu --with-system-zlib --disable-libunwind-exceptions --with-demangler-in-ld --enable-shared --enable-threads=posix --enable-haifa --disable-checking --prefix=/usr/gcc-3.5 --with-local-prefix=/usr/local --enable-languages=c,c++,java,objc
Index Nav: | [Date Index] [Subject Index] [Author Index] [Thread Index] | |
---|---|---|
Message Nav: | [Date Prev] [Date Next] | [Thread Prev] [Thread Next] |