This is the mail archive of the
gcc-testresults@gcc.gnu.org
mailing list for the GCC project.
Results for 3.5.0 20040815 (experimental) testsuite on i686-pc-linux-gnu
- From: David Kredba <kredba at ibot dot cas dot cz>
- To: gcc-testresults at gcc dot gnu dot org
- Date: Mon, 16 Aug 2004 07:47:53 +0200
- Subject: Results for 3.5.0 20040815 (experimental) testsuite on i686-pc-linux-gnu
LAST_UPDATED: Obtained from CVS: -D2004-08-15 17:43 UTC
Native configuration is i686-pc-linux-gnu
=== gcc tests ===
Running target unix
FAIL: gcc.dg/compat/vector-1 c_compat_x_tst.o compile
FAIL: gcc.dg/compat/vector-1 c_compat_y_tst.o compile
UNRESOLVED: gcc.dg/compat/vector-1 c_compat_x_tst.o-c_compat_y_tst.o link
UNRESOLVED: gcc.dg/compat/vector-1 c_compat_x_tst.o-c_compat_y_tst.o execute
FAIL: tmpdir-gcc.dg-struct-layout-1/t026
c_compat_x_tst.o-c_compat_y_tst.o execute
FAIL: tmpdir-gcc.dg-struct-layout-1/t028
c_compat_x_tst.o-c_compat_y_tst.o execute
FAIL: gcc.dg/cpp/Wmissingdirs.c -Wmissing-include-dirs (test for
warnings, line )
FAIL: gcc.dg/cpp/Wmissingdirs.c (test for excess errors)
FAIL: gcc.dg/debug/dwarf2/dwarf-die7.c scan-assembler 1.*DW_AT_inline
FAIL: gcc.dg/c90-const-expr-3.c (test for excess errors)
FAIL: gcc.dg/c99-const-expr-3.c (test for excess errors)
FAIL: gcc.dg/pch/valid-1.c -O0 -g (test for excess errors)
FAIL: gcc.dg/pch/valid-1.c -O0 (test for excess errors)
FAIL: gcc.dg/pch/valid-1.c -O1 (test for excess errors)
FAIL: gcc.dg/pch/valid-1.c -O2 (test for excess errors)
FAIL: gcc.dg/pch/valid-1.c -O3 -fomit-frame-pointer (test for excess
errors)
FAIL: gcc.dg/pch/valid-1.c -O3 -g (test for excess errors)
FAIL: gcc.dg/pch/valid-1.c -Os (test for excess errors)
FAIL: gcc.dg/pch/valid-2.c -O0 -g (test for excess errors)
FAIL: gcc.dg/pch/valid-2.c -O0 (test for excess errors)
FAIL: gcc.dg/pch/valid-2.c -O1 (test for excess errors)
FAIL: gcc.dg/pch/valid-2.c -O2 (test for excess errors)
FAIL: gcc.dg/pch/valid-2.c -O3 -fomit-frame-pointer (test for excess
errors)
FAIL: gcc.dg/pch/valid-2.c -O3 -g (test for excess errors)
FAIL: gcc.dg/pch/valid-2.c -Os (test for excess errors)
FAIL: gcc.dg/pch/valid-3.c -O0 -g (test for excess errors)
FAIL: gcc.dg/pch/valid-3.c -O0 (test for excess errors)
FAIL: gcc.dg/pch/valid-3.c -O1 (test for excess errors)
FAIL: gcc.dg/pch/valid-3.c -O2 (test for excess errors)
FAIL: gcc.dg/pch/valid-3.c -O3 -fomit-frame-pointer (test for excess
errors)
FAIL: gcc.dg/pch/valid-3.c -O3 -g (test for excess errors)
FAIL: gcc.dg/pch/valid-3.c -Os (test for excess errors)
FAIL: gcc.dg/pch/warn-1.c -O0 -g (test for excess errors)
FAIL: gcc.dg/pch/warn-1.c -O0 (test for excess errors)
FAIL: gcc.dg/pch/warn-1.c -O1 (test for excess errors)
FAIL: gcc.dg/pch/warn-1.c -O2 (test for excess errors)
FAIL: gcc.dg/pch/warn-1.c -O3 -fomit-frame-pointer (test for excess
errors)
FAIL: gcc.dg/pch/warn-1.c -O3 -g (test for excess errors)
FAIL: gcc.dg/pch/warn-1.c -Os (test for excess errors)
FAIL: 96:is -:should be 1
FAIL: gcc.misc-tests/gcov-4.c gcov: 1 failures in line counts, 0 in
branch percentages, 0 in return percentages
=== gcc Summary ===
# of expected passes 27411
# of unexpected failures 39
# of expected failures 65
# of unresolved testcases 2
# of untested testcases 28
# of unsupported tests 255
/home/dave2/gcc/gcc-3.5/gcc/xgcc version 3.5.0 20040815 (experimental)
=== gfortran tests ===
Running target unix
XPASS: gfortran.dg/ret_pointer_1.f90 -O0 execution test
XPASS: gfortran.dg/ret_pointer_1.f90 -O1 execution test
XPASS: gfortran.dg/ret_pointer_1.f90 -O3 -fomit-frame-pointer
execution test
XPASS: gfortran.dg/ret_pointer_1.f90 -O3 -fomit-frame-pointer
-funroll-loops execution test
XPASS: gfortran.dg/ret_pointer_1.f90 -O3 -fomit-frame-pointer
-funroll-all-loops -finline-functions execution test
FAIL: gfortran.fortran-torture/execute/elemental.f90 execution, -O3
-fomit-frame-pointer -funroll-loops
FAIL: gfortran.fortran-torture/execute/elemental.f90 execution, -O3
-fomit-frame-pointer -funroll-all-loops -finline-functions
FAIL: gfortran.fortran-torture/execute/forall_3.f90 execution, -Os
=== gfortran Summary ===
# of expected passes 4058
# of unexpected failures 3
# of unexpected successes 5
# of expected failures 31
/home/dave2/gcc/gcc-3.5/gcc/testsuite/../gfortran version 3.5.0
20040815 (experimental)
=== g++ tests ===
Running target unix
XPASS: g++.dg/rtti/tinfo1.C scan-assembler _ZTIP9CTemplateIhE:
XPASS: g++.dg/rtti/tinfo1.C scan-assembler-not .globl[
\\t]+_ZTIP9CTemplateIhE
XPASS: g++.dg/rtti/tinfo1.C scan-assembler-not
.section[^\\n\\r]*_ZTIP9CTemplateIhE[^\\n\\r]*
FAIL: 102:is -:should be 1
FAIL: g++.dg/gcov/gcov-1.C gcov: 1 failures in line counts, 0 in branch
percentages, 0 in return percentages
WARNING: g++.old-deja/g++.mike/p10769a.C compilation failed to produce
executable
WARNING: g++.old-deja/g++.other/enum5.C compilation failed to produce
executable
XPASS: g++.old-deja/g++.other/init5.C execution test
WARNING: g++.old-deja/g++.pt/friend44.C compilation failed to produce
executable
=== g++ Summary ===
# of expected passes 10055
# of unexpected failures 2
# of unexpected successes 4
# of expected failures 78
# of unsupported tests 46
/home/dave2/gcc/gcc-3.5/gcc/testsuite/../g++ version 3.5.0 20040815
(experimental)
=== objc tests ===
Running target unix
=== objc Summary ===
# of expected passes 1404
# of unsupported tests 7
/home/dave2/gcc/gcc-3.5/gcc/xgcc version 3.5.0 20040815 (experimental)
=== libffi tests ===
Running target unix
=== libffi Summary ===
# of expected passes 212
# of unsupported tests 2
=== libjava tests ===
Running target unix
=== libjava Summary ===
# of expected passes 3573
# of expected failures 14
# of untested testcases 16
=== libmudflap tests ===
Running target unix
=== libmudflap Summary ===
# of expected passes 1136
=== libstdc++-v3 check-abi Summary ===
# of added symbols: 320
# of missing symbols: 283
# of incompatible symbols: 283
=== libstdc++ tests ===
Running target unix
XPASS: 22_locale/locale/cons/12658_thread-1.cc execution test
XPASS: 26_numerics/cmath/c99_classification_macros_c.cc (test for excess
errors)
=== libstdc++ Summary ===
# of expected passes 2837
# of unexpected successes 2
# of expected failures 5
Compiler version: 3.5.0 20040815 (experimental)
Platform: i686-pc-linux-gnu
configure flags: --prefix=/opt/gcc-3.5 --enable-shared
--enable-threads=posix --enable-checking --enable-long-long
--enable-__cxa_atexit --enable-clocale=gnu --with-system-zlib
--enable-languages=c,c++,f95,java,objc
--
David Kredba <kredba at ibot.cas.cz>
GPG: ID 1024D/5B6B02DE
Fingerprint: F0B3312596BEDCF91DFB 0699E06AACD75B6B02DE