This is the mail archive of the
gcc-testresults@gcc.gnu.org
mailing list for the GCC project.
Results for 3.5.0 20040814 (experimental) testsuite on sparc-sun-solaris2.9
- From: Andreas Tobler <toa at pop dot agri dot ch>
- To: gcc-testresults at gcc dot gnu dot org
- Date: Sun, 15 Aug 2004 07:37:33 +0200
- Subject: Results for 3.5.0 20040814 (experimental) testsuite on sparc-sun-solaris2.9
LAST_UPDATED: Sat Aug 14 03:53:51 UTC 2004
Native configuration is sparc-sun-solaris2.9
=== g++ tests ===
Running target unix/-m64
FAIL: g++.dg/debug/const1.C -gstabs+1 (test for excess errors)
FAIL: g++.dg/debug/const1.C -gstabs+1 -O2 (test for excess errors)
FAIL: g++.dg/debug/const1.C -gstabs+1 -O3 (test for excess errors)
FAIL: g++.dg/debug/const1.C -gstabs+ (test for excess errors)
FAIL: g++.dg/debug/const1.C -gstabs+ -O2 (test for excess errors)
FAIL: g++.dg/debug/const1.C -gstabs+ -O3 (test for excess errors)
FAIL: g++.dg/debug/const1.C -gstabs+3 (test for excess errors)
FAIL: g++.dg/debug/const1.C -gstabs+3 -O2 (test for excess errors)
FAIL: g++.dg/debug/const1.C -gstabs+3 -O3 (test for excess errors)
FAIL: g++.dg/debug/debug4.C -gstabs+1 (test for excess errors)
FAIL: g++.dg/debug/debug4.C -gstabs+1 -O2 (test for excess errors)
FAIL: g++.dg/debug/debug4.C -gstabs+1 -O3 (test for excess errors)
FAIL: g++.dg/debug/debug4.C -gstabs+ (test for excess errors)
FAIL: g++.dg/debug/debug4.C -gstabs+ -O2 (test for excess errors)
FAIL: g++.dg/debug/debug4.C -gstabs+ -O3 (test for excess errors)
FAIL: g++.dg/debug/debug4.C -gstabs+3 (test for excess errors)
FAIL: g++.dg/debug/debug4.C -gstabs+3 -O2 (test for excess errors)
FAIL: g++.dg/debug/debug4.C -gstabs+3 -O3 (test for excess errors)
FAIL: g++.dg/debug/trivial.C -gstabs+1 (test for excess errors)
WARNING: g++.dg/debug/trivial.C -gstabs+1 compilation failed to produce executable
FAIL: g++.dg/debug/trivial.C -gstabs+1 -O2 (test for excess errors)
WARNING: g++.dg/debug/trivial.C -gstabs+1 -O2 compilation failed to produce executable
FAIL: g++.dg/debug/trivial.C -gstabs+1 -O3 (test for excess errors)
WARNING: g++.dg/debug/trivial.C -gstabs+1 -O3 compilation failed to produce executable
FAIL: g++.dg/debug/trivial.C -gstabs+ (test for excess errors)
WARNING: g++.dg/debug/trivial.C -gstabs+ compilation failed to produce executable
FAIL: g++.dg/debug/trivial.C -gstabs+ -O2 (test for excess errors)
WARNING: g++.dg/debug/trivial.C -gstabs+ -O2 compilation failed to produce executable
FAIL: g++.dg/debug/trivial.C -gstabs+ -O3 (test for excess errors)
WARNING: g++.dg/debug/trivial.C -gstabs+ -O3 compilation failed to produce executable
FAIL: g++.dg/debug/trivial.C -gstabs+3 (test for excess errors)
WARNING: g++.dg/debug/trivial.C -gstabs+3 compilation failed to produce executable
FAIL: g++.dg/debug/trivial.C -gstabs+3 -O2 (test for excess errors)
WARNING: g++.dg/debug/trivial.C -gstabs+3 -O2 compilation failed to produce executable
FAIL: g++.dg/debug/trivial.C -gstabs+3 -O3 (test for excess errors)
WARNING: g++.dg/debug/trivial.C -gstabs+3 -O3 compilation failed to produce executable
UNRESOLVED: g++.dg/ext/visibility/assign1.C
UNRESOLVED: g++.dg/ext/visibility/fvisibility-inlines-hidden.C
UNRESOLVED: g++.dg/ext/visibility/fvisibility-override1.C
UNRESOLVED: g++.dg/ext/visibility/fvisibility-override2.C
UNRESOLVED: g++.dg/ext/visibility/fvisibility.C
UNRESOLVED: g++.dg/ext/visibility/memfuncts.C
UNRESOLVED: g++.dg/ext/visibility/new1.C
UNRESOLVED: g++.dg/ext/visibility/noPLT.C
UNRESOLVED: g++.dg/ext/visibility/pragma-override1.C
UNRESOLVED: g++.dg/ext/visibility/pragma-override2.C
UNRESOLVED: g++.dg/ext/visibility/pragma.C
UNRESOLVED: g++.dg/ext/visibility/staticmemfuncts.C
UNRESOLVED: g++.dg/ext/visibility/virtual.C
UNRESOLVED: g++.dg/ext/visibility/visibility-1.C
UNRESOLVED: g++.dg/ext/visibility/visibility-2.C
UNRESOLVED: g++.dg/ext/visibility/visibility-3.C
UNRESOLVED: g++.dg/ext/visibility/visibility-4.C
UNRESOLVED: g++.dg/ext/visibility/visibility-5.C
UNRESOLVED: g++.dg/ext/visibility/visibility-6.C
UNRESOLVED: g++.dg/ext/visibility/visibility-7.C
UNRESOLVED: g++.dg/ext/visibility/visibility-8.C
XPASS: g++.dg/rtti/tinfo1.C scan-assembler _ZTIP9CTemplateIhE:
XPASS: g++.dg/rtti/tinfo1.C scan-assembler-not .globl[ \\t]+_ZTIP9CTemplateIhE
XPASS: g++.dg/rtti/tinfo1.C scan-assembler-not .section[^\\n\\r]*_ZTIP9CTemplateIhE[^\\n\\r]*
FAIL: 102:is -:should be 1
FAIL: g++.dg/gcov/gcov-1.C gcov: 1 failures in line counts, 0 in branch percentages, 0 in return percentages
WARNING: g++.old-deja/g++.mike/p10769a.C compilation failed to produce executable
WARNING: g++.old-deja/g++.other/enum5.C compilation failed to produce executable
FAIL: g++.old-deja/g++.other/thunk1.C (test for excess errors)
WARNING: g++.old-deja/g++.other/thunk1.C compilation failed to produce executable
WARNING: g++.old-deja/g++.pt/friend44.C compilation failed to produce executable
=== g++ Summary for unix/-m64 ===
# of expected passes 9867
# of unexpected failures 30
# of unexpected successes 3
# of expected failures 80
# of unresolved testcases 21
# of unsupported tests 106
Running target unix
FAIL: g++.dg/debug/const1.C -gstabs+1 (test for excess errors)
FAIL: g++.dg/debug/const1.C -gstabs+1 -O2 (test for excess errors)
FAIL: g++.dg/debug/const1.C -gstabs+1 -O3 (test for excess errors)
FAIL: g++.dg/debug/const1.C -gstabs+ (test for excess errors)
FAIL: g++.dg/debug/const1.C -gstabs+ -O2 (test for excess errors)
FAIL: g++.dg/debug/const1.C -gstabs+ -O3 (test for excess errors)
FAIL: g++.dg/debug/const1.C -gstabs+3 (test for excess errors)
FAIL: g++.dg/debug/const1.C -gstabs+3 -O2 (test for excess errors)
FAIL: g++.dg/debug/const1.C -gstabs+3 -O3 (test for excess errors)
FAIL: g++.dg/debug/debug4.C -gstabs+1 (test for excess errors)
FAIL: g++.dg/debug/debug4.C -gstabs+1 -O2 (test for excess errors)
FAIL: g++.dg/debug/debug4.C -gstabs+1 -O3 (test for excess errors)
FAIL: g++.dg/debug/debug4.C -gstabs+ (test for excess errors)
FAIL: g++.dg/debug/debug4.C -gstabs+ -O2 (test for excess errors)
FAIL: g++.dg/debug/debug4.C -gstabs+ -O3 (test for excess errors)
FAIL: g++.dg/debug/debug4.C -gstabs+3 (test for excess errors)
FAIL: g++.dg/debug/debug4.C -gstabs+3 -O2 (test for excess errors)
FAIL: g++.dg/debug/debug4.C -gstabs+3 -O3 (test for excess errors)
FAIL: g++.dg/debug/trivial.C -gstabs+1 (test for excess errors)
WARNING: g++.dg/debug/trivial.C -gstabs+1 compilation failed to produce executable
FAIL: g++.dg/debug/trivial.C -gstabs+1 -O2 (test for excess errors)
WARNING: g++.dg/debug/trivial.C -gstabs+1 -O2 compilation failed to produce executable
FAIL: g++.dg/debug/trivial.C -gstabs+1 -O3 (test for excess errors)
WARNING: g++.dg/debug/trivial.C -gstabs+1 -O3 compilation failed to produce executable
FAIL: g++.dg/debug/trivial.C -gstabs+ (test for excess errors)
WARNING: g++.dg/debug/trivial.C -gstabs+ compilation failed to produce executable
FAIL: g++.dg/debug/trivial.C -gstabs+ -O2 (test for excess errors)
WARNING: g++.dg/debug/trivial.C -gstabs+ -O2 compilation failed to produce executable
FAIL: g++.dg/debug/trivial.C -gstabs+ -O3 (test for excess errors)
WARNING: g++.dg/debug/trivial.C -gstabs+ -O3 compilation failed to produce executable
FAIL: g++.dg/debug/trivial.C -gstabs+3 (test for excess errors)
WARNING: g++.dg/debug/trivial.C -gstabs+3 compilation failed to produce executable
FAIL: g++.dg/debug/trivial.C -gstabs+3 -O2 (test for excess errors)
WARNING: g++.dg/debug/trivial.C -gstabs+3 -O2 compilation failed to produce executable
FAIL: g++.dg/debug/trivial.C -gstabs+3 -O3 (test for excess errors)
WARNING: g++.dg/debug/trivial.C -gstabs+3 -O3 compilation failed to produce executable
UNRESOLVED: g++.dg/ext/visibility/assign1.C
UNRESOLVED: g++.dg/ext/visibility/fvisibility-inlines-hidden.C
UNRESOLVED: g++.dg/ext/visibility/fvisibility-override1.C
UNRESOLVED: g++.dg/ext/visibility/fvisibility-override2.C
UNRESOLVED: g++.dg/ext/visibility/fvisibility.C
UNRESOLVED: g++.dg/ext/visibility/memfuncts.C
UNRESOLVED: g++.dg/ext/visibility/new1.C
UNRESOLVED: g++.dg/ext/visibility/noPLT.C
UNRESOLVED: g++.dg/ext/visibility/pragma-override1.C
UNRESOLVED: g++.dg/ext/visibility/pragma-override2.C
UNRESOLVED: g++.dg/ext/visibility/pragma.C
UNRESOLVED: g++.dg/ext/visibility/staticmemfuncts.C
UNRESOLVED: g++.dg/ext/visibility/virtual.C
UNRESOLVED: g++.dg/ext/visibility/visibility-1.C
UNRESOLVED: g++.dg/ext/visibility/visibility-2.C
UNRESOLVED: g++.dg/ext/visibility/visibility-3.C
UNRESOLVED: g++.dg/ext/visibility/visibility-4.C
UNRESOLVED: g++.dg/ext/visibility/visibility-5.C
UNRESOLVED: g++.dg/ext/visibility/visibility-6.C
UNRESOLVED: g++.dg/ext/visibility/visibility-7.C
UNRESOLVED: g++.dg/ext/visibility/visibility-8.C
XPASS: g++.dg/rtti/tinfo1.C scan-assembler _ZTIP9CTemplateIhE:
XPASS: g++.dg/rtti/tinfo1.C scan-assembler-not .globl[ \\t]+_ZTIP9CTemplateIhE
XPASS: g++.dg/rtti/tinfo1.C scan-assembler-not .section[^\\n\\r]*_ZTIP9CTemplateIhE[^\\n\\r]*
FAIL: 102:is -:should be 1
FAIL: g++.dg/gcov/gcov-1.C gcov: 1 failures in line counts, 0 in branch percentages, 0 in return percentages
WARNING: g++.old-deja/g++.mike/p10769a.C compilation failed to produce executable
WARNING: g++.old-deja/g++.other/enum5.C compilation failed to produce executable
FAIL: g++.old-deja/g++.other/thunk1.C (test for excess errors)
WARNING: g++.old-deja/g++.other/thunk1.C compilation failed to produce executable
WARNING: g++.old-deja/g++.pt/friend44.C compilation failed to produce executable
=== g++ Summary for unix ===
# of expected passes 9867
# of unexpected failures 30
# of unexpected successes 3
# of expected failures 80
# of unresolved testcases 21
# of unsupported tests 106
=== g++ Summary ===
# of expected passes 19734
# of unexpected failures 60
# of unexpected successes 6
# of expected failures 160
# of unresolved testcases 42
# of unsupported tests 212
/opt/gcc/gcc-cvs/objdir/gcc/testsuite/../g++ version 3.5.0 20040814 (experimental)
=== gcc tests ===
Running target unix/-m64
WARNING: program timed out.
FAIL: gcc.c-torture/compile/20001226-1.c -O1 (test for excess errors)
WARNING: program timed out.
FAIL: gcc.c-torture/compile/20001226-1.c -O2 (test for excess errors)
WARNING: program timed out.
FAIL: gcc.c-torture/compile/20001226-1.c -O3 -fomit-frame-pointer (test for excess errors)
WARNING: program timed out.
FAIL: gcc.c-torture/compile/20001226-1.c -O3 -g (test for excess errors)
WARNING: program timed out.
FAIL: gcc.c-torture/compile/20001226-1.c -Os (test for excess errors)
XPASS: gcc.c-torture/compile/simd-5.c -O0 (test for excess errors)
XPASS: gcc.c-torture/compile/simd-5.c -O1 (test for excess errors)
XPASS: gcc.c-torture/execute/20020227-1.c execution, -O3 -fomit-frame-pointer
XPASS: gcc.c-torture/execute/20020227-1.c execution, -O3 -g
XPASS: gcc.c-torture/execute/simd-5.c compilation, -O0
FAIL: gcc.dg/compat/struct-layout-1 c_compat_main_tst.o compile
FAIL: gcc.dg/compat/struct-layout-1 c_compat_x_tst.o compile
FAIL: gcc.dg/compat/struct-layout-1 c_compat_y_tst.o compile
UNRESOLVED: gcc.dg/compat/struct-layout-1 c_compat_x_tst.o-c_compat_y_tst.o link
UNRESOLVED: gcc.dg/compat/struct-layout-1 c_compat_x_tst.o-c_compat_y_tst.o execute
FAIL: gcc.dg/compat/vector-1 c_compat_x_tst.o compile
FAIL: gcc.dg/compat/vector-1 c_compat_y_tst.o compile
UNRESOLVED: gcc.dg/compat/vector-1 c_compat_x_tst.o-c_compat_y_tst.o link
UNRESOLVED: gcc.dg/compat/vector-1 c_compat_x_tst.o-c_compat_y_tst.o execute
FAIL: gcc.dg/compat/vector-2 c_compat_y_tst.o compile
UNRESOLVED: gcc.dg/compat/vector-2 c_compat_x_tst.o-c_compat_y_tst.o link
UNRESOLVED: gcc.dg/compat/vector-2 c_compat_x_tst.o-c_compat_y_tst.o execute
WARNING: Could not compile gcc.dg/compat/struct-layout-1 generator
FAIL: gcc.dg/debug/20020220-1.c -gstabs+1 (test for excess errors)
WARNING: gcc.dg/debug/20020220-1.c -gstabs+1 compilation failed to produce executable
FAIL: gcc.dg/debug/20020220-1.c -gstabs+1 -O (test for excess errors)
WARNING: gcc.dg/debug/20020220-1.c -gstabs+1 -O compilation failed to produce executable
FAIL: gcc.dg/debug/20020220-1.c -gstabs+1 -O3 (test for excess errors)
WARNING: gcc.dg/debug/20020220-1.c -gstabs+1 -O3 compilation failed to produce executable
FAIL: gcc.dg/debug/20020220-1.c -gstabs+ (test for excess errors)
WARNING: gcc.dg/debug/20020220-1.c -gstabs+ compilation failed to produce executable
FAIL: gcc.dg/debug/20020220-1.c -gstabs+ -O (test for excess errors)
WARNING: gcc.dg/debug/20020220-1.c -gstabs+ -O compilation failed to produce executable
FAIL: gcc.dg/debug/20020220-1.c -gstabs+ -O3 (test for excess errors)
WARNING: gcc.dg/debug/20020220-1.c -gstabs+ -O3 compilation failed to produce executable
FAIL: gcc.dg/debug/20020220-1.c -gstabs+3 (test for excess errors)
WARNING: gcc.dg/debug/20020220-1.c -gstabs+3 compilation failed to produce executable
FAIL: gcc.dg/debug/20020220-1.c -gstabs+3 -O (test for excess errors)
WARNING: gcc.dg/debug/20020220-1.c -gstabs+3 -O compilation failed to produce executable
FAIL: gcc.dg/debug/20020220-1.c -gstabs+3 -O3 (test for excess errors)
WARNING: gcc.dg/debug/20020220-1.c -gstabs+3 -O3 compilation failed to produce executable
FAIL: gcc.dg/debug/20020327-1.c -gstabs+1 (test for excess errors)
FAIL: gcc.dg/debug/20020327-1.c -gstabs+1 -O (test for excess errors)
FAIL: gcc.dg/debug/20020327-1.c -gstabs+1 -O3 (test for excess errors)
FAIL: gcc.dg/debug/20020327-1.c -gstabs+ (test for excess errors)
FAIL: gcc.dg/debug/20020327-1.c -gstabs+ -O (test for excess errors)
FAIL: gcc.dg/debug/20020327-1.c -gstabs+ -O3 (test for excess errors)
FAIL: gcc.dg/debug/20020327-1.c -gstabs+3 (test for excess errors)
FAIL: gcc.dg/debug/20020327-1.c -gstabs+3 -O (test for excess errors)
FAIL: gcc.dg/debug/20020327-1.c -gstabs+3 -O3 (test for excess errors)
FAIL: gcc.dg/debug/trivial.c -gstabs+1 (test for excess errors)
WARNING: gcc.dg/debug/trivial.c -gstabs+1 compilation failed to produce executable
FAIL: gcc.dg/debug/trivial.c -gstabs+1 -O (test for excess errors)
WARNING: gcc.dg/debug/trivial.c -gstabs+1 -O compilation failed to produce executable
FAIL: gcc.dg/debug/trivial.c -gstabs+1 -O3 (test for excess errors)
WARNING: gcc.dg/debug/trivial.c -gstabs+1 -O3 compilation failed to produce executable
FAIL: gcc.dg/debug/trivial.c -gstabs+ (test for excess errors)
WARNING: gcc.dg/debug/trivial.c -gstabs+ compilation failed to produce executable
FAIL: gcc.dg/debug/trivial.c -gstabs+ -O (test for excess errors)
WARNING: gcc.dg/debug/trivial.c -gstabs+ -O compilation failed to produce executable
FAIL: gcc.dg/debug/trivial.c -gstabs+ -O3 (test for excess errors)
WARNING: gcc.dg/debug/trivial.c -gstabs+ -O3 compilation failed to produce executable
FAIL: gcc.dg/debug/trivial.c -gstabs+3 (test for excess errors)
WARNING: gcc.dg/debug/trivial.c -gstabs+3 compilation failed to produce executable
FAIL: gcc.dg/debug/trivial.c -gstabs+3 -O (test for excess errors)
WARNING: gcc.dg/debug/trivial.c -gstabs+3 -O compilation failed to produce executable
FAIL: gcc.dg/debug/trivial.c -gstabs+3 -O3 (test for excess errors)
WARNING: gcc.dg/debug/trivial.c -gstabs+3 -O3 compilation failed to produce executable
FAIL: gcc.dg/debug/dwarf2/dwarf-die7.c scan-assembler 1.*DW_AT_inline
FAIL: gcc.dg/20001012-1.c (test for excess errors)
FAIL: gcc.dg/20001012-2.c (test for excess errors)
FAIL: gcc.dg/20001013-1.c (test for excess errors)
FAIL: gcc.dg/20001101-1.c (test for excess errors)
FAIL: gcc.dg/20001102-1.c (test for excess errors)
FAIL: gcc.dg/bf-spl1.c (test for excess errors)
FAIL: gcc.dg/c90-const-expr-3.c (test for excess errors)
FAIL: gcc.dg/c99-const-expr-3.c (test for excess errors)
WARNING: program timed out.
FAIL: gcc.dg/c99-intconst-1.c (test for excess errors)
FAIL: gcc.dg/pragma-align.c execution test
XPASS: gcc.dg/setjmp-1.c spurious clobbered warning (test for bogus messages, line 16)
FAIL: gcc.dg/uninit-H.c (test for bogus messages, line 20)
UNRESOLVED: gcc.dg/visibility-1.c
UNRESOLVED: gcc.dg/visibility-10.c
UNRESOLVED: gcc.dg/visibility-2.c
UNRESOLVED: gcc.dg/visibility-3.c
UNRESOLVED: gcc.dg/visibility-4.c
UNRESOLVED: gcc.dg/visibility-5.c
UNRESOLVED: gcc.dg/visibility-6.c
UNRESOLVED: gcc.dg/visibility-7.c
UNRESOLVED: gcc.dg/visibility-8.c
UNRESOLVED: gcc.dg/visibility-9.c
UNRESOLVED: gcc.dg/visibility-a.c
FAIL: largefile.c -O0 -g (test for excess errors)
FAIL: largefile.c -O0 (test for excess errors)
FAIL: largefile.c -O1 (test for excess errors)
FAIL: largefile.c -O2 (test for excess errors)
FAIL: largefile.c -O3 -fomit-frame-pointer (test for excess errors)
FAIL: largefile.c -O3 -g (test for excess errors)
FAIL: largefile.c -Os (test for excess errors)
FAIL: gcc.dg/torture/builtin-attr-1.c -O0 (test for excess errors)
FAIL: gcc.dg/torture/builtin-attr-1.c -O1 (test for excess errors)
FAIL: gcc.dg/torture/builtin-attr-1.c -O2 (test for excess errors)
FAIL: gcc.dg/torture/builtin-attr-1.c -O3 -fomit-frame-pointer (test for excess errors)
FAIL: gcc.dg/torture/builtin-attr-1.c -O3 -g (test for excess errors)
FAIL: gcc.dg/torture/builtin-attr-1.c -Os (test for excess errors)
XPASS: gcc.dg/tree-ssa/20040615-1.c scan-tree-dump-times bar2 0
FAIL: 96:is -:should be 1
FAIL: gcc.misc-tests/gcov-4.c gcov: 1 failures in line counts, 0 in branch percentages, 0 in return percentages
=== gcc Summary for unix/-m64 ===
# of expected passes 26722
# of unexpected failures 65
# of unexpected successes 7
# of expected failures 71
# of unresolved testcases 17
# of untested testcases 35
# of unsupported tests 408
Running target unix
WARNING: program timed out.
FAIL: gcc.c-torture/compile/20001226-1.c -O1 (test for excess errors)
WARNING: program timed out.
FAIL: gcc.c-torture/compile/20001226-1.c -O2 (test for excess errors)
WARNING: program timed out.
FAIL: gcc.c-torture/compile/20001226-1.c -O3 -fomit-frame-pointer (test for excess errors)
WARNING: program timed out.
FAIL: gcc.c-torture/compile/20001226-1.c -O3 -g (test for excess errors)
WARNING: program timed out.
FAIL: gcc.c-torture/compile/20001226-1.c -Os (test for excess errors)
FAIL: gcc.dg/compat/struct-layout-1 c_compat_main_tst.o compile
FAIL: gcc.dg/compat/struct-layout-1 c_compat_x_tst.o compile
FAIL: gcc.dg/compat/struct-layout-1 c_compat_y_tst.o compile
UNRESOLVED: gcc.dg/compat/struct-layout-1 c_compat_x_tst.o-c_compat_y_tst.o link
UNRESOLVED: gcc.dg/compat/struct-layout-1 c_compat_x_tst.o-c_compat_y_tst.o execute
WARNING: Could not compile gcc.dg/compat/struct-layout-1 generator
FAIL: gcc.dg/debug/20020220-1.c -gstabs+1 (test for excess errors)
WARNING: gcc.dg/debug/20020220-1.c -gstabs+1 compilation failed to produce executable
FAIL: gcc.dg/debug/20020220-1.c -gstabs+1 -O (test for excess errors)
WARNING: gcc.dg/debug/20020220-1.c -gstabs+1 -O compilation failed to produce executable
FAIL: gcc.dg/debug/20020220-1.c -gstabs+1 -O3 (test for excess errors)
WARNING: gcc.dg/debug/20020220-1.c -gstabs+1 -O3 compilation failed to produce executable
FAIL: gcc.dg/debug/20020220-1.c -gstabs+ (test for excess errors)
WARNING: gcc.dg/debug/20020220-1.c -gstabs+ compilation failed to produce executable
FAIL: gcc.dg/debug/20020220-1.c -gstabs+ -O (test for excess errors)
WARNING: gcc.dg/debug/20020220-1.c -gstabs+ -O compilation failed to produce executable
FAIL: gcc.dg/debug/20020220-1.c -gstabs+ -O3 (test for excess errors)
WARNING: gcc.dg/debug/20020220-1.c -gstabs+ -O3 compilation failed to produce executable
FAIL: gcc.dg/debug/20020220-1.c -gstabs+3 (test for excess errors)
WARNING: gcc.dg/debug/20020220-1.c -gstabs+3 compilation failed to produce executable
FAIL: gcc.dg/debug/20020220-1.c -gstabs+3 -O (test for excess errors)
WARNING: gcc.dg/debug/20020220-1.c -gstabs+3 -O compilation failed to produce executable
FAIL: gcc.dg/debug/20020220-1.c -gstabs+3 -O3 (test for excess errors)
WARNING: gcc.dg/debug/20020220-1.c -gstabs+3 -O3 compilation failed to produce executable
FAIL: gcc.dg/debug/20020327-1.c -gstabs+1 (test for excess errors)
FAIL: gcc.dg/debug/20020327-1.c -gstabs+1 -O (test for excess errors)
FAIL: gcc.dg/debug/20020327-1.c -gstabs+1 -O3 (test for excess errors)
FAIL: gcc.dg/debug/20020327-1.c -gstabs+ (test for excess errors)
FAIL: gcc.dg/debug/20020327-1.c -gstabs+ -O (test for excess errors)
FAIL: gcc.dg/debug/20020327-1.c -gstabs+ -O3 (test for excess errors)
FAIL: gcc.dg/debug/20020327-1.c -gstabs+3 (test for excess errors)
FAIL: gcc.dg/debug/20020327-1.c -gstabs+3 -O (test for excess errors)
FAIL: gcc.dg/debug/20020327-1.c -gstabs+3 -O3 (test for excess errors)
FAIL: gcc.dg/debug/trivial.c -gstabs+1 (test for excess errors)
WARNING: gcc.dg/debug/trivial.c -gstabs+1 compilation failed to produce executable
FAIL: gcc.dg/debug/trivial.c -gstabs+1 -O (test for excess errors)
WARNING: gcc.dg/debug/trivial.c -gstabs+1 -O compilation failed to produce executable
FAIL: gcc.dg/debug/trivial.c -gstabs+1 -O3 (test for excess errors)
WARNING: gcc.dg/debug/trivial.c -gstabs+1 -O3 compilation failed to produce executable
FAIL: gcc.dg/debug/trivial.c -gstabs+ (test for excess errors)
WARNING: gcc.dg/debug/trivial.c -gstabs+ compilation failed to produce executable
FAIL: gcc.dg/debug/trivial.c -gstabs+ -O (test for excess errors)
WARNING: gcc.dg/debug/trivial.c -gstabs+ -O compilation failed to produce executable
FAIL: gcc.dg/debug/trivial.c -gstabs+ -O3 (test for excess errors)
WARNING: gcc.dg/debug/trivial.c -gstabs+ -O3 compilation failed to produce executable
FAIL: gcc.dg/debug/trivial.c -gstabs+3 (test for excess errors)
WARNING: gcc.dg/debug/trivial.c -gstabs+3 compilation failed to produce executable
FAIL: gcc.dg/debug/trivial.c -gstabs+3 -O (test for excess errors)
WARNING: gcc.dg/debug/trivial.c -gstabs+3 -O compilation failed to produce executable
FAIL: gcc.dg/debug/trivial.c -gstabs+3 -O3 (test for excess errors)
WARNING: gcc.dg/debug/trivial.c -gstabs+3 -O3 compilation failed to produce executable
FAIL: gcc.dg/debug/dwarf2/dwarf-die7.c scan-assembler 1.*DW_AT_inline
FAIL: gcc.dg/20001012-1.c (test for excess errors)
FAIL: gcc.dg/20001012-2.c (test for excess errors)
FAIL: gcc.dg/20001013-1.c (test for excess errors)
FAIL: gcc.dg/20001101-1.c (test for excess errors)
FAIL: gcc.dg/20001102-1.c (test for excess errors)
FAIL: gcc.dg/bf-spl1.c (test for excess errors)
FAIL: gcc.dg/c90-const-expr-3.c (test for excess errors)
FAIL: gcc.dg/c99-const-expr-3.c (test for excess errors)
WARNING: program timed out.
FAIL: gcc.dg/c99-intconst-1.c (test for excess errors)
XPASS: gcc.dg/setjmp-1.c spurious clobbered warning (test for bogus messages, line 16)
FAIL: gcc.dg/uninit-H.c (test for bogus messages, line 20)
UNRESOLVED: gcc.dg/visibility-1.c
UNRESOLVED: gcc.dg/visibility-10.c
UNRESOLVED: gcc.dg/visibility-2.c
UNRESOLVED: gcc.dg/visibility-3.c
UNRESOLVED: gcc.dg/visibility-4.c
UNRESOLVED: gcc.dg/visibility-5.c
UNRESOLVED: gcc.dg/visibility-6.c
UNRESOLVED: gcc.dg/visibility-7.c
UNRESOLVED: gcc.dg/visibility-8.c
UNRESOLVED: gcc.dg/visibility-9.c
UNRESOLVED: gcc.dg/visibility-a.c
FAIL: largefile.c -O0 -g (test for excess errors)
FAIL: largefile.c -O0 (test for excess errors)
FAIL: largefile.c -O1 (test for excess errors)
FAIL: largefile.c -O2 (test for excess errors)
FAIL: largefile.c -O3 -fomit-frame-pointer (test for excess errors)
FAIL: largefile.c -O3 -g (test for excess errors)
FAIL: largefile.c -Os (test for excess errors)
XPASS: gcc.dg/tree-ssa/20040615-1.c scan-tree-dump-times bar2 0
FAIL: 96:is -:should be 1
FAIL: gcc.misc-tests/gcov-4.c gcov: 1 failures in line counts, 0 in branch percentages, 0 in return percentages
=== gcc Summary for unix ===
# of expected passes 26745
# of unexpected failures 55
# of unexpected successes 2
# of expected failures 69
# of unresolved testcases 13
# of untested testcases 35
# of unsupported tests 408
=== gcc Summary ===
# of expected passes 53467
# of unexpected failures 120
# of unexpected successes 9
# of expected failures 140
# of unresolved testcases 30
# of untested testcases 70
# of unsupported tests 816
/opt/gcc/gcc-cvs/objdir/gcc/xgcc version 3.5.0 20040814 (experimental)
=== libffi tests ===
Running target unix/-m64
FAIL: libffi.call/cls_longdouble.c output pattern test, is lb[0]: 0000000000000000
=== libffi Summary for unix/-m64 ===
# of expected passes 216
# of unexpected failures 1
# of unsupported tests 2
Running target unix
FAIL: libffi.call/cls_longdouble.c output pattern test, is lb[0]: 0000000000000000
=== libffi Summary for unix ===
# of expected passes 216
# of unexpected failures 1
# of unsupported tests 2
=== libffi Summary ===
# of expected passes 432
# of unexpected failures 2
# of unsupported tests 4
=== libjava tests ===
Running target unix/-m64
FAIL: PR4766 compilation from source
FAIL: PR4766 -O3 compilation from source
FAIL: non-jls-argument-expansion-4
FAIL: non-jls-argument-expansion-6
FAIL: non-jls-argument-expansion-7
FAIL: non-jls-argument-expansion-8
FAIL: non-jls-argument-expansion-9
FAIL: non-jls-argument-expansion-10
FAIL: non-jls-encoding-1
FAIL: PR15133 output - gij test
FAIL: invoke output - gij test
FAIL: overload output - gij test
FAIL: register output - gij test
FAIL: simple_int output - gij test
FAIL: Array_3 execution - gij test
FAIL: Array_3 execution - gij test
FAIL: FileHandleGcTest execution - source compiled test
FAIL: FileHandleGcTest execution - gij test
FAIL: FileHandleGcTest execution - bytecode->native test
FAIL: FileHandleGcTest -O3 execution - source compiled test
FAIL: FileHandleGcTest execution - gij test
FAIL: FileHandleGcTest -O3 execution - bytecode->native test
WARNING: program timed out.
FAIL: Process_1 execution - source compiled test
WARNING: program timed out.
FAIL: Process_1 execution - gij test
WARNING: program timed out.
FAIL: Process_1 execution - bytecode->native test
WARNING: program timed out.
FAIL: Process_1 -O3 execution - source compiled test
WARNING: program timed out.
FAIL: Process_2 execution - gij test
WARNING: program timed out.
FAIL: Process_2 execution - gij test
FAIL: Process_2 -O3 output - bytecode->native test
WARNING: program timed out.
FAIL: Process_3 execution - source compiled test
WARNING: program timed out.
FAIL: Process_3 execution - bytecode->native test
WARNING: program timed out.
FAIL: Process_3 -O3 execution - source compiled test
WARNING: program timed out.
FAIL: Process_3 execution - gij test
WARNING: program timed out.
FAIL: Process_3 -O3 execution - bytecode->native test
WARNING: program timed out.
FAIL: Process_4 execution - source compiled test
FAIL: Process_4 output - gij test
FAIL: Process_4 output - bytecode->native test
FAIL: Process_4 -O3 output - source compiled test
WARNING: program timed out.
FAIL: Process_4 execution - gij test
FAIL: Process_4 -O3 output - bytecode->native test
WARNING: program timed out.
FAIL: Process_5 execution - gij test
WARNING: program timed out.
FAIL: Process_5 execution - bytecode->native test
WARNING: program timed out.
FAIL: Process_5 execution - gij test
ERROR: No \`main' given in program TestProxy
UNRESOLVED: Thread_Alive compilation from source
FAIL: Thread_HoldsLock execution - source compiled test
FAIL: Thread_HoldsLock execution - gij test
FAIL: Thread_HoldsLock execution - bytecode->native test
FAIL: Thread_HoldsLock -O3 execution - source compiled test
FAIL: Thread_HoldsLock execution - gij test
FAIL: Thread_HoldsLock -O3 execution - bytecode->native test
FAIL: Throw_2 execution - gij test
FAIL: Throw_2 execution - gij test
FAIL: anonarray compilation from bytecode
FAIL: err11 compilation from bytecode
FAIL: gnu.testlet.BinaryCompatibility.BinaryCompatibilityTest: IL bin_04: (number 1)
FAIL: gnu.testlet.BinaryCompatibility.BinaryCompatibilityTest: IL bin_04: (number 1)
FAIL: gnu.testlet.java.awt.Choice.getSelected: add (number 3)
FAIL: gnu.testlet.java.awt.Choice.getSelected: add (number 4)
FAIL: gnu.testlet.java.awt.Choice.getSelected: add (number 5)
FAIL: gnu.testlet.java.awt.Choice.getSelected: add (number 6)
FAIL: gnu.testlet.java.awt.Choice.getSelected: addItem (number 3)
FAIL: gnu.testlet.java.awt.Choice.getSelected: addItem (number 4)
FAIL: gnu.testlet.java.awt.Choice.getSelected: addItem (number 5)
FAIL: gnu.testlet.java.awt.Choice.getSelected: addItem (number 6)
FAIL: gnu.testlet.java.awt.Choice.getSelected: insert-mauve (number 3)
FAIL: gnu.testlet.java.awt.Choice.getSelected: insert-mauve (number 4)
FAIL: gnu.testlet.java.awt.Choice.getSelected: insert-mauve (number 5)
FAIL: gnu.testlet.java.awt.Choice.getSelected: insert-mauve (number 6)
FAIL: gnu.testlet.java.awt.Choice.getSelected: insert-gnu (number 3)
FAIL: gnu.testlet.java.awt.Choice.getSelected: insert-gnu (number 4)
FAIL: gnu.testlet.java.awt.Choice.getSelected: insert-gnu (number 5)
FAIL: gnu.testlet.java.awt.Choice.getSelected: insert-gnu (number 6)
FAIL: gnu.testlet.java.awt.Choice.getSelected: insert-fsf (number 3)
FAIL: gnu.testlet.java.awt.Choice.getSelected: insert-fsf (number 4)
FAIL: gnu.testlet.java.awt.Choice.getSelected: insert-fsf (number 6)
FAIL: gnu.testlet.java.awt.Choice.getSelected: remove-gnu (number 3)
FAIL: gnu.testlet.java.awt.Choice.getSelected: remove-gnu (number 4)
FAIL: gnu.testlet.java.awt.Choice.getSelected: remove-gnu (number 6)
FAIL: gnu.testlet.java.awt.Choice.getSelected: remove-1-remove-0 (number 3)
FAIL: gnu.testlet.java.awt.Choice.getSelected: uncaught exception at "remove-1-remove-0" number 4: java.lang.ArrayIndexOutOfBoundsException: 0 >= 0
FAIL: gnu.testlet.java.awt.color.ColorSpace.getInstance: CS_sRGB (number 1)
FAIL: gnu.testlet.java.awt.color.ColorSpace.getInstance: CS_CIEXYZ (number 1)
FAIL: gnu.testlet.java.awt.color.ColorSpace.getInstance: CS_CIEXYZ (number 4)
FAIL: gnu.testlet.java.awt.color.ColorSpace.getInstance: CS_CIEXYZ (number 6)
FAIL: gnu.testlet.java.awt.color.ColorSpace.getInstance: CS_CIEXYZ (number 8)
FAIL: gnu.testlet.java.awt.color.ColorSpace.getInstance: uncaught exception at "CS_PYCC" number 1: java.lang.UnsupportedOperationException: profile not implemented
FAIL: gnu.testlet.java.awt.geom.RoundRectangle2D.intersects (number 10)
FAIL: gnu.testlet.java.awt.geom.RoundRectangle2D.intersects (number 11)
FAIL: gnu.testlet.java.awt.geom.RoundRectangle2D.intersects (number 12)
FAIL: gnu.testlet.java.awt.geom.RoundRectangle2D.intersects (number 16)
FAIL: gnu.testlet.java.awt.geom.RoundRectangle2D.intersects (number 20)
FAIL: gnu.testlet.java.awt.geom.RoundRectangle2D.intersects (number 23)
FAIL: gnu.testlet.java.awt.geom.RoundRectangle2D.intersects (number 27)
FAIL: gnu.testlet.java.awt.geom.RoundRectangle2D.intersects (number 30)
FAIL: gnu.testlet.java.awt.geom.RoundRectangle2D.intersects (number 34)
FAIL: gnu.testlet.java.awt.geom.RoundRectangle2D.intersects (number 38)
FAIL: gnu.testlet.java.awt.geom.RoundRectangle2D.intersects (number 39)
FAIL: gnu.testlet.java.awt.geom.RoundRectangle2D.intersects (number 40)
FAIL: gnu.testlet.java.awt.image.PixelGrabber.SimpleGrabber: uncaught exception at number 1: java.awt.AWTError: Cannot load AWT toolkit: gnu.awt.xlib.XToolkit
FAIL: gnu.testlet.java.io.File.security: createTempFile(2-args) - unexpected exception (number 1)
FAIL: gnu.testlet.java.io.File.security: File.listRoots() (number 1)
FAIL: gnu.testlet.java.io.File.security: file.renameTo - unexpected exception (number 1)
FAIL: gnu.testlet.java.io.File.security: dir.deleteOnExit() - unexpected exception (number 1)
FAIL: gnu.testlet.java.io.ObjectInputOutput.InputTest: gnu.testlet.java.io.ObjectInputOutput.Test\$GetPutField (number 1)
FAIL: gnu.testlet.java.io.ObjectInputOutput.OutputTest: gnu.testlet.java.io.ObjectInputOutput.Test\$CallDefault (number 1)
FAIL: gnu.testlet.java.io.ObjectInputOutput.OutputTest: gnu.testlet.java.io.ObjectInputOutput.Test\$NoCallDefault (number 1)
FAIL: gnu.testlet.java.io.ObjectInputOutput.OutputTest: gnu.testlet.java.io.ObjectInputOutput.Test\$HairyGraph (number 1)
FAIL: gnu.testlet.java.io.ObjectInputOutput.OutputTest: Serializable: test(str=null, x=0) (number 2)
FAIL: gnu.testlet.java.io.ObjectInputOutput.OutputTest: gnu.testlet.java.io.ObjectInputOutput.Test\$FinalField (number 1)
FAIL: gnu.testlet.java.io.ObjectInputOutput.OutputTest: gnu.testlet.java.io.ObjectInputOutput.Test\$BadField (number 1)
FAIL: gnu.testlet.java.io.OutputStreamWriter.jdk11: OutputStreamWriter(writer, encoding) (number 1)
FAIL: gnu.testlet.java.io.OutputStreamWriter.jdk11: OutputStreamWriter(writer, encoding) // alias (number 1)
FAIL: gnu.testlet.java.io.PrintWriter.checkError (number 3)
FAIL: gnu.testlet.java.io.PrintWriter.jdk11: checkError() after close() (number 1)
FAIL: gnu.testlet.java.io.RandomAccessFile.setLength (number 14)
FAIL: gnu.testlet.java.lang.Character.getType12: uncaught exception at number 1: java.lang.NullPointerException
FAIL: gnu.testlet.java.lang.Character.unicode: Character 0:UNDEFINED incorrectly reported as defined (number 1)
FAIL: gnu.testlet.java.lang.Class.init (number 5)
FAIL: gnu.testlet.java.lang.Math.MathTest: Error : test_asinacosatan failed - 4 (number 1)
FAIL: gnu.testlet.java.lang.Math.MathTest: Error : test_asinacosatan failed - 6 (number 1)
FAIL: gnu.testlet.java.lang.Math.MathTest: Error : test_log failed - 2 (number 1)
FAIL: gnu.testlet.java.lang.String.getBytes13: String.getBytes("Cp1252") (number 1)
FAIL: gnu.testlet.java.lang.String.getBytes14: String.getBytes("windows-1252") (number 1)
FAIL: gnu.testlet.java.lang.Thread.contextClassLoader: null is a valid contextClassLoader (number 1)
FAIL: gnu.testlet.java.lang.Thread.contextClassLoader: New thread inherits null classloader (number 1)
FAIL: gnu.testlet.java.lang.Thread.contextClassLoader: run with null classloader (number 1)
FAIL: gnu.testlet.java.lang.Thread.daemon: Can change daemon state on an exitted Thread (number 1)
FAIL: gnu.testlet.java.lang.Thread.daemon: Daemon status changed when set on an exitted Thread (number 1)
FAIL: gnu.testlet.java.lang.Thread.stop: Unexpected exception during test() (number 1)
FAIL: gnu.testlet.java.lang.ref.PhantomReference.phantom: unreachable (number 1)
FAIL: gnu.testlet.java.lang.ref.PhantomReference.phantom: object finalized (number 1)
FAIL: gnu.testlet.java.lang.ref.WeakReference.weakref: unreachable (number 1)
FAIL: gnu.testlet.java.lang.ref.WeakReference.weakref: contents of weak reference (number 1)
FAIL: gnu.testlet.java.lang.reflect.Array.newInstance: multi-dimensional (number 4)
FAIL: gnu.testlet.java.lang.reflect.Constructor.newInstance: int arg (number 1)
FAIL: gnu.testlet.java.lang.reflect.Constructor.newInstance: uncaught exception at "int arg" number 2: java.lang.ClassCastException: java.lang.IllegalAccessException cannot be cast to gnu.testlet.java.lang.reflect.Constructor.newInstance
FAIL: gnu.testlet.java.lang.reflect.Field.access (number 1)
FAIL: gnu.testlet.java.lang.reflect.ReflectAccess: java.lang.IllegalAccessException (number 1)
FAIL: gnu.testlet.java.net.DatagramPacket.DatagramPacketOffset: DatagramPacket Offset Test java.io.IOException: Invalid argument (number 1)
FAIL: gnu.testlet.java.net.DatagramPacket.DatagramPacketTest2: invalid_addr: test 1 - Should throw NullPointerException (number 1)
FAIL: gnu.testlet.java.net.DatagramPacket.DatagramPacketTest2: invalid_addr: test 2 - Should throw NullPointerException (number 1)
FAIL: gnu.testlet.java.net.DatagramPacket.DatagramPacketTest2: invalid_addr: test 3 - Should throw NullPointerException (number 1)
FAIL: gnu.testlet.java.net.InetAddress.InetAddressTest: Error : test_Basics failed - 22 Should have returned true here (number 1)
FAIL: gnu.testlet.java.net.InetSocketAddress.InetSocketAddressTest: Error : test_Constructors failed - 3 Unexpected Exception here (number 1)
FAIL: gnu.testlet.java.net.InetSocketAddress.InetSocketAddressTest: Error : test_Constructors failed - 5 Unexpected Exception here (number 1)
FAIL: gnu.testlet.java.net.InetSocketAddress.InetSocketAddressTest: Error : test_Basics failed - 5 Resolveable hostname got not resolved (number 1)
FAIL: gnu.testlet.java.net.NetworkInterface.getByName: - 2 - return value expected to be non-null (number 1)
FAIL: Compile gnu/testlet/java/net/ServerSocket/ServerSocketTest.lo for gnu.testlet.java.net.ServerSocket.ServerSocketTest
FAIL: gnu.testlet.java.net.Socket.SocketTest: Error : test_Basics failed - 7 exception should not have been thrown. (number 1)
FAIL: gnu.testlet.java.net.Socket.SocketTest: Error : test_Basics failed - 10 UnknownHostException should have been thrown here (number 1)
FAIL: gnu.testlet.java.net.Socket.SocketTest: Error : test_params failed - 10 exception was thrown. (number 1)
FAIL: gnu.testlet.java.net.Socket.SocketTest: Error : test_BasicServer failed - 7 no more data available (number 1)
FAIL: gnu.testlet.java.net.Socket.jdk12: unexpected error: /tmp (number 1)
FAIL: gnu.testlet.java.net.Socket.jdk13: unexpected error: /tmp (number 1)
FAIL: gnu.testlet.java.net.Socket.jdk14: unconnected socket getPort() should return 0 (number 1)
FAIL: gnu.testlet.java.net.Socket.jdk14: unexpected error: /tmp (number 1)
FAIL: Link for gnu.testlet.java.nio.Buffer.PlainBufferTest
FAIL: Link for gnu.testlet.java.nio.Buffer.WrappedWithOffsetBufferTest
FAIL: gnu.testlet.java.nio.channels.FileChannel.manyopen: Unexpected exception at nr 162: java.io.FileNotFoundException: /tmp/mauve-many.162.out (Too many open files) (number 1)
FAIL: gnu.testlet.java.sql.Timestamp.TimestampTest: toString (number 1)
FAIL: gnu.testlet.java.sql.Timestamp.TimestampTest: toString (number 1)
FAIL: gnu.testlet.java.sql.Timestamp.TimestampTest: toString (number 1)
FAIL: gnu.testlet.java.text.DecimalFormat.formatExp: pattern ##.###E0 (number 2)
FAIL: gnu.testlet.java.util.GregorianCalendar.conversion: uncaught exception at "Testing setTimeInMillis(281474976710656) i = 48" number 3: java.lang.IllegalArgumentException: month out of range
FAIL: gnu.testlet.java.util.Properties.AcuniaPropertiesTest: checkvalue -- got:\$ents=\$ (number 1)
FAIL: gnu.testlet.java.util.Properties.AcuniaPropertiesTest: check if all elements were found -- got: [!comment=, #morec=omments] (number 1)
FAIL: gnu.testlet.java.util.jar.JarFile.basic: all jarfile tests failed (number 1)
FAIL: gnu.testlet.java.util.logging.Logger.getAnonymousLogger: uncaught exception at number 8: java.lang.ArrayIndexOutOfBoundsException: 1
FAIL: gnu.testlet.java.util.logging.Logger.getLogger (number 7)
FAIL: gnu.testlet.java.util.logging.Logger.getLogger: uncaught exception at number 8: java.lang.ArrayIndexOutOfBoundsException: 1
FAIL: gnu.testlet.java.util.logging.Logger.hierarchyChecks: uncaught exception at number 1: java.lang.ArrayIndexOutOfBoundsException: 1
FAIL: gnu.testlet.java.util.logging.Logger.securityChecks: Logger.getAnonymousLogger() (number 7)
FAIL: gnu.testlet.java.util.logging.Logger.securityChecks: Logger.getAnonymousLogger(null) (number 7)
FAIL: gnu.testlet.java.util.logging.XMLFormatter.formatMessage (number 2)
FAIL: gnu.testlet.java.util.logging.XMLFormatter.formatMessage (number 3)
FAIL: gnu.testlet.java.util.logging.XMLFormatter.formatMessage (number 4)
FAIL: gnu.testlet.java.util.logging.XMLFormatter.formatMessage (number 5)
FAIL: gnu.testlet.java.util.logging.XMLFormatter.formatMessage (number 6)
FAIL: gnu.testlet.java.util.regex.PatternSplit: test: (?=[a-z]) (number 1)
FAIL: gnu.testlet.javax.swing.JLabel.Icon: uncaught exception at number 1: java.awt.AWTError: Cannot load AWT toolkit: gnu.awt.xlib.XToolkit
FAIL: gnu.testlet.javax.swing.JLabel.Mnemonic: uncaught exception at number 1: java.awt.AWTError: Cannot load AWT toolkit: gnu.awt.xlib.XToolkit
FAIL: gnu.testlet.javax.swing.text.PlainDocument.PlainDocumentTest: end offset: 0 (26 expected (number 1)
FAIL: gnu.testlet.javax.swing.text.PlainDocument.PlainDocumentTest: end offset: 1 (26 expected (number 1)
FAIL: gnu.testlet.javax.swing.undo.AbstractUndoableEdit.getRedoPresentationName: uncaught exception at number 1: java.awt.AWTError: Cannot load AWT toolkit: gnu.awt.xlib.XToolkit
FAIL: gnu.testlet.javax.swing.undo.AbstractUndoableEdit.getUndoPresentationName: uncaught exception at number 1: java.awt.AWTError: Cannot load AWT toolkit: gnu.awt.xlib.XToolkit
FAIL: gnu.testlet.javax.swing.undo.UndoManager.getRedoPresentationName: uncaught exception at number 1: java.awt.AWTError: Cannot load AWT toolkit: gnu.awt.xlib.XToolkit
FAIL: gnu.testlet.javax.swing.undo.UndoManager.getUndoOrRedoPresentationName: uncaught exception at number 6: java.awt.AWTError: Cannot load AWT toolkit: gnu.awt.xlib.XToolkit
FAIL: gnu.testlet.javax.swing.undo.UndoManager.getUndoPresentationName: uncaught exception at number 3: java.awt.AWTError: Cannot load AWT toolkit: gnu.awt.xlib.XToolkit
=== libjava Summary for unix/-m64 ===
# of expected passes 24576
# of unexpected failures 187
# of expected failures 719
# of unresolved testcases 1
# of untested testcases 52
Running target unix
ERROR: tcl error sourcing /opt/gcc/gcc-cvs/gcc/libjava/testsuite/libjava.compile/compile.exp.
ERROR: can't read "x": no such variable
FAIL: non-jls-argument-expansion-4
FAIL: non-jls-argument-expansion-6
FAIL: non-jls-argument-expansion-7
FAIL: non-jls-argument-expansion-8
FAIL: non-jls-argument-expansion-9
FAIL: non-jls-argument-expansion-10
FAIL: non-jls-encoding-1
FAIL: Array_3 execution - gij test
FAIL: Array_3 execution - gij test
WARNING: program timed out.
FAIL: Process_1 execution - source compiled test
WARNING: program timed out.
FAIL: Process_1 -O3 execution - source compiled test
WARNING: program timed out.
FAIL: Process_1 -O3 execution - bytecode->native test
WARNING: program timed out.
FAIL: Process_2 -O3 execution - source compiled test
WARNING: program timed out.
FAIL: Process_2 execution - gij test
WARNING: program timed out.
FAIL: Process_2 -O3 execution - bytecode->native test
WARNING: program timed out.
FAIL: Process_3 execution - source compiled test
WARNING: program timed out.
FAIL: Process_3 execution - gij test
WARNING: program timed out.
FAIL: Process_3 execution - bytecode->native test
WARNING: program timed out.
FAIL: Process_3 -O3 execution - source compiled test
WARNING: program timed out.
FAIL: Process_3 execution - gij test
WARNING: program timed out.
FAIL: Process_3 -O3 execution - bytecode->native test
FAIL: Process_4 output - source compiled test
WARNING: program timed out.
FAIL: Process_4 execution - gij test
FAIL: Process_4 output - bytecode->native test
FAIL: Process_4 -O3 output - source compiled test
WARNING: program timed out.
FAIL: Process_4 execution - gij test
WARNING: program timed out.
FAIL: Process_4 -O3 execution - bytecode->native test
WARNING: program timed out.
FAIL: Process_5 execution - source compiled test
WARNING: program timed out.
FAIL: Process_5 execution - bytecode->native test
WARNING: program timed out.
FAIL: Process_5 -O3 execution - bytecode->native test
FAIL: Thread_HoldsLock execution - source compiled test
FAIL: Thread_HoldsLock execution - gij test
FAIL: Thread_HoldsLock execution - bytecode->native test
FAIL: Thread_HoldsLock -O3 execution - source compiled test
FAIL: Thread_HoldsLock execution - gij test
FAIL: Thread_HoldsLock -O3 execution - bytecode->native test
ERROR: No \`main' given in program Thread_Sleep
UNRESOLVED: Thread_Wait compilation from source
FAIL: anon3 compilation from bytecode
ERROR: No \`main' given in program err7
UNRESOLVED: err8 compilation from source
FAIL: indirect_read compilation from bytecode
ERROR: No \`main' given in program private_direct_read
UNRESOLVED: private_direct_read -O3 compilation from source
FAIL: gnu.testlet.java.awt.Choice.getSelected: add (number 3)
FAIL: gnu.testlet.java.awt.Choice.getSelected: add (number 4)
FAIL: gnu.testlet.java.awt.Choice.getSelected: add (number 5)
FAIL: gnu.testlet.java.awt.Choice.getSelected: add (number 6)
FAIL: gnu.testlet.java.awt.Choice.getSelected: addItem (number 3)
FAIL: gnu.testlet.java.awt.Choice.getSelected: addItem (number 4)
FAIL: gnu.testlet.java.awt.Choice.getSelected: addItem (number 5)
FAIL: gnu.testlet.java.awt.Choice.getSelected: addItem (number 6)
FAIL: gnu.testlet.java.awt.Choice.getSelected: insert-mauve (number 3)
FAIL: gnu.testlet.java.awt.Choice.getSelected: insert-mauve (number 4)
FAIL: gnu.testlet.java.awt.Choice.getSelected: insert-mauve (number 5)
FAIL: gnu.testlet.java.awt.Choice.getSelected: insert-mauve (number 6)
FAIL: gnu.testlet.java.awt.Choice.getSelected: insert-gnu (number 3)
FAIL: gnu.testlet.java.awt.Choice.getSelected: insert-gnu (number 4)
FAIL: gnu.testlet.java.awt.Choice.getSelected: insert-gnu (number 5)
FAIL: gnu.testlet.java.awt.Choice.getSelected: insert-gnu (number 6)
FAIL: gnu.testlet.java.awt.Choice.getSelected: insert-fsf (number 3)
FAIL: gnu.testlet.java.awt.Choice.getSelected: insert-fsf (number 4)
FAIL: gnu.testlet.java.awt.Choice.getSelected: insert-fsf (number 6)
FAIL: gnu.testlet.java.awt.Choice.getSelected: remove-gnu (number 3)
FAIL: gnu.testlet.java.awt.Choice.getSelected: remove-gnu (number 4)
FAIL: gnu.testlet.java.awt.Choice.getSelected: remove-gnu (number 6)
FAIL: gnu.testlet.java.awt.Choice.getSelected: remove-1-remove-0 (number 3)
FAIL: gnu.testlet.java.awt.Choice.getSelected: uncaught exception at "remove-1-remove-0" number 4: java.lang.ArrayIndexOutOfBoundsException: 0 >= 0
FAIL: gnu.testlet.java.awt.color.ColorSpace.getInstance: CS_sRGB (number 1)
FAIL: gnu.testlet.java.awt.color.ColorSpace.getInstance: CS_CIEXYZ (number 1)
FAIL: gnu.testlet.java.awt.color.ColorSpace.getInstance: CS_CIEXYZ (number 4)
FAIL: gnu.testlet.java.awt.color.ColorSpace.getInstance: CS_CIEXYZ (number 6)
FAIL: gnu.testlet.java.awt.color.ColorSpace.getInstance: CS_CIEXYZ (number 8)
FAIL: gnu.testlet.java.awt.color.ColorSpace.getInstance: uncaught exception at "CS_PYCC" number 1: java.lang.UnsupportedOperationException: profile not implemented
FAIL: gnu.testlet.java.awt.geom.GeneralPath.append_PathIterator: uncaught exception at "notConnecting" number 1: java.lang.NullPointerException
FAIL: gnu.testlet.java.awt.geom.RoundRectangle2D.intersects (number 10)
FAIL: gnu.testlet.java.awt.geom.RoundRectangle2D.intersects (number 11)
FAIL: gnu.testlet.java.awt.geom.RoundRectangle2D.intersects (number 12)
FAIL: gnu.testlet.java.awt.geom.RoundRectangle2D.intersects (number 16)
FAIL: gnu.testlet.java.awt.geom.RoundRectangle2D.intersects (number 20)
FAIL: gnu.testlet.java.awt.geom.RoundRectangle2D.intersects (number 23)
FAIL: gnu.testlet.java.awt.geom.RoundRectangle2D.intersects (number 27)
FAIL: gnu.testlet.java.awt.geom.RoundRectangle2D.intersects (number 30)
FAIL: gnu.testlet.java.awt.geom.RoundRectangle2D.intersects (number 34)
FAIL: gnu.testlet.java.awt.geom.RoundRectangle2D.intersects (number 38)
FAIL: gnu.testlet.java.awt.geom.RoundRectangle2D.intersects (number 39)
FAIL: gnu.testlet.java.awt.geom.RoundRectangle2D.intersects (number 40)
FAIL: gnu.testlet.java.awt.image.PixelGrabber.SimpleGrabber: uncaught exception at number 1: java.awt.AWTError: Cannot load AWT toolkit: gnu.awt.xlib.XToolkit
FAIL: gnu.testlet.java.io.File.security: createTempFile(2-args) - unexpected exception (number 1)
FAIL: gnu.testlet.java.io.File.security: File.listRoots() (number 1)
FAIL: gnu.testlet.java.io.File.security: file.renameTo - unexpected exception (number 1)
FAIL: gnu.testlet.java.io.File.security: dir.deleteOnExit() - unexpected exception (number 1)
FAIL: gnu.testlet.java.io.ObjectInputOutput.InputTest: gnu.testlet.java.io.ObjectInputOutput.Test\$GetPutField (number 1)
FAIL: gnu.testlet.java.io.OutputStreamWriter.jdk11: OutputStreamWriter(writer, encoding) (number 1)
FAIL: gnu.testlet.java.io.OutputStreamWriter.jdk11: OutputStreamWriter(writer, encoding) // alias (number 1)
FAIL: gnu.testlet.java.io.PrintWriter.checkError (number 3)
FAIL: gnu.testlet.java.io.PrintWriter.jdk11: checkError() after close() (number 1)
FAIL: gnu.testlet.java.io.RandomAccessFile.setLength (number 14)
FAIL: gnu.testlet.java.lang.Character.getType: uncaught exception at number 1: java.lang.NullPointerException
FAIL: gnu.testlet.java.lang.Character.getType12: uncaught exception at number 1: java.lang.NullPointerException
FAIL: gnu.testlet.java.lang.Character.unicode (number 11)
FAIL: gnu.testlet.java.lang.Class.init (number 5)
FAIL: gnu.testlet.java.lang.Math.MathTest: Error : test_asinacosatan failed - 4 (number 1)
FAIL: gnu.testlet.java.lang.Math.MathTest: Error : test_asinacosatan failed - 6 (number 1)
FAIL: gnu.testlet.java.lang.Math.MathTest: Error : test_log failed - 2 (number 1)
FAIL: gnu.testlet.java.lang.String.getBytes13: String.getBytes("Cp1252") (number 1)
FAIL: gnu.testlet.java.lang.String.getBytes14: String.getBytes("windows-1252") (number 1)
FAIL: gnu.testlet.java.lang.Thread.contextClassLoader: null is a valid contextClassLoader (number 1)
FAIL: gnu.testlet.java.lang.Thread.contextClassLoader: New thread inherits null classloader (number 1)
FAIL: gnu.testlet.java.lang.Thread.contextClassLoader: run with null classloader (number 2)
FAIL: gnu.testlet.java.lang.Thread.daemon: Can change daemon state on an exitted Thread (number 1)
FAIL: gnu.testlet.java.lang.Thread.daemon: Daemon status changed when set on an exitted Thread (number 1)
FAIL: gnu.testlet.java.lang.Thread.stop: Unexpected exception during test() (number 1)
FAIL: gnu.testlet.java.lang.ref.PhantomReference.phantom: unreachable (number 1)
FAIL: gnu.testlet.java.lang.ref.PhantomReference.phantom: object finalized (number 1)
FAIL: gnu.testlet.java.lang.ref.WeakReference.weakref: unreachable (number 1)
FAIL: gnu.testlet.java.lang.ref.WeakReference.weakref: contents of weak reference (number 1)
FAIL: gnu.testlet.java.lang.reflect.Array.newInstance: multi-dimensional (number 4)
FAIL: gnu.testlet.java.lang.reflect.Constructor.newInstance: int arg (number 1)
FAIL: gnu.testlet.java.lang.reflect.Constructor.newInstance: uncaught exception at "int arg" number 2: java.lang.ClassCastException: java.lang.IllegalAccessException cannot be cast to gnu.testlet.java.lang.reflect.Constructor.newInstance
FAIL: gnu.testlet.java.lang.reflect.ReflectAccess: java.lang.IllegalAccessException (number 1)
FAIL: gnu.testlet.java.net.DatagramPacket.DatagramPacketOffset: DatagramPacket Offset Test java.io.IOException: Invalid argument (number 1)
FAIL: gnu.testlet.java.net.DatagramPacket.DatagramPacketTest2: invalid_addr: test 1 - Should throw NullPointerException (number 1)
FAIL: gnu.testlet.java.net.DatagramPacket.DatagramPacketTest2: invalid_addr: test 2 - Should throw NullPointerException (number 1)
FAIL: gnu.testlet.java.net.DatagramPacket.DatagramPacketTest2: invalid_addr: test 3 - Should throw NullPointerException (number 1)
FAIL: gnu.testlet.java.net.InetAddress.InetAddressTest: Error : test_Basics failed - 22 Should have returned true here (number 1)
FAIL: gnu.testlet.java.net.InetSocketAddress.InetSocketAddressTest: Error : test_Constructors failed - 3 Unexpected Exception here (number 1)
FAIL: gnu.testlet.java.net.InetSocketAddress.InetSocketAddressTest: Error : test_Constructors failed - 5 Unexpected Exception here (number 1)
FAIL: gnu.testlet.java.net.InetSocketAddress.InetSocketAddressTest: Error : test_Basics failed - 5 Resolveable hostname got not resolved (number 1)
FAIL: gnu.testlet.java.net.NetworkInterface.getByName: - 2 - return value expected to be non-null (number 1)
FAIL: Compile gnu/testlet/java/net/ServerSocket/ServerSocketTest.lo for gnu.testlet.java.net.ServerSocket.ServerSocketTest
FAIL: gnu.testlet.java.net.Socket.SocketTest: Error : test_Basics failed - 7 exception should not have been thrown. (number 1)
FAIL: gnu.testlet.java.net.Socket.SocketTest: Error : test_Basics failed - 10 UnknownHostException should have been thrown here (number 1)
FAIL: gnu.testlet.java.net.Socket.SocketTest: Error : test_params failed - 10 exception was thrown. (number 1)
FAIL: gnu.testlet.java.net.Socket.jdk12: unexpected error: /tmp (number 1)
FAIL: gnu.testlet.java.net.Socket.jdk13: unexpected error: /tmp (number 1)
FAIL: gnu.testlet.java.net.Socket.jdk14: unconnected socket getPort() should return 0 (number 1)
FAIL: gnu.testlet.java.net.Socket.jdk14: unexpected error: /tmp (number 1)
FAIL: Link for gnu.testlet.java.nio.Buffer.PlainBufferTest
FAIL: Link for gnu.testlet.java.nio.Buffer.WrappedWithOffsetBufferTest
FAIL: gnu.testlet.java.nio.channels.FileChannel.manyopen: Unexpected exception at nr 81: java.io.FileNotFoundException: /tmp/mauve-many.81.raf (Too many open files) (number 1)
FAIL: gnu.testlet.java.sql.Timestamp.TimestampTest: toString (number 1)
FAIL: gnu.testlet.java.sql.Timestamp.TimestampTest: toString (number 1)
FAIL: gnu.testlet.java.sql.Timestamp.TimestampTest: toString (number 1)
FAIL: gnu.testlet.java.text.DecimalFormat.formatExp: pattern ##.###E0 (number 2)
FAIL: gnu.testlet.java.util.GregorianCalendar.conversion: uncaught exception at "Testing setTimeInMillis(281474976710656) i = 48" number 3: java.lang.IllegalArgumentException: month out of range
FAIL: gnu.testlet.java.util.Properties.AcuniaPropertiesTest: checkvalue -- got:\$ents=\$ (number 1)
FAIL: gnu.testlet.java.util.Properties.AcuniaPropertiesTest: check if all elements were found -- got: [!comment=, #morec=omments] (number 1)
FAIL: gnu.testlet.java.util.jar.JarFile.basic: all jarfile tests failed (number 1)
FAIL: gnu.testlet.java.util.logging.Logger.getAnonymousLogger: uncaught exception at number 8: java.lang.ArrayIndexOutOfBoundsException: 1
FAIL: gnu.testlet.java.util.logging.Logger.getLogger (number 7)
FAIL: gnu.testlet.java.util.logging.Logger.getLogger: uncaught exception at number 8: java.lang.ArrayIndexOutOfBoundsException: 1
FAIL: gnu.testlet.java.util.logging.Logger.hierarchyChecks: uncaught exception at number 1: java.lang.ArrayIndexOutOfBoundsException: 1
FAIL: gnu.testlet.java.util.logging.Logger.securityChecks: Logger.getAnonymousLogger() (number 7)
FAIL: gnu.testlet.java.util.logging.Logger.securityChecks: Logger.getAnonymousLogger(null) (number 7)
FAIL: gnu.testlet.java.util.logging.XMLFormatter.formatMessage (number 2)
FAIL: gnu.testlet.java.util.logging.XMLFormatter.formatMessage (number 3)
FAIL: gnu.testlet.java.util.logging.XMLFormatter.formatMessage (number 4)
FAIL: gnu.testlet.java.util.logging.XMLFormatter.formatMessage (number 5)
FAIL: gnu.testlet.java.util.logging.XMLFormatter.formatMessage (number 6)
FAIL: gnu.testlet.java.util.regex.PatternSplit: test: (?=[a-z]) (number 1)
FAIL: gnu.testlet.javax.swing.JLabel.Icon: uncaught exception at number 1: java.awt.AWTError: Cannot load AWT toolkit: gnu.awt.xlib.XToolkit
FAIL: gnu.testlet.javax.swing.JLabel.Mnemonic: uncaught exception at number 1: java.awt.AWTError: Cannot load AWT toolkit: gnu.awt.xlib.XToolkit
FAIL: gnu.testlet.javax.swing.text.PlainDocument.PlainDocumentTest: end offset: 0 (26 expected (number 1)
FAIL: gnu.testlet.javax.swing.text.PlainDocument.PlainDocumentTest: end offset: 1 (26 expected (number 1)
FAIL: gnu.testlet.javax.swing.undo.AbstractUndoableEdit.getRedoPresentationName: uncaught exception at number 1: java.awt.AWTError: Cannot load AWT toolkit: gnu.awt.xlib.XToolkit
FAIL: gnu.testlet.javax.swing.undo.AbstractUndoableEdit.getUndoPresentationName: uncaught exception at number 1: java.awt.AWTError: Cannot load AWT toolkit: gnu.awt.xlib.XToolkit
FAIL: gnu.testlet.javax.swing.undo.UndoManager.getRedoPresentationName: uncaught exception at number 1: java.awt.AWTError: Cannot load AWT toolkit: gnu.awt.xlib.XToolkit
FAIL: gnu.testlet.javax.swing.undo.UndoManager.getUndoOrRedoPresentationName: uncaught exception at number 6: java.awt.AWTError: Cannot load AWT toolkit: gnu.awt.xlib.XToolkit
FAIL: gnu.testlet.javax.swing.undo.UndoManager.getUndoPresentationName: uncaught exception at number 3: java.awt.AWTError: Cannot load AWT toolkit: gnu.awt.xlib.XToolkit
=== libjava Summary for unix ===
# of expected passes 24112
# of unexpected failures 164
# of expected failures 715
# of unresolved testcases 3
# of untested testcases 38
=== libjava Summary ===
# of expected passes 48688
# of unexpected failures 351
# of expected failures 1434
# of unresolved testcases 4
# of untested testcases 90
=== libstdc++ tests ===
Running target unix/-m64
XPASS: 22_locale/locale/cons/12658_thread-1.cc execution test
FAIL: 26_numerics/complex/13450.cc (test for excess errors)
WARNING: 26_numerics/complex/13450.cc compilation failed to produce executable
FAIL: 26_numerics/complex/complex_value.cc (test for excess errors)
WARNING: 26_numerics/complex/complex_value.cc compilation failed to produce executable
FAIL: 26_numerics/complex/pow.cc (test for excess errors)
WARNING: 26_numerics/complex/pow.cc compilation failed to produce executable
WARNING: program timed out.
FAIL: thread/pthread7-rope.cc execution test
=== libstdc++ Summary for unix/-m64 ===
# of expected passes 2830
# of unexpected failures 4
# of unexpected successes 1
# of expected failures 6
Running target unix
XPASS: 22_locale/locale/cons/12658_thread-1.cc execution test
FAIL: 26_numerics/complex/13450.cc (test for excess errors)
WARNING: 26_numerics/complex/13450.cc compilation failed to produce executable
FAIL: 26_numerics/complex/complex_value.cc (test for excess errors)
WARNING: 26_numerics/complex/complex_value.cc compilation failed to produce executable
FAIL: 26_numerics/complex/pow.cc (test for excess errors)
WARNING: 26_numerics/complex/pow.cc compilation failed to produce executable
WARNING: program timed out.
FAIL: thread/pthread7-rope.cc execution test
=== libstdc++ Summary for unix ===
# of expected passes 2830
# of unexpected failures 4
# of unexpected successes 1
# of expected failures 6
=== libstdc++ Summary ===
# of expected passes 5660
# of unexpected failures 8
# of unexpected successes 2
# of expected failures 12
Compiler version: 3.5.0 20040814 (experimental)
Platform: sparc-sun-solaris2.9
configure flags: --prefix=/opt/gcc/gcc-cvs/testbin --disable-checking --enable-java-awt=xlib --without-libbanshee --disable-mudflap --enable-libgcj-multifile --enable-languages=c,c++,java