This is the mail archive of the
gcc-testresults@gcc.gnu.org
mailing list for the GCC project.
Results for 3.5.0 20040809 (experimental) testsuite on mips-sgi-irix6.5
- From: "Billinghurst, David \(CALCRTS\)" <david dot billinghurst at comalco dot riotinto dot com dot au>
- To: <gcc-testresults at gcc dot gnu dot org>
- Date: Tue, 10 Aug 2004 10:26:09 +1000
- Subject: Results for 3.5.0 20040809 (experimental) testsuite on mips-sgi-irix6.5
This run on SGI Origin 300 cru300 running IRIX 6.5.22m
Bootstrap compiler gcc (GCC) 3.3.1
Using irix as/ld with -mabi=32 multilib disabled
dejagnu version:
Expect version is 5.40.0
Tcl version is 8.4
Framework version is 1.4.4
LAST_UPDATED: Mon Aug 9 10:07:44 GMT 2004
Native configuration is mips-sgi-irix6.5
=== g++ tests ===
Running target unix
FAIL: g++.dg/abi/inline1.C scan-assembler-not _ZTV1S
FAIL: g++.dg/abi/local1.C execution test
UNRESOLVED: g++.dg/ext/visibility/assign1.C
UNRESOLVED: g++.dg/ext/visibility/fvisibility-inlines-hidden.C
UNRESOLVED: g++.dg/ext/visibility/fvisibility-override1.C
UNRESOLVED: g++.dg/ext/visibility/fvisibility-override2.C
UNRESOLVED: g++.dg/ext/visibility/fvisibility.C
UNRESOLVED: g++.dg/ext/visibility/memfuncts.C
UNRESOLVED: g++.dg/ext/visibility/new1.C
UNRESOLVED: g++.dg/ext/visibility/noPLT.C
UNRESOLVED: g++.dg/ext/visibility/pragma-override1.C
UNRESOLVED: g++.dg/ext/visibility/pragma-override2.C
UNRESOLVED: g++.dg/ext/visibility/pragma.C
UNRESOLVED: g++.dg/ext/visibility/staticmemfuncts.C
UNRESOLVED: g++.dg/ext/visibility/virtual.C
UNRESOLVED: g++.dg/ext/visibility/visibility-1.C
UNRESOLVED: g++.dg/ext/visibility/visibility-2.C
UNRESOLVED: g++.dg/ext/visibility/visibility-3.C
UNRESOLVED: g++.dg/ext/visibility/visibility-4.C
UNRESOLVED: g++.dg/ext/visibility/visibility-5.C
UNRESOLVED: g++.dg/ext/visibility/visibility-6.C
UNRESOLVED: g++.dg/ext/visibility/visibility-7.C
UNRESOLVED: g++.dg/ext/visibility/visibility-8.C
XPASS: g++.dg/rtti/tinfo1.C scan-assembler _ZTIP9CTemplateIhE:
XPASS: g++.dg/rtti/tinfo1.C scan-assembler-not .globl[
\\t]+_ZTIP9CTemplateIhE
XPASS: g++.dg/rtti/tinfo1.C scan-assembler-not
.section[^\\n\\r]*_ZTIP9CTemplateIhE[^\\n\\r]*
FAIL: 102:is -:should be 1
FAIL: g++.dg/gcov/gcov-1.C gcov: 1 failures in line counts, 0 in branch
percentages, 0 in return percentages
XPASS: g++.old-deja/g++.jason/thunk3.C execution test
WARNING: g++.old-deja/g++.mike/p10769a.C compilation failed to produce
executable
WARNING: g++.old-deja/g++.other/enum5.C compilation failed to produce
executable
WARNING: g++.old-deja/g++.pt/friend44.C compilation failed to produce
executable
=== g++ Summary for unix ===
# of expected passes 9539
# of unexpected failures 4
# of unexpected successes 4
# of expected failures 80
# of unresolved testcases 21
# of unsupported tests 111
Running target unix/-mabi=64
FAIL: g++.dg/abi/inline1.C scan-assembler-not _ZTV1S
FAIL: g++.dg/abi/local1.C execution test
UNRESOLVED: g++.dg/ext/visibility/assign1.C
UNRESOLVED: g++.dg/ext/visibility/fvisibility-inlines-hidden.C
UNRESOLVED: g++.dg/ext/visibility/fvisibility-override1.C
UNRESOLVED: g++.dg/ext/visibility/fvisibility-override2.C
UNRESOLVED: g++.dg/ext/visibility/fvisibility.C
UNRESOLVED: g++.dg/ext/visibility/memfuncts.C
UNRESOLVED: g++.dg/ext/visibility/new1.C
UNRESOLVED: g++.dg/ext/visibility/noPLT.C
UNRESOLVED: g++.dg/ext/visibility/pragma-override1.C
UNRESOLVED: g++.dg/ext/visibility/pragma-override2.C
UNRESOLVED: g++.dg/ext/visibility/pragma.C
UNRESOLVED: g++.dg/ext/visibility/staticmemfuncts.C
UNRESOLVED: g++.dg/ext/visibility/virtual.C
UNRESOLVED: g++.dg/ext/visibility/visibility-1.C
UNRESOLVED: g++.dg/ext/visibility/visibility-2.C
UNRESOLVED: g++.dg/ext/visibility/visibility-3.C
UNRESOLVED: g++.dg/ext/visibility/visibility-4.C
UNRESOLVED: g++.dg/ext/visibility/visibility-5.C
UNRESOLVED: g++.dg/ext/visibility/visibility-6.C
UNRESOLVED: g++.dg/ext/visibility/visibility-7.C
UNRESOLVED: g++.dg/ext/visibility/visibility-8.C
XPASS: g++.dg/rtti/tinfo1.C scan-assembler _ZTIP9CTemplateIhE:
XPASS: g++.dg/rtti/tinfo1.C scan-assembler-not .globl[
\\t]+_ZTIP9CTemplateIhE
XPASS: g++.dg/rtti/tinfo1.C scan-assembler-not
.section[^\\n\\r]*_ZTIP9CTemplateIhE[^\\n\\r]*
FAIL: 102:is -:should be 1
FAIL: g++.dg/gcov/gcov-1.C gcov: 1 failures in line counts, 0 in branch
percentages, 0 in return percentages
XPASS: g++.old-deja/g++.jason/thunk3.C execution test
WARNING: g++.old-deja/g++.mike/p10769a.C compilation failed to produce
executable
WARNING: g++.old-deja/g++.other/enum5.C compilation failed to produce
executable
WARNING: g++.old-deja/g++.pt/friend44.C compilation failed to produce
executable
=== g++ Summary for unix/-mabi=64 ===
# of expected passes 9539
# of unexpected failures 4
# of unexpected successes 4
# of expected failures 80
# of unresolved testcases 21
# of unsupported tests 111
=== g++ Summary ===
# of expected passes 19078
# of unexpected failures 8
# of unexpected successes 8
# of expected failures 160
# of unresolved testcases 42
# of unsupported tests 222
/disk4/billingd/obj/gcc/gcc/testsuite/../g++ version 3.5.0 20040809
(experimental)
=== gcc tests ===
Running target unix
WARNING: program timed out.
FAIL: gcc.c-torture/compile/20001226-1.c -O3 -g (test for excess
errors)
WARNING: program timed out.
FAIL: gcc.c-torture/compile/20001226-1.c -Os (test for excess errors)
FAIL: gcc.c-torture/compile/20021001-1.c -O0 (test for excess errors)
FAIL: gcc.c-torture/compile/20021001-1.c -O1 (test for excess errors)
FAIL: gcc.c-torture/compile/20021001-1.c -O2 (test for excess errors)
FAIL: gcc.c-torture/compile/20021001-1.c -O3 -fomit-frame-pointer
(test for excess errors)
FAIL: gcc.c-torture/compile/20021001-1.c -O3 -g (test for excess
errors)
FAIL: gcc.c-torture/compile/20021001-1.c -Os (test for excess errors)
FAIL: gcc.c-torture/execute/20011217-1.c execution, -O0
XPASS: gcc.c-torture/execute/20020227-1.c execution, -O3
-fomit-frame-pointer
XPASS: gcc.c-torture/execute/20020227-1.c execution, -O3 -g
FAIL: gcc.c-torture/execute/960215-1.c execution, -O0
FAIL: gcc.c-torture/execute/960215-1.c execution, -O1
FAIL: gcc.c-torture/execute/960215-1.c execution, -O2
FAIL: gcc.c-torture/execute/960215-1.c execution, -O3
-fomit-frame-pointer
FAIL: gcc.c-torture/execute/960215-1.c execution, -O3 -g
FAIL: gcc.c-torture/execute/960215-1.c execution, -Os
FAIL: gcc.c-torture/execute/conversion.c execution, -O0
FAIL: gcc.c-torture/execute/conversion.c execution, -O1
FAIL: gcc.c-torture/execute/conversion.c execution, -O2
FAIL: gcc.c-torture/execute/conversion.c execution, -Os
FAIL: gcc.c-torture/execute/loop-14.c execution, -Os
FAIL: gcc.c-torture/execute/regstack-1.c execution, -O0
FAIL: gcc.c-torture/execute/regstack-1.c execution, -O1
FAIL: gcc.c-torture/execute/regstack-1.c execution, -O2
FAIL: gcc.c-torture/execute/regstack-1.c execution, -O3
-fomit-frame-pointer
FAIL: gcc.c-torture/execute/regstack-1.c execution, -O3 -g
FAIL: gcc.c-torture/execute/regstack-1.c execution, -Os
FAIL: gcc.c-torture/execute/ieee/compare-fp-1.c compilation, -O0
UNRESOLVED: gcc.c-torture/execute/ieee/compare-fp-1.c execution, -O0
FAIL: gcc.c-torture/execute/ieee/compare-fp-1.c compilation, -O1
UNRESOLVED: gcc.c-torture/execute/ieee/compare-fp-1.c execution, -O1
FAIL: gcc.c-torture/execute/ieee/compare-fp-1.c compilation, -O2
UNRESOLVED: gcc.c-torture/execute/ieee/compare-fp-1.c execution, -O2
FAIL: gcc.c-torture/execute/ieee/compare-fp-1.c compilation, -O3
-fomit-frame-pointer
UNRESOLVED: gcc.c-torture/execute/ieee/compare-fp-1.c execution, -O3
-fomit-frame-pointer
FAIL: gcc.c-torture/execute/ieee/compare-fp-1.c compilation, -O3 -g
UNRESOLVED: gcc.c-torture/execute/ieee/compare-fp-1.c execution, -O3 -g
FAIL: gcc.c-torture/execute/ieee/compare-fp-1.c compilation, -Os
UNRESOLVED: gcc.c-torture/execute/ieee/compare-fp-1.c execution, -Os
FAIL: gcc.c-torture/execute/ieee/compare-fp-4.c compilation, -O1
UNRESOLVED: gcc.c-torture/execute/ieee/compare-fp-4.c execution, -O1
FAIL: gcc.c-torture/execute/ieee/compare-fp-4.c compilation, -O2
UNRESOLVED: gcc.c-torture/execute/ieee/compare-fp-4.c execution, -O2
FAIL: gcc.c-torture/execute/ieee/compare-fp-4.c compilation, -O3
-fomit-frame-pointer
UNRESOLVED: gcc.c-torture/execute/ieee/compare-fp-4.c execution, -O3
-fomit-frame-pointer
FAIL: gcc.c-torture/execute/ieee/compare-fp-4.c compilation, -O3 -g
UNRESOLVED: gcc.c-torture/execute/ieee/compare-fp-4.c execution, -O3 -g
FAIL: gcc.c-torture/execute/ieee/compare-fp-4.c compilation, -Os
UNRESOLVED: gcc.c-torture/execute/ieee/compare-fp-4.c execution, -Os
FAIL: gcc.c-torture/execute/ieee/fp-cmp-5.c compilation, -O0
UNRESOLVED: gcc.c-torture/execute/ieee/fp-cmp-5.c execution, -O0
FAIL: gcc.c-torture/execute/ieee/fp-cmp-5.c compilation, -O1
UNRESOLVED: gcc.c-torture/execute/ieee/fp-cmp-5.c execution, -O1
FAIL: gcc.c-torture/execute/ieee/fp-cmp-5.c compilation, -O2
UNRESOLVED: gcc.c-torture/execute/ieee/fp-cmp-5.c execution, -O2
FAIL: gcc.c-torture/execute/ieee/fp-cmp-5.c compilation, -O3
-fomit-frame-pointer
UNRESOLVED: gcc.c-torture/execute/ieee/fp-cmp-5.c execution, -O3
-fomit-frame-pointer
FAIL: gcc.c-torture/execute/ieee/fp-cmp-5.c compilation, -O3
-fomit-frame-pointer -funroll-loops
UNRESOLVED: gcc.c-torture/execute/ieee/fp-cmp-5.c execution, -O3
-fomit-frame-pointer -funroll-loops
FAIL: gcc.c-torture/execute/ieee/fp-cmp-5.c compilation, -O3
-fomit-frame-pointer -funroll-all-loops -finline-functions
UNRESOLVED: gcc.c-torture/execute/ieee/fp-cmp-5.c execution, -O3
-fomit-frame-pointer -funroll-all-loops -finline-functions
FAIL: gcc.c-torture/execute/ieee/fp-cmp-5.c compilation, -O3 -g
UNRESOLVED: gcc.c-torture/execute/ieee/fp-cmp-5.c execution, -O3 -g
FAIL: gcc.c-torture/execute/ieee/fp-cmp-5.c compilation, -Os
UNRESOLVED: gcc.c-torture/execute/ieee/fp-cmp-5.c execution, -Os
FAIL: gcc.c-torture/execute/ieee/fp-cmp-8l.c compilation, -O0
UNRESOLVED: gcc.c-torture/execute/ieee/fp-cmp-8l.c execution, -O0
FAIL: gcc.c-torture/execute/ieee/fp-cmp-8l.c compilation, -O1
UNRESOLVED: gcc.c-torture/execute/ieee/fp-cmp-8l.c execution, -O1
FAIL: gcc.c-torture/execute/ieee/fp-cmp-8l.c compilation, -O2
UNRESOLVED: gcc.c-torture/execute/ieee/fp-cmp-8l.c execution, -O2
FAIL: gcc.c-torture/execute/ieee/fp-cmp-8l.c compilation, -O3
-fomit-frame-pointer
UNRESOLVED: gcc.c-torture/execute/ieee/fp-cmp-8l.c execution, -O3
-fomit-frame-pointer
FAIL: gcc.c-torture/execute/ieee/fp-cmp-8l.c compilation, -O3 -g
UNRESOLVED: gcc.c-torture/execute/ieee/fp-cmp-8l.c execution, -O3 -g
FAIL: gcc.c-torture/execute/ieee/fp-cmp-8l.c compilation, -Os
UNRESOLVED: gcc.c-torture/execute/ieee/fp-cmp-8l.c execution, -Os
FAIL: gcc.c-torture/execute/ieee/mul-subnormal-single-1.c execution,
-O0
FAIL: gcc.c-torture/execute/ieee/mul-subnormal-single-1.c execution,
-O1
FAIL: gcc.c-torture/execute/ieee/mul-subnormal-single-1.c execution,
-O2
FAIL: gcc.c-torture/execute/ieee/mul-subnormal-single-1.c execution,
-O3 -fomit-frame-pointer
FAIL: gcc.c-torture/execute/ieee/mul-subnormal-single-1.c execution,
-O3 -fomit-frame-pointer -funroll-loops
FAIL: gcc.c-torture/execute/ieee/mul-subnormal-single-1.c execution,
-O3 -fomit-frame-pointer -funroll-all-loops -finline-functions
FAIL: gcc.c-torture/execute/ieee/mul-subnormal-single-1.c execution,
-O3 -g
FAIL: gcc.c-torture/execute/ieee/mul-subnormal-single-1.c execution,
-Os
FAIL: gcc.dg/compat/scalar-by-value-3 c_compat_x_tst.o-c_compat_y_tst.o
execute
FAIL: gcc.dg/compat/scalar-return-3 c_compat_x_tst.o-c_compat_y_tst.o
execute
FAIL: gcc.dg/compat/struct-by-value-18 c_compat_x_tst.o-c_compat_y_tst.o
execute
FAIL: gcc.dg/compat/struct-layout-1 c_compat_main_tst.o compile
FAIL: gcc.dg/compat/struct-layout-1 c_compat_x_tst.o compile
FAIL: gcc.dg/compat/struct-layout-1 c_compat_y_tst.o compile
UNRESOLVED: gcc.dg/compat/struct-layout-1
c_compat_x_tst.o-c_compat_y_tst.o link
UNRESOLVED: gcc.dg/compat/struct-layout-1
c_compat_x_tst.o-c_compat_y_tst.o execute
WARNING: Could not compile gcc.dg/compat/struct-layout-1 generator
FAIL: gcc.dg/debug/dwarf2/dwarf-die7.c scan-assembler 1.*DW_AT_inline
FAIL: gcc.dg/builtins-43.c (test for excess errors)
FAIL: gcc.dg/c90-const-expr-3.c (test for excess errors)
FAIL: gcc.dg/c99-const-expr-3.c (test for excess errors)
FAIL: gcc.dg/dll-2.c (test for excess errors)
XPASS: gcc.dg/setjmp-1.c spurious clobbered warning (test for bogus
messages, line 16)
XPASS: gcc.dg/sibcall-3.c execution test
XPASS: gcc.dg/sibcall-4.c execution test
FAIL: gcc.dg/uninit-H.c (test for bogus messages, line 20)
UNRESOLVED: gcc.dg/visibility-1.c
UNRESOLVED: gcc.dg/visibility-10.c
UNRESOLVED: gcc.dg/visibility-2.c
UNRESOLVED: gcc.dg/visibility-3.c
UNRESOLVED: gcc.dg/visibility-4.c
UNRESOLVED: gcc.dg/visibility-5.c
UNRESOLVED: gcc.dg/visibility-6.c
UNRESOLVED: gcc.dg/visibility-7.c
UNRESOLVED: gcc.dg/visibility-8.c
UNRESOLVED: gcc.dg/visibility-9.c
UNRESOLVED: gcc.dg/visibility-a.c
FAIL: gcc.dg/noncompile/920507-1.c -O1 (test for excess errors)
FAIL: gcc.dg/noncompile/920507-1.c -O2 (test for excess errors)
FAIL: gcc.dg/noncompile/920507-1.c -O3 -fomit-frame-pointer (test for
excess errors)
FAIL: gcc.dg/noncompile/920507-1.c -O3 -g (test for excess errors)
FAIL: gcc.dg/noncompile/920507-1.c -Os (test for excess errors)
FAIL: gcc.dg/pch/save-temps-1.c -O0 assembly comparison
FAIL: gcc.dg/pch/save-temps-1.c -O1 assembly comparison
FAIL: largefile.c -O0 -g (test for excess errors)
FAIL: largefile.c -O0 (test for excess errors)
FAIL: largefile.c -O1 (test for excess errors)
FAIL: largefile.c -O2 (test for excess errors)
FAIL: largefile.c -O3 -fomit-frame-pointer (test for excess errors)
FAIL: largefile.c -O3 -g (test for excess errors)
FAIL: largefile.c -Os (test for excess errors)
XPASS: gcc.dg/tree-ssa/20040615-1.c scan-tree-dump-times bar2 0
FAIL: 96:is -:should be 1
FAIL: gcc.misc-tests/gcov-4.c gcov: 1 failures in line counts, 0 in
branch percentages, 0 in return percentages
=== gcc Summary for unix ===
# of expected passes 26327
# of unexpected failures 87
# of unexpected successes 6
# of expected failures 67
# of unresolved testcases 38
# of untested testcases 35
# of unsupported tests 385
Running target unix/-mabi=64
WARNING: program timed out.
FAIL: gcc.c-torture/compile/20001226-1.c -O2 (test for excess errors)
WARNING: program timed out.
FAIL: gcc.c-torture/compile/20001226-1.c -O3 -fomit-frame-pointer
(test for excess errors)
WARNING: program timed out.
FAIL: gcc.c-torture/compile/20001226-1.c -O3 -g (test for excess
errors)
WARNING: program timed out.
FAIL: gcc.c-torture/compile/20001226-1.c -Os (test for excess errors)
FAIL: gcc.c-torture/compile/20021001-1.c -O0 (test for excess errors)
FAIL: gcc.c-torture/compile/20021001-1.c -O1 (test for excess errors)
FAIL: gcc.c-torture/compile/20021001-1.c -O2 (test for excess errors)
FAIL: gcc.c-torture/compile/20021001-1.c -O3 -fomit-frame-pointer
(test for excess errors)
FAIL: gcc.c-torture/compile/20021001-1.c -O3 -g (test for excess
errors)
FAIL: gcc.c-torture/compile/20021001-1.c -Os (test for excess errors)
FAIL: gcc.c-torture/compile/20031023-1.c -O0 (test for excess errors)
FAIL: gcc.c-torture/compile/20031023-1.c -O1 (test for excess errors)
FAIL: gcc.c-torture/compile/20031023-1.c -O2 (test for excess errors)
FAIL: gcc.c-torture/compile/20031023-1.c -O3 -fomit-frame-pointer
(test for excess errors)
FAIL: gcc.c-torture/compile/20031023-1.c -O3 -g (test for excess
errors)
FAIL: gcc.c-torture/compile/20031023-1.c -Os (test for excess errors)
FAIL: gcc.c-torture/compile/20031023-2.c -O0 (test for excess errors)
FAIL: gcc.c-torture/compile/20031023-2.c -O1 (test for excess errors)
FAIL: gcc.c-torture/compile/20031023-2.c -O2 (test for excess errors)
FAIL: gcc.c-torture/compile/20031023-2.c -O3 -fomit-frame-pointer
(test for excess errors)
FAIL: gcc.c-torture/compile/20031023-2.c -O3 -g (test for excess
errors)
FAIL: gcc.c-torture/compile/20031023-2.c -Os (test for excess errors)
FAIL: gcc.c-torture/compile/20031023-3.c -O0 (test for excess errors)
FAIL: gcc.c-torture/compile/20031023-3.c -O1 (test for excess errors)
FAIL: gcc.c-torture/compile/20031023-3.c -O2 (test for excess errors)
FAIL: gcc.c-torture/compile/20031023-3.c -O3 -fomit-frame-pointer
(test for excess errors)
FAIL: gcc.c-torture/compile/20031023-3.c -O3 -g (test for excess
errors)
FAIL: gcc.c-torture/compile/20031023-3.c -Os (test for excess errors)
FAIL: gcc.c-torture/execute/20011217-1.c execution, -O0
XPASS: gcc.c-torture/execute/20020227-1.c execution, -O3
-fomit-frame-pointer
XPASS: gcc.c-torture/execute/20020227-1.c execution, -O3 -g
FAIL: gcc.c-torture/execute/960215-1.c execution, -O0
FAIL: gcc.c-torture/execute/960215-1.c execution, -O1
FAIL: gcc.c-torture/execute/960215-1.c execution, -O2
FAIL: gcc.c-torture/execute/960215-1.c execution, -O3
-fomit-frame-pointer
FAIL: gcc.c-torture/execute/960215-1.c execution, -O3 -g
FAIL: gcc.c-torture/execute/960215-1.c execution, -Os
FAIL: gcc.c-torture/execute/conversion.c execution, -O0
FAIL: gcc.c-torture/execute/conversion.c execution, -O1
FAIL: gcc.c-torture/execute/conversion.c execution, -O2
FAIL: gcc.c-torture/execute/conversion.c execution, -Os
FAIL: gcc.c-torture/execute/loop-14.c execution, -Os
FAIL: gcc.c-torture/execute/regstack-1.c execution, -O0
FAIL: gcc.c-torture/execute/regstack-1.c execution, -O1
FAIL: gcc.c-torture/execute/regstack-1.c execution, -O2
FAIL: gcc.c-torture/execute/regstack-1.c execution, -O3
-fomit-frame-pointer
FAIL: gcc.c-torture/execute/regstack-1.c execution, -O3 -g
FAIL: gcc.c-torture/execute/regstack-1.c execution, -Os
FAIL: gcc.c-torture/execute/ieee/compare-fp-1.c compilation, -O0
UNRESOLVED: gcc.c-torture/execute/ieee/compare-fp-1.c execution, -O0
FAIL: gcc.c-torture/execute/ieee/compare-fp-1.c compilation, -O1
UNRESOLVED: gcc.c-torture/execute/ieee/compare-fp-1.c execution, -O1
FAIL: gcc.c-torture/execute/ieee/compare-fp-1.c compilation, -O2
UNRESOLVED: gcc.c-torture/execute/ieee/compare-fp-1.c execution, -O2
FAIL: gcc.c-torture/execute/ieee/compare-fp-1.c compilation, -O3
-fomit-frame-pointer
UNRESOLVED: gcc.c-torture/execute/ieee/compare-fp-1.c execution, -O3
-fomit-frame-pointer
FAIL: gcc.c-torture/execute/ieee/compare-fp-1.c compilation, -O3 -g
UNRESOLVED: gcc.c-torture/execute/ieee/compare-fp-1.c execution, -O3 -g
FAIL: gcc.c-torture/execute/ieee/compare-fp-1.c compilation, -Os
UNRESOLVED: gcc.c-torture/execute/ieee/compare-fp-1.c execution, -Os
FAIL: gcc.c-torture/execute/ieee/compare-fp-4.c compilation, -O1
UNRESOLVED: gcc.c-torture/execute/ieee/compare-fp-4.c execution, -O1
FAIL: gcc.c-torture/execute/ieee/compare-fp-4.c compilation, -O2
UNRESOLVED: gcc.c-torture/execute/ieee/compare-fp-4.c execution, -O2
FAIL: gcc.c-torture/execute/ieee/compare-fp-4.c compilation, -O3
-fomit-frame-pointer
UNRESOLVED: gcc.c-torture/execute/ieee/compare-fp-4.c execution, -O3
-fomit-frame-pointer
FAIL: gcc.c-torture/execute/ieee/compare-fp-4.c compilation, -O3 -g
UNRESOLVED: gcc.c-torture/execute/ieee/compare-fp-4.c execution, -O3 -g
FAIL: gcc.c-torture/execute/ieee/compare-fp-4.c compilation, -Os
UNRESOLVED: gcc.c-torture/execute/ieee/compare-fp-4.c execution, -Os
FAIL: gcc.c-torture/execute/ieee/fp-cmp-5.c compilation, -O0
UNRESOLVED: gcc.c-torture/execute/ieee/fp-cmp-5.c execution, -O0
FAIL: gcc.c-torture/execute/ieee/fp-cmp-5.c compilation, -O1
UNRESOLVED: gcc.c-torture/execute/ieee/fp-cmp-5.c execution, -O1
FAIL: gcc.c-torture/execute/ieee/fp-cmp-5.c compilation, -O2
UNRESOLVED: gcc.c-torture/execute/ieee/fp-cmp-5.c execution, -O2
FAIL: gcc.c-torture/execute/ieee/fp-cmp-5.c compilation, -O3
-fomit-frame-pointer
UNRESOLVED: gcc.c-torture/execute/ieee/fp-cmp-5.c execution, -O3
-fomit-frame-pointer
FAIL: gcc.c-torture/execute/ieee/fp-cmp-5.c compilation, -O3
-fomit-frame-pointer -funroll-loops
UNRESOLVED: gcc.c-torture/execute/ieee/fp-cmp-5.c execution, -O3
-fomit-frame-pointer -funroll-loops
FAIL: gcc.c-torture/execute/ieee/fp-cmp-5.c compilation, -O3
-fomit-frame-pointer -funroll-all-loops -finline-functions
UNRESOLVED: gcc.c-torture/execute/ieee/fp-cmp-5.c execution, -O3
-fomit-frame-pointer -funroll-all-loops -finline-functions
FAIL: gcc.c-torture/execute/ieee/fp-cmp-5.c compilation, -O3 -g
UNRESOLVED: gcc.c-torture/execute/ieee/fp-cmp-5.c execution, -O3 -g
FAIL: gcc.c-torture/execute/ieee/fp-cmp-5.c compilation, -Os
UNRESOLVED: gcc.c-torture/execute/ieee/fp-cmp-5.c execution, -Os
FAIL: gcc.c-torture/execute/ieee/fp-cmp-8l.c compilation, -O0
UNRESOLVED: gcc.c-torture/execute/ieee/fp-cmp-8l.c execution, -O0
FAIL: gcc.c-torture/execute/ieee/fp-cmp-8l.c compilation, -O1
UNRESOLVED: gcc.c-torture/execute/ieee/fp-cmp-8l.c execution, -O1
FAIL: gcc.c-torture/execute/ieee/fp-cmp-8l.c compilation, -O2
UNRESOLVED: gcc.c-torture/execute/ieee/fp-cmp-8l.c execution, -O2
FAIL: gcc.c-torture/execute/ieee/fp-cmp-8l.c compilation, -O3
-fomit-frame-pointer
UNRESOLVED: gcc.c-torture/execute/ieee/fp-cmp-8l.c execution, -O3
-fomit-frame-pointer
FAIL: gcc.c-torture/execute/ieee/fp-cmp-8l.c compilation, -O3 -g
UNRESOLVED: gcc.c-torture/execute/ieee/fp-cmp-8l.c execution, -O3 -g
FAIL: gcc.c-torture/execute/ieee/fp-cmp-8l.c compilation, -Os
UNRESOLVED: gcc.c-torture/execute/ieee/fp-cmp-8l.c execution, -Os
FAIL: gcc.c-torture/execute/ieee/mul-subnormal-single-1.c execution,
-O0
FAIL: gcc.c-torture/execute/ieee/mul-subnormal-single-1.c execution,
-O1
FAIL: gcc.c-torture/execute/ieee/mul-subnormal-single-1.c execution,
-O2
FAIL: gcc.c-torture/execute/ieee/mul-subnormal-single-1.c execution,
-O3 -fomit-frame-pointer
FAIL: gcc.c-torture/execute/ieee/mul-subnormal-single-1.c execution,
-O3 -fomit-frame-pointer -funroll-loops
FAIL: gcc.c-torture/execute/ieee/mul-subnormal-single-1.c execution,
-O3 -fomit-frame-pointer -funroll-all-loops -finline-functions
FAIL: gcc.c-torture/execute/ieee/mul-subnormal-single-1.c execution,
-O3 -g
FAIL: gcc.c-torture/execute/ieee/mul-subnormal-single-1.c execution,
-Os
FAIL: gcc.dg/compat/scalar-by-value-3 c_compat_x_tst.o-c_compat_y_tst.o
execute
FAIL: gcc.dg/compat/scalar-return-3 c_compat_x_tst.o-c_compat_y_tst.o
execute
FAIL: gcc.dg/compat/struct-by-value-18 c_compat_x_tst.o-c_compat_y_tst.o
execute
FAIL: gcc.dg/compat/struct-layout-1 c_compat_main_tst.o compile
FAIL: gcc.dg/compat/struct-layout-1 c_compat_x_tst.o compile
FAIL: gcc.dg/compat/struct-layout-1 c_compat_y_tst.o compile
UNRESOLVED: gcc.dg/compat/struct-layout-1
c_compat_x_tst.o-c_compat_y_tst.o link
UNRESOLVED: gcc.dg/compat/struct-layout-1
c_compat_x_tst.o-c_compat_y_tst.o execute
WARNING: Could not compile gcc.dg/compat/struct-layout-1 generator
FAIL: gcc.dg/debug/dwarf2/dwarf-die7.c scan-assembler 1.*DW_AT_inline
FAIL: gcc.dg/builtins-43.c (test for excess errors)
FAIL: gcc.dg/c90-const-expr-3.c (test for excess errors)
FAIL: gcc.dg/c99-const-expr-3.c (test for excess errors)
FAIL: gcc.dg/dll-2.c (test for excess errors)
XPASS: gcc.dg/setjmp-1.c spurious clobbered warning (test for bogus
messages, line 16)
XPASS: gcc.dg/sibcall-3.c execution test
XPASS: gcc.dg/sibcall-4.c execution test
FAIL: gcc.dg/uninit-H.c (test for bogus messages, line 20)
UNRESOLVED: gcc.dg/visibility-1.c
UNRESOLVED: gcc.dg/visibility-10.c
UNRESOLVED: gcc.dg/visibility-2.c
UNRESOLVED: gcc.dg/visibility-3.c
UNRESOLVED: gcc.dg/visibility-4.c
UNRESOLVED: gcc.dg/visibility-5.c
UNRESOLVED: gcc.dg/visibility-6.c
UNRESOLVED: gcc.dg/visibility-7.c
UNRESOLVED: gcc.dg/visibility-8.c
UNRESOLVED: gcc.dg/visibility-9.c
UNRESOLVED: gcc.dg/visibility-a.c
FAIL: gcc.dg/pch/save-temps-1.c -O0 assembly comparison
FAIL: gcc.dg/pch/save-temps-1.c -O1 assembly comparison
FAIL: largefile.c -O0 -g (test for excess errors)
FAIL: largefile.c -O0 (test for excess errors)
FAIL: largefile.c -O1 (test for excess errors)
FAIL: largefile.c -O2 (test for excess errors)
FAIL: largefile.c -O3 -fomit-frame-pointer (test for excess errors)
FAIL: largefile.c -O3 -g (test for excess errors)
FAIL: largefile.c -Os (test for excess errors)
FAIL: gcc.dg/torture/builtin-attr-1.c -O0 (test for excess errors)
FAIL: gcc.dg/torture/builtin-attr-1.c -O1 (test for excess errors)
FAIL: gcc.dg/torture/builtin-attr-1.c -O2 (test for excess errors)
FAIL: gcc.dg/torture/builtin-attr-1.c -O3 -fomit-frame-pointer (test
for excess errors)
FAIL: gcc.dg/torture/builtin-attr-1.c -O3 -g (test for excess errors)
FAIL: gcc.dg/torture/builtin-attr-1.c -Os (test for excess errors)
XPASS: gcc.dg/tree-ssa/20040615-1.c scan-tree-dump-times bar2 0
FAIL: 96:is -:should be 1
FAIL: gcc.misc-tests/gcov-4.c gcov: 1 failures in line counts, 0 in
branch percentages, 0 in return percentages
=== gcc Summary for unix/-mabi=64 ===
# of expected passes 26306
# of unexpected failures 108
# of unexpected successes 6
# of expected failures 67
# of unresolved testcases 38
# of untested testcases 35
# of unsupported tests 385
=== gcc Summary ===
# of expected passes 52633
# of unexpected failures 195
# of unexpected successes 12
# of expected failures 134
# of unresolved testcases 76
# of untested testcases 70
# of unsupported tests 770
/disk4/billingd/obj/gcc/gcc/xgcc version 3.5.0 20040809 (experimental)
=== objc tests ===
Running target unix
=== objc Summary for unix ===
# of expected passes 1404
# of unsupported tests 7
Running target unix/-mabi=64
=== objc Summary for unix/-mabi=64 ===
# of expected passes 1404
# of unsupported tests 7
=== objc Summary ===
# of expected passes 2808
# of unsupported tests 14
/disk4/billingd/obj/gcc/gcc/xgcc version 3.5.0 20040809 (experimental)
=== libstdc++ tests ===
Running target unix
FAIL: 21_strings/basic_string/inserters_extractors/wchar_t/1.cc
execution test
FAIL: 21_strings/basic_string/inserters_extractors/wchar_t/11.cc
execution test
FAIL: 21_strings/basic_string/inserters_extractors/wchar_t/5.cc
execution test
FAIL: 22_locale/ctype/cons/char/1.cc execution test
FAIL: 22_locale/ctype/is/wchar_t/1.cc execution test
FAIL: 22_locale/ctype/scan/wchar_t/1.cc execution test
FAIL: 22_locale/money_get/get/wchar_t/19.cc execution test
FAIL: 22_locale/money_get/get/wchar_t/8.cc execution test
FAIL: 22_locale/num_get/get/char/10.cc execution test
FAIL: 22_locale/num_get/get/wchar_t/10.cc execution test
FAIL: 26_numerics/cmath/c99_classification_macros_c++.cc (test for
excess errors)
FAIL: 26_numerics/cmath/c99_classification_macros_c.cc (test for excess
errors)
FAIL: 26_numerics/complex/13450.cc execution test
FAIL: 26_numerics/complex/complex_inserters_extractors.cc (test for
excess errors)
WARNING: 26_numerics/complex/complex_inserters_extractors.cc compilation
failed to produce executable
FAIL: 26_numerics/complex/complex_value.cc execution test
FAIL: backward/11460.cc (test for excess errors)
FAIL: backward/header_deque_h.cc (test for excess errors)
FAIL: backward/header_hash_map_h.cc (test for excess errors)
FAIL: backward/header_hash_set_h.cc (test for excess errors)
FAIL: backward/header_hashtable_h.cc (test for excess errors)
FAIL: backward/header_iterator_h.cc (test for excess errors)
FAIL: backward/header_rope_h.cc (test for excess errors)
FAIL: backward/header_slist_h.cc (test for excess errors)
FAIL: backward/header_tempbuf_h.cc (test for excess errors)
FAIL: backward/strstream_members.cc (test for excess errors)
=== libstdc++ Summary for unix ===
# of expected passes 2789
# of unexpected failures 25
# of expected failures 5
# of unsupported tests 9
Running target unix/-mabi=64
FAIL: 21_strings/basic_string/inserters_extractors/wchar_t/1.cc
execution test
FAIL: 21_strings/basic_string/inserters_extractors/wchar_t/11.cc
execution test
FAIL: 21_strings/basic_string/inserters_extractors/wchar_t/5.cc
execution test
FAIL: 22_locale/ctype/cons/char/1.cc execution test
FAIL: 22_locale/ctype/is/wchar_t/1.cc execution test
FAIL: 22_locale/ctype/scan/wchar_t/1.cc execution test
FAIL: 22_locale/money_get/get/wchar_t/19.cc execution test
FAIL: 22_locale/money_get/get/wchar_t/8.cc execution test
FAIL: 22_locale/num_get/get/char/10.cc execution test
FAIL: 22_locale/num_get/get/wchar_t/10.cc execution test
FAIL: 26_numerics/cmath/c99_classification_macros_c++.cc (test for
excess errors)
FAIL: 26_numerics/cmath/c99_classification_macros_c.cc (test for excess
errors)
FAIL: 26_numerics/complex/13450.cc execution test
FAIL: 26_numerics/complex/complex_inserters_extractors.cc (test for
excess errors)
WARNING: 26_numerics/complex/complex_inserters_extractors.cc compilation
failed to produce executable
FAIL: 26_numerics/complex/complex_value.cc execution test
FAIL: backward/11460.cc (test for excess errors)
FAIL: backward/header_deque_h.cc (test for excess errors)
FAIL: backward/header_hash_map_h.cc (test for excess errors)
FAIL: backward/header_hash_set_h.cc (test for excess errors)
FAIL: backward/header_hashtable_h.cc (test for excess errors)
FAIL: backward/header_iterator_h.cc (test for excess errors)
FAIL: backward/header_rope_h.cc (test for excess errors)
FAIL: backward/header_slist_h.cc (test for excess errors)
FAIL: backward/header_tempbuf_h.cc (test for excess errors)
FAIL: backward/strstream_members.cc (test for excess errors)
=== libstdc++ Summary for unix/-mabi=64 ===
# of expected passes 2789
# of unexpected failures 25
# of expected failures 5
# of unsupported tests 9
=== libstdc++ Summary ===
# of expected passes 5578
# of unexpected failures 50
# of expected failures 10
# of unsupported tests 18
Compiler version: 3.5.0 20040809 (experimental)
Platform: mips-sgi-irix6.5
configure flags: --enable-shared --enable-haifa --enable-threads=single
--enable-libjava --disable-nls --with-gmp=/usr/local
--disable-libmudflap --prefix=/disk4/billingd/tmp/gcc
--enable-languages=c,c++,java,objc
Counting all warnings,
there are 60 warnings in stage3 of this bootstrap.
Number of warnings per file:
14 gcc/unwind-dw2-fde.c
12 gcc/libgcov.c
10 gcc/config/mips/mips.md
6 gcc/gthr.h
5 /usr/local/share/bison/bison.simple
3 gengtype-lex.c
3 gcc/gcc.c
2 gcc/unwind-dw2.c
2 gcc/objc/lang-specs.h
2 gcc/libgcc2.c
1 gcc/java/jvspec.c
Number of warning types:
12 pointer targets in passing arg ??? of \`???' differ in signedness
7 operand 1 missing mode?
6 string length \`???' is greater than the length \`???' ISO C89
compilers are required to support
6 pointer targets in assignment differ in signedness
6 old-style function definition
6 junk at end of '#pragma GCC visibility'
6 incompatible implicit declaration of built-in function 'alloca'
6 implicit declaration of function 'alloca'
2 operand 0 missing mode?
2 label \`???' defined but not used
1 source missing a mode?
__________________________________________________________________
NOTICE
This e-mail and any attachments are private and confidential and
may contain privileged information
If you are not an authorised recipient, the copying or distribution
of this e-mail and any attachments is prohibited and you must not
read, print or act in reliance on this e-mail or attachments
This notice should not be removed
__________________________________________________________________