This is the mail archive of the
gcc-testresults@gcc.gnu.org
mailing list for the GCC project.
Results for 3.4.2 20040806 (prerelease) testsuite on i686-pc-linux-gnu
- From: David Kredba <kredba at ibot dot cas dot cz>
- To: gcc-testresults at gcc dot gnu dot org
- Date: Sat, 07 Aug 2004 12:22:55 +0200
- Subject: Results for 3.4.2 20040806 (prerelease) testsuite on i686-pc-linux-gnu
LAST_UPDATED: Obtained from CVS: -rgcc-ss-3_4-20040806
Native configuration is i686-pc-linux-gnu (srv1)
=== gpc tests ===
Running target any
=== gpc Summary ===
# of tests 3953
# of expected passes 3952
# of unsupported tests 1
/home/dave2/gcc/gcc-3.4.2/gcc/xgpc version 20040516, based on gcc-3.4.2
20040806 (prerelease)
=== acats tests ===
=== acats Summary ===
# of expected passes 2322
# of unexpected failures 0
=== gcc tests ===
Running target unix
FAIL: gcc.c-torture/execute/va-arg-25.c execution, -Os
FAIL: gcc.dg/pch/warn-1.c -O0 -g (test for excess errors)
FAIL: gcc.dg/pch/warn-1.c -O0 (test for excess errors)
FAIL: gcc.dg/pch/warn-1.c -O1 (test for excess errors)
FAIL: gcc.dg/pch/warn-1.c -O2 (test for excess errors)
FAIL: gcc.dg/pch/warn-1.c -O3 -fomit-frame-pointer (test for excess
errors)
FAIL: gcc.dg/pch/warn-1.c -O3 -g (test for excess errors)
FAIL: gcc.dg/pch/warn-1.c -Os (test for excess errors)
=== gcc Summary ===
# of expected passes 24763
# of unexpected failures 8
# of expected failures 70
# of untested testcases 7
# of unsupported tests 191
/home/dave2/gcc/gcc-3.4.2/gcc/xgcc version 3.4.2 20040806 (prerelease)
=== g++ tests ===
Running target unix
XPASS: g++.dg/rtti/tinfo1.C scan-assembler _ZTIP9CTemplateIhE:
XPASS: g++.dg/rtti/tinfo1.C scan-assembler-not .globl[
\\t]+_ZTIP9CTemplateIhE
WARNING: g++.old-deja/g++.mike/p10769a.C compilation failed to produce
executable
WARNING: g++.old-deja/g++.other/enum5.C compilation failed to produce
executable
XPASS: g++.old-deja/g++.other/init5.C execution test
WARNING: g++.old-deja/g++.pt/friend44.C compilation failed to produce
executable
=== g++ Summary ===
# of expected passes 9666
# of unexpected successes 3
# of expected failures 67
# of unsupported tests 32
/home/dave2/gcc/gcc-3.4.2/gcc/testsuite/../g++ version 3.4.2 20040806
(prerelease)
=== g77 tests ===
Running target unix
=== g77 Summary ===
# of expected passes 1812
/home/dave2/gcc/gcc-3.4.2/gcc/testsuite/../g77 version 3.4.2 20040806
(prerelease)
=== objc tests ===
Running target unix
=== objc Summary ===
# of expected passes 1352
# of unsupported tests 8
/home/dave2/gcc/gcc-3.4.2/gcc/xgcc version 3.4.2 20040806 (prerelease)
=== libffi tests ===
Running target unix
=== libffi Summary ===
# of expected passes 212
# of unsupported tests 2
=== libjava tests ===
Running target unix
FAIL: linking simple
=== libjava Summary ===
# of expected passes 3260
# of unexpected failures 1
# of expected failures 11
# of untested testcases 8
=== libstdc++-v3 check-abi Summary ===
# of added symbols: 304
# of missing symbols: 284
# of incompatible symbols: 284
=== libstdc++ tests ===
Running target unix
XPASS: 22_locale/locale/cons/12658_thread.cc execution test
XPASS: 26_numerics/c99_classification_macros_c.cc (test for excess errors)
=== libstdc++ Summary ===
# of expected passes 2699
# of unexpected successes 2
# of expected failures 5
Compiler version: 3.4.2 20040806 (prerelease)
Platform: i686-pc-linux-gnu
configure flags: --prefix=/opt/gcc-3.4.2 --enable-shared
--enable-threads=posix --enable-checking --enable-long-long
--enable-__cxa_atexit --enable-clocale=gnu
--enable-languages=c,c++,ada,f77,objc,java,pascal --with-system-zlib
--
David Kredba <kredba at ibot.cas.cz>
GPG: ID 1024D/5B6B02DE
Fingerprint: F0B3312596BEDCF91DFB 0699E06AACD75B6B02DE