This is the mail archive of the
gcc-testresults@gcc.gnu.org
mailing list for the GCC project.
Results for 3.4.1 testsuite on i386-unknown-netbsdelf2.0
- From: "John R. Shannon" <shannonjr at netbsd dot org>
- To: gcc-testresults at gcc dot gnu dot org
- Date: Tue, 27 Jul 2004 09:58:09 -0600
- Subject: Results for 3.4.1 testsuite on i386-unknown-netbsdelf2.0
- Reply-to: shannonjr at netbsd dot org
LAST_UPDATED: Obtained from CVS: -rgcc_3_4_1_release
=== acats tests ===
=== acats Summary ===
# of expected passes 2322
# of unexpected failures 0
Native configuration is i386-unknown-netbsdelf2.0.
=== g++ tests ===
Running target unix
WARNING: g++.old-deja/g++.mike/p10769a.C compilation failed to produce
executable
WARNING: g++.old-deja/g++.other/enum5.C compilation failed to produce
executable
XPASS: g++.old-deja/g++.other/init5.C execution test
WARNING: g++.old-deja/g++.pt/friend44.C compilation failed to produce
executable
=== g++ Summary ===
# of expected passes 9612
# of unexpected successes 1
# of expected failures 67
# of unsupported tests 46
/usr/obj/pkg/lang/gcc34/work/obj/gcc/testsuite/../g++ version 3.4.1
=== g77 tests ===
Running target unix
=== g77 Summary ===
# of expected passes 1800
# of unsupported tests 6
/usr/obj/pkg/lang/gcc34/work/obj/gcc/testsuite/../g77 version 3.4.1
=== gcc tests ===
Running target unix
FAIL: gcc.c-torture/execute/conversion.c execution, -O0
FAIL: gcc.c-torture/execute/conversion.c execution, -O1
FAIL: gcc.c-torture/execute/conversion.c execution, -O2
FAIL: gcc.c-torture/execute/conversion.c execution, -Os
FAIL: gcc.c-torture/execute/va-arg-25.c execution, -Os
FAIL: gcc.c-torture/execute/ieee/rbug.c execution, -O0
FAIL: gcc.c-torture/execute/ieee/rbug.c execution, -O1
FAIL: gcc.c-torture/execute/ieee/rbug.c execution, -O2
FAIL: gcc.c-torture/execute/ieee/rbug.c execution, -Os
FAIL: gcc.dg/cpp/assert4.c (test for excess errors)
FAIL: gcc.dg/builtins-20.c (test for excess errors)
FAIL: gcc.dg/const-elim-1.c scan-assembler-not L\\\\\$?C[^A-Z]
FAIL: gcc.dg/special/gcsec-1.c execution test
=== gcc Summary ===
# of expected passes 24580
# of unexpected failures 13
# of expected failures 70
# of untested testcases 7
# of unsupported tests 200
/usr/obj/pkg/lang/gcc34/work/obj/gcc/xgcc version 3.4.1
=== objc tests ===
Running target unix
=== objc Summary ===
# of expected passes 1352
# of unsupported tests 8
/usr/obj/pkg/lang/gcc34/work/obj/gcc/xgcc version 3.4.1
=== libstdc++ tests ===
Running target unix
FAIL: 26_numerics/c99_classification_macros_c++.cc (test for excess errors)
FAIL: 26_numerics/c99_classification_macros_c.cc (test for excess errors)
=== libstdc++ Summary ===
# of expected passes 2020
# of unexpected failures 2
# of expected failures 4
Compiler version: 3.4.1
Platform: i386-unknown-netbsdelf2.0.
configure flags: '--enable-languages='c' 'ada' 'c++' 'f77' 'objc''
--with-system-zlib --enable-shared --enable-__cxa_atexit --enable-long-long
--prefix=/usr/pkg/gcc34