This is the mail archive of the
gcc-testresults@gcc.gnu.org
mailing list for the GCC project.
Results for 3.3.4 testsuite on sparc-sun-solaris2.8
- From: shopadm at rd dot francetelecom dot fr
- To: gcc-testresults at gcc dot gnu dot org
- Date: Thu, 22 Jul 2004 09:12:04 +0200 (MEST)
- Subject: Results for 3.3.4 testsuite on sparc-sun-solaris2.8
LAST_UPDATED:
Native configuration is sparc-sun-solaris2.8
=== g++ tests ===
Running target unix
XPASS: g++.dg/special/conpr-2.C conpr-2a.o execution test
XPASS: g++.dg/special/initp1.C execution test
=== g++ Summary ===
# of expected passes 8178
# of unexpected successes 2
# of expected failures 99
# of untested testcases 21
# of unsupported tests 28
/opt/build_shop/build-gcc-3.3.4-sparc-sun-solaris2.8/gcc/testsuite/../g++ version 3.3.4
=== g77 tests ===
Running target unix
=== g77 Summary ===
# of expected passes 1720
# of unsupported tests 8
/opt/build_shop/build-gcc-3.3.4-sparc-sun-solaris2.8/gcc/testsuite/../g77 version 3.3.4
=== gcc tests ===
Running target unix
WARNING: gcc.dg/20021014-1.c compilation failed to produce executable
FAIL: gcc.dg/duff-2.c (test for excess errors)
=== gcc Summary ===
# of expected passes 21183
# of unexpected failures 1
# of expected failures 67
# of unsupported tests 181
/opt/build_shop/build-gcc-3.3.4-sparc-sun-solaris2.8/gcc/xgcc version 3.3.4
=== objc tests ===
Running target unix
=== objc Summary ===
# of expected passes 1166
/opt/build_shop/build-gcc-3.3.4-sparc-sun-solaris2.8/gcc/xgcc version 3.3.4
=== libjava tests ===
Running target unix
FAIL: PR1343 compilation from bytecode
FAIL: PR1343 -O compilation from bytecode
FAIL: PR238 compilation from bytecode
FAIL: PR238 -O compilation from bytecode
FAIL: PR295 compilation from bytecode
FAIL: PR295 -O compilation from bytecode
FAIL: SuperConstr compilation from bytecode
FAIL: SuperConstr -O compilation from bytecode
FAIL: XercesBug compilation from bytecode
FAIL: XercesBug -O compilation from bytecode
FAIL: inner_1 compilation from bytecode
FAIL: inner_1 -O compilation from bytecode
FAIL: inner_data compilation from bytecode
FAIL: inner_data -O compilation from bytecode
FAIL: inner_inherit compilation from bytecode
FAIL: inner_inherit -O compilation from bytecode
FAIL: inner_priv compilation from bytecode
FAIL: inner_priv -O compilation from bytecode
FAIL: inner_pub compilation from bytecode
FAIL: inner_pub -O compilation from bytecode
FAIL: not_a_redef compilation from bytecode
FAIL: not_a_redef -O compilation from bytecode
FAIL: pr172 compilation from bytecode
FAIL: pr172 -O compilation from bytecode
FAIL: pr174 compilation from bytecode
FAIL: pr174 -O compilation from bytecode
FAIL: pr176 compilation from bytecode
FAIL: pr176 -O compilation from bytecode
FAIL: static_2 compilation from bytecode
FAIL: static_2 -O compilation from bytecode
FAIL: static_3 compilation from bytecode
FAIL: static_3 -O compilation from bytecode
FAIL: static_inner compilation from bytecode
FAIL: static_inner -O compilation from bytecode
FAIL: Array_3 execution - gij test
FAIL: Array_3 execution - gij test
FAIL: FileHandleGcTest execution - source compiled test
FAIL: FileHandleGcTest execution - gij test
FAIL: FileHandleGcTest execution - bytecode->native test
FAIL: FileHandleGcTest -O execution - source compiled test
FAIL: FileHandleGcTest execution - gij test
FAIL: FileHandleGcTest -O execution - bytecode->native test
FAIL: SyncTest execution - gij test
FAIL: SyncTest execution - gij test
FAIL: TLtest execution - gij test
FAIL: Thread_Monitor execution - gij test
FAIL: Thread_Monitor execution - gij test
FAIL: Thread_Wait_Interrupt execution - gij test
FAIL: Thread_Wait_Interrupt execution - gij test
FAIL: Throw_2 execution - source compiled test
FAIL: Throw_2 execution - gij test
FAIL: Throw_2 execution - bytecode->native test
FAIL: Throw_2 -O execution - source compiled test
FAIL: Throw_2 execution - gij test
FAIL: Throw_2 -O execution - bytecode->native test
=== libjava Summary ===
# of expected passes 2915
# of unexpected failures 55
# of expected failures 16
# of untested testcases 33
=== libstdc++-v3 tests ===
Running target unix
=== libstdc++-v3 Summary ===
# of expected passes 429
# of expected failures 18
Compiler version: 3.3.4
Platform: sparc-sun-solaris2.8
configure flags: --host=sparc-sun-solaris2.8 --prefix=/export/shop/stow/gcc-3.3.4/sparc-sun-solaris2.8 --infodir=/export/shop/stow/gcc-3.3.4/info --mandir=/export/shop/stow/gcc-3.3.4/man --datadir=/export/shop/stow/gcc-3.3.4/share --enable-threads=posix --enable-long-long --enable-namespaces --enable-multilib --with-as=/export/shop/stow/binutils-2.14/sparc-sun-solaris2.8/bin/as --with-ld=/export/shop/stow/binutils-2.14/sparc-sun-solaris2.8/bin/ld --enable-nls --with-included-gettext