This is the mail archive of the
gcc-testresults@gcc.gnu.org
mailing list for the GCC project.
Results for 3.5.0 20040719 (experimental) testsuite on i686-pc-linux-gnu
- From: Christian Joensson <chj at j-son dot org>
- To: gcc-testresults at gcc dot gnu dot org
- Date: Mon, 19 Jul 2004 20:54:52 +0200
- Subject: Results for 3.5.0 20040719 (experimental) testsuite on i686-pc-linux-gnu
Fedora Core release 2.90 (FC3 Test 1) ia32 pentium III dual i686:
binutils-2.15.90.0.3-8
bison-1.875c-2
dejagnu-1.4.2-11
expect-5.39.0-98
gcc-3.4.1-5
glibc-2.3.3-36
glibc-kernheaders-2.4-9.1.84
kernel-smp-2.6.7-1.492
tcl-8.4.6-2
LAST_UPDATED: Mon Jul 19 11:07:29 UTC 2004
Native configuration is i686-pc-linux-gnu
=== gcc tests ===
Running target unix/-fPIC
FAIL: gcc.c-torture/compile/20000804-1.c (test for excess errors)
WARNING: program timed out.
FAIL: gcc.c-torture/compile/20001226-1.c (test for excess errors)
FAIL: gcc.c-torture/execute/20020406-1.c execution, -O3 -fomit-frame-pointer
FAIL: gcc.c-torture/execute/20020406-1.c execution, -O3 -fomit-frame-pointer -funroll-loops
FAIL: gcc.c-torture/execute/20020406-1.c execution, -O3 -fomit-frame-pointer -funroll-all-loops -finline-functions
FAIL: gcc.dg/debug/dwarf2/dwarf-die7.c scan-assembler 1.*DW_AT_inline
FAIL: gcc.dg/20011119-1.c (test for excess errors)
WARNING: gcc.dg/20011119-1.c compilation failed to produce executable
FAIL: gcc.dg/20020919-1.c (test for errors, line 132)
FAIL: gcc.dg/20020919-1.c (test for errors, line 177)
FAIL: gcc.dg/20020919-1.c (test for errors, line 231)
FAIL: gcc.dg/20020919-1.c (test for errors, line 244)
FAIL: gcc.dg/20020919-1.c (test for excess errors)
FAIL: gcc.dg/c90-const-expr-3.c (test for excess errors)
FAIL: gcc.dg/c99-const-expr-3.c (test for excess errors)
FAIL: gcc.dg/clobbers.c (test for excess errors)
WARNING: gcc.dg/clobbers.c compilation failed to produce executable
FAIL: gcc.dg/i386-387-3.c scan-assembler fldpi
FAIL: gcc.dg/i386-387-4.c scan-assembler fldpi
FAIL: gcc.dg/i386-cmov1.c scan-assembler sar[^\\\\n]*magic_namea
FAIL: gcc.dg/i386-cmov1.c scan-assembler sar[^\\\\n]*magic_nameb
FAIL: gcc.dg/i386-cmov1.c scan-assembler sar[^\\\\n]*magic_namec
FAIL: gcc.dg/i386-cmov1.c scan-assembler shr[^\\\\n]*magic_named
FAIL: gcc.dg/i386-cmov1.c scan-assembler shr[^\\\\n]*magic_namee
FAIL: gcc.dg/i386-cmov1.c scan-assembler shr[^\\\\n]*magic_namef
FAIL: gcc.dg/i386-local2.c scan-assembler-not sub[^\\\\n]*sp
FAIL: gcc.dg/i386-mul.c scan-assembler and[^\\\\n]*magic
FAIL: gcc.dg/i386-ssetype-1.c scan-assembler andpd[^\\\\n]*magic
FAIL: gcc.dg/i386-ssetype-1.c scan-assembler andnpd[^\\\\n]*magic
FAIL: gcc.dg/i386-ssetype-1.c scan-assembler xorpd[^\\\\n]*magic
FAIL: gcc.dg/i386-ssetype-1.c scan-assembler orpd[^\\\\n]*magic
FAIL: gcc.dg/i386-ssetype-1.c scan-assembler movapd[^\\\\n]*magic
FAIL: gcc.dg/i386-ssetype-3.c scan-assembler andps[^\\\\n]*magic
FAIL: gcc.dg/i386-ssetype-3.c scan-assembler andnps[^\\\\n]*magic
FAIL: gcc.dg/i386-ssetype-3.c scan-assembler xorps[^\\\\n]*magic
FAIL: gcc.dg/i386-ssetype-3.c scan-assembler orps[^\\\\n]*magic
FAIL: gcc.dg/i386-ssetype-3.c scan-assembler movaps[^\\\\n]*magic
FAIL: gcc.dg/i386-ssetype-5.c scan-assembler pand[^\\\\n]*magic
FAIL: gcc.dg/i386-ssetype-5.c scan-assembler pandn[^\\\\n]*magic
FAIL: gcc.dg/i386-ssetype-5.c scan-assembler pxor[^\\\\n]*magic
FAIL: gcc.dg/i386-ssetype-5.c scan-assembler por[^\\\\n]*magic
XPASS: gcc.dg/setjmp-1.c spurious clobbered warning (test for bogus messages, line 16)
FAIL: gcc.dg/sibcall-6.c execution test
FAIL: gcc.dg/tree-ssa/ssa-dce-2.c scan-tree-dump-times if 0
FAIL: 94:is -:should be 1
FAIL: gcc.misc-tests/gcov-4.c gcov: 1 failures in line counts, 0 in branch percentages, 0 in return percentages
=== gcc Summary for unix/-fPIC ===
# of expected passes 26995
# of unexpected failures 43
# of unexpected successes 1
# of expected failures 66
# of untested testcases 28
# of unsupported tests 218
Running target unix
WARNING: program timed out.
FAIL: gcc.c-torture/compile/20001226-1.c (test for excess errors)
FAIL: gcc.dg/debug/dwarf2/dwarf-die7.c scan-assembler 1.*DW_AT_inline
FAIL: gcc.dg/c90-const-expr-3.c (test for excess errors)
FAIL: gcc.dg/c99-const-expr-3.c (test for excess errors)
XPASS: gcc.dg/setjmp-1.c spurious clobbered warning (test for bogus messages, line 16)
FAIL: 94:is -:should be 1
FAIL: gcc.misc-tests/gcov-4.c gcov: 1 failures in line counts, 0 in branch percentages, 0 in return percentages
=== gcc Summary for unix ===
# of expected passes 27034
# of unexpected failures 6
# of unexpected successes 1
# of expected failures 66
# of untested testcases 28
# of unsupported tests 218
=== gcc Summary ===
# of expected passes 54029
# of unexpected failures 49
# of unexpected successes 2
# of expected failures 132
# of untested testcases 56
# of unsupported tests 436
/usr/local/src/trunk/objdir/gcc/xgcc version 3.5.0 20040719 (experimental)
=== gfortran tests ===
Running target unix/-fPIC
FAIL: gfortran.fortran-torture/execute/forall_3.f90 execution, -Os
FAIL: gfortran.fortran-torture/execute/intrinsic_nearest.f90 execution, -O0
FAIL: gfortran.fortran-torture/execute/intrinsic_nearest.f90 execution, -O1
FAIL: gfortran.fortran-torture/execute/intrinsic_nearest.f90 execution, -O2
FAIL: gfortran.fortran-torture/execute/intrinsic_nearest.f90 execution, -O3 -fomit-frame-pointer
FAIL: gfortran.fortran-torture/execute/intrinsic_nearest.f90 execution, -O3 -fomit-frame-pointer -funroll-loops
FAIL: gfortran.fortran-torture/execute/intrinsic_nearest.f90 execution, -O3 -fomit-frame-pointer -funroll-all-loops -finline-functions
FAIL: gfortran.fortran-torture/execute/intrinsic_nearest.f90 execution, -O3 -g
FAIL: gfortran.fortran-torture/execute/intrinsic_nearest.f90 execution, -Os
=== gfortran Summary for unix/-fPIC ===
# of expected passes 3227
# of unexpected failures 9
# of expected failures 28
Running target unix
FAIL: gfortran.fortran-torture/execute/forall_3.f90 execution, -Os
FAIL: gfortran.fortran-torture/execute/intrinsic_nearest.f90 execution, -O0
FAIL: gfortran.fortran-torture/execute/intrinsic_nearest.f90 execution, -O1
FAIL: gfortran.fortran-torture/execute/intrinsic_nearest.f90 execution, -O2
FAIL: gfortran.fortran-torture/execute/intrinsic_nearest.f90 execution, -O3 -fomit-frame-pointer
FAIL: gfortran.fortran-torture/execute/intrinsic_nearest.f90 execution, -O3 -fomit-frame-pointer -funroll-loops
FAIL: gfortran.fortran-torture/execute/intrinsic_nearest.f90 execution, -O3 -fomit-frame-pointer -funroll-all-loops -finline-functions
FAIL: gfortran.fortran-torture/execute/intrinsic_nearest.f90 execution, -O3 -g
FAIL: gfortran.fortran-torture/execute/intrinsic_nearest.f90 execution, -Os
=== gfortran Summary for unix ===
# of expected passes 3227
# of unexpected failures 9
# of expected failures 28
=== gfortran Summary ===
# of expected passes 6454
# of unexpected failures 18
# of expected failures 56
/usr/local/src/trunk/objdir/gcc/testsuite/../gfortran version 3.5.0 20040719 (experimental)
=== g++ tests ===
Running target unix/-fPIC
WARNING: program timed out.
FAIL: g++.dg/eh/cleanup1.C (test for excess errors)
FAIL: g++.dg/eh/omit-frame-pointer2.C execution test
FAIL: g++.dg/rtti/tinfo1.C scan-assembler-not .section[^\\n\\r]*_ZTIP9CTemplateIhE[^\\n\\r]*
FAIL: 102:is -:should be 1
FAIL: g++.dg/gcov/gcov-1.C gcov: 1 failures in line counts, 0 in branch percentages, 0 in return percentages
WARNING: g++.old-deja/g++.mike/p10769a.C compilation failed to produce executable
WARNING: g++.old-deja/g++.other/enum5.C compilation failed to produce executable
XPASS: g++.old-deja/g++.other/init5.C execution test
FAIL: g++.old-deja/g++.other/warn7.C (test for warnings, line 38)
FAIL: g++.old-deja/g++.pt/asm1.C (test for excess errors)
FAIL: g++.old-deja/g++.pt/asm2.C (test for excess errors)
WARNING: g++.old-deja/g++.pt/friend44.C compilation failed to produce executable
=== g++ Summary for unix/-fPIC ===
# of expected passes 9947
# of unexpected failures 8
# of unexpected successes 1
# of expected failures 79
# of unsupported tests 42
Running target unix
WARNING: program timed out.
FAIL: g++.dg/eh/cleanup1.C (test for excess errors)
FAIL: g++.dg/rtti/tinfo1.C scan-assembler-not .section[^\\n\\r]*_ZTIP9CTemplateIhE[^\\n\\r]*
FAIL: 102:is -:should be 1
FAIL: g++.dg/gcov/gcov-1.C gcov: 1 failures in line counts, 0 in branch percentages, 0 in return percentages
WARNING: g++.old-deja/g++.mike/p10769a.C compilation failed to produce executable
WARNING: g++.old-deja/g++.other/enum5.C compilation failed to produce executable
XPASS: g++.old-deja/g++.other/init5.C execution test
FAIL: g++.old-deja/g++.other/warn7.C (test for warnings, line 38)
WARNING: g++.old-deja/g++.pt/friend44.C compilation failed to produce executable
=== g++ Summary for unix ===
# of expected passes 9950
# of unexpected failures 5
# of unexpected successes 1
# of expected failures 79
# of unsupported tests 42
=== g++ Summary ===
# of expected passes 19897
# of unexpected failures 13
# of unexpected successes 2
# of expected failures 158
# of unsupported tests 84
/usr/local/src/trunk/objdir/gcc/testsuite/../g++ version 3.5.0 20040719 (experimental)
=== objc tests ===
Running target unix/-fPIC
=== objc Summary for unix/-fPIC ===
# of expected passes 1404
# of unsupported tests 7
Running target unix
=== objc Summary for unix ===
# of expected passes 1404
# of unsupported tests 7
=== objc Summary ===
# of expected passes 2808
# of unsupported tests 14
/usr/local/src/trunk/objdir/gcc/xgcc version 3.5.0 20040719 (experimental)
=== libffi tests ===
Running target unix/-fPIC
=== libffi Summary for unix/-fPIC ===
# of expected passes 212
# of unsupported tests 2
Running target unix
=== libffi Summary for unix ===
# of expected passes 212
# of unsupported tests 2
=== libffi Summary ===
# of expected passes 424
# of unsupported tests 4
=== libjava tests ===
Running target unix/-fPIC
=== libjava Summary for unix/-fPIC ===
# of expected passes 3387
# of expected failures 14
# of untested testcases 16
Running target unix
=== libjava Summary for unix ===
# of expected passes 3387
# of expected failures 14
# of untested testcases 16
=== libjava Summary ===
# of expected passes 6774
# of expected failures 28
# of untested testcases 32
=== libmudflap tests ===
Running target unix/-fPIC
WARNING: program timed out.
FAIL: libmudflap.cth/pass40-frag.c execution test
FAIL: libmudflap.cth/pass40-frag.c output pattern test
WARNING: program timed out.
FAIL: libmudflap.cth/pass40-frag.c (-static -DSTATIC) execution test
FAIL: libmudflap.cth/pass40-frag.c (-static -DSTATIC) output pattern test
WARNING: program timed out.
FAIL: libmudflap.cth/pass40-frag.c (-O2) execution test
FAIL: libmudflap.cth/pass40-frag.c (-O2) output pattern test
WARNING: program timed out.
FAIL: libmudflap.cth/pass40-frag.c (-O3) execution test
FAIL: libmudflap.cth/pass40-frag.c (-O3) output pattern test
=== libmudflap Summary for unix/-fPIC ===
# of expected passes 1128
# of unexpected failures 8
Running target unix
WARNING: program timed out.
FAIL: libmudflap.cth/pass40-frag.c execution test
FAIL: libmudflap.cth/pass40-frag.c output pattern test
WARNING: program timed out.
FAIL: libmudflap.cth/pass40-frag.c (-static -DSTATIC) execution test
FAIL: libmudflap.cth/pass40-frag.c (-static -DSTATIC) output pattern test
FAIL: libmudflap.cth/pass40-frag.c (-O2) execution test
FAIL: libmudflap.cth/pass40-frag.c (-O2) output pattern test
WARNING: program timed out.
FAIL: libmudflap.cth/pass40-frag.c (-O3) execution test
FAIL: libmudflap.cth/pass40-frag.c (-O3) output pattern test
=== libmudflap Summary for unix ===
# of expected passes 1128
# of unexpected failures 8
=== libmudflap Summary ===
# of expected passes 2256
# of unexpected failures 16
=== libstdc++-v3 check-abi Summary ===
# of added symbols: 314
# of missing symbols: 283
# of incompatible symbols: 283
=== libstdc++ tests ===
Running target unix/-fPIC
XPASS: 22_locale/locale/cons/12658_thread-1.cc execution test
FAIL: ext/enc_filebuf/char/13189.cc (test for excess errors)
WARNING: ext/enc_filebuf/char/13189.cc compilation failed to produce executable
FAIL: ext/enc_filebuf/wchar_t/13189.cc (test for excess errors)
WARNING: ext/enc_filebuf/wchar_t/13189.cc compilation failed to produce executable
=== libstdc++ Summary for unix/-fPIC ===
# of expected passes 2800
# of unexpected failures 2
# of unexpected successes 1
# of expected failures 6
Running target unix
XPASS: 22_locale/locale/cons/12658_thread-1.cc execution test
XPASS: 26_numerics/cmath/c99_classification_macros_c.cc (test for excess errors)
=== libstdc++ Summary for unix ===
# of expected passes 2804
# of unexpected successes 2
# of expected failures 5
=== libstdc++ Summary ===
# of expected passes 5604
# of unexpected failures 2
# of unexpected successes 3
# of expected failures 11
Compiler version: 3.5.0 20040719 (experimental)
Platform: i686-pc-linux-gnu
configure flags: pentium3-linux --enable-__cxa_atexit --enable-shared --enable-threads=posix --enable-languages=c,c++,f95,java,objc
Counting all warnings,
there are 191 warnings in stage0 of this bootstrap.
Number of warnings per file:
34 libbanshee/points-to/andersen_terms.c
34 include/bits/locale_facets.tcc
20 libiberty/concat.c
12 libiberty/regex.c
9 libcompat/pages.c
5 include/xregex2.h
4 libobjc/Object.m
4 libjava/java/lang/strtod.c
4 libcompat/regions.c
4 libcompat/alloc.c
3 make[5]
3 libjava/java/lang/e_exp.c
3 libjava/java/lang/dtoa.c
3 include/java-signal.h
3 <command line>
2 make[4]
2 libtool
2 libobjc/Protocol.m
2 libobjc/NXConstStr.m
2 libobjc/archive.c
2 libmudflap/splay-tree.c
2 libjava/java/lang/natClassLoader.cc
2 libiberty/pex-unix.c
2 libcpp/macro.c
2 libbanshee/engine/setst-sort.c
2 libbanshee/engine/setif-sort.c
2 libbanshee/engine/jcollection.c
2 include/gc_config_macros.h
2 fastjar/shift.c
1 make[3]
1 libobjc/sendmsg.c
1 libmudflap/mf-hooks3.c
1 libjava/prims.cc
1 libjava/java/lang/e_rem_pio2.c
1 libjava/java/lang/e_asin.c
1 libjava/gnu/gcj/io/shs.cc
1 libjava/boehm.cc
1 libcompat/radix-tree.c
1 libbanshee/engine/flowrow-sort.c
1 java/net/natNetworkInterface.cc
1 include/private/../gc_config_macros.h
1 gcc/defaults.h
1 gcc/coretypes.h
1 gcc/boehm-gc/mark_rts.c
1 gcc/auto-host.h
1 fastjar/jartool.c
1 fastjar/compress.c
Number of warning types:
34 suggest parentheses around assignment used as truth value
20 traditional C rejects ISO C style function definitions
12 signed and unsigned type in conditional expression
8 unused variable \`???'
7 ISO C90 forbids variable-size array \`???'
6 jobserver unavailable: using -j1. Add \`???' to parent make rule.
5 this is the location of the previous definition
5 ISO C90 does not support \`static' or type qualifiers in parameter array declarators
4 ISO C90 forbids compound literals
4 comparison between signed and unsigned integer expressions
3 'void restore()' declared \`static' but never defined
3 \`GC_LINUX_THREADS' redefined
2 variable 'out' might be clobbered by \`longjmp' or \`vfork'
2 unused parameter 't'
2 'splay_tree_delete_helper' declared \`static' but never defined
2 initialization discards qualifiers from pointer target type
2 empty body in an if-statement
2 comparison between signed and unsigned
1 'z' is used uninitialized in this function
1 'void byteReverse()' declared \`static' but never defined
1 unused parameter 'ze'
1 unused parameter 'type'
1 unused parameter 'root'
1 unused parameter 'arg2'
1 unused parameter 'arg1'
1 type of bit-field \`???' is a GCC extension
1 to ensure that POSIX-compatible ar will work
1 't' may be used uninitialized in this function
1 string length \`???' is greater than the length \`???' ISO C89 compilers are required to support
1 'spec_case' may be used uninitialized in this function
1 \`rtx' redefined
1 operation on \`???' may be undefined
1 object name conflicts; overriding AR_FLAGS to 'cq'
1 \`noreturn' function does return
1 no previous prototype for 'unlink_page'
1 no previous prototype for 'set_region_range'
1 no previous prototype for 'set_region'
1 no previous prototype for 'scavenge_single_pages'
1 no previous prototype for 'region_get_mem'
1 no previous prototype for 'ref_proj2'
1 no previous prototype for 'ref_proj1'
1 no previous prototype for 'ref_proj0'
1 no previous prototype for 'qalloc'
1 no previous prototype for 'lam_proj2'
1 no previous prototype for 'lam_proj1'
1 no previous prototype for 'lam_proj0'
1 no previous prototype for 'initregion'
1 no previous prototype for 'free_all_pages'
1 no previous prototype for 'aterm_is_ref'
1 no previous prototype for 'aterm_is_lam'
1 no previous prototype for 'argterm_zero'
1 no previous prototype for 'argterm_wild'
1 no previous prototype for 'argterm_unify'
1 no previous prototype for 'argterm_row'
1 no previous prototype for 'argterm_one'
1 no previous prototype for 'argterm_make_field'
1 no previous prototype for 'argterm_inclusion'
1 no previous prototype for 'argterm_fresh'
1 no previous prototype for 'argterm_extract_rest'
1 no previous prototype for 'argterm_extract_fields'
1 no previous prototype for 'argterm_extract_field'
1 no previous prototype for 'argterm_abs'
1 no previous prototype for 'andersen_terms_stats'
1 no previous prototype for 'andersen_terms_reset'
1 no previous prototype for 'andersen_terms_print_graph'
1 no previous prototype for 'andersen_terms_init'
1 no previous prototype for 'alloc_split'
1 no previous prototype for 'alloc_new'
1 no previous prototype for 'addfront'
1 'lo' may be used uninitialized in this function
1 'label_term_inclusion_contra' defined but not used
1 'label_term_fresh_small' defined but not used
1 'k' may be used uninitialized in this function
1 'ilim' may be used uninitialized in this function
1 'ilim1' may be used uninitialized in this function
1 'hi' may be used uninitialized in this function
1 function returns address of local variable
1 'delta' may be used uninitialized in this function
1 \`DEFAULT_USE_CXA_ATEXIT' redefined
1 'bs' may be used uninitialized in this function
1 'bd' may be used uninitialized in this function
1 'bb' may be used uninitialized in this function
1 'aterm_fresh_small' defined but not used
1 assignment from incompatible pointer type
1 assignment discards qualifiers from pointer target type
1 'argterm_fresh_small' defined but not used
Counting all warnings,
there are 18 warnings in stage3 of this bootstrap.
Number of warnings per file:
5 gcc/config/i386/i386.md
3 insn-conditions.c
3 gengtype-lex.c
3 gcc/gcc.c
2 gcc/objc/lang-specs.h
1 gcc/libgcc2.c
1 gcc/java/jvspec.c
Number of warning types:
9 string length \`???' is greater than the length \`???' ISO C89 compilers are required to support
4 source missing a mode?
3 old-style function definition
1 operand 1 missing mode?
1 no previous prototype for '__enable_execute_stack'