This is the mail archive of the
gcc-testresults@gcc.gnu.org
mailing list for the GCC project.
Results for [lno] 3.5-tree-ssa-lno20040715(merged20040612) testsuite on i686-pc-linux-gnu
- From: "Autocrasher" <autocrasher at devphil dot com>
- To: gcc-testresults at gcc dot gnu dot org
- Date: 16 Jul 2004 14:00:01 -0000
- Subject: Results for [lno] 3.5-tree-ssa-lno20040715(merged20040612) testsuite on i686-pc-linux-gnu
The configure/build/test log and regression plots can be
found at http://www.devphil.com/build/
Host was an x86-type system.
This particular run used standard (previously installed) binutils.
- The Autocrasher (Phil's Builder Bot, version 2.1)
LAST_UPDATED: Fri Jul 16 00:00:17 UTC 2004
Native configuration is i686-pc-linux-gnu
=== g++ tests ===
Running target unix
FAIL: g++.dg/parse/stack1.C (test for excess errors)
FAIL: 258: expected branch percentages not found: 25
FAIL: g++.dg/gcov/gcov-1.C gcov: 0 failures in line counts, 1 in branch percentages, 0 in return percentages
FAIL: 23:is 2:should be 1
FAIL: g++.dg/gcov/gcov-2.C gcov: 1 failures in line counts, 0 in branch percentages, 0 in return percentages
FAIL: g++.old-deja/g++.brendan/crash13.C (test for errors, line 34)
FAIL: g++.old-deja/g++.law/friend5.C (test for errors, line 19)
FAIL: g++.old-deja/g++.law/friend5.C (test for errors, line 24)
WARNING: g++.old-deja/g++.mike/p10769a.C compilation failed to produce executable
FAIL: g++.old-deja/g++.ns/friend2.C (test for excess errors)
FAIL: g++.old-deja/g++.oliva/ns1.C (test for bogus messages, line 11)
FAIL: g++.old-deja/g++.other/builtins9.C (test for excess errors)
WARNING: g++.old-deja/g++.other/builtins9.C compilation failed to produce executable
WARNING: g++.old-deja/g++.other/enum5.C compilation failed to produce executable
FAIL: g++.old-deja/g++.other/friend7.C (test for excess errors)
XPASS: g++.old-deja/g++.other/init5.C execution test
FAIL: g++.old-deja/g++.other/warn7.C (test for warnings, line 38)
WARNING: g++.old-deja/g++.pt/friend44.C compilation failed to produce executable
=== g++ Summary ===
# of expected passes 9834
# of unexpected failures 13
# of unexpected successes 1
# of expected failures 92
# of unsupported tests 42
/mnt/build/build-2004-07-15-lno/gcc/testsuite/../g++ version 3.5-tree-ssa-lno 20040715 (merged 20040612)
=== gcc tests ===
Running target unix
FAIL: gcc.c-torture/compile/950613-1.c -O1 (test for excess errors)
FAIL: gcc.c-torture/compile/950613-1.c -Os (test for excess errors)
FAIL: gcc.c-torture/execute/20040307-1.c execution, -O1
FAIL: gcc.c-torture/execute/20040307-1.c execution, -O2
FAIL: gcc.c-torture/execute/20040307-1.c execution, -O3 -fomit-frame-pointer
FAIL: gcc.c-torture/execute/20040307-1.c execution, -O3 -fomit-frame-pointer -funroll-loops
FAIL: gcc.c-torture/execute/20040307-1.c execution, -O3 -fomit-frame-pointer -funroll-all-loops -finline-functions
FAIL: gcc.c-torture/execute/20040307-1.c execution, -O3 -g
FAIL: gcc.c-torture/execute/20040307-1.c execution, -Os
XPASS: gcc.c-torture/execute/loop-2e.c execution, -Os
FAIL: gcc.c-torture/execute/va-arg-25.c execution, -Os
XPASS: gcc.dg/cpp/cmdlne-dI-M.c scan-file (^|\\\\n)cmdlne-dI-M.*:[^\\\\n]*cmdlne-dI-M.c
XPASS: gcc.dg/cpp/cmdlne-dM-M.c scan-file (^|\\\\n)cmdlne-dM-M[^\\\\n]*:[^\\\\n]*cmdlne-dM-M.c
FAIL: gcc.dg/debug/dwarf2/dwarf-die7.c scan-assembler 1.*DW_AT_inline
FAIL: gcc.dg/20030626-1.c (test for bogus messages, line 17)
FAIL: gcc.dg/c90-const-expr-3.c (test for excess errors)
FAIL: gcc.dg/c99-const-expr-3.c (test for excess errors)
FAIL: gcc.dg/i386-sse-5.c (test for excess errors)
XPASS: gcc.dg/i386-ssetype-1.c scan-assembler-not movdqa
XPASS: gcc.dg/i386-ssetype-3.c scan-assembler-not movdqa
FAIL: gcc.dg/noreturn-1.c detect return from noreturn (test for warnings, line 37)
FAIL: gcc.dg/noreturn-1.c (test for excess errors)
XPASS: gcc.dg/setjmp-1.c spurious clobbered warning (test for bogus messages, line 16)
FAIL: gcc.dg/simd-1.c (test for excess errors)
FAIL: gcc.dg/tree-ssa-chrec/20040216-1.c scan-tree-dump-times Dependence Node 4
FAIL: gcc.dg/tree-ssa-chrec/ssa-chrec-04.c scan-tree-dump-times remove_me 0
FAIL: gcc.dg/tree-ssa-chrec/ssa-chrec-07.c scan-tree-dump-times remove_me 0
FAIL: gcc.dg/tree-ssa-chrec/ssa-chrec-08.c scan-tree-dump-times remove_me 0
ERROR: gcc.dg/tree-ssa-chrec/ssa-chrec-10.c: error executing dg-final: no files matched glob pattern "ssa-chrec-10.c.t??.ddall"
UNRESOLVED: gcc.dg/tree-ssa-chrec/ssa-chrec-10.c: error executing dg-final: no files matched glob pattern "ssa-chrec-10.c.t??.ddall"
ERROR: gcc.dg/tree-ssa-chrec/ssa-chrec-30.c: error executing dg-final: no files matched glob pattern "ssa-chrec-30.c.t??.ddall"
UNRESOLVED: gcc.dg/tree-ssa-chrec/ssa-chrec-30.c: error executing dg-final: no files matched glob pattern "ssa-chrec-30.c.t??.ddall"
ERROR: gcc.dg/tree-ssa-chrec/ssa-chrec-31.c: error executing dg-final: no files matched glob pattern "ssa-chrec-31.c.t??.ddall"
UNRESOLVED: gcc.dg/tree-ssa-chrec/ssa-chrec-31.c: error executing dg-final: no files matched glob pattern "ssa-chrec-31.c.t??.ddall"
ERROR: gcc.dg/tree-ssa-chrec/ssa-chrec-32.c: error executing dg-final: no files matched glob pattern "ssa-chrec-32.c.t??.ddall"
UNRESOLVED: gcc.dg/tree-ssa-chrec/ssa-chrec-32.c: error executing dg-final: no files matched glob pattern "ssa-chrec-32.c.t??.ddall"
ERROR: gcc.dg/tree-ssa-chrec/ssa-chrec-33.c: error executing dg-final: no files matched glob pattern "ssa-chrec-33.c.t??.ddall"
UNRESOLVED: gcc.dg/tree-ssa-chrec/ssa-chrec-33.c: error executing dg-final: no files matched glob pattern "ssa-chrec-33.c.t??.ddall"
ERROR: gcc.dg/tree-ssa-chrec/ssa-chrec-34.c: error executing dg-final: no files matched glob pattern "ssa-chrec-34.c.t??.ddall"
UNRESOLVED: gcc.dg/tree-ssa-chrec/ssa-chrec-34.c: error executing dg-final: no files matched glob pattern "ssa-chrec-34.c.t??.ddall"
ERROR: gcc.dg/tree-ssa-chrec/ssa-chrec-35.c: error executing dg-final: no files matched glob pattern "ssa-chrec-35.c.t??.ddall"
UNRESOLVED: gcc.dg/tree-ssa-chrec/ssa-chrec-35.c: error executing dg-final: no files matched glob pattern "ssa-chrec-35.c.t??.ddall"
ERROR: gcc.dg/tree-ssa-chrec/ssa-chrec-36.c: error executing dg-final: no files matched glob pattern "ssa-chrec-36.c.t??.ddall"
UNRESOLVED: gcc.dg/tree-ssa-chrec/ssa-chrec-36.c: error executing dg-final: no files matched glob pattern "ssa-chrec-36.c.t??.ddall"
ERROR: gcc.dg/tree-ssa-chrec/ssa-chrec-52.c: error executing dg-final: no files matched glob pattern "ssa-chrec-52.c.t??.ddall"
UNRESOLVED: gcc.dg/tree-ssa-chrec/ssa-chrec-52.c: error executing dg-final: no files matched glob pattern "ssa-chrec-52.c.t??.ddall"
FAIL: gcc.dg/tree-ssa-chrec/ssa-chrec-57.c scan-tree-dump-times remove_me 0
FAIL: gcc.dg/tree-ssa-chrec/ssa-chrec-58.c scan-tree-dump-times remove_me 0
ERROR: gcc.dg/tree-ssa-chrec/ssa-chrec-59.c: error executing dg-final: no files matched glob pattern "ssa-chrec-59.c.t??.ddall"
UNRESOLVED: gcc.dg/tree-ssa-chrec/ssa-chrec-59.c: error executing dg-final: no files matched glob pattern "ssa-chrec-59.c.t??.ddall"
ERROR: gcc.dg/tree-ssa-chrec/ssa-chrec-60.c: error executing dg-final: no files matched glob pattern "ssa-chrec-60.c.t??.ddall"
UNRESOLVED: gcc.dg/tree-ssa-chrec/ssa-chrec-60.c: error executing dg-final: no files matched glob pattern "ssa-chrec-60.c.t??.ddall"
FAIL: gcc.dg/tree-ssa-vect/tree-ssa-vect-17.c scan-tree-dump-times vectorized 3 loops 1
FAIL: gcc.dg/tree-ssa-vect/tree-ssa-vect-18.c scan-tree-dump-times vectorized 3 loops 1
FAIL: gcc.dg/tree-ssa-vect/tree-ssa-vect-19.c scan-tree-dump-times vectorized 3 loops 1
FAIL: gcc.dg/tree-ssa-vect/tree-ssa-vect-20.c scan-tree-dump-times vectorized 3 loops 1
FAIL: gcc.dg/tree-ssa/20030711-1.c (test for excess errors)
ERROR: gcc.dg/tree-ssa/20030711-1.c: error executing dg-final: no files matched glob pattern "20030711-1.c.t??.dom3"
UNRESOLVED: gcc.dg/tree-ssa/20030711-1.c: error executing dg-final: no files matched glob pattern "20030711-1.c.t??.dom3"
FAIL: gcc.dg/tree-ssa/20030714-2.c (test for excess errors)
ERROR: gcc.dg/tree-ssa/20030714-2.c: error executing dg-final: no files matched glob pattern "20030714-2.c.t??.dom3"
UNRESOLVED: gcc.dg/tree-ssa/20030714-2.c: error executing dg-final: no files matched glob pattern "20030714-2.c.t??.dom3"
FAIL: gcc.dg/tree-ssa/20031216-1.c scan-tree-dump-times link_error 0
XPASS: gcc.dg/tree-ssa/20040308-1.c scan-tree-dump-times straightline 1
FAIL: gcc.dg/tree-ssa/copy-headers.c (test for excess errors)
ERROR: gcc.dg/tree-ssa/copy-headers.c: error executing dg-final: no files matched glob pattern "copy-headers.c.t??.dom1"
UNRESOLVED: gcc.dg/tree-ssa/copy-headers.c: error executing dg-final: no files matched glob pattern "copy-headers.c.t??.dom1"
FAIL: gcc.dg/tree-ssa/ivcanon-1.c (test for excess errors)
ERROR: gcc.dg/tree-ssa/ivcanon-1.c: error executing dg-final: no files matched glob pattern "ivcanon-1.c.t??.optimized"
UNRESOLVED: gcc.dg/tree-ssa/ivcanon-1.c: error executing dg-final: no files matched glob pattern "ivcanon-1.c.t??.optimized"
FAIL: gcc.dg/tree-ssa/ssa-dce-3.c scan-tree-dump-times PHI 1
FAIL: gcc.dg/tree-ssa/ssa-dce-3.c scan-tree-dump-times if 1
FAIL: 209: expected branch percentages not found: 25
FAIL: gcc.misc-tests/gcov-4b.c gcov: 0 failures in line counts, 1 in branch percentages, 0 in return percentages
=== gcc Summary ===
# of expected passes 26599
# of unexpected failures 37
# of unexpected successes 7
# of expected failures 100
# of unresolved testcases 15
# of untested testcases 28
# of unsupported tests 207
/mnt/build/build-2004-07-15-lno/gcc/xgcc version 3.5-tree-ssa-lno 20040715 (merged 20040612)
=== libstdc++-v3 check-abi Summary ===
# of added symbols: 343
# of missing symbols: 335
# of incompatible symbols: 335
=== libstdc++ tests ===
Running target unix
XPASS: 26_numerics/c99_classification_macros_c.cc (test for excess errors)
=== libstdc++ Summary ===
# of expected passes 2686
# of unexpected successes 1
# of expected failures 5
Compiler version: 3.5-tree-ssa-lno20040715(merged20040612)
Platform: i686-pc-linux-gnu
configure flags: --prefix=/mnt/build/install-2004-07-15-lno --enable-threads=posix --enable-__cxa_atexit --with-dwarf2 --enable-languages=c,c++