This is the mail archive of the gcc-testresults@gcc.gnu.org mailing list for the GCC project.
Index Nav: | [Date Index] [Subject Index] [Author Index] [Thread Index] | |
---|---|---|
Message Nav: | [Date Prev] [Date Next] | [Thread Prev] [Thread Next] |
Other format: | [Raw text] |
LAST_UPDATED: Wed Jul 14 18:44:13 UTC 2004 Native configuration is i386-pc-solaris2.10 === g++ tests === Running target unix FAIL: g++.dg/eh/simd-2.C (test for excess errors) WARNING: g++.dg/eh/simd-2.C compilation failed to produce executable FAIL: g++.dg/rtti/tinfo1.C scan-assembler-not .section[^\\n\\r]*_ZTIP9CTemplateIhE[^\\n\\r]* FAIL: 102:is -:should be 1 FAIL: g++.dg/gcov/gcov-1.C gcov: 1 failures in line counts, 0 in branch percentages, 0 in return percentages FAIL: g++.dg/special/conpr-1.C execution test FAIL: g++.dg/special/conpr-3.C execution test FAIL: g++.dg/special/conpr-4.C execution test FAIL: g++.old-deja/g++.eh/badalloc1.C execution test WARNING: g++.old-deja/g++.mike/p10769a.C compilation failed to produce executable WARNING: g++.old-deja/g++.other/enum5.C compilation failed to produce executable FAIL: g++.old-deja/g++.other/warn7.C (test for warnings, line 38) WARNING: g++.old-deja/g++.pt/friend44.C compilation failed to produce executable === g++ Summary === # of expected passes 9854 # of unexpected failures 9 # of expected failures 83 # of unsupported tests 66 /amnt/figaro/volumes/obj-gcc/gcc/obj.sol86/gcc-3.5.0-20040714/10-gcc/gcc/testsuite/../g++ version 3.5.0 20040714 (experimental) === gcc tests === Running target unix XPASS: gcc.c-torture/compile/20040323-1.c (test for excess errors) XPASS: gcc.c-torture/compile/20040323-1.c (test for excess errors) XPASS: gcc.c-torture/compile/20040323-1.c (test for excess errors) XPASS: gcc.c-torture/compile/20040323-1.c (test for excess errors) XPASS: gcc.c-torture/compile/20040323-1.c (test for excess errors) XPASS: gcc.c-torture/compile/20040323-1.c (test for excess errors) FAIL: gcc.c-torture/compile/930503-1.c (test for excess errors) FAIL: gcc.c-torture/compile/930503-1.c (test for excess errors) FAIL: gcc.c-torture/compile/930503-1.c (test for excess errors) FAIL: gcc.c-torture/compile/930503-1.c (test for excess errors) FAIL: gcc.c-torture/compile/930503-1.c (test for excess errors) FAIL: gcc.c-torture/compile/930503-1.c (test for excess errors) FAIL: gcc.c-torture/compile/930503-1.c (test for excess errors) FAIL: gcc.c-torture/compile/980329-1.c (test for excess errors) FAIL: gcc.c-torture/unsorted/fnul.c, -O1 FAIL: gcc.c-torture/unsorted/fnul.c, -O2 FAIL: gcc.c-torture/unsorted/fnul.c, -O3 -fomit-frame-pointer FAIL: gcc.c-torture/unsorted/fnul.c, -O3 -fomit-frame-pointer -funroll-loops FAIL: gcc.c-torture/unsorted/fnul.c, -O3 -fomit-frame-pointer -funroll-all-loops -finline-functions FAIL: gcc.c-torture/unsorted/fnul.c, -O3 -g FAIL: gcc.c-torture/unsorted/fnul.c, -Os FAIL: gcc.dg/compat/vector-1 c_compat_x_tst.o compile FAIL: gcc.dg/compat/vector-1 c_compat_y_tst.o compile UNRESOLVED: gcc.dg/compat/vector-1 c_compat_x_tst.o-c_compat_y_tst.o link UNRESOLVED: gcc.dg/compat/vector-1 c_compat_x_tst.o-c_compat_y_tst.o execute FAIL: gcc.dg/compat/vector-2 c_compat_x_tst.o compile FAIL: gcc.dg/compat/vector-2 c_compat_y_tst.o compile UNRESOLVED: gcc.dg/compat/vector-2 c_compat_x_tst.o-c_compat_y_tst.o link UNRESOLVED: gcc.dg/compat/vector-2 c_compat_x_tst.o-c_compat_y_tst.o execute FAIL: gcc.dg/debug/dwarf2/dwarf-die7.c scan-assembler 1.*DW_AT_inline FAIL: gcc.dg/20011009-1.c (test for excess errors) WARNING: gcc.dg/20011009-1.c compilation failed to produce executable FAIL: gcc.dg/c90-const-expr-3.c (test for excess errors) FAIL: gcc.dg/c99-const-expr-3.c (test for excess errors) FAIL: gcc.dg/i386-3dnow-1.c (test for excess errors) FAIL: gcc.dg/i386-3dnow-2.c (test for excess errors) FAIL: gcc.dg/i386-3dnowA-1.c (test for excess errors) FAIL: gcc.dg/i386-3dnowA-2.c (test for excess errors) XPASS: gcc.dg/setjmp-1.c spurious clobbered warning (test for bogus messages, line 16) FAIL: gcc.dg/visibility-1.c (test for excess errors) FAIL: gcc.dg/visibility-1.c scan-assembler \\\\.hidden.*foo FAIL: gcc.dg/visibility-2.c (test for excess errors) FAIL: gcc.dg/visibility-2.c scan-assembler \\\\.hidden.*foo FAIL: gcc.dg/visibility-3.c (test for excess errors) FAIL: gcc.dg/visibility-3.c scan-assembler \\\\.hidden.*xyzzy FAIL: gcc.dg/visibility-4.c (test for excess errors) FAIL: gcc.dg/visibility-4.c scan-assembler \\\\.hidden.*xyzzy FAIL: gcc.dg/visibility-5.c (test for excess errors) FAIL: gcc.dg/visibility-5.c scan-assembler \\\\.hidden.*foo FAIL: gcc.dg/visibility-6.c (test for excess errors) FAIL: gcc.dg/visibility-6.c scan-assembler \\\\.hidden.*xyzzy FAIL: gcc.dg/visibility-7.c (test for excess errors) FAIL: gcc.dg/visibility-7.c scan-assembler \\\\.hidden.*xyzzy FAIL: gcc.dg/visibility-8.c (test for excess errors) FAIL: gcc.dg/visibility-8.c scan-assembler \\\\.hidden.*__GI_fputs_unlocked FAIL: largefile.c (test for excess errors) FAIL: largefile.c (test for excess errors) FAIL: largefile.c (test for excess errors) FAIL: largefile.c (test for excess errors) FAIL: largefile.c (test for excess errors) FAIL: largefile.c (test for excess errors) FAIL: largefile.c (test for excess errors) XPASS: gcc.dg/tree-ssa/20040204-1.c scan-tree-dump-times link_error 0 FAIL: 94:is -:should be 1 FAIL: gcc.misc-tests/gcov-4.c gcov: 1 failures in line counts, 0 in branch percentages, 0 in return percentages === gcc Summary === # of expected passes 26642 # of unexpected failures 52 # of unexpected successes 8 # of expected failures 69 # of unresolved testcases 4 # of untested testcases 35 # of unsupported tests 236 /amnt/figaro/volumes/obj-gcc/gcc/obj.sol86/gcc-3.5.0-20040714/10-gcc/gcc/xgcc version 3.5.0 20040714 (experimental) === objc tests === Running target unix FAIL: objc/execute/IMP.m compilation, -O2 UNRESOLVED: objc/execute/IMP.m execution, -O2 FAIL: objc/execute/IMP.m compilation, -O3 -fomit-frame-pointer UNRESOLVED: objc/execute/IMP.m execution, -O3 -fomit-frame-pointer FAIL: objc/execute/IMP.m compilation, -O3 -g UNRESOLVED: objc/execute/IMP.m execution, -O3 -g FAIL: objc/execute/IMP.m compilation, -Os UNRESOLVED: objc/execute/IMP.m execution, -Os FAIL: objc/execute/_cmd.m compilation, -O2 UNRESOLVED: objc/execute/_cmd.m execution, -O2 FAIL: objc/execute/_cmd.m compilation, -O3 -fomit-frame-pointer UNRESOLVED: objc/execute/_cmd.m execution, -O3 -fomit-frame-pointer FAIL: objc/execute/_cmd.m compilation, -O3 -g UNRESOLVED: objc/execute/_cmd.m execution, -O3 -g FAIL: objc/execute/_cmd.m compilation, -Os UNRESOLVED: objc/execute/_cmd.m execution, -Os FAIL: objc/execute/accessing_ivars.m compilation, -O2 UNRESOLVED: objc/execute/accessing_ivars.m execution, -O2 FAIL: objc/execute/accessing_ivars.m compilation, -O3 -fomit-frame-pointer UNRESOLVED: objc/execute/accessing_ivars.m execution, -O3 -fomit-frame-pointer FAIL: objc/execute/accessing_ivars.m compilation, -O3 -g UNRESOLVED: objc/execute/accessing_ivars.m execution, -O3 -g FAIL: objc/execute/accessing_ivars.m compilation, -Os UNRESOLVED: objc/execute/accessing_ivars.m execution, -Os FAIL: objc/execute/bf-1.m compilation, -O2 UNRESOLVED: objc/execute/bf-1.m execution, -O2 FAIL: objc/execute/bf-1.m compilation, -O3 -fomit-frame-pointer UNRESOLVED: objc/execute/bf-1.m execution, -O3 -fomit-frame-pointer FAIL: objc/execute/bf-1.m compilation, -O3 -g UNRESOLVED: objc/execute/bf-1.m execution, -O3 -g FAIL: objc/execute/bf-1.m compilation, -Os UNRESOLVED: objc/execute/bf-1.m execution, -Os FAIL: objc/execute/bf-10.m compilation, -O2 UNRESOLVED: objc/execute/bf-10.m execution, -O2 FAIL: objc/execute/bf-10.m compilation, -O3 -fomit-frame-pointer UNRESOLVED: objc/execute/bf-10.m execution, -O3 -fomit-frame-pointer FAIL: objc/execute/bf-10.m compilation, -O3 -g UNRESOLVED: objc/execute/bf-10.m execution, -O3 -g FAIL: objc/execute/bf-10.m compilation, -Os UNRESOLVED: objc/execute/bf-10.m execution, -Os FAIL: objc/execute/bf-11.m compilation, -O2 UNRESOLVED: objc/execute/bf-11.m execution, -O2 FAIL: objc/execute/bf-11.m compilation, -O3 -fomit-frame-pointer UNRESOLVED: objc/execute/bf-11.m execution, -O3 -fomit-frame-pointer FAIL: objc/execute/bf-11.m compilation, -O3 -g UNRESOLVED: objc/execute/bf-11.m execution, -O3 -g FAIL: objc/execute/bf-11.m compilation, -Os UNRESOLVED: objc/execute/bf-11.m execution, -Os FAIL: objc/execute/bf-12.m compilation, -O2 UNRESOLVED: objc/execute/bf-12.m execution, -O2 FAIL: objc/execute/bf-12.m compilation, -O3 -fomit-frame-pointer UNRESOLVED: objc/execute/bf-12.m execution, -O3 -fomit-frame-pointer FAIL: objc/execute/bf-12.m compilation, -O3 -g UNRESOLVED: objc/execute/bf-12.m execution, -O3 -g FAIL: objc/execute/bf-12.m compilation, -Os UNRESOLVED: objc/execute/bf-12.m execution, -Os FAIL: objc/execute/bf-13.m compilation, -O2 UNRESOLVED: objc/execute/bf-13.m execution, -O2 FAIL: objc/execute/bf-13.m compilation, -O3 -fomit-frame-pointer UNRESOLVED: objc/execute/bf-13.m execution, -O3 -fomit-frame-pointer FAIL: objc/execute/bf-13.m compilation, -O3 -g UNRESOLVED: objc/execute/bf-13.m execution, -O3 -g FAIL: objc/execute/bf-13.m compilation, -Os UNRESOLVED: objc/execute/bf-13.m execution, -Os FAIL: objc/execute/bf-14.m compilation, -O2 UNRESOLVED: objc/execute/bf-14.m execution, -O2 FAIL: objc/execute/bf-14.m compilation, -O3 -fomit-frame-pointer UNRESOLVED: objc/execute/bf-14.m execution, -O3 -fomit-frame-pointer FAIL: objc/execute/bf-14.m compilation, -O3 -g UNRESOLVED: objc/execute/bf-14.m execution, -O3 -g FAIL: objc/execute/bf-14.m compilation, -Os UNRESOLVED: objc/execute/bf-14.m execution, -Os FAIL: objc/execute/bf-15.m compilation, -O2 UNRESOLVED: objc/execute/bf-15.m execution, -O2 FAIL: objc/execute/bf-15.m compilation, -O3 -fomit-frame-pointer UNRESOLVED: objc/execute/bf-15.m execution, -O3 -fomit-frame-pointer FAIL: objc/execute/bf-15.m compilation, -O3 -g UNRESOLVED: objc/execute/bf-15.m execution, -O3 -g FAIL: objc/execute/bf-15.m compilation, -Os UNRESOLVED: objc/execute/bf-15.m execution, -Os FAIL: objc/execute/bf-16.m compilation, -O2 UNRESOLVED: objc/execute/bf-16.m execution, -O2 FAIL: objc/execute/bf-16.m compilation, -O3 -fomit-frame-pointer UNRESOLVED: objc/execute/bf-16.m execution, -O3 -fomit-frame-pointer FAIL: objc/execute/bf-16.m compilation, -O3 -g UNRESOLVED: objc/execute/bf-16.m execution, -O3 -g FAIL: objc/execute/bf-16.m compilation, -Os UNRESOLVED: objc/execute/bf-16.m execution, -Os FAIL: objc/execute/bf-17.m compilation, -O2 UNRESOLVED: objc/execute/bf-17.m execution, -O2 FAIL: objc/execute/bf-17.m compilation, -O3 -fomit-frame-pointer UNRESOLVED: objc/execute/bf-17.m execution, -O3 -fomit-frame-pointer FAIL: objc/execute/bf-17.m compilation, -O3 -g UNRESOLVED: objc/execute/bf-17.m execution, -O3 -g FAIL: objc/execute/bf-17.m compilation, -Os UNRESOLVED: objc/execute/bf-17.m execution, -Os FAIL: objc/execute/bf-18.m compilation, -O2 UNRESOLVED: objc/execute/bf-18.m execution, -O2 FAIL: objc/execute/bf-18.m compilation, -O3 -fomit-frame-pointer UNRESOLVED: objc/execute/bf-18.m execution, -O3 -fomit-frame-pointer FAIL: objc/execute/bf-18.m compilation, -O3 -g UNRESOLVED: objc/execute/bf-18.m execution, -O3 -g FAIL: objc/execute/bf-18.m compilation, -Os UNRESOLVED: objc/execute/bf-18.m execution, -Os FAIL: objc/execute/bf-19.m compilation, -O2 UNRESOLVED: objc/execute/bf-19.m execution, -O2 FAIL: objc/execute/bf-19.m compilation, -O3 -fomit-frame-pointer UNRESOLVED: objc/execute/bf-19.m execution, -O3 -fomit-frame-pointer FAIL: objc/execute/bf-19.m compilation, -O3 -g UNRESOLVED: objc/execute/bf-19.m execution, -O3 -g FAIL: objc/execute/bf-19.m compilation, -Os UNRESOLVED: objc/execute/bf-19.m execution, -Os FAIL: objc/execute/bf-2.m compilation, -O2 UNRESOLVED: objc/execute/bf-2.m execution, -O2 FAIL: objc/execute/bf-2.m compilation, -O3 -fomit-frame-pointer UNRESOLVED: objc/execute/bf-2.m execution, -O3 -fomit-frame-pointer FAIL: objc/execute/bf-2.m compilation, -O3 -g UNRESOLVED: objc/execute/bf-2.m execution, -O3 -g FAIL: objc/execute/bf-2.m compilation, -Os UNRESOLVED: objc/execute/bf-2.m execution, -Os FAIL: objc/execute/bf-20.m compilation, -O2 UNRESOLVED: objc/execute/bf-20.m execution, -O2 FAIL: objc/execute/bf-20.m compilation, -O3 -fomit-frame-pointer UNRESOLVED: objc/execute/bf-20.m execution, -O3 -fomit-frame-pointer FAIL: objc/execute/bf-20.m compilation, -O3 -g UNRESOLVED: objc/execute/bf-20.m execution, -O3 -g FAIL: objc/execute/bf-20.m compilation, -Os UNRESOLVED: objc/execute/bf-20.m execution, -Os FAIL: objc/execute/bf-21.m compilation, -O2 UNRESOLVED: objc/execute/bf-21.m execution, -O2 FAIL: objc/execute/bf-21.m compilation, -O3 -fomit-frame-pointer UNRESOLVED: objc/execute/bf-21.m execution, -O3 -fomit-frame-pointer FAIL: objc/execute/bf-21.m compilation, -O3 -g UNRESOLVED: objc/execute/bf-21.m execution, -O3 -g FAIL: objc/execute/bf-21.m compilation, -Os UNRESOLVED: objc/execute/bf-21.m execution, -Os FAIL: objc/execute/bf-3.m compilation, -O2 UNRESOLVED: objc/execute/bf-3.m execution, -O2 FAIL: objc/execute/bf-3.m compilation, -O3 -fomit-frame-pointer UNRESOLVED: objc/execute/bf-3.m execution, -O3 -fomit-frame-pointer FAIL: objc/execute/bf-3.m compilation, -O3 -g UNRESOLVED: objc/execute/bf-3.m execution, -O3 -g FAIL: objc/execute/bf-3.m compilation, -Os UNRESOLVED: objc/execute/bf-3.m execution, -Os FAIL: objc/execute/bf-4.m compilation, -O2 UNRESOLVED: objc/execute/bf-4.m execution, -O2 FAIL: objc/execute/bf-4.m compilation, -O3 -fomit-frame-pointer UNRESOLVED: objc/execute/bf-4.m execution, -O3 -fomit-frame-pointer FAIL: objc/execute/bf-4.m compilation, -O3 -g UNRESOLVED: objc/execute/bf-4.m execution, -O3 -g FAIL: objc/execute/bf-4.m compilation, -Os UNRESOLVED: objc/execute/bf-4.m execution, -Os FAIL: objc/execute/bf-5.m compilation, -O2 UNRESOLVED: objc/execute/bf-5.m execution, -O2 FAIL: objc/execute/bf-5.m compilation, -O3 -fomit-frame-pointer UNRESOLVED: objc/execute/bf-5.m execution, -O3 -fomit-frame-pointer FAIL: objc/execute/bf-5.m compilation, -O3 -g UNRESOLVED: objc/execute/bf-5.m execution, -O3 -g FAIL: objc/execute/bf-5.m compilation, -Os UNRESOLVED: objc/execute/bf-5.m execution, -Os FAIL: objc/execute/bf-6.m compilation, -O2 UNRESOLVED: objc/execute/bf-6.m execution, -O2 FAIL: objc/execute/bf-6.m compilation, -O3 -fomit-frame-pointer UNRESOLVED: objc/execute/bf-6.m execution, -O3 -fomit-frame-pointer FAIL: objc/execute/bf-6.m compilation, -O3 -g UNRESOLVED: objc/execute/bf-6.m execution, -O3 -g FAIL: objc/execute/bf-6.m compilation, -Os UNRESOLVED: objc/execute/bf-6.m execution, -Os FAIL: objc/execute/bf-7.m compilation, -O2 UNRESOLVED: objc/execute/bf-7.m execution, -O2 FAIL: objc/execute/bf-7.m compilation, -O3 -fomit-frame-pointer UNRESOLVED: objc/execute/bf-7.m execution, -O3 -fomit-frame-pointer FAIL: objc/execute/bf-7.m compilation, -O3 -g UNRESOLVED: objc/execute/bf-7.m execution, -O3 -g FAIL: objc/execute/bf-7.m compilation, -Os UNRESOLVED: objc/execute/bf-7.m execution, -Os FAIL: objc/execute/bf-8.m compilation, -O2 UNRESOLVED: objc/execute/bf-8.m execution, -O2 FAIL: objc/execute/bf-8.m compilation, -O3 -fomit-frame-pointer UNRESOLVED: objc/execute/bf-8.m execution, -O3 -fomit-frame-pointer FAIL: objc/execute/bf-8.m compilation, -O3 -g UNRESOLVED: objc/execute/bf-8.m execution, -O3 -g FAIL: objc/execute/bf-8.m compilation, -Os UNRESOLVED: objc/execute/bf-8.m execution, -Os FAIL: objc/execute/bf-9.m compilation, -O2 UNRESOLVED: objc/execute/bf-9.m execution, -O2 FAIL: objc/execute/bf-9.m compilation, -O3 -fomit-frame-pointer UNRESOLVED: objc/execute/bf-9.m execution, -O3 -fomit-frame-pointer FAIL: objc/execute/bf-9.m compilation, -O3 -g UNRESOLVED: objc/execute/bf-9.m execution, -O3 -g FAIL: objc/execute/bf-9.m compilation, -Os UNRESOLVED: objc/execute/bf-9.m execution, -Os FAIL: objc/execute/bycopy-2.m compilation, -O2 UNRESOLVED: objc/execute/bycopy-2.m execution, -O2 FAIL: objc/execute/bycopy-2.m compilation, -O3 -fomit-frame-pointer UNRESOLVED: objc/execute/bycopy-2.m execution, -O3 -fomit-frame-pointer FAIL: objc/execute/bycopy-2.m compilation, -O3 -g UNRESOLVED: objc/execute/bycopy-2.m execution, -O3 -g FAIL: objc/execute/bycopy-2.m compilation, -Os UNRESOLVED: objc/execute/bycopy-2.m execution, -Os FAIL: objc/execute/bycopy-3.m compilation, -O2 UNRESOLVED: objc/execute/bycopy-3.m execution, -O2 FAIL: objc/execute/bycopy-3.m compilation, -O3 -fomit-frame-pointer UNRESOLVED: objc/execute/bycopy-3.m execution, -O3 -fomit-frame-pointer FAIL: objc/execute/bycopy-3.m compilation, -O3 -g UNRESOLVED: objc/execute/bycopy-3.m execution, -O3 -g FAIL: objc/execute/bycopy-3.m compilation, -Os UNRESOLVED: objc/execute/bycopy-3.m execution, -Os FAIL: objc/execute/cascading-1.m compilation, -O2 UNRESOLVED: objc/execute/cascading-1.m execution, -O2 FAIL: objc/execute/cascading-1.m compilation, -O3 -fomit-frame-pointer UNRESOLVED: objc/execute/cascading-1.m execution, -O3 -fomit-frame-pointer FAIL: objc/execute/cascading-1.m compilation, -O3 -g UNRESOLVED: objc/execute/cascading-1.m execution, -O3 -g FAIL: objc/execute/cascading-1.m compilation, -Os UNRESOLVED: objc/execute/cascading-1.m execution, -Os FAIL: objc/execute/class-1.m compilation, -O2 UNRESOLVED: objc/execute/class-1.m execution, -O2 FAIL: objc/execute/class-1.m compilation, -O3 -fomit-frame-pointer UNRESOLVED: objc/execute/class-1.m execution, -O3 -fomit-frame-pointer FAIL: objc/execute/class-1.m compilation, -O3 -g UNRESOLVED: objc/execute/class-1.m execution, -O3 -g FAIL: objc/execute/class-1.m compilation, -Os UNRESOLVED: objc/execute/class-1.m execution, -Os FAIL: objc/execute/class-10.m compilation, -O2 UNRESOLVED: objc/execute/class-10.m execution, -O2 FAIL: objc/execute/class-10.m compilation, -O3 -fomit-frame-pointer UNRESOLVED: objc/execute/class-10.m execution, -O3 -fomit-frame-pointer FAIL: objc/execute/class-10.m compilation, -O3 -g UNRESOLVED: objc/execute/class-10.m execution, -O3 -g FAIL: objc/execute/class-10.m compilation, -Os UNRESOLVED: objc/execute/class-10.m execution, -Os FAIL: objc/execute/class-11.m compilation, -O2 UNRESOLVED: objc/execute/class-11.m execution, -O2 FAIL: objc/execute/class-11.m compilation, -O3 -fomit-frame-pointer UNRESOLVED: objc/execute/class-11.m execution, -O3 -fomit-frame-pointer FAIL: objc/execute/class-11.m compilation, -O3 -g UNRESOLVED: objc/execute/class-11.m execution, -O3 -g FAIL: objc/execute/class-11.m compilation, -Os UNRESOLVED: objc/execute/class-11.m execution, -Os FAIL: objc/execute/class-12.m compilation, -O2 UNRESOLVED: objc/execute/class-12.m execution, -O2 FAIL: objc/execute/class-12.m compilation, -O3 -fomit-frame-pointer UNRESOLVED: objc/execute/class-12.m execution, -O3 -fomit-frame-pointer FAIL: objc/execute/class-12.m compilation, -O3 -g UNRESOLVED: objc/execute/class-12.m execution, -O3 -g FAIL: objc/execute/class-12.m compilation, -Os UNRESOLVED: objc/execute/class-12.m execution, -Os FAIL: objc/execute/class-13.m compilation, -O2 UNRESOLVED: objc/execute/class-13.m execution, -O2 FAIL: objc/execute/class-13.m compilation, -O3 -fomit-frame-pointer UNRESOLVED: objc/execute/class-13.m execution, -O3 -fomit-frame-pointer FAIL: objc/execute/class-13.m compilation, -O3 -g UNRESOLVED: objc/execute/class-13.m execution, -O3 -g FAIL: objc/execute/class-13.m compilation, -Os UNRESOLVED: objc/execute/class-13.m execution, -Os FAIL: objc/execute/class-14.m compilation, -O2 UNRESOLVED: objc/execute/class-14.m execution, -O2 FAIL: objc/execute/class-14.m compilation, -O3 -fomit-frame-pointer UNRESOLVED: objc/execute/class-14.m execution, -O3 -fomit-frame-pointer FAIL: objc/execute/class-14.m compilation, -O3 -g UNRESOLVED: objc/execute/class-14.m execution, -O3 -g FAIL: objc/execute/class-14.m compilation, -Os UNRESOLVED: objc/execute/class-14.m execution, -Os FAIL: objc/execute/class-2.m compilation, -O2 UNRESOLVED: objc/execute/class-2.m execution, -O2 FAIL: objc/execute/class-2.m compilation, -O3 -fomit-frame-pointer UNRESOLVED: objc/execute/class-2.m execution, -O3 -fomit-frame-pointer FAIL: objc/execute/class-2.m compilation, -O3 -g UNRESOLVED: objc/execute/class-2.m execution, -O3 -g FAIL: objc/execute/class-2.m compilation, -Os UNRESOLVED: objc/execute/class-2.m execution, -Os FAIL: objc/execute/class-3.m compilation, -O2 UNRESOLVED: objc/execute/class-3.m execution, -O2 FAIL: objc/execute/class-3.m compilation, -O3 -fomit-frame-pointer UNRESOLVED: objc/execute/class-3.m execution, -O3 -fomit-frame-pointer FAIL: objc/execute/class-3.m compilation, -O3 -g UNRESOLVED: objc/execute/class-3.m execution, -O3 -g FAIL: objc/execute/class-3.m compilation, -Os UNRESOLVED: objc/execute/class-3.m execution, -Os FAIL: objc/execute/class-4.m compilation, -O2 UNRESOLVED: objc/execute/class-4.m execution, -O2 FAIL: objc/execute/class-4.m compilation, -O3 -fomit-frame-pointer UNRESOLVED: objc/execute/class-4.m execution, -O3 -fomit-frame-pointer FAIL: objc/execute/class-4.m compilation, -O3 -g UNRESOLVED: objc/execute/class-4.m execution, -O3 -g FAIL: objc/execute/class-4.m compilation, -Os UNRESOLVED: objc/execute/class-4.m execution, -Os FAIL: objc/execute/class-5.m compilation, -O2 UNRESOLVED: objc/execute/class-5.m execution, -O2 FAIL: objc/execute/class-5.m compilation, -O3 -fomit-frame-pointer UNRESOLVED: objc/execute/class-5.m execution, -O3 -fomit-frame-pointer FAIL: objc/execute/class-5.m compilation, -O3 -g UNRESOLVED: objc/execute/class-5.m execution, -O3 -g FAIL: objc/execute/class-5.m compilation, -Os UNRESOLVED: objc/execute/class-5.m execution, -Os FAIL: objc/execute/class-6.m compilation, -O2 UNRESOLVED: objc/execute/class-6.m execution, -O2 FAIL: objc/execute/class-6.m compilation, -O3 -fomit-frame-pointer UNRESOLVED: objc/execute/class-6.m execution, -O3 -fomit-frame-pointer FAIL: objc/execute/class-6.m compilation, -O3 -g UNRESOLVED: objc/execute/class-6.m execution, -O3 -g FAIL: objc/execute/class-6.m compilation, -Os UNRESOLVED: objc/execute/class-6.m execution, -Os FAIL: objc/execute/class-7.m compilation, -O2 UNRESOLVED: objc/execute/class-7.m execution, -O2 FAIL: objc/execute/class-7.m compilation, -O3 -fomit-frame-pointer UNRESOLVED: objc/execute/class-7.m execution, -O3 -fomit-frame-pointer FAIL: objc/execute/class-7.m compilation, -O3 -g UNRESOLVED: objc/execute/class-7.m execution, -O3 -g FAIL: objc/execute/class-7.m compilation, -Os UNRESOLVED: objc/execute/class-7.m execution, -Os FAIL: objc/execute/class-8.m compilation, -O2 UNRESOLVED: objc/execute/class-8.m execution, -O2 FAIL: objc/execute/class-8.m compilation, -O3 -fomit-frame-pointer UNRESOLVED: objc/execute/class-8.m execution, -O3 -fomit-frame-pointer FAIL: objc/execute/class-8.m compilation, -O3 -g UNRESOLVED: objc/execute/class-8.m execution, -O3 -g FAIL: objc/execute/class-8.m compilation, -Os UNRESOLVED: objc/execute/class-8.m execution, -Os FAIL: objc/execute/class-9.m compilation, -O2 UNRESOLVED: objc/execute/class-9.m execution, -O2 FAIL: objc/execute/class-9.m compilation, -O3 -fomit-frame-pointer UNRESOLVED: objc/execute/class-9.m execution, -O3 -fomit-frame-pointer FAIL: objc/execute/class-9.m compilation, -O3 -g UNRESOLVED: objc/execute/class-9.m execution, -O3 -g FAIL: objc/execute/class-9.m compilation, -Os UNRESOLVED: objc/execute/class-9.m execution, -Os FAIL: objc/execute/class_self-1.m compilation, -O2 UNRESOLVED: objc/execute/class_self-1.m execution, -O2 FAIL: objc/execute/class_self-1.m compilation, -O3 -fomit-frame-pointer UNRESOLVED: objc/execute/class_self-1.m execution, -O3 -fomit-frame-pointer FAIL: objc/execute/class_self-1.m compilation, -O3 -g UNRESOLVED: objc/execute/class_self-1.m execution, -O3 -g FAIL: objc/execute/class_self-1.m compilation, -Os UNRESOLVED: objc/execute/class_self-1.m execution, -Os FAIL: objc/execute/class_self-2.m compilation, -O2 UNRESOLVED: objc/execute/class_self-2.m execution, -O2 FAIL: objc/execute/class_self-2.m compilation, -O3 -fomit-frame-pointer UNRESOLVED: objc/execute/class_self-2.m execution, -O3 -fomit-frame-pointer FAIL: objc/execute/class_self-2.m compilation, -O3 -g UNRESOLVED: objc/execute/class_self-2.m execution, -O3 -g FAIL: objc/execute/class_self-2.m compilation, -Os UNRESOLVED: objc/execute/class_self-2.m execution, -Os FAIL: objc/execute/enumeration-1.m compilation, -O2 UNRESOLVED: objc/execute/enumeration-1.m execution, -O2 FAIL: objc/execute/enumeration-1.m compilation, -O3 -fomit-frame-pointer UNRESOLVED: objc/execute/enumeration-1.m execution, -O3 -fomit-frame-pointer FAIL: objc/execute/enumeration-1.m compilation, -O3 -g UNRESOLVED: objc/execute/enumeration-1.m execution, -O3 -g FAIL: objc/execute/enumeration-1.m compilation, -Os UNRESOLVED: objc/execute/enumeration-1.m execution, -Os FAIL: objc/execute/enumeration-2.m compilation, -O2 UNRESOLVED: objc/execute/enumeration-2.m execution, -O2 FAIL: objc/execute/enumeration-2.m compilation, -O3 -fomit-frame-pointer UNRESOLVED: objc/execute/enumeration-2.m execution, -O3 -fomit-frame-pointer FAIL: objc/execute/enumeration-2.m compilation, -O3 -g UNRESOLVED: objc/execute/enumeration-2.m execution, -O3 -g FAIL: objc/execute/enumeration-2.m compilation, -Os UNRESOLVED: objc/execute/enumeration-2.m execution, -Os FAIL: objc/execute/fdecl.m compilation, -O2 UNRESOLVED: objc/execute/fdecl.m execution, -O2 FAIL: objc/execute/fdecl.m compilation, -O3 -fomit-frame-pointer UNRESOLVED: objc/execute/fdecl.m execution, -O3 -fomit-frame-pointer FAIL: objc/execute/fdecl.m compilation, -O3 -g UNRESOLVED: objc/execute/fdecl.m execution, -O3 -g FAIL: objc/execute/fdecl.m compilation, -Os UNRESOLVED: objc/execute/fdecl.m execution, -Os FAIL: objc/execute/formal_protocol-1.m compilation, -O2 UNRESOLVED: objc/execute/formal_protocol-1.m execution, -O2 FAIL: objc/execute/formal_protocol-1.m compilation, -O3 -fomit-frame-pointer UNRESOLVED: objc/execute/formal_protocol-1.m execution, -O3 -fomit-frame-pointer FAIL: objc/execute/formal_protocol-1.m compilation, -O3 -g UNRESOLVED: objc/execute/formal_protocol-1.m execution, -O3 -g FAIL: objc/execute/formal_protocol-1.m compilation, -Os UNRESOLVED: objc/execute/formal_protocol-1.m execution, -Os FAIL: objc/execute/formal_protocol-2.m compilation, -O2 UNRESOLVED: objc/execute/formal_protocol-2.m execution, -O2 FAIL: objc/execute/formal_protocol-2.m compilation, -O3 -fomit-frame-pointer UNRESOLVED: objc/execute/formal_protocol-2.m execution, -O3 -fomit-frame-pointer FAIL: objc/execute/formal_protocol-2.m compilation, -O3 -g UNRESOLVED: objc/execute/formal_protocol-2.m execution, -O3 -g FAIL: objc/execute/formal_protocol-2.m compilation, -Os UNRESOLVED: objc/execute/formal_protocol-2.m execution, -Os FAIL: objc/execute/formal_protocol-3.m compilation, -O2 UNRESOLVED: objc/execute/formal_protocol-3.m execution, -O2 FAIL: objc/execute/formal_protocol-3.m compilation, -O3 -fomit-frame-pointer UNRESOLVED: objc/execute/formal_protocol-3.m execution, -O3 -fomit-frame-pointer FAIL: objc/execute/formal_protocol-3.m compilation, -O3 -g UNRESOLVED: objc/execute/formal_protocol-3.m execution, -O3 -g FAIL: objc/execute/formal_protocol-3.m compilation, -Os UNRESOLVED: objc/execute/formal_protocol-3.m execution, -Os FAIL: objc/execute/formal_protocol-4.m compilation, -O2 UNRESOLVED: objc/execute/formal_protocol-4.m execution, -O2 FAIL: objc/execute/formal_protocol-4.m compilation, -O3 -fomit-frame-pointer UNRESOLVED: objc/execute/formal_protocol-4.m execution, -O3 -fomit-frame-pointer FAIL: objc/execute/formal_protocol-4.m compilation, -O3 -g UNRESOLVED: objc/execute/formal_protocol-4.m execution, -O3 -g FAIL: objc/execute/formal_protocol-4.m compilation, -Os UNRESOLVED: objc/execute/formal_protocol-4.m execution, -Os FAIL: objc/execute/formal_protocol-5.m compilation, -O2 UNRESOLVED: objc/execute/formal_protocol-5.m execution, -O2 FAIL: objc/execute/formal_protocol-5.m compilation, -O3 -fomit-frame-pointer UNRESOLVED: objc/execute/formal_protocol-5.m execution, -O3 -fomit-frame-pointer FAIL: objc/execute/formal_protocol-5.m compilation, -O3 -g UNRESOLVED: objc/execute/formal_protocol-5.m execution, -O3 -g FAIL: objc/execute/formal_protocol-5.m compilation, -Os UNRESOLVED: objc/execute/formal_protocol-5.m execution, -Os FAIL: objc/execute/formal_protocol-6.m compilation, -O2 UNRESOLVED: objc/execute/formal_protocol-6.m execution, -O2 FAIL: objc/execute/formal_protocol-6.m compilation, -O3 -fomit-frame-pointer UNRESOLVED: objc/execute/formal_protocol-6.m execution, -O3 -fomit-frame-pointer FAIL: objc/execute/formal_protocol-6.m compilation, -O3 -g UNRESOLVED: objc/execute/formal_protocol-6.m execution, -O3 -g FAIL: objc/execute/formal_protocol-6.m compilation, -Os UNRESOLVED: objc/execute/formal_protocol-6.m execution, -Os FAIL: objc/execute/formal_protocol-7.m compilation, -O2 UNRESOLVED: objc/execute/formal_protocol-7.m execution, -O2 FAIL: objc/execute/formal_protocol-7.m compilation, -O3 -fomit-frame-pointer UNRESOLVED: objc/execute/formal_protocol-7.m execution, -O3 -fomit-frame-pointer FAIL: objc/execute/formal_protocol-7.m compilation, -O3 -g UNRESOLVED: objc/execute/formal_protocol-7.m execution, -O3 -g FAIL: objc/execute/formal_protocol-7.m compilation, -Os UNRESOLVED: objc/execute/formal_protocol-7.m execution, -Os FAIL: objc/execute/function-message-1.m compilation, -O2 UNRESOLVED: objc/execute/function-message-1.m execution, -O2 FAIL: objc/execute/function-message-1.m compilation, -O3 -fomit-frame-pointer UNRESOLVED: objc/execute/function-message-1.m execution, -O3 -fomit-frame-pointer FAIL: objc/execute/function-message-1.m compilation, -O3 -g UNRESOLVED: objc/execute/function-message-1.m execution, -O3 -g FAIL: objc/execute/function-message-1.m compilation, -Os UNRESOLVED: objc/execute/function-message-1.m execution, -Os FAIL: objc/execute/initialize.m compilation, -O2 UNRESOLVED: objc/execute/initialize.m execution, -O2 FAIL: objc/execute/initialize.m compilation, -O3 -fomit-frame-pointer UNRESOLVED: objc/execute/initialize.m execution, -O3 -fomit-frame-pointer FAIL: objc/execute/initialize.m compilation, -O3 -g UNRESOLVED: objc/execute/initialize.m execution, -O3 -g FAIL: objc/execute/initialize.m compilation, -Os UNRESOLVED: objc/execute/initialize.m execution, -Os FAIL: objc/execute/load-2.m compilation, -O2 UNRESOLVED: objc/execute/load-2.m execution, -O2 FAIL: objc/execute/load-2.m compilation, -O3 -fomit-frame-pointer UNRESOLVED: objc/execute/load-2.m execution, -O3 -fomit-frame-pointer FAIL: objc/execute/load-2.m compilation, -O3 -g UNRESOLVED: objc/execute/load-2.m execution, -O3 -g FAIL: objc/execute/load-2.m compilation, -Os UNRESOLVED: objc/execute/load-2.m execution, -Os FAIL: objc/execute/load-3.m compilation, -O2 UNRESOLVED: objc/execute/load-3.m execution, -O2 FAIL: objc/execute/load-3.m compilation, -O3 -fomit-frame-pointer UNRESOLVED: objc/execute/load-3.m execution, -O3 -fomit-frame-pointer FAIL: objc/execute/load-3.m compilation, -O3 -fomit-frame-pointer -funroll-loops UNRESOLVED: objc/execute/load-3.m execution, -O3 -fomit-frame-pointer -funroll-loops FAIL: objc/execute/load-3.m compilation, -O3 -fomit-frame-pointer -funroll-all-loops -finline-functions UNRESOLVED: objc/execute/load-3.m execution, -O3 -fomit-frame-pointer -funroll-all-loops -finline-functions FAIL: objc/execute/load-3.m compilation, -O3 -g UNRESOLVED: objc/execute/load-3.m execution, -O3 -g FAIL: objc/execute/load-3.m compilation, -Os UNRESOLVED: objc/execute/load-3.m execution, -Os FAIL: objc/execute/load.m compilation, -O2 UNRESOLVED: objc/execute/load.m execution, -O2 FAIL: objc/execute/load.m compilation, -O3 -fomit-frame-pointer UNRESOLVED: objc/execute/load.m execution, -O3 -fomit-frame-pointer FAIL: objc/execute/load.m compilation, -O3 -g UNRESOLVED: objc/execute/load.m execution, -O3 -g FAIL: objc/execute/load.m compilation, -Os UNRESOLVED: objc/execute/load.m execution, -Os FAIL: objc/execute/many_args_method.m compilation, -O2 UNRESOLVED: objc/execute/many_args_method.m execution, -O2 FAIL: objc/execute/many_args_method.m compilation, -O3 -fomit-frame-pointer UNRESOLVED: objc/execute/many_args_method.m execution, -O3 -fomit-frame-pointer FAIL: objc/execute/many_args_method.m compilation, -O3 -g UNRESOLVED: objc/execute/many_args_method.m execution, -O3 -g FAIL: objc/execute/many_args_method.m compilation, -Os UNRESOLVED: objc/execute/many_args_method.m execution, -Os FAIL: objc/execute/nested-3.m compilation, -O2 UNRESOLVED: objc/execute/nested-3.m execution, -O2 FAIL: objc/execute/nested-3.m compilation, -O3 -fomit-frame-pointer UNRESOLVED: objc/execute/nested-3.m execution, -O3 -fomit-frame-pointer FAIL: objc/execute/nested-3.m compilation, -O3 -g UNRESOLVED: objc/execute/nested-3.m execution, -O3 -g FAIL: objc/execute/nested-3.m compilation, -Os UNRESOLVED: objc/execute/nested-3.m execution, -Os FAIL: objc/execute/no_clash.m compilation, -O2 UNRESOLVED: objc/execute/no_clash.m execution, -O2 FAIL: objc/execute/no_clash.m compilation, -O3 -fomit-frame-pointer UNRESOLVED: objc/execute/no_clash.m execution, -O3 -fomit-frame-pointer FAIL: objc/execute/no_clash.m compilation, -O3 -g UNRESOLVED: objc/execute/no_clash.m execution, -O3 -g FAIL: objc/execute/no_clash.m compilation, -Os UNRESOLVED: objc/execute/no_clash.m execution, -Os FAIL: objc/execute/np-1.m compilation, -O2 UNRESOLVED: objc/execute/np-1.m execution, -O2 FAIL: objc/execute/np-1.m compilation, -O3 -fomit-frame-pointer UNRESOLVED: objc/execute/np-1.m execution, -O3 -fomit-frame-pointer FAIL: objc/execute/np-1.m compilation, -O3 -g UNRESOLVED: objc/execute/np-1.m execution, -O3 -g FAIL: objc/execute/np-1.m compilation, -Os UNRESOLVED: objc/execute/np-1.m execution, -Os FAIL: objc/execute/np-2.m compilation, -O2 UNRESOLVED: objc/execute/np-2.m execution, -O2 FAIL: objc/execute/np-2.m compilation, -O3 -fomit-frame-pointer UNRESOLVED: objc/execute/np-2.m execution, -O3 -fomit-frame-pointer FAIL: objc/execute/np-2.m compilation, -O3 -g UNRESOLVED: objc/execute/np-2.m execution, -O3 -g FAIL: objc/execute/np-2.m compilation, -Os UNRESOLVED: objc/execute/np-2.m execution, -Os FAIL: objc/execute/object_is_class.m compilation, -O2 UNRESOLVED: objc/execute/object_is_class.m execution, -O2 FAIL: objc/execute/object_is_class.m compilation, -O3 -fomit-frame-pointer UNRESOLVED: objc/execute/object_is_class.m execution, -O3 -fomit-frame-pointer FAIL: objc/execute/object_is_class.m compilation, -O3 -g UNRESOLVED: objc/execute/object_is_class.m execution, -O3 -g FAIL: objc/execute/object_is_class.m compilation, -Os UNRESOLVED: objc/execute/object_is_class.m execution, -Os FAIL: objc/execute/object_is_meta_class.m compilation, -O2 UNRESOLVED: objc/execute/object_is_meta_class.m execution, -O2 FAIL: objc/execute/object_is_meta_class.m compilation, -O3 -fomit-frame-pointer UNRESOLVED: objc/execute/object_is_meta_class.m execution, -O3 -fomit-frame-pointer FAIL: objc/execute/object_is_meta_class.m compilation, -O3 -g UNRESOLVED: objc/execute/object_is_meta_class.m execution, -O3 -g FAIL: objc/execute/object_is_meta_class.m compilation, -Os UNRESOLVED: objc/execute/object_is_meta_class.m execution, -Os FAIL: objc/execute/private.m compilation, -O2 UNRESOLVED: objc/execute/private.m execution, -O2 FAIL: objc/execute/private.m compilation, -O3 -fomit-frame-pointer UNRESOLVED: objc/execute/private.m execution, -O3 -fomit-frame-pointer FAIL: objc/execute/private.m compilation, -O3 -g UNRESOLVED: objc/execute/private.m execution, -O3 -g FAIL: objc/execute/private.m compilation, -Os UNRESOLVED: objc/execute/private.m execution, -Os FAIL: objc/execute/protocol-isEqual-1.m compilation, -O2 UNRESOLVED: objc/execute/protocol-isEqual-1.m execution, -O2 FAIL: objc/execute/protocol-isEqual-1.m compilation, -O3 -fomit-frame-pointer UNRESOLVED: objc/execute/protocol-isEqual-1.m execution, -O3 -fomit-frame-pointer FAIL: objc/execute/protocol-isEqual-1.m compilation, -O3 -g UNRESOLVED: objc/execute/protocol-isEqual-1.m execution, -O3 -g FAIL: objc/execute/protocol-isEqual-1.m compilation, -Os UNRESOLVED: objc/execute/protocol-isEqual-1.m execution, -Os FAIL: objc/execute/protocol-isEqual-2.m compilation, -O2 UNRESOLVED: objc/execute/protocol-isEqual-2.m execution, -O2 FAIL: objc/execute/protocol-isEqual-2.m compilation, -O3 -fomit-frame-pointer UNRESOLVED: objc/execute/protocol-isEqual-2.m execution, -O3 -fomit-frame-pointer FAIL: objc/execute/protocol-isEqual-2.m compilation, -O3 -g UNRESOLVED: objc/execute/protocol-isEqual-2.m execution, -O3 -g FAIL: objc/execute/protocol-isEqual-2.m compilation, -Os UNRESOLVED: objc/execute/protocol-isEqual-2.m execution, -Os FAIL: objc/execute/protocol-isEqual-3.m compilation, -O2 UNRESOLVED: objc/execute/protocol-isEqual-3.m execution, -O2 FAIL: objc/execute/protocol-isEqual-3.m compilation, -O3 -fomit-frame-pointer UNRESOLVED: objc/execute/protocol-isEqual-3.m execution, -O3 -fomit-frame-pointer FAIL: objc/execute/protocol-isEqual-3.m compilation, -O3 -g UNRESOLVED: objc/execute/protocol-isEqual-3.m execution, -O3 -g FAIL: objc/execute/protocol-isEqual-3.m compilation, -Os UNRESOLVED: objc/execute/protocol-isEqual-3.m execution, -Os FAIL: objc/execute/protocol-isEqual-4.m compilation, -O2 UNRESOLVED: objc/execute/protocol-isEqual-4.m execution, -O2 FAIL: objc/execute/protocol-isEqual-4.m compilation, -O3 -fomit-frame-pointer UNRESOLVED: objc/execute/protocol-isEqual-4.m execution, -O3 -fomit-frame-pointer FAIL: objc/execute/protocol-isEqual-4.m compilation, -O3 -g UNRESOLVED: objc/execute/protocol-isEqual-4.m execution, -O3 -g FAIL: objc/execute/protocol-isEqual-4.m compilation, -Os UNRESOLVED: objc/execute/protocol-isEqual-4.m execution, -Os FAIL: objc/execute/protocol.m compilation, -O2 UNRESOLVED: objc/execute/protocol.m execution, -O2 FAIL: objc/execute/protocol.m compilation, -O3 -fomit-frame-pointer UNRESOLVED: objc/execute/protocol.m execution, -O3 -fomit-frame-pointer FAIL: objc/execute/protocol.m compilation, -O3 -g UNRESOLVED: objc/execute/protocol.m execution, -O3 -g FAIL: objc/execute/protocol.m compilation, -Os UNRESOLVED: objc/execute/protocol.m execution, -Os FAIL: objc/execute/redefining_self.m compilation, -O2 UNRESOLVED: objc/execute/redefining_self.m execution, -O2 FAIL: objc/execute/redefining_self.m compilation, -O3 -fomit-frame-pointer UNRESOLVED: objc/execute/redefining_self.m execution, -O3 -fomit-frame-pointer FAIL: objc/execute/redefining_self.m compilation, -O3 -g UNRESOLVED: objc/execute/redefining_self.m execution, -O3 -g FAIL: objc/execute/redefining_self.m compilation, -Os UNRESOLVED: objc/execute/redefining_self.m execution, -Os FAIL: objc/execute/root_methods.m compilation, -O2 UNRESOLVED: objc/execute/root_methods.m execution, -O2 FAIL: objc/execute/root_methods.m compilation, -O3 -fomit-frame-pointer UNRESOLVED: objc/execute/root_methods.m execution, -O3 -fomit-frame-pointer FAIL: objc/execute/root_methods.m compilation, -O3 -g UNRESOLVED: objc/execute/root_methods.m execution, -O3 -g FAIL: objc/execute/root_methods.m compilation, -Os UNRESOLVED: objc/execute/root_methods.m execution, -Os FAIL: objc/execute/static-1.m compilation, -O2 UNRESOLVED: objc/execute/static-1.m execution, -O2 FAIL: objc/execute/static-1.m compilation, -O3 -fomit-frame-pointer UNRESOLVED: objc/execute/static-1.m execution, -O3 -fomit-frame-pointer FAIL: objc/execute/static-1.m compilation, -O3 -g UNRESOLVED: objc/execute/static-1.m execution, -O3 -g FAIL: objc/execute/static-1.m compilation, -Os UNRESOLVED: objc/execute/static-1.m execution, -Os FAIL: objc/execute/static-2.m compilation, -O2 UNRESOLVED: objc/execute/static-2.m execution, -O2 FAIL: objc/execute/static-2.m compilation, -O3 -fomit-frame-pointer UNRESOLVED: objc/execute/static-2.m execution, -O3 -fomit-frame-pointer FAIL: objc/execute/static-2.m compilation, -O3 -g UNRESOLVED: objc/execute/static-2.m execution, -O3 -g FAIL: objc/execute/static-2.m compilation, -Os UNRESOLVED: objc/execute/static-2.m execution, -Os FAIL: objc/execute/va_method.m compilation, -O2 UNRESOLVED: objc/execute/va_method.m execution, -O2 FAIL: objc/execute/va_method.m compilation, -O3 -fomit-frame-pointer UNRESOLVED: objc/execute/va_method.m execution, -O3 -fomit-frame-pointer FAIL: objc/execute/va_method.m compilation, -O3 -fomit-frame-pointer -funroll-loops UNRESOLVED: objc/execute/va_method.m execution, -O3 -fomit-frame-pointer -funroll-loops FAIL: objc/execute/va_method.m compilation, -O3 -fomit-frame-pointer -funroll-all-loops -finline-functions UNRESOLVED: objc/execute/va_method.m execution, -O3 -fomit-frame-pointer -funroll-all-loops -finline-functions FAIL: objc/execute/va_method.m compilation, -O3 -g UNRESOLVED: objc/execute/va_method.m execution, -O3 -g FAIL: objc/execute/va_method.m compilation, -Os UNRESOLVED: objc/execute/va_method.m execution, -Os === objc Summary === # of expected passes 788 # of unexpected failures 308 # of unresolved testcases 308 # of unsupported tests 7 /amnt/figaro/volumes/obj-gcc/gcc/obj.sol86/gcc-3.5.0-20040714/10-gcc/gcc/xgcc version 3.5.0 20040714 (experimental) === libffi tests === Running target unix === libffi Summary === # of expected passes 212 # of unsupported tests 2 === libjava tests === Running target unix ERROR: tcl error sourcing /vol/gnu/src/gcc/gcc-dist/libjava/testsuite/libjava.compile/compile.exp. ERROR: can't read "x": no such variable FAIL: FileHandleGcTest execution - source compiled test FAIL: FileHandleGcTest execution - gij test FAIL: FileHandleGcTest execution - bytecode->native test FAIL: FileHandleGcTest -O3 execution - source compiled test FAIL: FileHandleGcTest execution - gij test FAIL: FileHandleGcTest -O3 execution - bytecode->native test FAIL: Throw_2 execution - source compiled test FAIL: Throw_2 execution - gij test FAIL: Throw_2 execution - bytecode->native test FAIL: Throw_2 -O3 execution - source compiled test FAIL: Throw_2 execution - gij test FAIL: Throw_2 -O3 execution - bytecode->native test FAIL: pr83 -O3 compilation from bytecode === libjava Summary === # of expected passes 2847 # of unexpected failures 13 # of expected failures 10 # of untested testcases 22 === libstdc++ tests === Running target unix FAIL: 23_containers/deque/invalidation/3.cc (test for excess errors) WARNING: 23_containers/deque/invalidation/3.cc compilation failed to produce executable FAIL: 23_containers/list/invalidation/3.cc (test for excess errors) WARNING: 23_containers/list/invalidation/3.cc compilation failed to produce executable FAIL: 23_containers/multimap/invalidation/2.cc (test for excess errors) WARNING: 23_containers/multimap/invalidation/2.cc compilation failed to produce executable FAIL: 23_containers/multiset/invalidation/2.cc (test for excess errors) WARNING: 23_containers/multiset/invalidation/2.cc compilation failed to produce executable FAIL: 23_containers/set/invalidation/2.cc (test for excess errors) WARNING: 23_containers/set/invalidation/2.cc compilation failed to produce executable FAIL: 23_containers/vector/invalidation/3.cc (test for excess errors) WARNING: 23_containers/vector/invalidation/3.cc compilation failed to produce executable FAIL: 23_containers/vector/invalidation/4.cc (test for excess errors) WARNING: 23_containers/vector/invalidation/4.cc compilation failed to produce executable FAIL: 26_numerics/cmath/c99_classification_macros_c++.cc (test for excess errors) FAIL: 26_numerics/cmath/c99_classification_macros_c.cc (test for excess errors) FAIL: 27_io/basic_istream/extractors_arithmetic/char/12.cc execution test FAIL: ext/14648.cc (test for excess errors) WARNING: ext/14648.cc compilation failed to produce executable FAIL: ext/rope/1.cc (test for excess errors) WARNING: ext/rope/1.cc compilation failed to produce executable FAIL: ext/rope/2.cc (test for excess errors) WARNING: ext/rope/2.cc compilation failed to produce executable FAIL: ext/rope/3.cc (test for excess errors) WARNING: ext/rope/3.cc compilation failed to produce executable FAIL: thread/pthread7-rope.cc (test for excess errors) WARNING: thread/pthread7-rope.cc compilation failed to produce executable === libstdc++ Summary === # of expected passes 2777 # of unexpected failures 15 # of expected failures 6 Compiler version: 3.5.0 20040714 (experimental) Platform: i386-pc-solaris2.10 configure flags: --prefix=/vol/gcc --with-local-prefix=/vol/gcc --disable-nls --disable-libmudflap --enable-languages=c,c++,java,objc
Index Nav: | [Date Index] [Subject Index] [Author Index] [Thread Index] | |
---|---|---|
Message Nav: | [Date Prev] [Date Next] | [Thread Prev] [Thread Next] |