This is the mail archive of the
gcc-testresults@gcc.gnu.org
mailing list for the GCC project.
Results for gcc testsuite on i686-pc-linux-gnu
- From: Kai Henningsen <kai at khms dot westfalen dot de>
- To: gcc-testresults at gcc dot gnu dot org
- Date: Sun, 11 Jul 2004 22:12:50 +0200
- Subject: Results for gcc testsuite on i686-pc-linux-gnu
LAST_UPDATED: So Jul 11 16:42:14 UTC 2004
Native configuration is i686-pc-linux-gnu
=== gcc tests ===
Running target unix
FAIL: gcc.c-torture/compile/20010605-2.c -O0 (test for excess errors)
FAIL: gcc.c-torture/compile/20010605-2.c -O1 (test for excess errors)
FAIL: gcc.c-torture/compile/20010605-2.c -O2 (test for excess errors)
FAIL: gcc.c-torture/compile/20010605-2.c -O3 -fomit-frame-pointer (test for excess errors)
FAIL: gcc.c-torture/compile/20010605-2.c -O3 -g (test for excess errors)
FAIL: gcc.c-torture/compile/20010605-2.c -Os (test for excess errors)
FAIL: gcc.c-torture/compile/950613-1.c -O1 (test for excess errors)
FAIL: gcc.c-torture/compile/950613-1.c -Os (test for excess errors)
FAIL: gcc.c-torture/execute/va-arg-25.c execution, -Os
ERROR: ./tmp.x does not exist in unix_load.
UNRESOLVED: gcc.dg/charset/asm1.c
ERROR: ./tmp.x does not exist in unix_load.
UNRESOLVED: gcc.dg/charset/asm2.c
ERROR: ./tmp.x does not exist in unix_load.
UNRESOLVED: gcc.dg/charset/asm3.c
ERROR: ./tmp.x does not exist in unix_load.
UNRESOLVED: gcc.dg/charset/asm4.c
ERROR: ./tmp.x does not exist in unix_load.
UNRESOLVED: gcc.dg/charset/asm5.c
ERROR: ./tmp.x does not exist in unix_load.
UNRESOLVED: gcc.dg/charset/attribute1.c
ERROR: ./tmp.x does not exist in unix_load.
UNRESOLVED: gcc.dg/charset/attribute2.c
ERROR: ./tmp.x does not exist in unix_load.
UNRESOLVED: gcc.dg/charset/extern.c
ERROR: ./tmp.x does not exist in unix_load.
UNRESOLVED: gcc.dg/charset/function.c
ERROR: ./tmp.x does not exist in unix_load.
UNRESOLVED: gcc.dg/charset/string.c
FAIL: gcc.dg/cpp/19990413-1.c error on this line (test for errors, line 12)
FAIL: gcc.dg/cpp/19990413-1.c (test for excess errors)
FAIL: gcc.dg/cpp/Wmissingdirs.c -Wmissing-include-dirs (test for warnings, line )
FAIL: gcc.dg/cpp/Wmissingdirs.c (test for excess errors)
FAIL: gcc.dg/cpp/digraph2.c (test for errors, line 12)
FAIL: gcc.dg/cpp/digraph2.c (test for excess errors)
FAIL: gcc.dg/cpp/direct2.c not a comment (test for errors, line 36)
FAIL: gcc.dg/cpp/direct2.c (test for excess errors)
FAIL: gcc.dg/cpp/direct2s.c (test for excess errors)
FAIL: gcc.dg/cpp/paste4.c (test for excess errors)
FAIL: gcc.dg/cpp/separate-1.c error on this line (test for errors, line 11)
FAIL: gcc.dg/cpp/separate-1.c error on this line (test for errors, line 14)
FAIL: gcc.dg/cpp/separate-1.c (test for excess errors)
FAIL: gcc.dg/debug/dwarf2/dwarf-die7.c scan-assembler 1.*DW_AT_inline
FAIL: gcc.dg/Wdeclaration-after-statement-1.c declaration after statement (test for warnings, line 19)
FAIL: gcc.dg/Wdeclaration-after-statement-1.c declaration after statement (test for warnings, line 22)
FAIL: gcc.dg/Wdeclaration-after-statement-1.c (test for excess errors)
FAIL: gcc.dg/Wdeclaration-after-statement-2.c declaration-after-statement (test for warnings, line 19)
FAIL: gcc.dg/Wdeclaration-after-statement-2.c declaration-after-statement (test for warnings, line 22)
FAIL: gcc.dg/Wdeclaration-after-statement-2.c (test for excess errors)
FAIL: gcc.dg/attr-alias-1.c (test for warnings, line 6)
FAIL: gcc.dg/attr-alias-1.c (test for excess errors)
FAIL: gcc.dg/attr-invalid.c (test for warnings, line 12)
FAIL: gcc.dg/attr-invalid.c (test for warnings, line 14)
FAIL: gcc.dg/attr-invalid.c (test for warnings, line 17)
FAIL: gcc.dg/attr-invalid.c (test for warnings, line 20)
FAIL: gcc.dg/attr-invalid.c (test for warnings, line 23)
FAIL: gcc.dg/attr-invalid.c (test for warnings, line 26)
FAIL: gcc.dg/attr-invalid.c (test for warnings, line 29)
FAIL: gcc.dg/attr-invalid.c (test for warnings, line 30)
FAIL: gcc.dg/attr-invalid.c (test for warnings, line 38)
FAIL: gcc.dg/attr-invalid.c (test for warnings, line 40)
FAIL: gcc.dg/attr-invalid.c (test for warnings, line 43)
FAIL: gcc.dg/attr-invalid.c (test for warnings, line 49)
FAIL: gcc.dg/attr-invalid.c (test for warnings, line 52)
FAIL: gcc.dg/attr-invalid.c (test for warnings, line 56)
FAIL: gcc.dg/attr-invalid.c (test for excess errors)
FAIL: gcc.dg/attr-nest.c (test for warnings, line 16)
FAIL: gcc.dg/attr-nest.c (test for warnings, line 17)
FAIL: gcc.dg/attr-nest.c (test for excess errors)
FAIL: gcc.dg/attr-used-2.c (test for excess errors)
FAIL: gcc.dg/attr-warn-unused-result.c (test for warnings, line 14)
FAIL: gcc.dg/attr-warn-unused-result.c (test for excess errors)
FAIL: gcc.dg/c90-const-expr-3.c (test for excess errors)
FAIL: gcc.dg/c90-restrict-1.c (test for excess errors)
FAIL: gcc.dg/c99-arraydecl-2.c bad array declarator (test for errors, line 10)
FAIL: gcc.dg/c99-arraydecl-2.c bad array declarator (test for errors, line 11)
FAIL: gcc.dg/c99-arraydecl-2.c bad array declarator (test for errors, line 12)
FAIL: gcc.dg/c99-arraydecl-2.c bad array declarator (test for errors, line 13)
FAIL: gcc.dg/c99-arraydecl-2.c bad array declarator (test for errors, line 14)
FAIL: gcc.dg/c99-arraydecl-2.c bad array declarator (test for errors, line 15)
FAIL: gcc.dg/c99-arraydecl-2.c (test for excess errors)
FAIL: gcc.dg/c99-const-expr-3.c (test for excess errors)
FAIL: gcc.dg/c99-func-2.c before string constant (test for errors, line 9)
FAIL: gcc.dg/c99-func-2.c (test for excess errors)
FAIL: gcc.dg/cleanup-1.c (test for warnings, line 32)
FAIL: gcc.dg/cleanup-1.c (test for warnings, line 35)
FAIL: gcc.dg/cleanup-1.c (test for warnings, line 36)
FAIL: gcc.dg/cleanup-1.c (test for excess errors)
FAIL: gcc.dg/concat.c (test for errors, line 13)
FAIL: gcc.dg/concat.c (test for errors, line 14)
FAIL: gcc.dg/concat.c (test for excess errors)
FAIL: gcc.dg/divbyzero.c (test for warnings, line 12)
FAIL: gcc.dg/divbyzero.c (test for warnings, line 13)
FAIL: gcc.dg/divbyzero.c (test for warnings, line 14)
FAIL: gcc.dg/divbyzero.c (test for excess errors)
XPASS: gcc.dg/i386-ssetype-1.c scan-assembler-not movdqa
XPASS: gcc.dg/i386-ssetype-3.c scan-assembler-not movdqa
FAIL: gcc.dg/noreturn-4.c warn for main (test for warnings, line 8)
FAIL: gcc.dg/noreturn-4.c (test for excess errors)
FAIL: gcc.dg/pack-test-3.c (test for warnings, line 36)
FAIL: gcc.dg/pack-test-3.c (test for warnings, line 37)
FAIL: gcc.dg/pack-test-3.c (test for warnings, line 43)
FAIL: gcc.dg/pack-test-3.c (test for excess errors)
XPASS: gcc.dg/setjmp-1.c spurious clobbered warning (test for bogus messages, line 16)
FAIL: gcc.dg/switch-2.c (test for errors, line 10)
FAIL: gcc.dg/switch-2.c (test for excess errors)
FAIL: gcc.dg/va-arg-3.c (test for excess errors)
FAIL: gcc.dg/format/attr-3.c bad format (test for errors, line 15)
FAIL: gcc.dg/format/attr-3.c bad format (test for errors, line 16)
FAIL: gcc.dg/format/attr-3.c bad format (test for errors, line 17)
FAIL: gcc.dg/format/attr-3.c bad format (test for errors, line 18)
FAIL: gcc.dg/format/attr-3.c bad format (test for errors, line 19)
FAIL: gcc.dg/format/attr-3.c bad format_arg (test for errors, line 21)
FAIL: gcc.dg/format/attr-3.c bad format_arg (test for errors, line 22)
FAIL: gcc.dg/format/attr-3.c bad format_arg (test for errors, line 23)
FAIL: gcc.dg/format/attr-3.c (test for excess errors)
FAIL: gcc.dg/format/attr-3.c -DWIDE bad format (test for errors, line 15)
FAIL: gcc.dg/format/attr-3.c -DWIDE bad format (test for errors, line 16)
FAIL: gcc.dg/format/attr-3.c -DWIDE bad format (test for errors, line 17)
FAIL: gcc.dg/format/attr-3.c -DWIDE bad format (test for errors, line 18)
FAIL: gcc.dg/format/attr-3.c -DWIDE bad format (test for errors, line 19)
FAIL: gcc.dg/format/attr-3.c -DWIDE bad format_arg (test for errors, line 21)
FAIL: gcc.dg/format/attr-3.c -DWIDE bad format_arg (test for errors, line 22)
FAIL: gcc.dg/format/attr-3.c -DWIDE bad format_arg (test for errors, line 23)
FAIL: gcc.dg/format/attr-3.c -DWIDE (test for excess errors)
FAIL: gcc.dg/noncompile/20010524-1.c -O0 div by zero (test for warnings, line 1)
FAIL: gcc.dg/noncompile/20010524-1.c -O0 (test for excess errors)
FAIL: gcc.dg/noncompile/20010524-1.c -O1 div by zero (test for warnings, line 1)
FAIL: gcc.dg/noncompile/20010524-1.c -O1 (test for excess errors)
FAIL: gcc.dg/noncompile/20010524-1.c -O2 div by zero (test for warnings, line 1)
FAIL: gcc.dg/noncompile/20010524-1.c -O2 (test for excess errors)
FAIL: gcc.dg/noncompile/20010524-1.c -O3 -fomit-frame-pointer div by zero (test for warnings, line 1)
FAIL: gcc.dg/noncompile/20010524-1.c -O3 -fomit-frame-pointer (test for excess errors)
FAIL: gcc.dg/noncompile/20010524-1.c -O3 -g div by zero (test for warnings, line 1)
FAIL: gcc.dg/noncompile/20010524-1.c -O3 -g (test for excess errors)
FAIL: gcc.dg/noncompile/20010524-1.c -Os div by zero (test for warnings, line 1)
FAIL: gcc.dg/noncompile/20010524-1.c -Os (test for excess errors)
FAIL: gcc.dg/noncompile/920721-2.c -O0 (test for errors, line 5)
FAIL: gcc.dg/noncompile/920721-2.c -O0 (test for excess errors)
FAIL: gcc.dg/noncompile/920721-2.c -O1 (test for errors, line 5)
FAIL: gcc.dg/noncompile/920721-2.c -O1 (test for excess errors)
FAIL: gcc.dg/noncompile/920721-2.c -O2 (test for errors, line 5)
FAIL: gcc.dg/noncompile/920721-2.c -O2 (test for excess errors)
FAIL: gcc.dg/noncompile/920721-2.c -O3 -fomit-frame-pointer (test for errors, line 5)
FAIL: gcc.dg/noncompile/920721-2.c -O3 -fomit-frame-pointer (test for excess errors)
FAIL: gcc.dg/noncompile/920721-2.c -O3 -fomit-frame-pointer -funroll-loops (test for errors, line 5)
FAIL: gcc.dg/noncompile/920721-2.c -O3 -fomit-frame-pointer -funroll-loops (test for excess errors)
FAIL: gcc.dg/noncompile/920721-2.c -O3 -fomit-frame-pointer -funroll-all-loops -finline-functions (test for errors, line 5)
FAIL: gcc.dg/noncompile/920721-2.c -O3 -fomit-frame-pointer -funroll-all-loops -finline-functions (test for excess errors)
FAIL: gcc.dg/noncompile/920721-2.c -O3 -g (test for errors, line 5)
FAIL: gcc.dg/noncompile/920721-2.c -O3 -g (test for excess errors)
FAIL: gcc.dg/noncompile/920721-2.c -Os (test for errors, line 5)
FAIL: gcc.dg/noncompile/920721-2.c -Os (test for excess errors)
FAIL: gcc.dg/noncompile/930622-2.c -O0 (test for errors, line 4)
FAIL: gcc.dg/noncompile/930622-2.c -O0 (test for excess errors)
FAIL: gcc.dg/noncompile/930622-2.c -O1 (test for errors, line 4)
FAIL: gcc.dg/noncompile/930622-2.c -O1 (test for excess errors)
FAIL: gcc.dg/noncompile/930622-2.c -O2 (test for errors, line 4)
FAIL: gcc.dg/noncompile/930622-2.c -O2 (test for excess errors)
FAIL: gcc.dg/noncompile/930622-2.c -O3 -fomit-frame-pointer (test for errors, line 4)
FAIL: gcc.dg/noncompile/930622-2.c -O3 -fomit-frame-pointer (test for excess errors)
FAIL: gcc.dg/noncompile/930622-2.c -O3 -fomit-frame-pointer -funroll-loops (test for errors, line 4)
FAIL: gcc.dg/noncompile/930622-2.c -O3 -fomit-frame-pointer -funroll-loops (test for excess errors)
FAIL: gcc.dg/noncompile/930622-2.c -O3 -fomit-frame-pointer -funroll-all-loops -finline-functions (test for errors, line 4)
FAIL: gcc.dg/noncompile/930622-2.c -O3 -fomit-frame-pointer -funroll-all-loops -finline-functions (test for excess errors)
FAIL: gcc.dg/noncompile/930622-2.c -O3 -g (test for errors, line 4)
FAIL: gcc.dg/noncompile/930622-2.c -O3 -g (test for excess errors)
FAIL: gcc.dg/noncompile/930622-2.c -Os (test for errors, line 4)
FAIL: gcc.dg/noncompile/930622-2.c -Os (test for excess errors)
FAIL: gcc.dg/noncompile/940112-1.c -O0 (test for errors, line 7)
FAIL: gcc.dg/noncompile/940112-1.c -O0 (test for excess errors)
FAIL: gcc.dg/noncompile/940112-1.c -O1 (test for errors, line 7)
FAIL: gcc.dg/noncompile/940112-1.c -O1 (test for excess errors)
FAIL: gcc.dg/noncompile/940112-1.c -O2 (test for errors, line 7)
FAIL: gcc.dg/noncompile/940112-1.c -O2 (test for excess errors)
FAIL: gcc.dg/noncompile/940112-1.c -O3 -fomit-frame-pointer (test for errors, line 7)
FAIL: gcc.dg/noncompile/940112-1.c -O3 -fomit-frame-pointer (test for excess errors)
FAIL: gcc.dg/noncompile/940112-1.c -O3 -g (test for errors, line 7)
FAIL: gcc.dg/noncompile/940112-1.c -O3 -g (test for excess errors)
FAIL: gcc.dg/noncompile/940112-1.c -Os (test for errors, line 7)
FAIL: gcc.dg/noncompile/940112-1.c -Os (test for excess errors)
FAIL: gcc.dg/noncompile/950921-1.c -O0 (test for errors, line 9)
FAIL: gcc.dg/noncompile/950921-1.c -O0 (test for excess errors)
FAIL: gcc.dg/noncompile/950921-1.c -O1 (test for errors, line 9)
FAIL: gcc.dg/noncompile/950921-1.c -O1 (test for excess errors)
FAIL: gcc.dg/noncompile/950921-1.c -O2 (test for errors, line 9)
FAIL: gcc.dg/noncompile/950921-1.c -O2 (test for excess errors)
FAIL: gcc.dg/noncompile/950921-1.c -O3 -fomit-frame-pointer (test for errors, line 9)
FAIL: gcc.dg/noncompile/950921-1.c -O3 -fomit-frame-pointer (test for excess errors)
FAIL: gcc.dg/noncompile/950921-1.c -O3 -g (test for errors, line 9)
FAIL: gcc.dg/noncompile/950921-1.c -O3 -g (test for excess errors)
FAIL: gcc.dg/noncompile/950921-1.c -Os (test for errors, line 9)
FAIL: gcc.dg/noncompile/950921-1.c -Os (test for excess errors)
FAIL: gcc.dg/noncompile/951123-1.c -O0 (test for excess errors)
FAIL: gcc.dg/noncompile/951123-1.c -O1 (test for excess errors)
FAIL: gcc.dg/noncompile/951123-1.c -O2 (test for excess errors)
FAIL: gcc.dg/noncompile/951123-1.c -O3 -fomit-frame-pointer (test for excess errors)
FAIL: gcc.dg/noncompile/951123-1.c -O3 -g (test for excess errors)
FAIL: gcc.dg/noncompile/951123-1.c -Os (test for excess errors)
FAIL: gcc.dg/noncompile/971104-1.c -O0 (test for errors, line 26)
FAIL: gcc.dg/noncompile/971104-1.c -O0 (test for excess errors)
FAIL: gcc.dg/noncompile/971104-1.c -O1 (test for errors, line 26)
FAIL: gcc.dg/noncompile/971104-1.c -O1 (test for excess errors)
FAIL: gcc.dg/noncompile/971104-1.c -O2 (test for errors, line 26)
FAIL: gcc.dg/noncompile/971104-1.c -O2 (test for excess errors)
FAIL: gcc.dg/noncompile/971104-1.c -O3 -fomit-frame-pointer (test for errors, line 26)
FAIL: gcc.dg/noncompile/971104-1.c -O3 -fomit-frame-pointer (test for excess errors)
FAIL: gcc.dg/noncompile/971104-1.c -O3 -g (test for errors, line 26)
FAIL: gcc.dg/noncompile/971104-1.c -O3 -g (test for excess errors)
FAIL: gcc.dg/noncompile/971104-1.c -Os (test for errors, line 26)
FAIL: gcc.dg/noncompile/971104-1.c -Os (test for excess errors)
FAIL: gcc.dg/noncompile/990416-1.c -O0 (test for errors, line 4)
FAIL: gcc.dg/noncompile/990416-1.c -O0 (test for excess errors)
FAIL: gcc.dg/noncompile/990416-1.c -O1 (test for errors, line 4)
FAIL: gcc.dg/noncompile/990416-1.c -O1 (test for excess errors)
FAIL: gcc.dg/noncompile/990416-1.c -O2 (test for errors, line 4)
FAIL: gcc.dg/noncompile/990416-1.c -O2 (test for excess errors)
FAIL: gcc.dg/noncompile/990416-1.c -O3 -fomit-frame-pointer (test for errors, line 4)
FAIL: gcc.dg/noncompile/990416-1.c -O3 -fomit-frame-pointer (test for excess errors)
FAIL: gcc.dg/noncompile/990416-1.c -O3 -g (test for errors, line 4)
FAIL: gcc.dg/noncompile/990416-1.c -O3 -g (test for excess errors)
FAIL: gcc.dg/noncompile/990416-1.c -Os (test for errors, line 4)
FAIL: gcc.dg/noncompile/990416-1.c -Os (test for excess errors)
FAIL: gcc.dg/pch/valid-1.c -O0 -g (test for excess errors)
FAIL: gcc.dg/pch/valid-1.c -O0 (test for excess errors)
FAIL: gcc.dg/pch/valid-1.c -O1 (test for excess errors)
FAIL: gcc.dg/pch/valid-1.c -O2 (test for excess errors)
FAIL: gcc.dg/pch/valid-1.c -O3 -fomit-frame-pointer (test for excess errors)
FAIL: gcc.dg/pch/valid-1.c -O3 -g (test for excess errors)
FAIL: gcc.dg/pch/valid-1.c -Os (test for excess errors)
FAIL: gcc.dg/pch/valid-2.c -O0 -g (test for excess errors)
FAIL: gcc.dg/pch/valid-2.c -O0 (test for excess errors)
FAIL: gcc.dg/pch/valid-2.c -O1 (test for excess errors)
FAIL: gcc.dg/pch/valid-2.c -O2 (test for excess errors)
FAIL: gcc.dg/pch/valid-2.c -O3 -fomit-frame-pointer (test for excess errors)
FAIL: gcc.dg/pch/valid-2.c -O3 -g (test for excess errors)
FAIL: gcc.dg/pch/valid-2.c -Os (test for excess errors)
FAIL: gcc.dg/pch/valid-3.c -O0 -g (test for excess errors)
FAIL: gcc.dg/pch/valid-3.c -O0 (test for excess errors)
FAIL: gcc.dg/pch/valid-3.c -O1 (test for excess errors)
FAIL: gcc.dg/pch/valid-3.c -O2 (test for excess errors)
FAIL: gcc.dg/pch/valid-3.c -O3 -fomit-frame-pointer (test for excess errors)
FAIL: gcc.dg/pch/valid-3.c -O3 -g (test for excess errors)
FAIL: gcc.dg/pch/valid-3.c -Os (test for excess errors)
FAIL: gcc.dg/pch/warn-1.c -O0 -g (test for excess errors)
FAIL: gcc.dg/pch/warn-1.c -O0 (test for excess errors)
FAIL: gcc.dg/pch/warn-1.c -O1 (test for excess errors)
FAIL: gcc.dg/pch/warn-1.c -O2 (test for excess errors)
FAIL: gcc.dg/pch/warn-1.c -O3 -fomit-frame-pointer (test for excess errors)
FAIL: gcc.dg/pch/warn-1.c -O3 -g (test for excess errors)
FAIL: gcc.dg/pch/warn-1.c -Os (test for excess errors)
FAIL: 209: expected branch percentages not found: 25
FAIL: gcc.misc-tests/gcov-4b.c gcov: 0 failures in line counts, 1 in branch percentages, 0 in return percentages
=== gcc Summary ===
# of expected passes 25983
# of unexpected failures 230
# of unexpected successes 3
# of expected failures 64
# of unresolved testcases 10
# of untested testcases 28
# of unsupported tests 206
=== objc tests ===
Running target unix
FAIL: objc.dg/missing-proto-3.m (test for warnings, line 21)
FAIL: objc.dg/missing-proto-3.m (test for excess errors)
FAIL: objc.dg/naming-1.m (test for errors, line 18)
FAIL: objc.dg/naming-1.m (test for excess errors)
FAIL: objc.dg/naming-2.m (test for errors, line 7)
FAIL: objc.dg/naming-2.m (test for excess errors)
=== objc Summary ===
# of expected passes 1336
# of unexpected failures 6
# of unsupported tests 8
=== libmudflap tests ===
Running target unix
FAIL: libmudflap.c++/fail24-frag.cxx (test for excess errors)
WARNING: libmudflap.c++/fail24-frag.cxx compilation failed to produce executable
FAIL: libmudflap.c++/pass27-frag.cxx (test for excess errors)
WARNING: libmudflap.c++/pass27-frag.cxx compilation failed to produce executable
FAIL: libmudflap.c++/pass28-frag.cxx (test for excess errors)
WARNING: libmudflap.c++/pass28-frag.cxx compilation failed to produce executable
FAIL: libmudflap.c++/pass31-frag.cxx (test for excess errors)
WARNING: libmudflap.c++/pass31-frag.cxx compilation failed to produce executable
FAIL: libmudflap.c++/pass41-frag.cxx (test for excess errors)
WARNING: libmudflap.c++/pass41-frag.cxx compilation failed to produce executable
FAIL: libmudflap.c++/fail24-frag.cxx (-static) (test for excess errors)
WARNING: libmudflap.c++/fail24-frag.cxx (-static) compilation failed to produce executable
FAIL: libmudflap.c++/pass27-frag.cxx (-static) (test for excess errors)
WARNING: libmudflap.c++/pass27-frag.cxx (-static) compilation failed to produce executable
FAIL: libmudflap.c++/pass28-frag.cxx (-static) (test for excess errors)
WARNING: libmudflap.c++/pass28-frag.cxx (-static) compilation failed to produce executable
FAIL: libmudflap.c++/pass31-frag.cxx (-static) (test for excess errors)
WARNING: libmudflap.c++/pass31-frag.cxx (-static) compilation failed to produce executable
FAIL: libmudflap.c++/pass41-frag.cxx (-static) (test for excess errors)
WARNING: libmudflap.c++/pass41-frag.cxx (-static) compilation failed to produce executable
FAIL: libmudflap.c++/fail24-frag.cxx (-O2) (test for excess errors)
WARNING: libmudflap.c++/fail24-frag.cxx (-O2) compilation failed to produce executable
FAIL: libmudflap.c++/pass27-frag.cxx (-O2) (test for excess errors)
WARNING: libmudflap.c++/pass27-frag.cxx (-O2) compilation failed to produce executable
FAIL: libmudflap.c++/pass28-frag.cxx (-O2) (test for excess errors)
WARNING: libmudflap.c++/pass28-frag.cxx (-O2) compilation failed to produce executable
FAIL: libmudflap.c++/pass31-frag.cxx (-O2) (test for excess errors)
WARNING: libmudflap.c++/pass31-frag.cxx (-O2) compilation failed to produce executable
FAIL: libmudflap.c++/pass41-frag.cxx (-O2) (test for excess errors)
WARNING: libmudflap.c++/pass41-frag.cxx (-O2) compilation failed to produce executable
FAIL: libmudflap.c++/fail24-frag.cxx (-O3) (test for excess errors)
WARNING: libmudflap.c++/fail24-frag.cxx (-O3) compilation failed to produce executable
FAIL: libmudflap.c++/pass27-frag.cxx (-O3) (test for excess errors)
WARNING: libmudflap.c++/pass27-frag.cxx (-O3) compilation failed to produce executable
FAIL: libmudflap.c++/pass28-frag.cxx (-O3) (test for excess errors)
WARNING: libmudflap.c++/pass28-frag.cxx (-O3) compilation failed to produce executable
FAIL: libmudflap.c++/pass31-frag.cxx (-O3) (test for excess errors)
WARNING: libmudflap.c++/pass31-frag.cxx (-O3) compilation failed to produce executable
FAIL: libmudflap.c++/pass41-frag.cxx (-O3) (test for excess errors)
WARNING: libmudflap.c++/pass41-frag.cxx (-O3) compilation failed to produce executable
=== libmudflap Summary ===
# of expected passes 1048
# of unexpected failures 20
Compiler version: gcc
Platform: i686-pc-linux-gnu
configure flags: --prefix=/opt/gcc-objc-improvements-branch --enable-multilib --enable-checking --enable-c-mbchar --enable-threads --enable-nls --enable-version-specific-runtime-libs --enable-languages=c,objc