This is the mail archive of the
gcc-testresults@gcc.gnu.org
mailing list for the GCC project.
Results for 3.3.4 testsuite on i686-suse9-linux-gnu
- From: Manfred Hollstein <mh at suse dot com>
- To: gcc-testresults at gcc dot gnu dot org
- Date: Fri, 9 Jul 2004 20:48:37 +0200
- Subject: Results for 3.3.4 testsuite on i686-suse9-linux-gnu
- Reply-to: Manfred Hollstein <manfred dot h at gmx dot net>
Compiler version: 3.3.4
Platform: i686-suse9-linux-gnu
Sources: Official 3.3.4 tarball
Patches: [1] `PATCH: Fix to successfully build libjava as a shared library'
<http://gcc.gnu.org/ml/gcc-patches/2001-09/msg00714.html>
Environment: - autoconf-2.13 (FSF release)
- automake-1.7.6-41
- binutils-2.15 (FSF release)
- dejagnu-1.4.4-0_mh.0
- expect-5.40-27_mh.0
- SUSE LINUX 9.0 + recommended updates as of today
- Linux version 2.4.21-231-smp4G (root@i386.suse.de) (gcc version 3.3.1 (SuSE Linux)) #1 SMP Mon Jun 28 15:22:10 UTC 2004
- glibc-2.3.2-88
Remarks: None.
configure flags: --host=i686-suse9-linux-gnu --target=i686-suse9-linux-gnu --build=i686-suse9-linux-gnu --srcdir=../gcc-3.3.4 --prefix=/opt/gnu --with-gnu-as --with-gnu-ld --enable-__cxa_atexit --disable-checking --enable-clocale=gnu --enable-interpreter --enable-shared --enable-threads=posix --with-system-zlib --with-local-prefix=/opt/gnu --with-cpu=i686 --enable-nls --verbose
BOOT_CC: gcc version 3.3.3
BOOT_CFLAGS: -O3 -march=i386 -mcpu=i686 -fomit-frame-pointer
CFLAGS: -O3 -march=i386 -mcpu=i686 -fomit-frame-pointer
CXXFLAGS: -O3 -march=i386 -mcpu=i686 -fomit-frame-pointer -g
GCJFLAGS: -O3 -march=i386 -mcpu=i686 -fomit-frame-pointer -fno-inline-functions -g
Native configuration is i686-suse9-linux-gnu
=== g++ tests ===
Running target unix
XPASS: g++.other/init5.C Execution test
=== g++ Summary ===
# of expected passes 8250
# of unexpected successes 1
# of expected failures 97
# of untested testcases 9
# of unsupported tests 15
/home/gnu/work/GNU/gcc-3.3.4-i686-suse9-linux-gnu/gcc/testsuite/../g++ version 3.3.4
=== g77 tests ===
Running target unix
=== g77 Summary ===
# of expected passes 1736
/home/gnu/work/GNU/gcc-3.3.4-i686-suse9-linux-gnu/gcc/testsuite/../g77 version 3.3.4
=== gcc tests ===
Running target unix
FAIL: gcc.dg/duff-2.c (test for excess errors)
=== gcc Summary ===
# of expected passes 21439
# of unexpected failures 1
# of expected failures 69
# of unsupported tests 101
/home/gnu/work/GNU/gcc-3.3.4-i686-suse9-linux-gnu/gcc/xgcc version 3.3.4
=== objc tests ===
Running target unix
=== objc Summary ===
# of expected passes 1166
/home/gnu/work/GNU/gcc-3.3.4-i686-suse9-linux-gnu/gcc/xgcc version 3.3.4
=== libjava tests ===
Running target unix
WARNING: program timed out.
FAIL: SyncTest execution - gij test
WARNING: program timed out.
FAIL: SyncTest execution - bytecode->native test
WARNING: program timed out.
FAIL: SyncTest execution - gij test
WARNING: program timed out.
FAIL: SyncTest -O execution - bytecode->native test
=== libjava Summary ===
# of expected passes 2983
# of unexpected failures 4
# of expected failures 16
# of untested testcases 16
=== libstdc++-v3 check-abi Summary ===
# of added symbols: 3
# of missing symbols: 0
# of incompatible symbols: 0
=== libstdc++-v3 tests ===
Running target unix
XPASS: 22_locale/collate_byname.cc execution test
XPASS: 22_locale/collate_members_char.cc execution test
XPASS: 22_locale/collate_members_wchar_t.cc execution test
XPASS: 22_locale/ctype_is_char.cc execution test
XPASS: 22_locale/ctype_is_wchar_t.cc execution test
XPASS: 22_locale/members.cc execution test
XPASS: 22_locale/messages_byname.cc execution test
XPASS: 22_locale/messages_members_char.cc execution test
XPASS: 22_locale/money_get_members_char.cc execution test
XPASS: 22_locale/money_get_members_wchar_t.cc execution test
XPASS: 22_locale/money_put_members_char.cc execution test
XPASS: 22_locale/money_put_members_wchar_t.cc execution test
XPASS: 22_locale/moneypunct_byname.cc execution test
XPASS: 22_locale/moneypunct_members_char.cc execution test
XPASS: 22_locale/moneypunct_members_wchar_t.cc execution test
XPASS: 22_locale/num_get_members_char.cc execution test
XPASS: 22_locale/num_get_members_wchar_t.cc execution test
XPASS: 22_locale/num_put_members_char.cc execution test
XPASS: 22_locale/num_put_members_wchar_t.cc execution test
XPASS: 22_locale/numpunct_byname.cc execution test
XPASS: 22_locale/numpunct_members_char.cc execution test
XPASS: 22_locale/numpunct_members_wchar_t.cc execution test
XPASS: 22_locale/time_get_members_char.cc execution test
XPASS: 22_locale/time_get_members_wchar_t.cc execution test
=== libstdc++-v3 Summary ===
# of expected passes 453
# of unexpected successes 24
# of expected failures 4
Counting all warnings,
there are 24 warnings in stage3 of this bootstrap.
Number of warnings per file:
4 gcc/gcc.c
3 gcc/tlink.c
3 /usr/share/bison/bison.simple
2 insn-conditions.c
2 gcc/crtstuff.c
1 gt-ada-utils.h
1 gt-ada-decl.h
1 gcc/objc/lang-specs.h
1 gcc/java/jvspec.c
1 gcc/function.c
1 gcc/emit-rtl.c
1 gcc/config/i386/i386.c
1 gcc/collect2.c
1 gcc/ada/tracebak.c
1 ada/b_gnatb.c
Number of warning types:
7 string length `???' is greater than the length `???' ISO C89 compilers are required to support
5 comparison of unsigned expression < 0 is always false
3 label `???' defined but not used
3 comparison between signed and unsigned
2 passing arg ??? of `???' discards qualifiers from pointer target type
1 unused variable `???'
1 unused parameter `???'
1 traditional C rejects string concatenation
1 signed and unsigned type in conditional expression