This is the mail archive of the
gcc-testresults@gcc.gnu.org
mailing list for the GCC project.
Results for 3.4.1 testsuite on alpha-unknown-freebsd5.2
- From: Loren James Rittle <ljrittle at FreeBSD dot org>
- To: gcc-testresults at gcc dot gnu dot org, ljrittle at FreeBSD dot org,obrien at freebsd dot org
- Date: Thu, 8 Jul 2004 20:41:13 GMT
- Subject: Results for 3.4.1 testsuite on alpha-unknown-freebsd5.2
Using gmake with objdir configuration on beast (see key)
NOTE: Failed to install without error
LAST_UPDATED: Thu Jul 8 15:23:26 UTC 2004
Native configuration is alpha-unknown-freebsd5.2
=== libffi tests ===
Running target unix/-pthread
FAIL: libffi.special/unwindtest.cc -lstdc++ (test for excess errors)
WARNING: libffi.special/unwindtest.cc -lstdc++ compilation failed to produce executable
=== libffi Summary ===
# of expected passes 209
# of unexpected failures 1
# of unsupported tests 2
=== libstdc++ tests ===
Running target unix/-pthread
FAIL: 22_locale/collate/compare/wchar_t/2.cc (test for excess errors)
WARNING: 22_locale/collate/compare/wchar_t/2.cc compilation failed to produce executable
FAIL: 22_locale/collate/compare/wchar_t/wrapped_env.cc (test for excess errors)
WARNING: 22_locale/collate/compare/wchar_t/wrapped_env.cc compilation failed to produce executable
FAIL: 22_locale/collate/compare/wchar_t/wrapped_locale.cc (test for excess errors)
WARNING: 22_locale/collate/compare/wchar_t/wrapped_locale.cc compilation failed to produce executable
FAIL: 22_locale/collate/hash/wchar_t/2.cc (test for excess errors)
WARNING: 22_locale/collate/hash/wchar_t/2.cc compilation failed to produce executable
FAIL: 22_locale/collate/hash/wchar_t/wrapped_env.cc (test for excess errors)
WARNING: 22_locale/collate/hash/wchar_t/wrapped_env.cc compilation failed to produce executable
FAIL: 22_locale/collate/hash/wchar_t/wrapped_locale.cc (test for excess errors)
WARNING: 22_locale/collate/hash/wchar_t/wrapped_locale.cc compilation failed to produce executable
FAIL: 22_locale/collate/transform/wchar_t/2.cc (test for excess errors)
WARNING: 22_locale/collate/transform/wchar_t/2.cc compilation failed to produce executable
FAIL: 22_locale/collate/transform/wchar_t/wrapped_env.cc (test for excess errors)
WARNING: 22_locale/collate/transform/wchar_t/wrapped_env.cc compilation failed to produce executable
FAIL: 22_locale/collate/transform/wchar_t/wrapped_locale.cc (test for excess errors)
WARNING: 22_locale/collate/transform/wchar_t/wrapped_locale.cc compilation failed to produce executable
FAIL: 22_locale/ctype/is/wchar_t/1.cc execution test
FAIL: 22_locale/ctype/scan/wchar_t/1.cc execution test
FAIL: 26_numerics/complex/pow.cc execution test
WARNING: program timed out.
FAIL: 27_io/basic_filebuf/open/char/9507.cc execution test
WARNING: program timed out.
FAIL: 27_io/basic_filebuf/showmanyc/char/9533-1.cc execution test
XPASS: 27_io/fpos/14320-1.cc execution test
=== libstdc++ Summary ===
# of expected passes 2673
# of unexpected failures 14
# of unexpected successes 1
# of expected failures 5
=== g++ tests ===
Running target unix/-pthread
FAIL: g++.old-deja/g++.eh/badalloc1.C execution test
FAIL: g++.old-deja/g++.law/profile1.C (test for excess errors)
WARNING: g++.old-deja/g++.law/profile1.C compilation failed to produce executable
WARNING: g++.old-deja/g++.mike/p10769a.C compilation failed to produce executable
WARNING: g++.old-deja/g++.other/enum5.C compilation failed to produce executable
WARNING: g++.old-deja/g++.pt/friend44.C compilation failed to produce executable
=== g++ Summary ===
# of expected passes 9563
# of unexpected failures 2
# of expected failures 68
# of unsupported tests 70
/j/ljrittle/gcc-build-beast-0708/gcc/testsuite/../g++ version 3.4.1
=== g77 tests ===
Running target unix/-pthread
=== g77 Summary ===
# of expected passes 1800
# of unsupported tests 6
/j/ljrittle/gcc-build-beast-0708/gcc/testsuite/../g77 version 3.4.1
=== gcc tests ===
Running target unix/-pthread
FAIL: gcc.dg/20020607-2.c (test for excess errors)
WARNING: gcc.dg/20020607-2.c compilation failed to produce executable
FAIL: gcc.dg/20030414-2.c (test for excess errors)
WARNING: gcc.dg/20030414-2.c compilation failed to produce executable
FAIL: gcc.dg/20030804-1.c (test for excess errors)
FAIL: gcc.dg/20030826-1.c (test for excess errors)
WARNING: gcc.dg/20030826-1.c compilation failed to produce executable
FAIL: gcc.dg/20040123-1.c scan-assembler abort
FAIL: gcc.dg/builtins-10.c (test for excess errors)
FAIL: gcc.dg/builtins-11.c (test for excess errors)
FAIL: gcc.dg/builtins-17.c (test for excess errors)
FAIL: gcc.dg/builtins-18.c (test for excess errors)
FAIL: gcc.dg/builtins-19.c (test for excess errors)
FAIL: gcc.dg/builtins-20.c (test for excess errors)
FAIL: gcc.dg/builtins-24.c (test for excess errors)
WARNING: gcc.dg/builtins-24.c compilation failed to produce executable
FAIL: gcc.dg/builtins-26.c (test for excess errors)
FAIL: gcc.dg/builtins-27.c (test for excess errors)
FAIL: gcc.dg/builtins-6.c (test for excess errors)
WARNING: gcc.dg/builtins-6.c compilation failed to produce executable
FAIL: gcc.dg/builtins-7.c (test for excess errors)
FAIL: gcc.dg/builtins-8.c (test for excess errors)
WARNING: gcc.dg/builtins-8.c compilation failed to produce executable
FAIL: gcc.dg/fastmath-1.c (test for excess errors)
WARNING: gcc.dg/fastmath-1.c compilation failed to produce executable
FAIL: gcc.dg/fnegate-1.c (test for excess errors)
WARNING: gcc.dg/fnegate-1.c compilation failed to produce executable
FAIL: gcc.dg/nest.c (test for excess errors)
WARNING: gcc.dg/nest.c compilation failed to produce executable
FAIL: gcc.dg/special/gcsec-1.c (test for excess errors)
FAIL: gcc.dg/torture/builtin-attr-1.c -O0 (test for excess errors)
FAIL: gcc.dg/torture/builtin-attr-1.c -O1 (test for excess errors)
FAIL: gcc.dg/torture/builtin-attr-1.c -O2 (test for excess errors)
FAIL: gcc.dg/torture/builtin-attr-1.c -O3 -fomit-frame-pointer (test for excess errors)
FAIL: gcc.dg/torture/builtin-attr-1.c -O3 -g (test for excess errors)
FAIL: gcc.dg/torture/builtin-attr-1.c -Os (test for excess errors)
FAIL: gcc.dg/torture/builtin-explog-1.c -O0 (test for excess errors)
FAIL: gcc.dg/torture/builtin-explog-1.c -O1 (test for excess errors)
FAIL: gcc.dg/torture/builtin-explog-1.c -O2 (test for excess errors)
FAIL: gcc.dg/torture/builtin-explog-1.c -O3 -fomit-frame-pointer (test for excess errors)
FAIL: gcc.dg/torture/builtin-explog-1.c -O3 -g (test for excess errors)
FAIL: gcc.dg/torture/builtin-explog-1.c -Os (test for excess errors)
=== gcc Summary ===
# of expected passes 24941
# of unexpected failures 33
# of expected failures 79
# of untested testcases 7
# of unsupported tests 320
/j/ljrittle/gcc-build-beast-0708/gcc/xgcc version 3.4.1
=== objc tests ===
Running target unix/-pthread
=== objc Summary ===
# of expected passes 1352
# of unsupported tests 8
/j/ljrittle/gcc-build-beast-0708/gcc/xgcc version 3.4.1
Compiler version: 3.4.1
Platform: alpha-unknown-freebsd5.2
configure flags: --prefix=/home/ljrittle/beast/tmp/install-beast --with-gmp=/home/ljrittle/beast --with-gnu-as --with-as=/usr/bin/as --with-gnu-ld --with-ld=/usr/bin/ld
BOOT_CFLAGS=-g -O2
Key: gmake is GNU make
srcdir means in-source configuration was done within the gcc source tree
objdir means out-source configuration was done within a fresh directory
See http://people.freebsd.org/~ljrittle/daily-gcc-bootstrap-reports
for all related transcript logs and log.sent files (not staged
until after all daily bootstraps for a machine complete).