This is the mail archive of the gcc-testresults@gcc.gnu.org mailing list for the GCC project.
Index Nav: | [Date Index] [Subject Index] [Author Index] [Thread Index] | |
---|---|---|
Message Nav: | [Date Prev] [Date Next] | [Thread Prev] [Thread Next] |
Other format: | [Raw text] |
LAST_UPDATED: Wed Jul 7 18:15:27 UTC 2004 === acats tests === FAIL: c954026 FAIL: ce3806d FAIL: ce3806e FAIL: ce3810a FAIL: cxaa008 FAIL: cxaa009 FAIL: cxg1003 FAIL: cxg2001 FAIL: cxg2002 FAIL: cxg2003 FAIL: cxg2004 FAIL: cxg2006 FAIL: cxg2007 FAIL: cxg2010 FAIL: cxg2011 FAIL: cxg2012 FAIL: cxg2013 Native configuration is hppa2.0w-hp-hpux11.00 === g++ tests === Running target unix UNRESOLVED: g++.dg/init/init-ref4.C UNRESOLVED: g++.old-deja/g++.ext/attrib5.C WARNING: g++.old-deja/g++.mike/p10769a.C compilation failed to produce executable WARNING: g++.old-deja/g++.other/enum5.C compilation failed to produce executable WARNING: g++.old-deja/g++.pt/friend44.C compilation failed to produce executable UNRESOLVED: g++.old-deja/g++.pt/static3.C === g++ Summary === # of expected passes 9377 # of expected failures 70 # of unresolved testcases 3 # of unsupported tests 77 /xxx/gnu/gcc-3.4/objdir/gcc/testsuite/../g++ version 3.4.1 === g77 tests === Running target unix === g77 Summary === # of expected passes 1800 # of unsupported tests 6 /xxx/gnu/gcc-3.4/objdir/gcc/testsuite/../g77 version 3.4.1 === gcc tests === Running target unix UNRESOLVED: gcc.dg/visibility-1.c UNRESOLVED: gcc.dg/visibility-2.c UNRESOLVED: gcc.dg/visibility-3.c UNRESOLVED: gcc.dg/visibility-4.c UNRESOLVED: gcc.dg/visibility-5.c UNRESOLVED: gcc.dg/visibility-6.c UNRESOLVED: gcc.dg/visibility-7.c UNRESOLVED: gcc.dg/visibility-8.c UNRESOLVED: gcc.dg/special/weak-1.c UNRESOLVED: gcc.dg/special/weak-2.c UNRESOLVED: gcc.dg/special/wkali-1.c UNRESOLVED: gcc.dg/special/wkali-2.c UNRESOLVED: gcc.dg/weak/typeof-2.c UNRESOLVED: gcc.dg/weak/weak-1.c UNRESOLVED: gcc.dg/weak/weak-2.c UNRESOLVED: gcc.dg/weak/weak-3.c UNRESOLVED: gcc.dg/weak/weak-4.c UNRESOLVED: gcc.dg/weak/weak-5.c UNRESOLVED: gcc.dg/weak/weak-6.c UNRESOLVED: gcc.dg/weak/weak-7.c UNRESOLVED: gcc.dg/weak/weak-8.c UNRESOLVED: gcc.dg/weak/weak-9.c === gcc Summary === # of expected passes 23888 # of expected failures 69 # of unresolved testcases 22 # of untested testcases 7 # of unsupported tests 355 /xxx/gnu/gcc-3.4/objdir/gcc/xgcc version 3.4.1 === objc tests === Running target unix === objc Summary === # of expected passes 1352 # of unsupported tests 8 /xxx/gnu/gcc-3.4/objdir/gcc/xgcc version 3.4.1 === libstdc++ tests === Running target unix === libstdc++ Summary === # of expected passes 2006 # of expected failures 4 # of unsupported tests 8 Compiler version: 3.4.1 Platform: hppa2.0w-hp-hpux11.00 configure flags: --with-gnu-as --with-as=/opt/gnu/bin/as --enable-shared --with-local-prefix=/opt/gnu --prefix=/opt/gnu/gcc/gcc-3.4.1 --enable-debug=no --disable-nls --disable-checking
Index Nav: | [Date Index] [Subject Index] [Author Index] [Thread Index] | |
---|---|---|
Message Nav: | [Date Prev] [Date Next] | [Thread Prev] [Thread Next] |