This is the mail archive of the
gcc-testresults@gcc.gnu.org
mailing list for the GCC project.
Results for 3.4.0 (Debian 3.4.0-4) testsuite on m68k-linux
- From: Matthias Klose <doko at debian dot org>
- To: gcc-testresults at gcc dot gnu dot org
- Cc: debian-gcc at lists dot debian dot org
- Date: Sat, 03 Jul 2004 17:54:06 -0600
- Subject: Results for 3.4.0 (Debian 3.4.0-4) testsuite on m68k-linux
- Reply-to: Matthias Klose <doko at debian dot org>
LAST_UPDATED: Obtained from CVS: -rgcc_3_4_0_release
Native configuration is m68k-linux (sodom)
=== gpc tests ===
Running target any
FAIL: adam3g.pas
FAIL: adam3h.pas
FAIL: adam3k.pas
FAIL: adam3l.pas
FAIL: adam3m.pas
FAIL: adam3n.pas
FAIL: adam3q.pas
FAIL: adam3r.pas
FAIL: ancestor2.pas
FAIL: assumptions.pas
FAIL: az44.pas
FAIL: drf3a.pas
FAIL: drf3c.pas
FAIL: emil24.pas
FAIL: fjf196.pas
FAIL: fjf328.pas
FAIL: fjf347.pas
FAIL: fjf447.pas
FAIL: fjf525g.pas
FAIL: fjf525h.pas
FAIL: fjf554t.pas
FAIL: fjf556a.pas
FAIL: fjf556c.pas
FAIL: fjf563b.pas
FAIL: fjf563d.pas
FAIL: fjf566g.pas
FAIL: fjf566h.pas
FAIL: fjf569e.pas
FAIL: fjf569f.pas
FAIL: fjf747.pas
FAIL: fjf749a.pas
FAIL: fjf749f.pas
FAIL: fjf911c.pas
FAIL: forloop.pas
FAIL: jj2.pas
FAIL: kevin8.pas
FAIL: kurzw2.pas
FAIL: mir029cl.pas
FAIL: mir029cu.pas
FAIL: mir029el.pas
FAIL: mir029eu.pas
FAIL: pd1.pas
FAIL: rphil6.pas
FAIL: sam2.pas
FAIL: sam2b.pas
FAIL: sequin.pas
FAIL: setest.pas
FAIL: sets13.pas
FAIL: sets14a.pas
FAIL: sets14b.pas
FAIL: sets5b.pas
FAIL: steph1.pas
FAIL: t15.pas
FAIL: t19.pas
FAIL: wnj.pas
=== gpc Summary ===
# of tests 3794
# of expected passes 3731
# of unexpected failures 55
# of unsupported tests 8
/home/doko/3.4/gcc-3.4-3.4.0/build/gcc/xgpc version 20030830, based on gcc-3.4.0 (Debian 3.4.0-4)
=== g++ tests ===
Running target unix
FAIL: g++.dg/abi/bitfield4.C execution test
FAIL: g++.dg/eh/omit-frame-pointer.C execution test
FAIL: g++.dg/eh/registers1.C execution test
FAIL: g++.old-deja/g++.eh/ia64-1.C execution test
WARNING: g++.old-deja/g++.mike/p10769a.C compilation failed to produce executable
WARNING: g++.old-deja/g++.other/enum5.C compilation failed to produce executable
XPASS: g++.old-deja/g++.other/init5.C execution test
WARNING: g++.old-deja/g++.pt/friend44.C compilation failed to produce executable
=== g++ Summary ===
# of expected passes 9536
# of unexpected failures 4
# of unexpected successes 1
# of expected failures 68
# of unsupported tests 72
/home/doko/3.4/gcc-3.4-3.4.0/build/gcc/testsuite/../g++ version 3.4.0 (Debian 3.4.0-4)
=== g77 tests ===
Running target unix
=== g77 Summary ===
# of expected passes 1800
# of unsupported tests 6
/home/doko/3.4/gcc-3.4-3.4.0/build/gcc/testsuite/../g77 version 3.4.0 (Debian 3.4.0-4)
=== gcc tests ===
Running target unix
FAIL: gcc.c-torture/compile/921118-1.c -O3 -fomit-frame-pointer (test for excess errors)
FAIL: gcc.c-torture/compile/921118-1.c -O3 -g (test for excess errors)
FAIL: gcc.c-torture/execute/builtins/string-3.c execution, -O1
FAIL: gcc.c-torture/execute/builtins/string-3.c execution, -O2
FAIL: gcc.c-torture/execute/builtins/string-3.c execution, -O3 -fomit-frame-pointer
FAIL: gcc.c-torture/execute/builtins/string-3.c execution, -O3 -g
FAIL: gcc.c-torture/execute/builtins/string-3.c execution, -Os
FAIL: gcc.c-torture/execute/20001108-1.c execution, -O3 -fomit-frame-pointer
FAIL: gcc.c-torture/execute/20001108-1.c execution, -O3 -g
FAIL: gcc.c-torture/execute/20001203-2.c execution, -O3 -fomit-frame-pointer
FAIL: gcc.c-torture/execute/20001203-2.c execution, -O3 -g
FAIL: gcc.c-torture/execute/20020418-1.c execution, -O1
FAIL: gcc.c-torture/execute/20020418-1.c execution, -O2
FAIL: gcc.c-torture/execute/20020418-1.c execution, -Os
FAIL: gcc.c-torture/execute/20020720-1.c compilation, -O1
UNRESOLVED: gcc.c-torture/execute/20020720-1.c execution, -O1
FAIL: gcc.c-torture/execute/930921-1.c execution, -O3 -fomit-frame-pointer -funroll-loops
FAIL: gcc.c-torture/execute/930921-1.c execution, -O3 -fomit-frame-pointer -funroll-all-loops -finline-functions
FAIL: gcc.c-torture/execute/950511-1.c compilation, -O3 -fomit-frame-pointer
UNRESOLVED: gcc.c-torture/execute/950511-1.c execution, -O3 -fomit-frame-pointer
FAIL: gcc.c-torture/execute/950511-1.c compilation, -O3 -g
UNRESOLVED: gcc.c-torture/execute/950511-1.c execution, -O3 -g
FAIL: gcc.c-torture/execute/961213-1.c execution, -O3 -fomit-frame-pointer -funroll-all-loops -finline-functions
FAIL: gcc.c-torture/execute/loop-2f.c execution, -O0
FAIL: gcc.c-torture/execute/loop-2f.c execution, -O1
FAIL: gcc.c-torture/execute/loop-2f.c execution, -O2
FAIL: gcc.c-torture/execute/loop-2f.c execution, -O3 -fomit-frame-pointer
FAIL: gcc.c-torture/execute/loop-2f.c execution, -O3 -fomit-frame-pointer -funroll-loops
FAIL: gcc.c-torture/execute/loop-2f.c execution, -O3 -fomit-frame-pointer -funroll-all-loops -finline-functions
FAIL: gcc.c-torture/execute/loop-2f.c execution, -O3 -g
FAIL: gcc.c-torture/execute/loop-2f.c execution, -Os
FAIL: gcc.c-torture/execute/loop-2g.c execution, -O0
FAIL: gcc.c-torture/execute/loop-2g.c execution, -O1
FAIL: gcc.c-torture/execute/loop-2g.c execution, -O2
FAIL: gcc.c-torture/execute/loop-2g.c execution, -O3 -fomit-frame-pointer
FAIL: gcc.c-torture/execute/loop-2g.c execution, -O3 -fomit-frame-pointer -funroll-loops
FAIL: gcc.c-torture/execute/loop-2g.c execution, -O3 -fomit-frame-pointer -funroll-all-loops -finline-functions
FAIL: gcc.c-torture/execute/loop-2g.c execution, -O3 -g
FAIL: gcc.c-torture/execute/loop-2g.c execution, -Os
FAIL: gcc.dg/bitfld-3.c execution test
FAIL: gcc.dg/bitfld-4.c execution test
XPASS: gcc.dg/c99-flex-array-4.c sizeof != offsetof (test for bogus messages, line 24)
FAIL: gcc.dg/pack-test-1.c (test for excess errors)
XPASS: gcc.dg/sibcall-3.c execution test
XPASS: gcc.dg/sibcall-4.c execution test
FAIL: gcc.dg/weak/typeof-2.c scan-assembler baz3.*baz3.*baz3.*baz3.*baz3.*baz3
=== gcc Summary ===
# of expected passes 24181
# of unexpected failures 40
# of unexpected successes 3
# of expected failures 67
# of unresolved testcases 3
# of untested testcases 7
# of unsupported tests 327
/home/doko/3.4/gcc-3.4-3.4.0/build/gcc/xgcc version 3.4.0 (Debian 3.4.0-4)
=== objc tests ===
Running target unix
=== objc Summary ===
# of expected passes 1352
# of unsupported tests 8
/home/doko/3.4/gcc-3.4-3.4.0/build/gcc/xgcc version 3.4.0 (Debian 3.4.0-4)
=== libffi tests ===
Running target unix
FAIL: libffi.call/closure_fn0.c (test for excess errors)
WARNING: libffi.call/closure_fn0.c compilation failed to produce executable
FAIL: libffi.call/closure_fn1.c (test for excess errors)
WARNING: libffi.call/closure_fn1.c compilation failed to produce executable
FAIL: libffi.call/closure_fn2.c (test for excess errors)
WARNING: libffi.call/closure_fn2.c compilation failed to produce executable
FAIL: libffi.call/closure_fn3.c (test for excess errors)
WARNING: libffi.call/closure_fn3.c compilation failed to produce executable
FAIL: libffi.call/closure_fn4.c (test for excess errors)
WARNING: libffi.call/closure_fn4.c compilation failed to produce executable
FAIL: libffi.call/closure_fn5.c (test for excess errors)
WARNING: libffi.call/closure_fn5.c compilation failed to produce executable
FAIL: libffi.call/cls_12byte.c (test for excess errors)
WARNING: libffi.call/cls_12byte.c compilation failed to produce executable
FAIL: libffi.call/cls_16byte.c (test for excess errors)
WARNING: libffi.call/cls_16byte.c compilation failed to produce executable
FAIL: libffi.call/cls_18byte.c (test for excess errors)
WARNING: libffi.call/cls_18byte.c compilation failed to produce executable
FAIL: libffi.call/cls_19byte.c (test for excess errors)
WARNING: libffi.call/cls_19byte.c compilation failed to produce executable
FAIL: libffi.call/cls_1_1byte.c (test for excess errors)
WARNING: libffi.call/cls_1_1byte.c compilation failed to produce executable
FAIL: libffi.call/cls_20byte.c (test for excess errors)
WARNING: libffi.call/cls_20byte.c compilation failed to produce executable
FAIL: libffi.call/cls_20byte1.c (test for excess errors)
WARNING: libffi.call/cls_20byte1.c compilation failed to produce executable
FAIL: libffi.call/cls_24byte.c (test for excess errors)
WARNING: libffi.call/cls_24byte.c compilation failed to produce executable
FAIL: libffi.call/cls_2byte.c (test for excess errors)
WARNING: libffi.call/cls_2byte.c compilation failed to produce executable
FAIL: libffi.call/cls_3_1byte.c (test for excess errors)
WARNING: libffi.call/cls_3_1byte.c compilation failed to produce executable
FAIL: libffi.call/cls_3byte1.c (test for excess errors)
WARNING: libffi.call/cls_3byte1.c compilation failed to produce executable
FAIL: libffi.call/cls_3byte2.c (test for excess errors)
WARNING: libffi.call/cls_3byte2.c compilation failed to produce executable
FAIL: libffi.call/cls_4_1byte.c (test for excess errors)
WARNING: libffi.call/cls_4_1byte.c compilation failed to produce executable
FAIL: libffi.call/cls_4byte.c (test for excess errors)
WARNING: libffi.call/cls_4byte.c compilation failed to produce executable
FAIL: libffi.call/cls_5byte.c (test for excess errors)
WARNING: libffi.call/cls_5byte.c compilation failed to produce executable
FAIL: libffi.call/cls_64byte.c (test for excess errors)
WARNING: libffi.call/cls_64byte.c compilation failed to produce executable
FAIL: libffi.call/cls_6byte.c (test for excess errors)
WARNING: libffi.call/cls_6byte.c compilation failed to produce executable
FAIL: libffi.call/cls_7byte.c (test for excess errors)
WARNING: libffi.call/cls_7byte.c compilation failed to produce executable
FAIL: libffi.call/cls_8byte.c (test for excess errors)
WARNING: libffi.call/cls_8byte.c compilation failed to produce executable
FAIL: libffi.call/cls_9byte1.c (test for excess errors)
WARNING: libffi.call/cls_9byte1.c compilation failed to produce executable
FAIL: libffi.call/cls_9byte2.c (test for excess errors)
WARNING: libffi.call/cls_9byte2.c compilation failed to produce executable
FAIL: libffi.call/cls_align_double.c (test for excess errors)
WARNING: libffi.call/cls_align_double.c compilation failed to produce executable
FAIL: libffi.call/cls_align_float.c (test for excess errors)
WARNING: libffi.call/cls_align_float.c compilation failed to produce executable
FAIL: libffi.call/cls_align_longdouble.c (test for excess errors)
WARNING: libffi.call/cls_align_longdouble.c compilation failed to produce executable
FAIL: libffi.call/cls_align_pointer.c (test for excess errors)
WARNING: libffi.call/cls_align_pointer.c compilation failed to produce executable
FAIL: libffi.call/cls_align_sint16.c (test for excess errors)
WARNING: libffi.call/cls_align_sint16.c compilation failed to produce executable
FAIL: libffi.call/cls_align_sint32.c (test for excess errors)
WARNING: libffi.call/cls_align_sint32.c compilation failed to produce executable
FAIL: libffi.call/cls_align_sint64.c (test for excess errors)
WARNING: libffi.call/cls_align_sint64.c compilation failed to produce executable
FAIL: libffi.call/cls_align_uint16.c (test for excess errors)
WARNING: libffi.call/cls_align_uint16.c compilation failed to produce executable
FAIL: libffi.call/cls_align_uint32.c (test for excess errors)
WARNING: libffi.call/cls_align_uint32.c compilation failed to produce executable
FAIL: libffi.call/cls_align_uint64.c (test for excess errors)
WARNING: libffi.call/cls_align_uint64.c compilation failed to produce executable
FAIL: libffi.call/cls_double.c (test for excess errors)
WARNING: libffi.call/cls_double.c compilation failed to produce executable
FAIL: libffi.call/cls_float.c (test for excess errors)
WARNING: libffi.call/cls_float.c compilation failed to produce executable
FAIL: libffi.call/cls_multi_schar.c (test for excess errors)
WARNING: libffi.call/cls_multi_schar.c compilation failed to produce executable
FAIL: libffi.call/cls_multi_sshort.c (test for excess errors)
WARNING: libffi.call/cls_multi_sshort.c compilation failed to produce executable
FAIL: libffi.call/cls_multi_sshortchar.c (test for excess errors)
WARNING: libffi.call/cls_multi_sshortchar.c compilation failed to produce executable
FAIL: libffi.call/cls_multi_uchar.c (test for excess errors)
WARNING: libffi.call/cls_multi_uchar.c compilation failed to produce executable
FAIL: libffi.call/cls_multi_ushort.c (test for excess errors)
WARNING: libffi.call/cls_multi_ushort.c compilation failed to produce executable
FAIL: libffi.call/cls_multi_ushortchar.c (test for excess errors)
WARNING: libffi.call/cls_multi_ushortchar.c compilation failed to produce executable
FAIL: libffi.call/cls_schar.c (test for excess errors)
WARNING: libffi.call/cls_schar.c compilation failed to produce executable
FAIL: libffi.call/cls_sint.c (test for excess errors)
WARNING: libffi.call/cls_sint.c compilation failed to produce executable
FAIL: libffi.call/cls_sshort.c (test for excess errors)
WARNING: libffi.call/cls_sshort.c compilation failed to produce executable
FAIL: libffi.call/cls_uchar.c (test for excess errors)
WARNING: libffi.call/cls_uchar.c compilation failed to produce executable
FAIL: libffi.call/cls_uint.c (test for excess errors)
WARNING: libffi.call/cls_uint.c compilation failed to produce executable
FAIL: libffi.call/cls_ulonglong.c (test for excess errors)
WARNING: libffi.call/cls_ulonglong.c compilation failed to produce executable
FAIL: libffi.call/cls_ushort.c (test for excess errors)
WARNING: libffi.call/cls_ushort.c compilation failed to produce executable
FAIL: libffi.call/nested_struct.c (test for excess errors)
WARNING: libffi.call/nested_struct.c compilation failed to produce executable
FAIL: libffi.call/nested_struct1.c (test for excess errors)
WARNING: libffi.call/nested_struct1.c compilation failed to produce executable
FAIL: libffi.call/nested_struct2.c (test for excess errors)
WARNING: libffi.call/nested_struct2.c compilation failed to produce executable
FAIL: libffi.call/nested_struct3.c (test for excess errors)
WARNING: libffi.call/nested_struct3.c compilation failed to produce executable
FAIL: libffi.call/problem1.c (test for excess errors)
WARNING: libffi.call/problem1.c compilation failed to produce executable
FAIL: libffi.special/unwindtest.cc -lstdc++ (test for excess errors)
WARNING: libffi.special/unwindtest.cc -lstdc++ compilation failed to produce executable
=== libffi Summary ===
# of expected passes 38
# of unexpected failures 58
# of unsupported tests 2
=== libjava tests ===
Running target unix
FAIL: linking simple
FAIL: pr11951 run
FAIL: ArrayStore -O3 execution - source compiled test
FAIL: ArrayStore -O3 execution - bytecode->native test
FAIL: Divide_1 -O3 execution - source compiled test
FAIL: Divide_1 -O3 execution - bytecode->native test
FAIL: G19990302_02 -O3 execution - bytecode->native test
FAIL: G19990303_01 -O3 execution - bytecode->native test
FAIL: G19990304_01 -O3 execution - bytecode->native test
FAIL: InterfaceDispatch -O3 execution - source compiled test
FAIL: InterfaceDispatch -O3 execution - bytecode->native test
FAIL: StringBuffer_1 -O3 execution - source compiled test
FAIL: StringBuffer_1 -O3 execution - bytecode->native test
FAIL: TestProxy execution - source compiled test
FAIL: TestProxy execution - bytecode->native test
FAIL: TestProxy -O3 execution - source compiled test
FAIL: TestProxy -O3 execution - bytecode->native test
FAIL: Thread_Alive -O3 execution - bytecode->native test
FAIL: Throw_2 execution - source compiled test
FAIL: Throw_2 execution - bytecode->native test
FAIL: Throw_2 -O3 execution - source compiled test
FAIL: Throw_2 -O3 execution - bytecode->native test
FAIL: initexc -O3 execution - bytecode->native test
FAIL: invokethrow execution - source compiled test
FAIL: invokethrow execution - bytecode->native test
FAIL: invokethrow -O3 execution - source compiled test
FAIL: invokethrow -O3 execution - bytecode->native test
FAIL: /home/doko/3.4/gcc-3.4-3.4.0/build/m68k-linux/libjava/testsuite/TestEarlyGC.exe output - /home/doko/3.4/gcc-3.4-3.4.0/build/m68k-linux/libjava/testsuite/TestEarlyGC.exe
FAIL: /home/doko/3.4/gcc-3.4-3.4.0/build/m68k-linux/libjava/testsuite/TestLeak.exe execution - /home/doko/3.4/gcc-3.4-3.4.0/build/m68k-linux/libjava/testsuite/TestLeak.exe
FAIL: /home/doko/3.4/gcc-3.4-3.4.0/build/m68k-linux/libjava/testsuite/TestMultiple.exe output - /home/doko/3.4/gcc-3.4-3.4.0/build/m68k-linux/libjava/testsuite/TestMultiple.exe
FAIL: /home/doko/3.4/gcc-3.4-3.4.0/build/m68k-linux/libjava/testsuite/TestParent.exe output - /home/doko/3.4/gcc-3.4-3.4.0/build/m68k-linux/libjava/testsuite/TestParent.exe
=== libjava Summary ===
# of expected passes 2619
# of unexpected failures 31
# of expected failures 10
# of untested testcases 37
=== libstdc++ tests ===
Running target unix
FAIL: 21_strings/basic_string/append/char/1.cc execution test
FAIL: 21_strings/basic_string/append/wchar_t/1.cc execution test
FAIL: 21_strings/basic_string/cons/char/1.cc execution test
FAIL: 21_strings/basic_string/cons/wchar_t/1.cc execution test
FAIL: 21_strings/basic_string/element_access/char/1.cc execution test
FAIL: 21_strings/basic_string/element_access/wchar_t/1.cc execution test
FAIL: 21_strings/basic_string/inserters_extractors/pod/10081-in.cc execution test
FAIL: 21_strings/basic_string/substr/char/1.cc execution test
FAIL: 21_strings/basic_string/substr/wchar_t/1.cc execution test
FAIL: 22_locale/locale/cons/12658_thread.cc execution test
FAIL: 22_locale/locale/cons/2.cc execution test
FAIL: 22_locale/numpunct/members/pod/2.cc execution test
FAIL: 23_containers/vector/cons/4.cc execution test
FAIL: 27_io/basic_filebuf/imbue/char/14975-1.cc execution test
FAIL: 27_io/basic_filebuf/imbue/wchar_t/14975-2.cc execution test
FAIL: 27_io/basic_filebuf/overflow/char/9182-2.cc execution test
FAIL: 27_io/basic_filebuf/sync/char/9182-1.cc execution test
FAIL: 27_io/basic_filebuf/underflow/wchar_t/11603.cc execution test
FAIL: 27_io/basic_ios/exceptions/char/1.cc execution test
FAIL: 27_io/basic_ios/exceptions/char/2.cc execution test
FAIL: 27_io/basic_ios/imbue/14072.cc execution test
FAIL: 27_io/basic_istream/extractors_arithmetic/char/exceptions_badbit_throw.cc execution test
FAIL: 27_io/basic_istream/extractors_arithmetic/pod/3983-1.cc execution test
FAIL: 27_io/basic_istream/extractors_character/pod/3983-2.cc execution test
FAIL: 27_io/basic_istream/extractors_other/pod/3983-3.cc execution test
FAIL: 27_io/basic_istream/sentry/pod/1.cc execution test
FAIL: 27_io/basic_ostream/inserters_arithmetic/char/exceptions_badbit_throw.cc execution test
FAIL: 27_io/basic_ostream/inserters_other/char/5.cc execution test
FAIL: 27_io/basic_ostream/inserters_other/char/exceptions_failbit_throw.cc execution test
FAIL: ext/enc_filebuf/char/13189.cc (test for excess errors)
WARNING: ext/enc_filebuf/char/13189.cc compilation failed to produce executable
FAIL: ext/enc_filebuf/wchar_t/13189.cc (test for excess errors)
WARNING: ext/enc_filebuf/wchar_t/13189.cc compilation failed to produce executable
WARNING: program timed out.
FAIL: thread/pthread2.cc execution test
WARNING: program timed out.
FAIL: thread/pthread3.cc execution test
=== libstdc++ Summary ===
# of expected passes 2661
# of unexpected failures 33
# of expected failures 6
Compiler version: 3.4.0 (Debian 3.4.0-4)
Platform: m68k-linux
configure flags: -v --enable-languages=c,c++,java,f77,pascal,objc,treelang --prefix=/usr --libexecdir=/usr/lib --with-gxx-include-dir=/usr/include/c++/3.4 --enable-shared --with-system-zlib --enable-nls --enable-threads=posix --without-included-gettext --program-suffix=-3.4 --enable-__cxa_atexit --enable-clocale=gnu --enable-libstdcxx-debug --enable-java-gc=boehm --enable-java-awt=gtk --disable-werror --disable-werror m68k-linux
BOOT_CFLAGS=-O2
Build Dependencies:
Desired=Unknown/Install/Remove/Purge/Hold
| Status=Not/Installed/Config-files/Unpacked/Failed-config/Half-installed
|/ Err?=(none)/Hold/Reinst-required/X=both-problems (Status,Err: uppercase=bad)
||/ Name Version Description
+++-==============-==============-============================================
ii binutils 2.14.90.0.7-8 The GNU assembler, linker and binary utiliti
ii libc6-dev 2.3.2.ds1-13 GNU C Library: Development Libraries and Hea
Patches that Debian applied in this version:
cvs-updates:
CVS updates from the 3.4 branch upto 20040626.
gcc-version:
Add "(Debian <package version>)" to the gcc version string
rename-info-files:
Allow transformations on info file names. Reference the
transformed info file names in the texinfo files.
libstdc++-pic:
Build and install libstdc++_pic.a library.
libstdc++-doclink:
adjust hrefs to point to the local documentation
amd64-specs:
On x86-64 use 64bits mode assembly except with -m32.
gccbug:
Use sensible-editor instead of vi as fallback editor
hppa-toplevel:
For hppa-linux enable libgcj and dependent libs in the toplevel directory
hppa-libffi:
libffi support for hppa
hppa-libjava:
Enable libjava support for hppa
hppa-libjava-update:
MD_FALLBACK_FRAME_STATE_FOR definition for pa32-linux
fastjar-update:
Implement fastjar -u
java-gui-branch:
Michael Koch <konqueror@gmx.de>
Backport AWT, Swing and GTK peer from java-gui-branch (20040514).
test-summary:
add libstdc++-v3's check summary to the test summary
gcj-without-rpath:
don't define runtime link path for java binaries and libraries
libffi-soversion:
Install libffi with soversion 2. Debian used this name before it
was installed upstream as 2.0beta.
deb-protoize:
build protoize/unprotoize binaries
gpc-3.x:
The gpc patch from the gpc tarball.
gpc-updates:
Updates from gpc-20030820.
gpc-parse:
generated gcc/p/parse.[ch] files (using bison-1.875c).
gpc-names:
versioned gpc names
gpc-test-summary:
Integrate gpc test results into the GCC test summary
gpc-profiled:
Do not build the gpc runtime using -fprofile-generate/-use.
link-libs:
reporting:
Add Debian URL for bug reporting isntructions.