This is the mail archive of the
gcc-testresults@gcc.gnu.org
mailing list for the GCC project.
Results for 3.5.0-sh-elf 20040628 (experimental) testsuite on i686-pc-linux-gnu
- From: Joern Rennecke <joern dot rennecke at superh dot com>
- To: gcc-testresults at gcc dot gnu dot org
- Date: Sat, 3 Jul 2004 11:12:35 +0100
- Subject: Results for 3.5.0-sh-elf 20040628 (experimental) testsuite on i686-pc-linux-gnu
LAST_UPDATED: 2004-07-02 22:00 UTC
Native configuration is i686-pc-linux-gnu
=== g++ tests ===
Running target unix
FAIL: g++.dg/opt/ptrmem4.C (test for excess errors)
WARNING: g++.dg/opt/ptrmem4.C compilation failed to produce executable
FAIL: 102:is -:should be 1
FAIL: g++.dg/gcov/gcov-1.C gcov: 1 failures in line counts, 0 in branch percentages, 0 in return percentages
WARNING: g++.old-deja/g++.mike/p10769a.C compilation failed to produce executable
FAIL: g++.old-deja/g++.other/decl3.C (test for excess errors)
WARNING: g++.old-deja/g++.other/enum5.C compilation failed to produce executable
FAIL: g++.old-deja/g++.other/warn7.C (test for warnings, line 38)
WARNING: g++.old-deja/g++.pt/friend44.C compilation failed to produce executable
=== g++ Summary ===
# of expected passes 9843
# of unexpected failures 5
# of expected failures 79
# of unsupported tests 54
/swbuild/nightly/sh-elf-3.5-2004-07-02-2200/x86/gcc/testsuite/../g++ version 3.5.0-sh-elf 20040628 (experimental)
=== gcc tests ===
Running target unix
WARNING: program timed out.
FAIL: gcc.c-torture/compile/20001226-1.c -O3 -g (test for excess errors)
FAIL: gcc.c-torture/compile/950613-1.c -O1 (test for excess errors)
FAIL: gcc.c-torture/compile/950613-1.c -Os (test for excess errors)
FAIL: gcc.c-torture/execute/va-arg-25.c execution, -Os
FAIL: gcc.dg/debug/dwarf2/dwarf-die7.c scan-assembler 1.*DW_AT_inline
FAIL: gcc.dg/c90-const-expr-3.c (test for excess errors)
FAIL: gcc.dg/c99-complit-2.c non-const (test for errors, line 40)
FAIL: gcc.dg/c99-complit-2.c non-const (test for errors, line 42)
FAIL: gcc.dg/c99-complit-2.c non-const (test for errors, line 46)
FAIL: gcc.dg/c99-complit-2.c struct bad init (test for errors, line 51)
FAIL: gcc.dg/c99-complit-2.c union bad init (test for errors, line 53)
FAIL: gcc.dg/c99-complit-2.c array bad init (test for errors, line 58)
FAIL: gcc.dg/c99-complit-2.c array bad init (test for errors, line 66)
FAIL: gcc.dg/c99-complit-2.c (test for excess errors)
FAIL: gcc.dg/c99-const-expr-3.c (test for excess errors)
FAIL: gcc.dg/pr14963.c parameter names (test for warnings, line 1)
FAIL: gcc.dg/pr14963.c data definition (test for warnings, line 1)
XPASS: gcc.dg/setjmp-1.c spurious clobbered warning (test for bogus messages, line 16)
FAIL: 94:is -:should be 1
FAIL: gcc.misc-tests/gcov-4.c gcov: 1 failures in line counts, 0 in branch percentages, 0 in return percentages
=== gcc Summary ===
# of expected passes 26455
# of unexpected failures 19
# of unexpected successes 1
# of expected failures 68
# of untested testcases 28
# of unsupported tests 228
/swbuild/nightly/sh-elf-3.5-2004-07-02-2200/x86/gcc/xgcc version 3.5.0-sh-elf 20040628 (experimental)
=== objc tests ===
Running target unix
=== objc Summary ===
# of expected passes 1404
# of unsupported tests 7
/swbuild/nightly/sh-elf-3.5-2004-07-02-2200/x86/gcc/xgcc version 3.5.0-sh-elf 20040628 (experimental)
Compiler version: 3.5.0-sh-elf 20040628 (experimental)
Platform: i686-pc-linux-gnu
configure flags: --enable-languages=c,c++,objc