This is the mail archive of the
gcc-testresults@gcc.gnu.org
mailing list for the GCC project.
Results for 3.5.0 20040701 (experimental) testsuite on i686-pc-mingw32
- From: "Aaron W. LaFramboise" <aaron77thyme at aaronwl dot com>
- To: gcc-testresults at gcc dot gnu dot org
- Date: Thu, 01 Jul 2004 22:16:16 -0500
- Subject: Results for 3.5.0 20040701 (experimental) testsuite on i686-pc-mingw32
i686-pc-mingw32
Windows XP SP1 Professional
Pentium 4 1.4GHz, 256MB
current Cygwin 1.5.10
binutils 2.15 20040628
mingwrt head
msvcrt 7.0.2600.1106
w32api head
libiconv 1.9.1
GNU Make 3.80
expect 5.26
tcl 8.4
dejagnu 1.4.2.x
These pending patches were applied to allow GCC to bootstrap correctly:
jcf http://gcc.gnu.org/ml/gcc-patches/2004-06/msg02216.html
nolibmudflap http://gcc.gnu.org/ml/gcc-patches/2004-05/msg01610.html
startfile http://gcc.gnu.org/ml/gcc-patches/2004-06/msg01456.html
vfail, regkey http://gcc.gnu.org/ml/gcc-patches/2004-05/msg02077.html
thread http://gcc.gnu.org/ml/gcc-patches/2004-05/msg02067.html
getpagesize http://gcc.gnu.org/ml/gcc-patches/2004-05/msg02066.html
LAST_UPDATED: Thu Jul 1 20:12:27 UTC 2004
Native configuration is i686-pc-mingw32
=== g++ tests ===
Running target unix
FAIL: g++.dg/debug/const1.C (test for excess errors)
FAIL: g++.dg/debug/const1.C (test for excess errors)
FAIL: g++.dg/debug/const1.C (test for excess errors)
FAIL: g++.dg/debug/const1.C (test for excess errors)
FAIL: g++.dg/debug/const1.C (test for excess errors)
FAIL: g++.dg/debug/const1.C (test for excess errors)
FAIL: g++.dg/debug/const1.C (test for excess errors)
FAIL: g++.dg/debug/const1.C (test for excess errors)
FAIL: g++.dg/debug/const1.C (test for excess errors)
FAIL: g++.dg/debug/debug4.C (test for excess errors)
FAIL: g++.dg/debug/debug4.C (test for excess errors)
FAIL: g++.dg/debug/debug4.C (test for excess errors)
FAIL: g++.dg/debug/debug4.C (test for excess errors)
FAIL: g++.dg/debug/debug4.C (test for excess errors)
FAIL: g++.dg/debug/debug4.C (test for excess errors)
FAIL: g++.dg/debug/debug4.C (test for excess errors)
FAIL: g++.dg/debug/debug4.C (test for excess errors)
FAIL: g++.dg/debug/debug4.C (test for excess errors)
FAIL: g++.dg/debug/trivial.C (test for excess errors)
WARNING: g++.dg/debug/trivial.C compilation failed to produce executable
FAIL: g++.dg/debug/trivial.C (test for excess errors)
WARNING: g++.dg/debug/trivial.C compilation failed to produce executable
FAIL: g++.dg/debug/trivial.C (test for excess errors)
WARNING: g++.dg/debug/trivial.C compilation failed to produce executable
FAIL: g++.dg/debug/trivial.C (test for excess errors)
WARNING: g++.dg/debug/trivial.C compilation failed to produce executable
FAIL: g++.dg/debug/trivial.C (test for excess errors)
WARNING: g++.dg/debug/trivial.C compilation failed to produce executable
FAIL: g++.dg/debug/trivial.C (test for excess errors)
WARNING: g++.dg/debug/trivial.C compilation failed to produce executable
FAIL: g++.dg/debug/trivial.C (test for excess errors)
WARNING: g++.dg/debug/trivial.C compilation failed to produce executable
FAIL: g++.dg/debug/trivial.C (test for excess errors)
WARNING: g++.dg/debug/trivial.C compilation failed to produce executable
FAIL: g++.dg/debug/trivial.C (test for excess errors)
WARNING: g++.dg/debug/trivial.C compilation failed to produce executable
FAIL: g++.dg/ext/dllexport-MI1.C scan-assembler-not -export:_ZN2D1C2ERKS_
FAIL: g++.dg/ext/dllexport-MI1.C scan-assembler-not -export:_ZN2D1D2Ev
FAIL: g++.dg/ext/dllexport1.C scan-assembler -export:_ZN3Bar10inline_barEi
FAIL: g++.dg/ext/instantiate3.C scan-assembler-not \\n_?_ZTV1AIcE(:|\\n|\\t)
FAIL: g++.dg/opt/vt1.C scan-assembler-not
section[^\\n\\r]*_ZTV1S[^\\n\\r]*"[^w"\\n\\r]*"
FAIL: g++.dg/parse/stack1.C (test for excess errors)
FAIL: 102:is -:should be 1
FAIL: g++.dg/gcov/gcov-1.C gcov: 1 failures in line counts, 0 in branch
percentages, 0 in return percentages
WARNING: g++.old-deja/g++.mike/p10769a.C compilation failed to produce
executable
FAIL: g++.old-deja/g++.other/decl3.C (test for excess errors)
WARNING: g++.old-deja/g++.other/enum5.C compilation failed to produce
executable
FAIL: g++.old-deja/g++.other/warn7.C (test for warnings, line 38)
WARNING: g++.old-deja/g++.pt/friend44.C compilation failed to produce
executable
=== g++ Summary ===
# of expected passes 9965
# of unexpected failures 37
# of expected failures 79
# of unsupported tests 58
/aaronwl/cs/compilers/gcc/build/mingw-head/gcc/testsuite/../g++ version
3.5.0 20040701 (experimental)
=== gcc tests ===
Running target unix
FAIL: gcc.c-torture/compile/950613-1.c (test for excess errors)
FAIL: gcc.c-torture/compile/950613-1.c (test for excess errors)
FAIL: gcc.c-torture/execute/multi-ix.c compilation, -O0
UNRESOLVED: gcc.c-torture/execute/multi-ix.c execution, -O0
FAIL: gcc.dg/debug/dwarf2/dwarf-die7.c scan-assembler 1.*DW_AT_inline
FAIL: gcc.dg/debug/dwarf2/dwarf-die7.c scan-assembler 1.*DW_AT_inline
FAIL: gcc.dg/20020425-1.c (test for excess errors)
FAIL: gcc.dg/20021014-1.c (test for excess errors)
WARNING: gcc.dg/20021014-1.c compilation failed to produce executable
FAIL: gcc.dg/builtins-20.c (test for excess errors)
FAIL: gcc.dg/c90-const-expr-3.c (test for excess errors)
FAIL: gcc.dg/c99-const-expr-3.c (test for excess errors)
FAIL: gcc.dg/i386-mmx-4.c execution test
FAIL: gcc.dg/i386-pic-1.c (test for errors, line 9)
FAIL: gcc.dg/i386-sse-6.c execution test
XPASS: gcc.dg/setjmp-1.c spurious clobbered warning (test for bogus
messages, line 16)
FAIL: gcc.dg/torture/builtin-convert-1.c (test for excess errors)
FAIL: gcc.dg/torture/builtin-convert-1.c (test for excess errors)
FAIL: gcc.dg/torture/builtin-convert-1.c (test for excess errors)
FAIL: gcc.dg/torture/builtin-convert-1.c (test for excess errors)
FAIL: gcc.dg/torture/builtin-convert-1.c (test for excess errors)
FAIL: gcc.dg/torture/builtin-convert-2.c (test for excess errors)
FAIL: gcc.dg/torture/builtin-convert-2.c (test for excess errors)
FAIL: gcc.dg/torture/builtin-convert-2.c (test for excess errors)
FAIL: gcc.dg/torture/builtin-convert-2.c (test for excess errors)
FAIL: gcc.dg/torture/builtin-convert-2.c (test for excess errors)
FAIL: gcc.dg/torture/builtin-convert-3.c (test for excess errors)
FAIL: gcc.dg/torture/builtin-convert-3.c (test for excess errors)
FAIL: gcc.dg/torture/builtin-convert-3.c (test for excess errors)
FAIL: gcc.dg/torture/builtin-convert-3.c (test for excess errors)
FAIL: gcc.dg/torture/builtin-convert-3.c (test for excess errors)
FAIL: gcc.dg/torture/builtin-power-1.c (test for excess errors)
FAIL: gcc.dg/torture/builtin-power-1.c (test for excess errors)
FAIL: gcc.dg/torture/builtin-power-1.c (test for excess errors)
FAIL: gcc.dg/torture/builtin-power-1.c (test for excess errors)
FAIL: gcc.dg/torture/builtin-power-1.c (test for excess errors)
FAIL: gcc.dg/torture/builtin-power-1.c (test for excess errors)
FAIL: gcc.dg/torture/builtin-wctype-1.c (test for excess errors)
FAIL: gcc.dg/torture/builtin-wctype-1.c (test for excess errors)
FAIL: gcc.dg/torture/builtin-wctype-1.c (test for excess errors)
FAIL: gcc.dg/torture/builtin-wctype-1.c (test for excess errors)
FAIL: gcc.dg/torture/builtin-wctype-1.c (test for excess errors)
FAIL: 94:is -:should be 1
FAIL: gcc.misc-tests/gcov-4.c gcov: 1 failures in line counts, 0 in
branch percentages, 0 in return percentages
=== gcc Summary ===
# of expected passes 27370
# of unexpected failures 41
# of unexpected successes 1
# of expected failures 67
# of unresolved testcases 1
# of untested testcases 28
# of unsupported tests 247
/aaronwl/cs/compilers/gcc/build/mingw-head/gcc/xgcc version 3.5.0
20040701 (experimental)
=== objc tests ===
Running target unix
FAIL: objc.dg/try-catch-2.m (test for excess errors)
WARNING: objc.dg/try-catch-2.m compilation failed to produce executable
=== objc Summary ===
# of expected passes 1402
# of unexpected failures 1
# of unsupported tests 7
/aaronwl/cs/compilers/gcc/build/mingw-head/gcc/xgcc version 3.5.0
20040701 (experimental)
=== libstdc++ tests ===
Running target unix
FAIL: 22_locale/money_put/put/char/12971.cc execution test
FAIL: 22_locale/money_put/put/char/4.cc execution test
FAIL: 22_locale/num_put/put/char/4.cc execution test
FAIL: 22_locale/num_put/put/char/6.cc execution test
FAIL: 26_numerics/complex/13450.cc (test for excess errors)
WARNING: 26_numerics/complex/13450.cc compilation failed to produce
executable
FAIL: 26_numerics/complex/complex_value.cc (test for excess errors)
WARNING: 26_numerics/complex/complex_value.cc compilation failed to
produce executable
FAIL: 26_numerics/complex/pow.cc (test for excess errors)
WARNING: 26_numerics/complex/pow.cc compilation failed to produce executable
FAIL: 27_io/basic_filebuf/close/char/4879.cc (test for excess errors)
WARNING: 27_io/basic_filebuf/close/char/4879.cc compilation failed to
produce executable
FAIL: 27_io/basic_filebuf/close/char/9964.cc (test for excess errors)
WARNING: 27_io/basic_filebuf/close/char/9964.cc compilation failed to
produce executable
FAIL: 27_io/basic_filebuf/imbue/char/13171-2.cc (test for excess errors)
WARNING: 27_io/basic_filebuf/imbue/char/13171-2.cc compilation failed to
produce executable
FAIL: 27_io/basic_filebuf/imbue/char/13582-2.cc (test for excess errors)
WARNING: 27_io/basic_filebuf/imbue/char/13582-2.cc compilation failed to
produce executable
FAIL: 27_io/basic_filebuf/open/char/9507.cc (test for excess errors)
WARNING: 27_io/basic_filebuf/open/char/9507.cc compilation failed to
produce executable
FAIL: 27_io/basic_filebuf/seekoff/char/1-io.cc execution test
FAIL: 27_io/basic_filebuf/seekoff/char/2-io.cc execution test
FAIL: 27_io/basic_filebuf/showmanyc/char/9533-1.cc (test for excess errors)
WARNING: 27_io/basic_filebuf/showmanyc/char/9533-1.cc compilation failed
to produce executable
FAIL: 27_io/basic_filebuf/underflow/char/10097.cc (test for excess errors)
WARNING: 27_io/basic_filebuf/underflow/char/10097.cc compilation failed
to produce executable
FAIL: 27_io/basic_istream/extractors_arithmetic/char/12.cc execution test
FAIL: 27_io/basic_ostream/inserters_arithmetic/char/1.cc execution test
FAIL: 27_io/basic_ostream/inserters_arithmetic/char/4402.cc execution test
FAIL: 27_io/objects/char/10.cc execution test
FAIL: 27_io/objects/char/7.cc (test for excess errors)
WARNING: 27_io/objects/char/7.cc compilation failed to produce executable
FAIL: 27_io/objects/char/9661-1.cc (test for excess errors)
WARNING: 27_io/objects/char/9661-1.cc compilation failed to produce
executable
=== libstdc++ Summary ===
# of expected passes 1982
# of unexpected failures 22
# of expected failures 4
# of unsupported tests 8
Compiler version: 3.5.0 20040701 (experimental)
Platform: i686-pc-mingw32
configure flags: --prefix=/aaronwl/cs/env/mingw-head-head-head
--enable-checking --enable-maintainer-mode --with-included-gettext
--with-libiconv-prefix=/aaronwl/cs/internat/iconv/install
--enable-languages=c,c++,java,objc