This is the mail archive of the
gcc-testresults@gcc.gnu.org
mailing list for the GCC project.
Results for 3.5.0 20040627 (experimental) testsuite on x86_64-unknown-linux-gnu (fortran only)
- From: stevenb at suse dot de (Steven Bosscher) (by way of Steven Bosscher <stevenb at suse dot de>)
- To: gcc-testresults at gcc dot gnu dot org
- Date: Mon, 28 Jun 2004 00:47:24 +0200
- Subject: Results for 3.5.0 20040627 (experimental) testsuite on x86_64-unknown-linux-gnu (fortran only)
- Organization: SUSE Labs
[ Has the patch applied from
http://gcc.gnu.org/ml/fortran/2004-06/msg00269.html. ]
LAST_UPDATED: Sun Jun 27 15:13:25 UTC 2004
Native configuration is x86_64-unknown-linux-gnu
=== gfortran tests ===
Running target unix
FAIL: gfortran.fortran-torture/execute/forall_3.f90 execution, -O1
FAIL: gfortran.fortran-torture/execute/forall_3.f90 execution, -O2 -fomit-frame-pointer -finline-functions -funroll-loops
FAIL: gfortran.fortran-torture/execute/forall_3.f90 execution, -O2 -fomit-frame-pointer -finline-functions -funroll-all-loops
=== gfortran Summary for unix ===
# of expected passes 3273
# of unexpected failures 3
Running target unix/-m32
FAIL: gfortran.fortran-torture/execute/forall_3.f90 execution, -O0
FAIL: gfortran.fortran-torture/execute/forall_3.f90 execution, -O1
FAIL: gfortran.fortran-torture/execute/forall_3.f90 execution, -O2
FAIL: gfortran.fortran-torture/execute/forall_3.f90 execution, -O2 -fomit-frame-pointer -finline-functions
FAIL: gfortran.fortran-torture/execute/forall_3.f90 execution, -O2 -fomit-frame-pointer -finline-functions -funroll-loops
FAIL: gfortran.fortran-torture/execute/forall_3.f90 execution, -O2 -fomit-frame-pointer -finline-functions -funroll-all-loops
FAIL: gfortran.fortran-torture/execute/forall_3.f90 execution, -O2 -fno-repack-arrays
FAIL: gfortran.fortran-torture/execute/forall_3.f90 execution, -O3 -g FAIL: gfortran.fortran-torture/execute/forall_3.f90 execution, -Os
=== gfortran Summary for unix/-m32 ===
# of expected passes 3267
# of unexpected failures 9
=== gfortran Summary ===
# of expected passes 6540
# of unexpected failures 12
/space/stevenb/build-mainline/gcc/testsuite/../gfortran version 3.5.0 20040627 (experimental)
Compiler version: 3.5.0 20040627 (experimental)
Platform: x86_64-unknown-linux-gnu
configure flags: --disable-nls --disable-libmudflap --enable-languages=c,f95