This is the mail archive of the
gcc-testresults@gcc.gnu.org
mailing list for the GCC project.
Results for 3.4.1 20040611 (prerelease) testsuite on i686-pc-linux-gnu
- From: David Kredba <kredba at ibot dot cas dot cz>
- To: gcc-testresults at gcc dot gnu dot org
- Date: Wed, 23 Jun 2004 07:47:30 +0200
- Subject: Results for 3.4.1 20040611 (prerelease) testsuite on i686-pc-linux-gnu
LAST_UPDATED: Obtained from CVS: -rgcc-ss-3_4-20040611
=== acats tests ===
=== acats Summary ===
# of expected passes 2322
# of unexpected failures 0
Native configuration is i686-pc-linux-gnu
=== gcc tests ===
Running target unix
FAIL: gcc.c-torture/execute/va-arg-25.c execution, -Os
FAIL: gcc.dg/pch/warn-1.c -O0 -g (test for excess errors)
FAIL: gcc.dg/pch/warn-1.c -O0 (test for excess errors)
FAIL: gcc.dg/pch/warn-1.c -O1 (test for excess errors)
FAIL: gcc.dg/pch/warn-1.c -O2 (test for excess errors)
FAIL: gcc.dg/pch/warn-1.c -O3 -fomit-frame-pointer (test for excess
errors)
FAIL: gcc.dg/pch/warn-1.c -O3 -g (test for excess errors)
FAIL: gcc.dg/pch/warn-1.c -Os (test for excess errors)
=== gcc Summary ===
# of expected passes 24592
# of unexpected failures 8
# of expected failures 70
# of untested testcases 7
# of unsupported tests 183
/home/dave/gcc/gcc-3.4/gcc/xgcc version 3.4.1 20040611 (prerelease)
=== g++ tests ===
Running target unix
WARNING: g++.old-deja/g++.mike/p10769a.C compilation failed to produce
executable
WARNING: g++.old-deja/g++.other/enum5.C compilation failed to produce
executable
XPASS: g++.old-deja/g++.other/init5.C execution test
WARNING: g++.old-deja/g++.pt/friend44.C compilation failed to produce
executable
=== g++ Summary ===
# of expected passes 9637
# of unexpected successes 1
# of expected failures 68
# of unsupported tests 32
/home/dave/gcc/gcc-3.4/gcc/testsuite/../g++ version 3.4.1 20040611
(prerelease)
=== g77 tests ===
Running target unix
=== g77 Summary ===
# of expected passes 1812
/home/dave/gcc/gcc-3.4/gcc/testsuite/../g77 version 3.4.1 20040611
(prerelease)
=== objc tests ===
Running target unix
=== objc Summary ===
# of expected passes 1352
# of unsupported tests 8
/home/dave/gcc/gcc-3.4/gcc/xgcc version 3.4.1 20040611 (prerelease)
=== libffi tests ===
Running target unix
=== libffi Summary ===
# of expected passes 212
# of unsupported tests 2
=== libjava tests ===
Running target unix
FAIL: linking simple
FAIL: cxxtest output
=== libjava Summary ===
# of expected passes 3259
# of unexpected failures 2
# of expected failures 11
# of untested testcases 8
=== libstdc++-v3 check-abi Summary ===
# of added symbols: 298
# of missing symbols: 284
# of incompatible symbols: 284
=== libstdc++ tests ===
Running target unix
XPASS: 26_numerics/c99_classification_macros_c.cc (test for excess errors)
=== libstdc++ Summary ===
# of expected passes 2690
# of unexpected successes 1
# of expected failures 5
Compiler version: 3.4.1 20040611 (prerelease)
Platform: i686-pc-linux-gnu
configure flags: --host=i686-pc-linux-gnu --prefix=/opt/gcc-3.3.4
--enable-shared --enable-threads=posix --enable-checking
--enable-long-long --enable-__cxa_atexit --enable-clocale=gnu
--enable-languages=c,c++,ada,f77,objc,java --with-system-zlib
--
David Kredba <kredba at ibot.cas.cz>
GPG: ID 1024D/5B6B02DE
Fingerprint: F0B3312596BEDCF91DFB 0699E06AACD75B6B02DE