This is the mail archive of the
gcc-testresults@gcc.gnu.org
mailing list for the GCC project.
Results for 3.5.0-sh-elf 20040620 (experimental) testsuite on i686-pc-linux-gnu
- From: Joern Rennecke <joern dot rennecke at superh dot com>
- To: gcc-testresults at gcc dot gnu dot org
- Date: Tue, 22 Jun 2004 21:59:45 +0100
- Subject: Results for 3.5.0-sh-elf 20040620 (experimental) testsuite on i686-pc-linux-gnu
LAST_UPDATED: 2004-06-22 11:56 UTC
Native configuration is i686-pc-linux-gnu
=== g++ tests ===
Running target unix
FAIL: 102:is -:should be 1
FAIL: g++.dg/gcov/gcov-1.C gcov: 1 failures in line counts, 0 in branch percentages, 0 in return percentages
WARNING: g++.old-deja/g++.mike/p10769a.C compilation failed to produce executable
WARNING: g++.old-deja/g++.other/enum5.C compilation failed to produce executable
FAIL: g++.old-deja/g++.other/warn7.C (test for warnings, line 38)
WARNING: g++.old-deja/g++.pt/friend44.C compilation failed to produce executable
=== g++ Summary ===
# of expected passes 9851
# of unexpected failures 3
# of expected failures 80
# of unsupported tests 54
/swbuild/nightly/sh-elf-3.5-2004-06-22-1156/x86/gcc/testsuite/../g++ version 3.5.0-sh-elf 20040620 (experimental)
=== gcc tests ===
Running target unix
FAIL: gcc.c-torture/compile/950613-1.c -O1 (test for excess errors)
FAIL: gcc.c-torture/compile/950613-1.c -Os (test for excess errors)
FAIL: gcc.c-torture/execute/va-arg-25.c execution, -Os
FAIL: gcc.dg/debug/dwarf2/dwarf-die7.c scan-assembler 1.*DW_AT_inline
FAIL: gcc.dg/c90-const-expr-3.c (test for excess errors)
FAIL: gcc.dg/c99-const-expr-3.c (test for excess errors)
FAIL: gcc.dg/i386-sse-5.c (test for excess errors)
FAIL: gcc.dg/noreturn-1.c detect return from noreturn (test for warnings, line 37)
FAIL: gcc.dg/noreturn-1.c (test for excess errors)
XPASS: gcc.dg/setjmp-1.c spurious clobbered warning (test for bogus messages, line 16)
FAIL: gcc.dg/simd-1.c (test for excess errors)
FAIL: 94:is -:should be 1
FAIL: gcc.misc-tests/gcov-4.c gcov: 1 failures in line counts, 0 in branch percentages, 0 in return percentages
=== gcc Summary ===
# of expected passes 26382
# of unexpected failures 12
# of unexpected successes 1
# of expected failures 68
# of untested testcases 28
# of unsupported tests 220
/swbuild/nightly/sh-elf-3.5-2004-06-22-1156/x86/gcc/xgcc version 3.5.0-sh-elf 20040620 (experimental)
=== objc tests ===
Running target unix
=== objc Summary ===
# of expected passes 1404
# of unsupported tests 7
/swbuild/nightly/sh-elf-3.5-2004-06-22-1156/x86/gcc/xgcc version 3.5.0-sh-elf 20040620 (experimental)
Compiler version: 3.5.0-sh-elf 20040620 (experimental)
Platform: i686-pc-linux-gnu
configure flags: --enable-languages=c,c++,objc