This is the mail archive of the
gcc-testresults@gcc.gnu.org
mailing list for the GCC project.
Results for 3.5.0 20040620 (experimental) testsuite on i686-pc-linux-gnu
- From: <alfie at coonkat>
- To: gcc-testresults at gcc dot gnu dot org
- Date: Mon, 21 Jun 2004 01:24:02 -0400
- Subject: Results for 3.5.0 20040620 (experimental) testsuite on i686-pc-linux-gnu
- Reply-to: alfie at leaflock dot homeip dot net
config.guess:
i686-pc-linux-gnu
gcc -v:
Reading specs from /home/alfie/stow/gcc/lib/gcc/i686-pc-linux-gnu/3.5.0/specs
Configured with: ../gcc-3.5-20040620/configure --prefix=/home/alfie/stow/gcc --with-gnu-ld --with-gnu-as --enable-threads=posix --with-arch=athlon-4 --with-cpu=athlon-4 --enable-languages=c,c++,objc,f95
Thread model: posix
gcc version 3.5.0 20040620 (experimental)
Enabled languages:
c, c++, objective-c, gfortran
System:
Debian GNU/Linux testing/unstable
Linux coonkat 2.4.26 #26 Thu Jun 17 08:06:07 EDT 2004 i686 GNU/Linux
libc6 2.3.2.ds1-13
LAST_UPDATED: Obtained from CVS: -D2004-06-20 17:43 UTC
Native configuration is i686-pc-linux-gnu
=== g++ tests ===
Running target unix
FAIL: 102:is -:should be 1
FAIL: g++.dg/gcov/gcov-1.C gcov: 1 failures in line counts, 0 in branch percentages, 0 in return percentages
WARNING: g++.old-deja/g++.mike/p10769a.C compilation failed to produce executable
WARNING: g++.old-deja/g++.other/enum5.C compilation failed to produce executable
FAIL: g++.old-deja/g++.other/warn7.C (test for warnings, line 38)
WARNING: g++.old-deja/g++.pt/friend44.C compilation failed to produce executable
=== g++ Summary ===
# of expected passes 9878
# of unexpected failures 3
# of expected failures 80
# of unsupported tests 42
/mnt/hd2/gcc/BUILD/gcc/testsuite/../g++ version 3.5.0 20040620 (experimental)
=== gcc tests ===
Running target unix
WARNING: program timed out.
FAIL: gcc.c-torture/compile/20001226-1.c -O3 -g (test for excess errors)
FAIL: gcc.c-torture/compile/950613-1.c -O1 (test for excess errors)
FAIL: gcc.c-torture/compile/950613-1.c -Os (test for excess errors)
FAIL: gcc.c-torture/execute/simd-1.c execution, -O0
FAIL: gcc.c-torture/execute/simd-1.c execution, -O1
FAIL: gcc.c-torture/execute/simd-1.c execution, -O2
FAIL: gcc.c-torture/execute/simd-1.c execution, -O3 -fomit-frame-pointer
FAIL: gcc.c-torture/execute/simd-1.c execution, -O3 -g
FAIL: gcc.c-torture/execute/simd-1.c execution, -Os
FAIL: gcc.c-torture/execute/simd-2.c execution, -O0
FAIL: gcc.c-torture/execute/simd-2.c execution, -O2
FAIL: gcc.c-torture/execute/simd-2.c execution, -Os
FAIL: gcc.c-torture/execute/va-arg-25.c execution, -O0
FAIL: gcc.c-torture/execute/va-arg-25.c execution, -O1
FAIL: gcc.c-torture/execute/va-arg-25.c execution, -O2
FAIL: gcc.c-torture/execute/va-arg-25.c execution, -O3 -fomit-frame-pointer
FAIL: gcc.c-torture/execute/va-arg-25.c execution, -O3 -g
FAIL: gcc.c-torture/execute/va-arg-25.c execution, -Os
FAIL: gcc.dg/compat/vector-1 c_compat_x_tst.o compile
FAIL: gcc.dg/compat/vector-1 c_compat_y_tst.o compile
UNRESOLVED: gcc.dg/compat/vector-1 c_compat_x_tst.o-c_compat_y_tst.o link
UNRESOLVED: gcc.dg/compat/vector-1 c_compat_x_tst.o-c_compat_y_tst.o execute
FAIL: gcc.dg/compat/vector-2 c_compat_x_tst.o compile
FAIL: gcc.dg/compat/vector-2 c_compat_y_tst.o compile
UNRESOLVED: gcc.dg/compat/vector-2 c_compat_x_tst.o-c_compat_y_tst.o link
UNRESOLVED: gcc.dg/compat/vector-2 c_compat_x_tst.o-c_compat_y_tst.o execute
FAIL: gcc.dg/debug/dwarf2/dwarf-die7.c scan-assembler 1.*DW_AT_inline
FAIL: gcc.dg/c90-const-expr-3.c (test for excess errors)
FAIL: gcc.dg/c99-const-expr-3.c (test for excess errors)
FAIL: gcc.dg/i386-sse-5.c (test for excess errors)
FAIL: gcc.dg/noreturn-1.c detect return from noreturn (test for warnings, line 37)
FAIL: gcc.dg/noreturn-1.c (test for excess errors)
XPASS: gcc.dg/setjmp-1.c spurious clobbered warning (test for bogus messages, line 16)
FAIL: 94:is -:should be 1
FAIL: gcc.misc-tests/gcov-4.c gcov: 1 failures in line counts, 0 in branch percentages, 0 in return percentages
=== gcc Summary ===
# of expected passes 26387
# of unexpected failures 30
# of unexpected successes 1
# of expected failures 68
# of unresolved testcases 4
# of untested testcases 28
# of unsupported tests 209
/mnt/hd2/gcc/BUILD/gcc/xgcc version 3.5.0 20040620 (experimental)
=== gfortran tests ===
Running target unix
FAIL: gfortran.fortran-torture/compile/actual.f90, -O2
FAIL: gfortran.fortran-torture/compile/actual.f90, -O2 -fomit-frame-pointer -finline-functions
FAIL: gfortran.fortran-torture/compile/actual.f90, -O2 -fomit-frame-pointer -finline-functions -funroll-loops
FAIL: gfortran.fortran-torture/compile/actual.f90, -O2 -fomit-frame-pointer -finline-functions -funroll-all-loops
FAIL: gfortran.fortran-torture/compile/actual.f90, -O2 -fno-repack-arrays
FAIL: gfortran.fortran-torture/compile/actual.f90, -O3 -g
FAIL: gfortran.fortran-torture/compile/actual.f90, -Os
FAIL: gfortran.fortran-torture/execute/intrinsic_nearest.f90 execution, -Os
FAIL: gfortran.fortran-torture/execute/math.f90 execution, -Os
FAIL: gfortran.fortran-torture/execute/power.f90 execution, -Os
FAIL: gfortran.fortran-torture/execute/select_1.f90 execution, -O0
FAIL: gfortran.fortran-torture/execute/select_1.f90 execution, -O1
FAIL: gfortran.fortran-torture/execute/select_1.f90 execution, -O2
FAIL: gfortran.fortran-torture/execute/select_1.f90 execution, -O2 -fomit-frame-pointer -finline-functions
FAIL: gfortran.fortran-torture/execute/select_1.f90 execution, -O2 -fomit-frame-pointer -finline-functions -funroll-loops
FAIL: gfortran.fortran-torture/execute/select_1.f90 execution, -O2 -fomit-frame-pointer -finline-functions -funroll-all-loops
FAIL: gfortran.fortran-torture/execute/select_1.f90 execution, -O2 -fno-repack-arrays
FAIL: gfortran.fortran-torture/execute/select_1.f90 execution, -O3 -g
FAIL: gfortran.fortran-torture/execute/select_1.f90 execution, -Os
=== gfortran Summary ===
# of expected passes 3203
# of unexpected failures 19
/mnt/hd2/gcc/BUILD/gcc/testsuite/../gfortran version 3.5.0 20040620 (experimental)
=== objc tests ===
Running target unix
=== objc Summary ===
# of expected passes 1404
# of unsupported tests 7
/mnt/hd2/gcc/BUILD/gcc/xgcc version 3.5.0 20040620 (experimental)
=== libmudflap tests ===
Running target unix
=== libmudflap Summary ===
# of expected passes 1100
=== libstdc++-v3 check-abi Summary ===
# of added symbols: 351
# of missing symbols: 322
# of incompatible symbols: 326
=== libstdc++ tests ===
Running target unix
XPASS: 26_numerics/c99_classification_macros_c.cc (test for excess errors)
=== libstdc++ Summary ===
# of expected passes 2694
# of unexpected successes 1
# of expected failures 5
Compiler version: 3.5.0 20040620 (experimental)
Platform: i686-pc-linux-gnu
configure flags: --prefix=/home/alfie/stow/gcc --with-gnu-ld --with-gnu-as --enable-threads=posix --with-arch=athlon-4 --with-cpu=athlon-4 --enable-languages=c,c++,f95,objc