This is the mail archive of the
gcc-testresults@gcc.gnu.org
mailing list for the GCC project.
Results for 3.4 20031009 (experimental) (new RA) testsuite on x86_64-suse-linux-gnu
- From: aj at suse dot de (Andreas Jaeger)
- To: gcc-testresults at gcc dot gnu dot org
- Date: Sun, 20 Jun 2004 06:37:54 UT
- Subject: Results for 3.4 20031009 (experimental) (new RA) testsuite on x86_64-suse-linux-gnu
Bootstrap and regtesting on x86_64-suse-linux-gnu.
CVS sources: branch: new-regalloc-branch.
LAST_UPDATED: Sun Jun 20 04:09:59 UTC 2004
Native configuration is x86_64-suse-linux-gnu
=== g77 tests ===
Running target unix/-m32
FAIL: g77.dg/f77-edit-t-in.f (test for excess errors)
FAIL: g77.dg/f77-edit-t-in.f (test for excess errors)
FAIL: g77.dg/f77-edit-t-in.f (test for excess errors)
FAIL: g77.dg/f77-edit-t-in.f (test for excess errors)
FAIL: g77.dg/f77-edit-t-in.f (test for excess errors)
FAIL: g77.dg/f77-edit-t-in.f (test for excess errors)
FAIL: g77.dg/f77-edit-t-in.f (test for excess errors)
FAIL: g77.dg/f77-edit-t-in.f (test for excess errors)
FAIL: g77.dg/ff90-1.f (test for excess errors)
FAIL: g77.dg/fno-f90-1.f (test for excess errors)
FAIL: g77.dg/fno-f90-1.f (test for excess errors)
FAIL: g77.dg/fno-f90-1.f (test for excess errors)
FAIL: g77.dg/fno-f90-1.f (test for excess errors)
FAIL: g77.dg/fno-f90-1.f (test for excess errors)
FAIL: g77.dg/fno-f90-1.f (test for excess errors)
FAIL: g77.dg/pr9258.f (test for excess errors)
FAIL: g77.dg/pr9258.f (test for excess errors)
FAIL: g77.f-torture/compile/19990218-0.f, -O0
FAIL: g77.f-torture/compile/19990218-0.f, -O1
FAIL: g77.f-torture/compile/12002.f, -O0
FAIL: g77.f-torture/compile/19990305-0.f, -O0
FAIL: g77.f-torture/compile/19990305-0.f, -O1
FAIL: g77.f-torture/compile/19990305-0.f, -O2
FAIL: g77.f-torture/compile/19990305-0.f, -O3 -fomit-frame-pointer
FAIL: g77.f-torture/compile/19990305-0.f, -O3 -g
FAIL: g77.f-torture/compile/19990305-0.f, -Os
FAIL: g77.f-torture/compile/19990502-0.f, -O0
FAIL: g77.f-torture/compile/19990826-3.f, -O0
FAIL: g77.f-torture/compile/19990826-3.f, -O1
FAIL: g77.f-torture/compile/19990826-3.f, -O2
FAIL: g77.f-torture/compile/19990826-3.f, -O3 -fomit-frame-pointer
FAIL: g77.f-torture/compile/19990826-3.f, -O3 -fomit-frame-pointer -funroll-loops
FAIL: g77.f-torture/compile/19990826-3.f, -O3 -fomit-frame-pointer -funroll-all-loops -finline-functions
FAIL: g77.f-torture/compile/19990826-3.f, -O3 -g
FAIL: g77.f-torture/compile/19990826-3.f, -Os
FAIL: g77.f-torture/compile/20000511-1.f, -O0
FAIL: g77.f-torture/compile/20000511-1.f, -O1
FAIL: g77.f-torture/compile/20010426.f, -O0
FAIL: g77.f-torture/compile/20010519-1.f, -O0
FAIL: g77.f-torture/compile/20010519-1.f, -O1
FAIL: g77.f-torture/compile/20010519-1.f, -O2
FAIL: g77.f-torture/compile/20010519-1.f, -O3 -fomit-frame-pointer
FAIL: g77.f-torture/compile/20010519-1.f, -O3 -g
FAIL: g77.f-torture/compile/970915-0.f, -O0
FAIL: g77.f-torture/compile/980310-2.f, -O0
FAIL: g77.f-torture/compile/980310-2.f, -O1
FAIL: g77.f-torture/compile/980310-3.f, -O0
FAIL: g77.f-torture/compile/980310-3.f, -O1
FAIL: g77.f-torture/compile/980310-3.f, -O2
FAIL: g77.f-torture/compile/980310-3.f, -O3 -fomit-frame-pointer
FAIL: g77.f-torture/compile/980310-3.f, -O3 -fomit-frame-pointer -funroll-loops
FAIL: g77.f-torture/compile/980310-3.f, -O3 -fomit-frame-pointer -funroll-all-loops -finline-functions
FAIL: g77.f-torture/compile/980310-3.f, -O3 -g
FAIL: g77.f-torture/compile/980310-3.f, -Os
FAIL: g77.f-torture/compile/980310-4.f, -O0
FAIL: g77.f-torture/compile/980310-4.f, -O1
FAIL: g77.f-torture/compile/980310-4.f, -O2
FAIL: g77.f-torture/compile/980310-4.f, -O3 -fomit-frame-pointer
FAIL: g77.f-torture/compile/980310-4.f, -O3 -fomit-frame-pointer -funroll-loops
FAIL: g77.f-torture/compile/980310-4.f, -O3 -fomit-frame-pointer -funroll-all-loops -finline-functions
FAIL: g77.f-torture/compile/980310-4.f, -O3 -g
FAIL: g77.f-torture/compile/980310-4.f, -Os
FAIL: g77.f-torture/compile/981117-1.f, -O0
FAIL: g77.f-torture/compile/981117-1.f, -O1
FAIL: g77.f-torture/compile/990115-1.f, -O1
FAIL: g77.f-torture/execute/980520-1.f compilation, -O0
FAIL: g77.f-torture/execute/f90-intrinsic-bit.f execution, -O0
FAIL: g77.f-torture/execute/f90-intrinsic-bit.f execution, -O1
FAIL: g77.f-torture/execute/f90-intrinsic-mathematical.f compilation, -O2
FAIL: g77.f-torture/execute/f90-intrinsic-numeric.f compilation, -O2
FAIL: g77.f-torture/execute/intrinsic-f2c-z.f compilation, -O2
FAIL: g77.f-torture/execute/intrinsic-unix-bessel.f compilation, -O2
FAIL: g77.f-torture/execute/intrinsic-unix-erf.f compilation, -O2
FAIL: g77.f-torture/execute/intrinsic-vax-cd.f compilation, -O2
FAIL: g77.f-torture/execute/intrinsic77.f compilation, -O2
FAIL: g77.f-torture/execute/u77-test.f execution, -O1
=== g77 Summary for unix/-m32 ===
# of expected passes 1670
# of unexpected failures 76
# of untested testcases 8
# of unsupported tests 6
Running target unix
FAIL: g77.dg/f77-edit-t-in.f (test for excess errors)
FAIL: g77.dg/f77-edit-t-in.f (test for excess errors)
FAIL: g77.dg/f77-edit-t-in.f (test for excess errors)
FAIL: g77.dg/f77-edit-t-in.f (test for excess errors)
FAIL: g77.dg/f77-edit-t-in.f (test for excess errors)
FAIL: g77.dg/f77-edit-t-in.f (test for excess errors)
FAIL: g77.dg/f77-edit-t-in.f (test for excess errors)
FAIL: g77.dg/f77-edit-t-in.f (test for excess errors)
FAIL: g77.dg/ff90-1.f (test for excess errors)
FAIL: g77.dg/ff90-1.f (test for excess errors)
FAIL: g77.dg/ff90-1.f (test for excess errors)
FAIL: g77.dg/ff90-1.f (test for excess errors)
FAIL: g77.dg/ff90-1.f (test for excess errors)
FAIL: g77.dg/ff90-1.f (test for excess errors)
FAIL: g77.dg/fno-f90-1.f (test for excess errors)
FAIL: g77.dg/fno-f90-1.f (test for excess errors)
FAIL: g77.dg/fno-f90-1.f (test for excess errors)
FAIL: g77.dg/fno-f90-1.f (test for excess errors)
FAIL: g77.dg/fno-f90-1.f (test for excess errors)
FAIL: g77.dg/fno-f90-1.f (test for excess errors)
FAIL: g77.dg/fugly-assumed.f (test for excess errors)
FAIL: g77.dg/pr9258.f (test for excess errors)
FAIL: g77.dg/pr9258.f (test for excess errors)
FAIL: g77.dg/pr9258.f (test for excess errors)
FAIL: g77.dg/pr9258.f (test for excess errors)
FAIL: g77.dg/pr9258.f (test for excess errors)
FAIL: g77.dg/pr9258.f (test for excess errors)
FAIL: g77.f-torture/compile/19990218-0.f, -O0
FAIL: g77.f-torture/compile/19990218-0.f, -O1
FAIL: g77.f-torture/compile/19990218-0.f, -O2
FAIL: g77.f-torture/compile/19990218-0.f, -O3 -fomit-frame-pointer
FAIL: g77.f-torture/compile/19990218-0.f, -O3 -g
FAIL: g77.f-torture/compile/19990218-0.f, -Os
FAIL: g77.f-torture/compile/12002.f, -O0
FAIL: g77.f-torture/compile/19990305-0.f, -O0
FAIL: g77.f-torture/compile/19990305-0.f, -O1
FAIL: g77.f-torture/compile/19990305-0.f, -O2
FAIL: g77.f-torture/compile/19990305-0.f, -O3 -fomit-frame-pointer
FAIL: g77.f-torture/compile/19990305-0.f, -O3 -g
FAIL: g77.f-torture/compile/19990305-0.f, -Os
FAIL: g77.f-torture/compile/19990502-0.f, -O0
FAIL: g77.f-torture/compile/19990826-3.f, -O0
FAIL: g77.f-torture/compile/19990826-3.f, -O1
FAIL: g77.f-torture/compile/19990826-3.f, -O2
FAIL: g77.f-torture/compile/19990826-3.f, -O3 -fomit-frame-pointer
FAIL: g77.f-torture/compile/19990826-3.f, -O3 -fomit-frame-pointer -funroll-loops
FAIL: g77.f-torture/compile/19990826-3.f, -O3 -fomit-frame-pointer -funroll-all-loops -finline-functions
FAIL: g77.f-torture/compile/19990826-3.f, -O3 -g
FAIL: g77.f-torture/compile/19990826-3.f, -Os
FAIL: g77.f-torture/compile/20000511-1.f, -O0
FAIL: g77.f-torture/compile/20000511-1.f, -O1
FAIL: g77.f-torture/compile/20000511-1.f, -O2
FAIL: g77.f-torture/compile/20000511-1.f, -O3 -fomit-frame-pointer
FAIL: g77.f-torture/compile/20000511-1.f, -O3 -fomit-frame-pointer -funroll-loops
FAIL: g77.f-torture/compile/20000511-1.f, -O3 -fomit-frame-pointer -funroll-all-loops -finline-functions
FAIL: g77.f-torture/compile/20000511-1.f, -O3 -g
FAIL: g77.f-torture/compile/20000511-1.f, -Os
FAIL: g77.f-torture/compile/20000511-2.f, -O0
FAIL: g77.f-torture/compile/20010426.f, -O0
FAIL: g77.f-torture/compile/20010519-1.f, -O0
FAIL: g77.f-torture/compile/20010519-1.f, -O1
FAIL: g77.f-torture/compile/20010519-1.f, -O2
FAIL: g77.f-torture/compile/20010519-1.f, -O3 -fomit-frame-pointer
FAIL: g77.f-torture/compile/20010519-1.f, -O3 -fomit-frame-pointer -funroll-loops
FAIL: g77.f-torture/compile/20010519-1.f, -O3 -fomit-frame-pointer -funroll-all-loops -finline-functions
FAIL: g77.f-torture/compile/20010519-1.f, -O3 -g
FAIL: g77.f-torture/compile/20010519-1.f, -Os
FAIL: g77.f-torture/compile/20020307-1.f, -O0
FAIL: g77.f-torture/compile/20020307-1.f, -O1
FAIL: g77.f-torture/compile/20020307-1.f, -O2
FAIL: g77.f-torture/compile/20020307-1.f, -O3 -fomit-frame-pointer
FAIL: g77.f-torture/compile/20020307-1.f, -O3 -fomit-frame-pointer -funroll-loops
FAIL: g77.f-torture/compile/20020307-1.f, -O3 -fomit-frame-pointer -funroll-all-loops -finline-functions
FAIL: g77.f-torture/compile/20020307-1.f, -O3 -g
FAIL: g77.f-torture/compile/20020307-1.f, -Os
FAIL: g77.f-torture/compile/970915-0.f, -O0
FAIL: g77.f-torture/compile/970915-0.f, -Os
FAIL: g77.f-torture/compile/980310-2.f, -O0
FAIL: g77.f-torture/compile/980310-2.f, -O1
FAIL: g77.f-torture/compile/980310-3.f, -O0
FAIL: g77.f-torture/compile/980310-3.f, -O1
FAIL: g77.f-torture/compile/980310-3.f, -O2
FAIL: g77.f-torture/compile/980310-3.f, -O3 -fomit-frame-pointer
FAIL: g77.f-torture/compile/980310-3.f, -O3 -fomit-frame-pointer -funroll-loops
FAIL: g77.f-torture/compile/980310-3.f, -O3 -fomit-frame-pointer -funroll-all-loops -finline-functions
FAIL: g77.f-torture/compile/980310-3.f, -O3 -g
FAIL: g77.f-torture/compile/980310-3.f, -Os
FAIL: g77.f-torture/compile/980310-4.f, -O0
FAIL: g77.f-torture/compile/980310-4.f, -O1
FAIL: g77.f-torture/compile/980310-4.f, -O2
FAIL: g77.f-torture/compile/980310-4.f, -O3 -fomit-frame-pointer
FAIL: g77.f-torture/compile/980310-4.f, -O3 -fomit-frame-pointer -funroll-loops
FAIL: g77.f-torture/compile/980310-4.f, -O3 -fomit-frame-pointer -funroll-all-loops -finline-functions
FAIL: g77.f-torture/compile/980310-4.f, -O3 -g
FAIL: g77.f-torture/compile/980310-4.f, -Os
FAIL: g77.f-torture/compile/980427-0.f, -O0
FAIL: g77.f-torture/compile/980519-2.f, -O0
FAIL: g77.f-torture/compile/980519-2.f, -O1
FAIL: g77.f-torture/compile/980519-2.f, -O2
FAIL: g77.f-torture/compile/980519-2.f, -O3 -fomit-frame-pointer
FAIL: g77.f-torture/compile/980519-2.f, -O3 -g
FAIL: g77.f-torture/compile/980519-2.f, -Os
FAIL: g77.f-torture/compile/980729-0.f, -O0
FAIL: g77.f-torture/compile/980729-0.f, -O1
FAIL: g77.f-torture/compile/980729-0.f, -O2
FAIL: g77.f-torture/compile/980729-0.f, -O3 -fomit-frame-pointer
FAIL: g77.f-torture/compile/980729-0.f, -O3 -g
FAIL: g77.f-torture/compile/980729-0.f, -Os
FAIL: g77.f-torture/compile/981117-1.f, -O0
FAIL: g77.f-torture/compile/981117-1.f, -O1
FAIL: g77.f-torture/compile/981117-1.f, -O2
FAIL: g77.f-torture/compile/981117-1.f, -O3 -fomit-frame-pointer
FAIL: g77.f-torture/compile/981117-1.f, -O3 -fomit-frame-pointer -funroll-loops
FAIL: g77.f-torture/compile/981117-1.f, -O3 -fomit-frame-pointer -funroll-all-loops -finline-functions
FAIL: g77.f-torture/compile/981117-1.f, -O3 -g
FAIL: g77.f-torture/compile/981117-1.f, -Os
FAIL: g77.f-torture/compile/990115-1.f, -O0
FAIL: g77.f-torture/compile/990115-1.f, -O1
FAIL: g77.f-torture/compile/990115-1.f, -O2
FAIL: g77.f-torture/compile/990115-1.f, -O3 -fomit-frame-pointer
FAIL: g77.f-torture/compile/990115-1.f, -O3 -fomit-frame-pointer -funroll-loops
FAIL: g77.f-torture/compile/990115-1.f, -O3 -fomit-frame-pointer -funroll-all-loops -finline-functions
FAIL: g77.f-torture/compile/990115-1.f, -O3 -g
FAIL: g77.f-torture/compile/990115-1.f, -Os
FAIL: g77.f-torture/compile/cpp.F, -O0
FAIL: g77.f-torture/compile/cpp.F, -O1
FAIL: g77.f-torture/compile/cpp.F, -O2
FAIL: g77.f-torture/compile/cpp.F, -O3 -fomit-frame-pointer
FAIL: g77.f-torture/compile/cpp.F, -O3 -fomit-frame-pointer -funroll-loops
FAIL: g77.f-torture/compile/cpp.F, -O3 -fomit-frame-pointer -funroll-all-loops -finline-functions
FAIL: g77.f-torture/compile/cpp.F, -O3 -g
FAIL: g77.f-torture/compile/cpp.F, -Os
FAIL: g77.f-torture/execute/980520-1.f compilation, -O0
=== g77 Summary for unix ===
# of expected passes 1620
# of unexpected failures 133
# of untested testcases 1
# of unsupported tests 6
=== g77 Summary ===
# of expected passes 3290
# of unexpected failures 209
# of untested testcases 9
# of unsupported tests 12
/builds/gcc/misc/gcc/testsuite/../g77 version 3.4 20031009 (experimental) (new RA)
=== gcc tests ===
Running target unix/-m32
FAIL: gcc.c-torture/compile/20000127-1.c (test for excess errors)
FAIL: gcc.c-torture/compile/20000405-1.c (test for excess errors)
FAIL: gcc.c-torture/compile/20001212-1.c (test for excess errors)
FAIL: gcc.c-torture/compile/20010421-1.c (test for excess errors)
FAIL: gcc.c-torture/compile/20011109-1.c (test for excess errors)
FAIL: gcc.c-torture/compile/20011109-1.c (test for excess errors)
FAIL: gcc.c-torture/compile/20011109-1.c (test for excess errors)
FAIL: gcc.c-torture/compile/20011109-1.c (test for excess errors)
FAIL: gcc.c-torture/compile/20011109-1.c (test for excess errors)
FAIL: gcc.c-torture/compile/20011109-1.c (test for excess errors)
FAIL: gcc.c-torture/compile/20011109-1.c (test for excess errors)
FAIL: gcc.c-torture/compile/20011109-1.c (test for excess errors)
FAIL: gcc.c-torture/compile/20011130-2.c (test for excess errors)
FAIL: gcc.c-torture/compile/20011219-1.c (test for excess errors)
FAIL: gcc.c-torture/compile/20011219-1.c (test for excess errors)
FAIL: gcc.c-torture/compile/20011219-2.c (test for excess errors)
FAIL: gcc.c-torture/compile/20020309-2.c (test for excess errors)
FAIL: gcc.c-torture/compile/20020309-2.c (test for excess errors)
FAIL: gcc.c-torture/compile/20020309-2.c (test for excess errors)
FAIL: gcc.c-torture/compile/20020309-2.c (test for excess errors)
FAIL: gcc.c-torture/compile/20020309-2.c (test for excess errors)
FAIL: gcc.c-torture/compile/20020309-2.c (test for excess errors)
FAIL: gcc.c-torture/compile/20020309-2.c (test for excess errors)
FAIL: gcc.c-torture/compile/20020604-1.c (test for excess errors)
FAIL: gcc.c-torture/compile/20020604-1.c (test for excess errors)
FAIL: gcc.c-torture/compile/20020604-1.c (test for excess errors)
FAIL: gcc.c-torture/compile/20020604-1.c (test for excess errors)
FAIL: gcc.c-torture/compile/20020604-1.c (test for excess errors)
FAIL: gcc.c-torture/compile/20020604-1.c (test for excess errors)
FAIL: gcc.c-torture/compile/20020604-1.c (test for excess errors)
FAIL: gcc.c-torture/compile/20020604-1.c (test for excess errors)
FAIL: gcc.c-torture/compile/20020930-1.c (test for excess errors)
FAIL: gcc.c-torture/compile/20020930-1.c (test for excess errors)
FAIL: gcc.c-torture/compile/20020930-1.c (test for excess errors)
FAIL: gcc.c-torture/compile/20020930-1.c (test for excess errors)
FAIL: gcc.c-torture/compile/20020930-1.c (test for excess errors)
FAIL: gcc.c-torture/compile/20020930-1.c (test for excess errors)
FAIL: gcc.c-torture/compile/20030415-1.c (test for excess errors)
FAIL: gcc.c-torture/compile/20030604-1.c (test for excess errors)
FAIL: gcc.c-torture/compile/20030804-1.c (test for excess errors)
FAIL: gcc.c-torture/compile/20030804-1.c (test for excess errors)
FAIL: gcc.c-torture/compile/20030903-1.c (test for excess errors)
FAIL: gcc.c-torture/compile/20030904-1.c (test for excess errors)
FAIL: gcc.c-torture/compile/20030904-1.c (test for excess errors)
FAIL: gcc.c-torture/compile/20030904-1.c (test for excess errors)
FAIL: gcc.c-torture/compile/20030904-1.c (test for excess errors)
FAIL: gcc.c-torture/compile/20030904-1.c (test for excess errors)
FAIL: gcc.c-torture/compile/20030904-1.c (test for excess errors)
FAIL: gcc.c-torture/compile/920410-1.c (test for excess errors)
FAIL: gcc.c-torture/compile/920428-2.c (test for excess errors)
FAIL: gcc.c-torture/compile/920428-2.c (test for excess errors)
FAIL: gcc.c-torture/compile/920428-2.c (test for excess errors)
FAIL: gcc.c-torture/compile/920428-2.c (test for excess errors)
FAIL: gcc.c-torture/compile/920428-2.c (test for excess errors)
FAIL: gcc.c-torture/compile/920428-2.c (test for excess errors)
FAIL: gcc.c-torture/compile/920428-2.c (test for excess errors)
FAIL: gcc.c-torture/compile/920428-2.c (test for excess errors)
FAIL: gcc.c-torture/compile/920501-18.c (test for excess errors)
FAIL: gcc.c-torture/compile/920501-18.c (test for excess errors)
FAIL: gcc.c-torture/compile/920501-18.c (test for excess errors)
FAIL: gcc.c-torture/compile/920501-18.c (test for excess errors)
FAIL: gcc.c-torture/compile/920501-18.c (test for excess errors)
FAIL: gcc.c-torture/compile/920501-18.c (test for excess errors)
FAIL: gcc.c-torture/compile/920501-18.c (test for excess errors)
FAIL: gcc.c-torture/compile/920501-4.c (test for excess errors)
FAIL: gcc.c-torture/compile/920501-4.c (test for excess errors)
FAIL: gcc.c-torture/compile/920501-4.c (test for excess errors)
FAIL: gcc.c-torture/compile/920501-4.c (test for excess errors)
FAIL: gcc.c-torture/compile/920501-4.c (test for excess errors)
FAIL: gcc.c-torture/compile/920520-1.c (test for excess errors)
FAIL: gcc.c-torture/compile/920520-1.c (test for excess errors)
FAIL: gcc.c-torture/compile/920520-1.c (test for excess errors)
FAIL: gcc.c-torture/compile/920520-1.c (test for excess errors)
FAIL: gcc.c-torture/compile/920520-1.c (test for excess errors)
FAIL: gcc.c-torture/compile/920625-1.c (test for excess errors)
FAIL: gcc.c-torture/compile/920710-2.c (test for excess errors)
FAIL: gcc.c-torture/compile/920710-2.c (test for excess errors)
FAIL: gcc.c-torture/compile/920710-2.c (test for excess errors)
FAIL: gcc.c-torture/compile/920710-2.c (test for excess errors)
FAIL: gcc.c-torture/compile/920710-2.c (test for excess errors)
FAIL: gcc.c-torture/compile/920710-2.c (test for excess errors)
FAIL: gcc.c-torture/compile/920710-2.c (test for excess errors)
FAIL: gcc.c-torture/compile/920710-2.c (test for excess errors)
FAIL: gcc.c-torture/compile/920723-1.c (test for excess errors)
FAIL: gcc.c-torture/compile/920723-1.c (test for excess errors)
FAIL: gcc.c-torture/compile/920723-1.c (test for excess errors)
FAIL: gcc.c-torture/compile/920723-1.c (test for excess errors)
FAIL: gcc.c-torture/compile/920723-1.c (test for excess errors)
FAIL: gcc.c-torture/compile/920723-1.c (test for excess errors)
FAIL: gcc.c-torture/compile/920723-1.c (test for excess errors)
FAIL: gcc.c-torture/compile/920723-1.c (test for excess errors)
FAIL: gcc.c-torture/compile/920820-1.c (test for excess errors)
FAIL: gcc.c-torture/compile/920820-1.c (test for excess errors)
FAIL: gcc.c-torture/compile/920820-1.c (test for excess errors)
FAIL: gcc.c-torture/compile/920820-1.c (test for excess errors)
FAIL: gcc.c-torture/compile/920820-1.c (test for excess errors)
FAIL: gcc.c-torture/compile/920820-1.c (test for excess errors)
FAIL: gcc.c-torture/compile/920829-1.c (test for excess errors)
FAIL: gcc.c-torture/compile/920928-2.c (test for excess errors)
FAIL: gcc.c-torture/compile/921206-1.c (test for excess errors)
FAIL: gcc.c-torture/compile/930120-1.c (test for excess errors)
FAIL: gcc.c-torture/compile/930120-1.c (test for excess errors)
FAIL: gcc.c-torture/compile/930120-1.c (test for excess errors)
FAIL: gcc.c-torture/compile/930120-1.c (test for excess errors)
FAIL: gcc.c-torture/compile/930120-1.c (test for excess errors)
FAIL: gcc.c-torture/compile/930120-1.c (test for excess errors)
FAIL: gcc.c-torture/compile/930120-1.c (test for excess errors)
FAIL: gcc.c-torture/compile/930217-1.c (test for excess errors)
FAIL: gcc.c-torture/compile/930217-1.c (test for excess errors)
FAIL: gcc.c-torture/compile/930217-1.c (test for excess errors)
FAIL: gcc.c-torture/compile/930217-1.c (test for excess errors)
FAIL: gcc.c-torture/compile/930217-1.c (test for excess errors)
FAIL: gcc.c-torture/compile/930222-1.c (test for excess errors)
FAIL: gcc.c-torture/compile/930506-1.c (test for excess errors)
FAIL: gcc.c-torture/compile/930611-1.c (test for excess errors)
FAIL: gcc.c-torture/compile/930611-1.c (test for excess errors)
FAIL: gcc.c-torture/compile/930611-1.c (test for excess errors)
FAIL: gcc.c-torture/compile/930611-1.c (test for excess errors)
FAIL: gcc.c-torture/compile/930611-1.c (test for excess errors)
FAIL: gcc.c-torture/compile/930611-1.c (test for excess errors)
FAIL: gcc.c-torture/compile/940718-1.c (test for excess errors)
FAIL: gcc.c-torture/compile/950613-1.c (test for excess errors)
FAIL: gcc.c-torture/compile/950613-1.c (test for excess errors)
FAIL: gcc.c-torture/compile/950613-1.c (test for excess errors)
FAIL: gcc.c-torture/compile/961010-1.c (test for excess errors)
FAIL: gcc.c-torture/compile/980506-2.c (test for excess errors)
FAIL: gcc.c-torture/compile/980506-2.c (test for excess errors)
FAIL: gcc.c-torture/compile/980506-2.c (test for excess errors)
FAIL: gcc.c-torture/compile/980506-2.c (test for excess errors)
FAIL: gcc.c-torture/compile/980506-2.c (test for excess errors)
FAIL: gcc.c-torture/compile/980506-2.c (test for excess errors)
FAIL: gcc.c-torture/compile/980821-1.c (test for excess errors)
FAIL: gcc.c-torture/compile/980821-1.c (test for excess errors)
FAIL: gcc.c-torture/compile/981007-1.c (test for excess errors)
FAIL: gcc.c-torture/compile/981007-1.c (test for excess errors)
FAIL: gcc.c-torture/compile/981223-1.c (test for excess errors)
FAIL: gcc.c-torture/compile/981223-1.c (test for excess errors)
FAIL: gcc.c-torture/compile/981223-1.c (test for excess errors)
FAIL: gcc.c-torture/compile/981223-1.c (test for excess errors)
FAIL: gcc.c-torture/compile/981223-1.c (test for excess errors)
FAIL: gcc.c-torture/compile/990523-1.c (test for excess errors)
FAIL: gcc.c-torture/compile/990523-1.c (test for excess errors)
FAIL: gcc.c-torture/compile/991202-1.c (test for excess errors)
FAIL: gcc.c-torture/compile/991202-1.c (test for excess errors)
FAIL: gcc.c-torture/compile/991202-1.c (test for excess errors)
FAIL: gcc.c-torture/compile/991202-1.c (test for excess errors)
FAIL: gcc.c-torture/compile/991202-1.c (test for excess errors)
FAIL: gcc.c-torture/compile/991202-1.c (test for excess errors)
FAIL: gcc.c-torture/compile/991213-1.c (test for excess errors)
FAIL: gcc.c-torture/compile/991214-1.c (test for excess errors)
FAIL: gcc.c-torture/compile/991214-1.c (test for excess errors)
FAIL: gcc.c-torture/compile/991214-1.c (test for excess errors)
FAIL: gcc.c-torture/compile/991214-1.c (test for excess errors)
FAIL: gcc.c-torture/compile/991214-1.c (test for excess errors)
FAIL: gcc.c-torture/compile/991214-1.c (test for excess errors)
FAIL: gcc.c-torture/compile/991214-1.c (test for excess errors)
FAIL: gcc.c-torture/compile/combine-hang.c (test for excess errors)
FAIL: gcc.c-torture/compile/combine-hang.c (test for excess errors)
FAIL: gcc.c-torture/compile/combine-hang.c (test for excess errors)
FAIL: gcc.c-torture/compile/combine-hang.c (test for excess errors)
FAIL: gcc.c-torture/compile/combine-hang.c (test for excess errors)
FAIL: gcc.c-torture/compile/combine-hang.c (test for excess errors)
FAIL: gcc.c-torture/compile/simd-2.c (test for excess errors)
FAIL: gcc.c-torture/compile/simd-2.c (test for excess errors)
FAIL: gcc.c-torture/compile/simd-2.c (test for excess errors)
FAIL: gcc.c-torture/compile/simd-2.c (test for excess errors)
FAIL: gcc.c-torture/compile/simd-2.c (test for excess errors)
FAIL: gcc.c-torture/compile/simd-2.c (test for excess errors)
FAIL: gcc.c-torture/compile/simd-3.c (test for excess errors)
FAIL: gcc.c-torture/compile/simd-3.c (test for excess errors)
FAIL: gcc.c-torture/compile/simd-3.c (test for excess errors)
FAIL: gcc.c-torture/compile/simd-3.c (test for excess errors)
FAIL: gcc.c-torture/compile/simd-3.c (test for excess errors)
FAIL: gcc.c-torture/compile/simd-3.c (test for excess errors)
FAIL: gcc.c-torture/compile/simd-4.c (test for excess errors)
FAIL: gcc.c-torture/compile/simd-4.c (test for excess errors)
FAIL: gcc.c-torture/compile/simd-4.c (test for excess errors)
FAIL: gcc.c-torture/compile/simd-4.c (test for excess errors)
FAIL: gcc.c-torture/compile/simd-4.c (test for excess errors)
FAIL: gcc.c-torture/compile/simd-4.c (test for excess errors)
FAIL: gcc.c-torture/compile/simd-5.c (test for excess errors)
FAIL: gcc.c-torture/compile/simd-5.c (test for excess errors)
FAIL: gcc.c-torture/compile/simd-5.c (test for excess errors)
FAIL: gcc.c-torture/compile/simd-5.c (test for excess errors)
FAIL: gcc.c-torture/compile/simd-5.c (test for excess errors)
FAIL: gcc.c-torture/compile/simd-5.c (test for excess errors)
FAIL: gcc.c-torture/execute/20000603-1.c compilation, -O0
UNRESOLVED: gcc.c-torture/execute/20000603-1.c execution, -O0
FAIL: gcc.c-torture/execute/20000605-1.c compilation, -O0
UNRESOLVED: gcc.c-torture/execute/20000605-1.c execution, -O0
FAIL: gcc.c-torture/execute/20000605-1.c compilation, -O1
UNRESOLVED: gcc.c-torture/execute/20000605-1.c execution, -O1
FAIL: gcc.c-torture/execute/20000731-1.c compilation, -O0
UNRESOLVED: gcc.c-torture/execute/20000731-1.c execution, -O0
FAIL: gcc.c-torture/execute/20001121-1.c compilation, -O0
UNRESOLVED: gcc.c-torture/execute/20001121-1.c execution, -O0
FAIL: gcc.c-torture/execute/20011128-1.c compilation, -Os
UNRESOLVED: gcc.c-torture/execute/20011128-1.c execution, -Os
XPASS: gcc.c-torture/execute/20020227-1.c execution, -O0
XPASS: gcc.c-torture/execute/20020227-1.c execution, -O1
XPASS: gcc.c-torture/execute/20020227-1.c execution, -O2
XPASS: gcc.c-torture/execute/20020227-1.c execution, -O3 -fomit-frame-pointer
XPASS: gcc.c-torture/execute/20020227-1.c execution, -O3 -g
XPASS: gcc.c-torture/execute/20020227-1.c execution, -Os
FAIL: gcc.c-torture/execute/20020314-1.c compilation, -O0
UNRESOLVED: gcc.c-torture/execute/20020314-1.c execution, -O0
FAIL: gcc.c-torture/execute/20020314-1.c compilation, -O1
UNRESOLVED: gcc.c-torture/execute/20020314-1.c execution, -O1
FAIL: gcc.c-torture/execute/20020321-1.c compilation, -O0
UNRESOLVED: gcc.c-torture/execute/20020321-1.c execution, -O0
FAIL: gcc.c-torture/execute/20020411-1.c compilation, -O0
UNRESOLVED: gcc.c-torture/execute/20020411-1.c execution, -O0
FAIL: gcc.c-torture/execute/20020411-1.c compilation, -O1
UNRESOLVED: gcc.c-torture/execute/20020411-1.c execution, -O1
FAIL: gcc.c-torture/execute/20020411-1.c compilation, -O2
UNRESOLVED: gcc.c-torture/execute/20020411-1.c execution, -O2
FAIL: gcc.c-torture/execute/20020411-1.c compilation, -Os
UNRESOLVED: gcc.c-torture/execute/20020411-1.c execution, -Os
FAIL: gcc.c-torture/execute/20020413-1.c compilation, -O0
UNRESOLVED: gcc.c-torture/execute/20020413-1.c execution, -O0
FAIL: gcc.c-torture/execute/20020413-1.c compilation, -O3 -fomit-frame-pointer
UNRESOLVED: gcc.c-torture/execute/20020413-1.c execution, -O3 -fomit-frame-pointer
FAIL: gcc.c-torture/execute/20020413-1.c compilation, -O3 -fomit-frame-pointer -funroll-loops
UNRESOLVED: gcc.c-torture/execute/20020413-1.c execution, -O3 -fomit-frame-pointer -funroll-loops
FAIL: gcc.c-torture/execute/20020413-1.c compilation, -O3 -fomit-frame-pointer -funroll-all-loops -finline-functions
UNRESOLVED: gcc.c-torture/execute/20020413-1.c execution, -O3 -fomit-frame-pointer -funroll-all-loops -finline-functions
FAIL: gcc.c-torture/execute/20020413-1.c compilation, -O3 -g
UNRESOLVED: gcc.c-torture/execute/20020413-1.c execution, -O3 -g
XPASS: gcc.c-torture/execute/20020720-1.c compilation, -O1
XPASS: gcc.c-torture/execute/20020720-1.c compilation, -O2
XPASS: gcc.c-torture/execute/20020720-1.c compilation, -O3 -fomit-frame-pointer
XPASS: gcc.c-torture/execute/20020720-1.c compilation, -O3 -g
XPASS: gcc.c-torture/execute/20020720-1.c compilation, -Os
FAIL: gcc.c-torture/execute/20021120-1.c compilation, -O0
UNRESOLVED: gcc.c-torture/execute/20021120-1.c execution, -O0
FAIL: gcc.c-torture/execute/20030125-1.c compilation, -O0
UNRESOLVED: gcc.c-torture/execute/20030125-1.c execution, -O0
FAIL: gcc.c-torture/execute/20030914-1.c compilation, -O0
UNRESOLVED: gcc.c-torture/execute/20030914-1.c execution, -O0
FAIL: gcc.c-torture/execute/921019-2.c compilation, -O0
UNRESOLVED: gcc.c-torture/execute/921019-2.c execution, -O0
FAIL: gcc.c-torture/execute/921113-1.c compilation, -O1
UNRESOLVED: gcc.c-torture/execute/921113-1.c execution, -O1
FAIL: gcc.c-torture/execute/921208-1.c compilation, -O0
UNRESOLVED: gcc.c-torture/execute/921208-1.c execution, -O0
FAIL: gcc.c-torture/execute/930106-1.c compilation, -O0
UNRESOLVED: gcc.c-torture/execute/930106-1.c execution, -O0
FAIL: gcc.c-torture/execute/930603-1.c compilation, -O0
UNRESOLVED: gcc.c-torture/execute/930603-1.c execution, -O0
FAIL: gcc.c-torture/execute/930603-1.c compilation, -O1
UNRESOLVED: gcc.c-torture/execute/930603-1.c execution, -O1
FAIL: gcc.c-torture/execute/930614-1.c compilation, -O1
UNRESOLVED: gcc.c-torture/execute/930614-1.c execution, -O1
FAIL: gcc.c-torture/execute/930622-2.c compilation, -O0
UNRESOLVED: gcc.c-torture/execute/930622-2.c execution, -O0
FAIL: gcc.c-torture/execute/930622-2.c compilation, -O1
UNRESOLVED: gcc.c-torture/execute/930622-2.c execution, -O1
FAIL: gcc.c-torture/execute/930622-2.c compilation, -O2
UNRESOLVED: gcc.c-torture/execute/930622-2.c execution, -O2
FAIL: gcc.c-torture/execute/930622-2.c compilation, -O3 -fomit-frame-pointer
UNRESOLVED: gcc.c-torture/execute/930622-2.c execution, -O3 -fomit-frame-pointer
FAIL: gcc.c-torture/execute/930622-2.c compilation, -O3 -g
UNRESOLVED: gcc.c-torture/execute/930622-2.c execution, -O3 -g
FAIL: gcc.c-torture/execute/930622-2.c compilation, -Os
UNRESOLVED: gcc.c-torture/execute/930622-2.c execution, -Os
FAIL: gcc.c-torture/execute/960215-1.c compilation, -O0
UNRESOLVED: gcc.c-torture/execute/960215-1.c execution, -O0
FAIL: gcc.c-torture/execute/960215-1.c compilation, -O1
UNRESOLVED: gcc.c-torture/execute/960215-1.c execution, -O1
FAIL: gcc.c-torture/execute/960215-1.c compilation, -O2
UNRESOLVED: gcc.c-torture/execute/960215-1.c execution, -O2
FAIL: gcc.c-torture/execute/960215-1.c compilation, -O3 -fomit-frame-pointer
UNRESOLVED: gcc.c-torture/execute/960215-1.c execution, -O3 -fomit-frame-pointer
FAIL: gcc.c-torture/execute/960215-1.c compilation, -O3 -g
UNRESOLVED: gcc.c-torture/execute/960215-1.c execution, -O3 -g
FAIL: gcc.c-torture/execute/960215-1.c compilation, -Os
UNRESOLVED: gcc.c-torture/execute/960215-1.c execution, -Os
FAIL: gcc.c-torture/execute/960512-1.c compilation, -O0
UNRESOLVED: gcc.c-torture/execute/960512-1.c execution, -O0
FAIL: gcc.c-torture/execute/960513-1.c compilation, -O0
UNRESOLVED: gcc.c-torture/execute/960513-1.c execution, -O0
FAIL: gcc.c-torture/execute/961223-1.c compilation, -O0
UNRESOLVED: gcc.c-torture/execute/961223-1.c execution, -O0
FAIL: gcc.c-torture/execute/961223-1.c compilation, -O1
UNRESOLVED: gcc.c-torture/execute/961223-1.c execution, -O1
FAIL: gcc.c-torture/execute/980709-1.c compilation, -O0
UNRESOLVED: gcc.c-torture/execute/980709-1.c execution, -O0
FAIL: gcc.c-torture/execute/990127-2.c compilation, -O0
UNRESOLVED: gcc.c-torture/execute/990127-2.c execution, -O0
FAIL: gcc.c-torture/execute/990829-1.c compilation, -O0
UNRESOLVED: gcc.c-torture/execute/990829-1.c execution, -O0
FAIL: gcc.c-torture/execute/990829-1.c compilation, -O1
UNRESOLVED: gcc.c-torture/execute/990829-1.c execution, -O1
FAIL: gcc.c-torture/execute/991019-1.c compilation, -O0
UNRESOLVED: gcc.c-torture/execute/991019-1.c execution, -O0
FAIL: gcc.c-torture/execute/991019-1.c compilation, -O1
UNRESOLVED: gcc.c-torture/execute/991019-1.c execution, -O1
FAIL: gcc.c-torture/execute/arith-rand-ll.c execution, -O0
FAIL: gcc.c-torture/execute/arith-rand-ll.c compilation, -O1
UNRESOLVED: gcc.c-torture/execute/arith-rand-ll.c execution, -O1
FAIL: gcc.c-torture/execute/arith-rand-ll.c compilation, -O2
UNRESOLVED: gcc.c-torture/execute/arith-rand-ll.c execution, -O2
FAIL: gcc.c-torture/execute/arith-rand-ll.c compilation, -O3 -fomit-frame-pointer
UNRESOLVED: gcc.c-torture/execute/arith-rand-ll.c execution, -O3 -fomit-frame-pointer
FAIL: gcc.c-torture/execute/arith-rand-ll.c compilation, -O3 -fomit-frame-pointer -funroll-loops
UNRESOLVED: gcc.c-torture/execute/arith-rand-ll.c execution, -O3 -fomit-frame-pointer -funroll-loops
FAIL: gcc.c-torture/execute/arith-rand-ll.c compilation, -O3 -fomit-frame-pointer -funroll-all-loops -finline-functions
UNRESOLVED: gcc.c-torture/execute/arith-rand-ll.c execution, -O3 -fomit-frame-pointer -funroll-all-loops -finline-functions
FAIL: gcc.c-torture/execute/arith-rand-ll.c compilation, -O3 -g
UNRESOLVED: gcc.c-torture/execute/arith-rand-ll.c execution, -O3 -g
FAIL: gcc.c-torture/execute/arith-rand-ll.c compilation, -Os
UNRESOLVED: gcc.c-torture/execute/arith-rand-ll.c execution, -Os
FAIL: gcc.c-torture/execute/arith-rand.c compilation, -O1
UNRESOLVED: gcc.c-torture/execute/arith-rand.c execution, -O1
FAIL: gcc.c-torture/execute/arith-rand.c compilation, -O2
UNRESOLVED: gcc.c-torture/execute/arith-rand.c execution, -O2
FAIL: gcc.c-torture/execute/arith-rand.c compilation, -O3 -fomit-frame-pointer
UNRESOLVED: gcc.c-torture/execute/arith-rand.c execution, -O3 -fomit-frame-pointer
FAIL: gcc.c-torture/execute/arith-rand.c compilation, -O3 -fomit-frame-pointer -funroll-loops
UNRESOLVED: gcc.c-torture/execute/arith-rand.c execution, -O3 -fomit-frame-pointer -funroll-loops
FAIL: gcc.c-torture/execute/arith-rand.c compilation, -O3 -fomit-frame-pointer -funroll-all-loops -finline-functions
UNRESOLVED: gcc.c-torture/execute/arith-rand.c execution, -O3 -fomit-frame-pointer -funroll-all-loops -finline-functions
FAIL: gcc.c-torture/execute/arith-rand.c compilation, -O3 -g
UNRESOLVED: gcc.c-torture/execute/arith-rand.c execution, -O3 -g
FAIL: gcc.c-torture/execute/arith-rand.c compilation, -Os
UNRESOLVED: gcc.c-torture/execute/arith-rand.c execution, -Os
FAIL: gcc.c-torture/execute/builtin-complex-1.c compilation, -O0
UNRESOLVED: gcc.c-torture/execute/builtin-complex-1.c execution, -O0
FAIL: gcc.c-torture/execute/builtin-complex-1.c compilation, -O1
UNRESOLVED: gcc.c-torture/execute/builtin-complex-1.c execution, -O1
FAIL: gcc.c-torture/execute/cbrt.c compilation, -O0
UNRESOLVED: gcc.c-torture/execute/cbrt.c execution, -O0
FAIL: gcc.c-torture/execute/cbrt.c compilation, -O1
UNRESOLVED: gcc.c-torture/execute/cbrt.c execution, -O1
FAIL: gcc.c-torture/execute/cbrt.c compilation, -Os
UNRESOLVED: gcc.c-torture/execute/cbrt.c execution, -Os
FAIL: gcc.c-torture/execute/complex-1.c compilation, -O0
UNRESOLVED: gcc.c-torture/execute/complex-1.c execution, -O0
FAIL: gcc.c-torture/execute/complex-2.c compilation, -O0
UNRESOLVED: gcc.c-torture/execute/complex-2.c execution, -O0
FAIL: gcc.c-torture/execute/complex-2.c compilation, -O1
UNRESOLVED: gcc.c-torture/execute/complex-2.c execution, -O1
FAIL: gcc.c-torture/execute/complex-3.c compilation, -O1
UNRESOLVED: gcc.c-torture/execute/complex-3.c execution, -O1
FAIL: gcc.c-torture/execute/complex-3.c compilation, -O2
UNRESOLVED: gcc.c-torture/execute/complex-3.c execution, -O2
FAIL: gcc.c-torture/execute/complex-3.c compilation, -O3 -fomit-frame-pointer
UNRESOLVED: gcc.c-torture/execute/complex-3.c execution, -O3 -fomit-frame-pointer
FAIL: gcc.c-torture/execute/complex-3.c compilation, -O3 -g
UNRESOLVED: gcc.c-torture/execute/complex-3.c execution, -O3 -g
FAIL: gcc.c-torture/execute/complex-3.c compilation, -Os
UNRESOLVED: gcc.c-torture/execute/complex-3.c execution, -Os
FAIL: gcc.c-torture/execute/complex-5.c compilation, -O0
UNRESOLVED: gcc.c-torture/execute/complex-5.c execution, -O0
FAIL: gcc.c-torture/execute/complex-5.c compilation, -O1
UNRESOLVED: gcc.c-torture/execute/complex-5.c execution, -O1
FAIL: gcc.c-torture/execute/complex-5.c compilation, -O2
UNRESOLVED: gcc.c-torture/execute/complex-5.c execution, -O2
FAIL: gcc.c-torture/execute/complex-5.c compilation, -O3 -fomit-frame-pointer
UNRESOLVED: gcc.c-torture/execute/complex-5.c execution, -O3 -fomit-frame-pointer
FAIL: gcc.c-torture/execute/complex-5.c compilation, -O3 -g
UNRESOLVED: gcc.c-torture/execute/complex-5.c execution, -O3 -g
FAIL: gcc.c-torture/execute/complex-5.c compilation, -Os
UNRESOLVED: gcc.c-torture/execute/complex-5.c execution, -Os
FAIL: gcc.c-torture/execute/complex-6.c compilation, -O1
UNRESOLVED: gcc.c-torture/execute/complex-6.c execution, -O1
FAIL: gcc.c-torture/execute/complex-6.c compilation, -O2
UNRESOLVED: gcc.c-torture/execute/complex-6.c execution, -O2
FAIL: gcc.c-torture/execute/complex-6.c compilation, -Os
UNRESOLVED: gcc.c-torture/execute/complex-6.c execution, -Os
FAIL: gcc.c-torture/execute/conversion.c compilation, -O0
UNRESOLVED: gcc.c-torture/execute/conversion.c execution, -O0
FAIL: gcc.c-torture/execute/conversion.c compilation, -O1
UNRESOLVED: gcc.c-torture/execute/conversion.c execution, -O1
FAIL: gcc.c-torture/execute/conversion.c compilation, -O2
UNRESOLVED: gcc.c-torture/execute/conversion.c execution, -O2
FAIL: gcc.c-torture/execute/conversion.c compilation, -O3 -fomit-frame-pointer
UNRESOLVED: gcc.c-torture/execute/conversion.c execution, -O3 -fomit-frame-pointer
FAIL: gcc.c-torture/execute/conversion.c compilation, -O3 -g
UNRESOLVED: gcc.c-torture/execute/conversion.c execution, -O3 -g
FAIL: gcc.c-torture/execute/conversion.c compilation, -Os
UNRESOLVED: gcc.c-torture/execute/conversion.c execution, -Os
FAIL: gcc.c-torture/execute/gofast.c compilation, -O0
UNRESOLVED: gcc.c-torture/execute/gofast.c execution, -O0
FAIL: gcc.c-torture/execute/gofast.c compilation, -O1
UNRESOLVED: gcc.c-torture/execute/gofast.c execution, -O1
FAIL: gcc.c-torture/execute/gofast.c compilation, -O2
UNRESOLVED: gcc.c-torture/execute/gofast.c execution, -O2
FAIL: gcc.c-torture/execute/gofast.c compilation, -O3 -fomit-frame-pointer
UNRESOLVED: gcc.c-torture/execute/gofast.c execution, -O3 -fomit-frame-pointer
FAIL: gcc.c-torture/execute/gofast.c compilation, -O3 -g
UNRESOLVED: gcc.c-torture/execute/gofast.c execution, -O3 -g
FAIL: gcc.c-torture/execute/gofast.c compilation, -Os
UNRESOLVED: gcc.c-torture/execute/gofast.c execution, -Os
FAIL: gcc.c-torture/execute/loop-2e.c execution, -Os
FAIL: gcc.c-torture/execute/memcpy-bi.c compilation, -Os
UNRESOLVED: gcc.c-torture/execute/memcpy-bi.c execution, -Os
FAIL: gcc.c-torture/execute/nest-stdar-1.c compilation, -O0
UNRESOLVED: gcc.c-torture/execute/nest-stdar-1.c execution, -O0
FAIL: gcc.c-torture/execute/regstack-1.c compilation, -O0
UNRESOLVED: gcc.c-torture/execute/regstack-1.c execution, -O0
FAIL: gcc.c-torture/execute/regstack-1.c compilation, -O1
UNRESOLVED: gcc.c-torture/execute/regstack-1.c execution, -O1
FAIL: gcc.c-torture/execute/regstack-1.c compilation, -O2
UNRESOLVED: gcc.c-torture/execute/regstack-1.c execution, -O2
FAIL: gcc.c-torture/execute/regstack-1.c compilation, -O3 -fomit-frame-pointer
UNRESOLVED: gcc.c-torture/execute/regstack-1.c execution, -O3 -fomit-frame-pointer
FAIL: gcc.c-torture/execute/regstack-1.c compilation, -O3 -g
UNRESOLVED: gcc.c-torture/execute/regstack-1.c execution, -O3 -g
FAIL: gcc.c-torture/execute/regstack-1.c compilation, -Os
UNRESOLVED: gcc.c-torture/execute/regstack-1.c execution, -Os
FAIL: gcc.c-torture/execute/simd-1.c compilation, -O1
UNRESOLVED: gcc.c-torture/execute/simd-1.c execution, -O1
FAIL: gcc.c-torture/execute/simd-1.c compilation, -O2
UNRESOLVED: gcc.c-torture/execute/simd-1.c execution, -O2
FAIL: gcc.c-torture/execute/simd-1.c compilation, -O3 -fomit-frame-pointer
UNRESOLVED: gcc.c-torture/execute/simd-1.c execution, -O3 -fomit-frame-pointer
FAIL: gcc.c-torture/execute/simd-1.c compilation, -O3 -g
UNRESOLVED: gcc.c-torture/execute/simd-1.c execution, -O3 -g
FAIL: gcc.c-torture/execute/simd-1.c compilation, -Os
UNRESOLVED: gcc.c-torture/execute/simd-1.c execution, -Os
FAIL: gcc.c-torture/execute/simd-2.c compilation, -O1
UNRESOLVED: gcc.c-torture/execute/simd-2.c execution, -O1
FAIL: gcc.c-torture/execute/simd-2.c compilation, -O2
UNRESOLVED: gcc.c-torture/execute/simd-2.c execution, -O2
FAIL: gcc.c-torture/execute/simd-2.c compilation, -O3 -fomit-frame-pointer
UNRESOLVED: gcc.c-torture/execute/simd-2.c execution, -O3 -fomit-frame-pointer
FAIL: gcc.c-torture/execute/simd-2.c compilation, -O3 -g
UNRESOLVED: gcc.c-torture/execute/simd-2.c execution, -O3 -g
FAIL: gcc.c-torture/execute/simd-2.c compilation, -Os
UNRESOLVED: gcc.c-torture/execute/simd-2.c execution, -Os
FAIL: gcc.c-torture/execute/va-arg-24.c execution, -O0
FAIL: gcc.c-torture/execute/va-arg-24.c compilation, -O1
UNRESOLVED: gcc.c-torture/execute/va-arg-24.c execution, -O1
FAIL: gcc.c-torture/execute/va-arg-24.c compilation, -O2
UNRESOLVED: gcc.c-torture/execute/va-arg-24.c execution, -O2
FAIL: gcc.c-torture/execute/va-arg-24.c compilation, -O3 -fomit-frame-pointer
UNRESOLVED: gcc.c-torture/execute/va-arg-24.c execution, -O3 -fomit-frame-pointer
FAIL: gcc.c-torture/execute/va-arg-24.c compilation, -O3 -g
UNRESOLVED: gcc.c-torture/execute/va-arg-24.c execution, -O3 -g
FAIL: gcc.c-torture/execute/va-arg-24.c compilation, -Os
UNRESOLVED: gcc.c-torture/execute/va-arg-24.c execution, -Os
UNRESOLVED: gcc.c-torture/execute/wchar_t-1.c execution, -O0
UNRESOLVED: gcc.c-torture/execute/wchar_t-1.c execution, -O1
UNRESOLVED: gcc.c-torture/execute/wchar_t-1.c execution, -O2
UNRESOLVED: gcc.c-torture/execute/wchar_t-1.c execution, -O3 -fomit-frame-pointer
UNRESOLVED: gcc.c-torture/execute/wchar_t-1.c execution, -O3 -g
UNRESOLVED: gcc.c-torture/execute/wchar_t-1.c execution, -Os
FAIL: gcc.c-torture/execute/ieee/20001122-1.c compilation, -O0
UNRESOLVED: gcc.c-torture/execute/ieee/20001122-1.c execution, -O0
FAIL: gcc.c-torture/execute/ieee/20010114-2.c compilation, -O0
UNRESOLVED: gcc.c-torture/execute/ieee/20010114-2.c execution, -O0
FAIL: gcc.c-torture/execute/ieee/20010114-2.c execution, -O1
FAIL: gcc.c-torture/execute/ieee/20010114-2.c execution, -O2
FAIL: gcc.c-torture/execute/ieee/20010114-2.c execution, -Os
FAIL: gcc.c-torture/execute/ieee/20010226-1.c compilation, -O0
UNRESOLVED: gcc.c-torture/execute/ieee/20010226-1.c execution, -O0
FAIL: gcc.c-torture/execute/ieee/20010226-1.c compilation, -O1
UNRESOLVED: gcc.c-torture/execute/ieee/20010226-1.c execution, -O1
FAIL: gcc.c-torture/execute/ieee/20010226-1.c compilation, -O2
UNRESOLVED: gcc.c-torture/execute/ieee/20010226-1.c execution, -O2
FAIL: gcc.c-torture/execute/ieee/20010226-1.c compilation, -O3 -fomit-frame-pointer
UNRESOLVED: gcc.c-torture/execute/ieee/20010226-1.c execution, -O3 -fomit-frame-pointer
FAIL: gcc.c-torture/execute/ieee/20010226-1.c compilation, -O3 -g
UNRESOLVED: gcc.c-torture/execute/ieee/20010226-1.c execution, -O3 -g
FAIL: gcc.c-torture/execute/ieee/20010226-1.c compilation, -Os
UNRESOLVED: gcc.c-torture/execute/ieee/20010226-1.c execution, -Os
FAIL: gcc.c-torture/execute/ieee/20030331-1.c compilation, -O0
UNRESOLVED: gcc.c-torture/execute/ieee/20030331-1.c execution, -O0
FAIL: gcc.c-torture/execute/ieee/20030331-1.c compilation, -O1
UNRESOLVED: gcc.c-torture/execute/ieee/20030331-1.c execution, -O1
FAIL: gcc.c-torture/execute/ieee/20030331-1.c execution, -O2
FAIL: gcc.c-torture/execute/ieee/20030331-1.c execution, -O3 -fomit-frame-pointer
FAIL: gcc.c-torture/execute/ieee/20030331-1.c execution, -O3 -g
FAIL: gcc.c-torture/execute/ieee/20030331-1.c execution, -Os
FAIL: gcc.c-torture/execute/ieee/920810-1.c compilation, -O0
UNRESOLVED: gcc.c-torture/execute/ieee/920810-1.c execution, -O0
FAIL: gcc.c-torture/execute/ieee/980619-1.c compilation, -O0
UNRESOLVED: gcc.c-torture/execute/ieee/980619-1.c execution, -O0
FAIL: gcc.c-torture/execute/ieee/980619-1.c execution, -O1
FAIL: gcc.c-torture/execute/ieee/980619-1.c execution, -O2
FAIL: gcc.c-torture/execute/ieee/980619-1.c execution, -O3 -fomit-frame-pointer
FAIL: gcc.c-torture/execute/ieee/980619-1.c execution, -O3 -fomit-frame-pointer -funroll-loops
FAIL: gcc.c-torture/execute/ieee/980619-1.c execution, -O3 -fomit-frame-pointer -funroll-all-loops -finline-functions
FAIL: gcc.c-torture/execute/ieee/980619-1.c execution, -O3 -g
FAIL: gcc.c-torture/execute/ieee/980619-1.c execution, -Os
FAIL: gcc.c-torture/execute/ieee/fp-cmp-8.c compilation, -O0
UNRESOLVED: gcc.c-torture/execute/ieee/fp-cmp-8.c execution, -O0
FAIL: gcc.c-torture/execute/ieee/fp-cmp-8.c compilation, -O1
UNRESOLVED: gcc.c-torture/execute/ieee/fp-cmp-8.c execution, -O1
FAIL: gcc.c-torture/execute/ieee/fp-cmp-8.c compilation, -O2
UNRESOLVED: gcc.c-torture/execute/ieee/fp-cmp-8.c execution, -O2
FAIL: gcc.c-torture/execute/ieee/fp-cmp-8.c compilation, -O3 -fomit-frame-pointer
UNRESOLVED: gcc.c-torture/execute/ieee/fp-cmp-8.c execution, -O3 -fomit-frame-pointer
FAIL: gcc.c-torture/execute/ieee/fp-cmp-8.c compilation, -O3 -fomit-frame-pointer -funroll-loops
UNRESOLVED: gcc.c-torture/execute/ieee/fp-cmp-8.c execution, -O3 -fomit-frame-pointer -funroll-loops
FAIL: gcc.c-torture/execute/ieee/fp-cmp-8.c compilation, -O3 -fomit-frame-pointer -funroll-all-loops -finline-functions
UNRESOLVED: gcc.c-torture/execute/ieee/fp-cmp-8.c execution, -O3 -fomit-frame-pointer -funroll-all-loops -finline-functions
FAIL: gcc.c-torture/execute/ieee/fp-cmp-8.c compilation, -O3 -g
UNRESOLVED: gcc.c-torture/execute/ieee/fp-cmp-8.c execution, -O3 -g
FAIL: gcc.c-torture/execute/ieee/fp-cmp-8.c compilation, -Os
UNRESOLVED: gcc.c-torture/execute/ieee/fp-cmp-8.c execution, -Os
FAIL: gcc.c-torture/execute/ieee/hugeval.c compilation, -O0
UNRESOLVED: gcc.c-torture/execute/ieee/hugeval.c execution, -O0
FAIL: gcc.c-torture/execute/ieee/hugeval.c compilation, -O1
UNRESOLVED: gcc.c-torture/execute/ieee/hugeval.c execution, -O1
FAIL: gcc.c-torture/execute/ieee/mzero2.c compilation, -O0
UNRESOLVED: gcc.c-torture/execute/ieee/mzero2.c execution, -O0
FAIL: gcc.c-torture/execute/ieee/mzero2.c compilation, -O1
UNRESOLVED: gcc.c-torture/execute/ieee/mzero2.c execution, -O1
FAIL: gcc.c-torture/execute/ieee/mzero2.c compilation, -O2
UNRESOLVED: gcc.c-torture/execute/ieee/mzero2.c execution, -O2
FAIL: gcc.c-torture/execute/ieee/mzero2.c compilation, -O3 -fomit-frame-pointer
UNRESOLVED: gcc.c-torture/execute/ieee/mzero2.c execution, -O3 -fomit-frame-pointer
FAIL: gcc.c-torture/execute/ieee/mzero2.c compilation, -O3 -g
UNRESOLVED: gcc.c-torture/execute/ieee/mzero2.c execution, -O3 -g
FAIL: gcc.c-torture/execute/ieee/mzero2.c compilation, -Os
UNRESOLVED: gcc.c-torture/execute/ieee/mzero2.c execution, -Os
FAIL: gcc.c-torture/execute/ieee/mzero3.c compilation, -O0
UNRESOLVED: gcc.c-torture/execute/ieee/mzero3.c execution, -O0
FAIL: gcc.c-torture/execute/ieee/rbug.c compilation, -O0
UNRESOLVED: gcc.c-torture/execute/ieee/rbug.c execution, -O0
FAIL: gcc.c-torture/unsorted/BUG11.c, -O0
FAIL: gcc.c-torture/unsorted/BUG11.c, -O1
FAIL: gcc.c-torture/unsorted/BUG11.c, -O2
FAIL: gcc.c-torture/unsorted/BUG11.c, -O3 -fomit-frame-pointer
FAIL: gcc.c-torture/unsorted/BUG11.c, -O3 -g
FAIL: gcc.c-torture/unsorted/BUG11.c, -Os
FAIL: gcc.c-torture/unsorted/cc.c, -O0
FAIL: gcc.c-torture/unsorted/conv.c, -O0
FAIL: gcc.c-torture/unsorted/conv.c, -O1
FAIL: gcc.c-torture/unsorted/conv.c, -O2
FAIL: gcc.c-torture/unsorted/conv.c, -O3 -fomit-frame-pointer
FAIL: gcc.c-torture/unsorted/conv.c, -O3 -g
FAIL: gcc.c-torture/unsorted/conv.c, -Os
FAIL: gcc.c-torture/unsorted/conv_tst.c, -O0
FAIL: gcc.c-torture/unsorted/conv_tst.c, -O1
FAIL: gcc.c-torture/unsorted/conv_tst.c, -O2
FAIL: gcc.c-torture/unsorted/conv_tst.c, -O3 -fomit-frame-pointer
FAIL: gcc.c-torture/unsorted/conv_tst.c, -O3 -g
FAIL: gcc.c-torture/unsorted/conv_tst.c, -Os
FAIL: gcc.c-torture/unsorted/dbl_parm.c, -O0
FAIL: gcc.c-torture/unsorted/dbl_parm.c, -O1
FAIL: gcc.c-torture/unsorted/float.c, -O0
FAIL: gcc.c-torture/unsorted/float.c, -O1
FAIL: gcc.c-torture/unsorted/ifreg.c, -O0
FAIL: gcc.c-torture/unsorted/ifreg.c, -O1
FAIL: gcc.c-torture/unsorted/pret-arg.c, -O0
FAIL: gcc.c-torture/unsorted/pret-arg.c, -O1
FAIL: gcc.c-torture/unsorted/udconvert.c, -O0
FAIL: gcc.c-torture/unsorted/xneg.c, -O0
FAIL: gcc.c-torture/unsorted/xneg.c, -O1
FAIL: gcc.dg/compat/scalar-by-value-1 c_compat_x_tst.o compile
FAIL: gcc.dg/compat/scalar-by-value-1 c_compat_y_tst.o compile
FAIL: gcc.dg/compat/scalar-by-value-2 c_compat_y_tst.o compile
FAIL: gcc.dg/compat/scalar-by-value-3 c_compat_x_tst.o compile
FAIL: gcc.dg/compat/scalar-by-value-3 c_compat_y_tst.o compile
FAIL: gcc.dg/compat/scalar-return-1 c_compat_y_tst.o compile
FAIL: gcc.dg/compat/scalar-return-2 c_compat_y_tst.o compile
FAIL: gcc.dg/compat/scalar-return-3 c_compat_y_tst.o compile
FAIL: gcc.dg/compat/struct-align-1 c_compat_x_tst.o-c_compat_y_alt.o execute
FAIL: gcc.dg/compat/struct-align-1 c_compat_x_alt.o-c_compat_y_tst.o execute
FAIL: gcc.dg/compat/struct-by-value-10 c_compat_x_tst.o compile
FAIL: gcc.dg/compat/struct-by-value-10 c_compat_y_tst.o compile
FAIL: gcc.dg/compat/struct-by-value-16 c_compat_x_tst.o compile
FAIL: gcc.dg/compat/struct-by-value-16 c_compat_y_tst.o compile
FAIL: gcc.dg/compat/struct-by-value-17 c_compat_x_tst.o compile
FAIL: gcc.dg/compat/struct-by-value-17 c_compat_y_tst.o compile
FAIL: gcc.dg/compat/struct-by-value-18 c_compat_x_tst.o compile
FAIL: gcc.dg/compat/struct-by-value-18 c_compat_y_tst.o compile
FAIL: gcc.dg/compat/struct-by-value-5 c_compat_x_tst.o compile
FAIL: gcc.dg/compat/struct-by-value-5 c_compat_y_tst.o compile
FAIL: gcc.dg/compat/struct-by-value-6 c_compat_x_tst.o compile
FAIL: gcc.dg/compat/struct-by-value-6 c_compat_y_tst.o compile
FAIL: gcc.dg/compat/struct-by-value-7 c_compat_x_tst.o compile
FAIL: gcc.dg/compat/struct-by-value-7 c_compat_y_tst.o compile
FAIL: gcc.dg/compat/struct-return-10 c_compat_x_tst.o compile
FAIL: gcc.dg/compat/struct-return-10 c_compat_y_tst.o compile
FAIL: gcc.dg/compat/vector-1 c_compat_x_alt.o compile
FAIL: gcc.dg/compat/vector-1 c_compat_y_alt.o compile
FAIL: gcc.dg/compat/vector-1 c_compat_x_tst.o compile
FAIL: gcc.dg/compat/vector-1 c_compat_y_tst.o compile
UNRESOLVED: gcc.dg/compat/vector-1 c_compat_x_tst.o-c_compat_y_tst.o link
UNRESOLVED: gcc.dg/compat/vector-1 c_compat_x_tst.o-c_compat_y_tst.o execute
UNRESOLVED: gcc.dg/compat/vector-1 c_compat_x_tst.o-c_compat_y_alt.o link
UNRESOLVED: gcc.dg/compat/vector-1 c_compat_x_tst.o-c_compat_y_alt.o execute
UNRESOLVED: gcc.dg/compat/vector-1 c_compat_x_alt.o-c_compat_y_tst.o link
UNRESOLVED: gcc.dg/compat/vector-1 c_compat_x_alt.o-c_compat_y_tst.o execute
UNRESOLVED: gcc.dg/compat/vector-1 c_compat_x_alt.o-c_compat_y_alt.o link
UNRESOLVED: gcc.dg/compat/vector-1 c_compat_x_alt.o-c_compat_y_alt.o execute
FAIL: gcc.dg/compat/vector-2 c_compat_x_alt.o compile
FAIL: gcc.dg/compat/vector-2 c_compat_y_alt.o compile
UNRESOLVED: gcc.dg/compat/vector-2 c_compat_x_tst.o-c_compat_y_alt.o link
UNRESOLVED: gcc.dg/compat/vector-2 c_compat_x_tst.o-c_compat_y_alt.o execute
UNRESOLVED: gcc.dg/compat/vector-2 c_compat_x_alt.o-c_compat_y_tst.o link
UNRESOLVED: gcc.dg/compat/vector-2 c_compat_x_alt.o-c_compat_y_tst.o execute
UNRESOLVED: gcc.dg/compat/vector-2 c_compat_x_alt.o-c_compat_y_alt.o link
UNRESOLVED: gcc.dg/compat/vector-2 c_compat_x_alt.o-c_compat_y_alt.o execute
FAIL: gcc.dg/debug/debug-1.c scan-assembler xyzzy
FAIL: gcc.dg/debug/debug-1.c scan-assembler xyzzy
FAIL: gcc.dg/debug/debug-1.c scan-assembler xyzzy
FAIL: gcc.dg/debug/debug-1.c scan-assembler xyzzy
FAIL: gcc.dg/debug/debug-2.c scan-assembler xyzzy
FAIL: gcc.dg/debug/debug-2.c scan-assembler xyzzy
FAIL: gcc.dg/debug/debug-2.c scan-assembler xyzzy
FAIL: gcc.dg/debug/debug-2.c scan-assembler xyzzy
FAIL: gcc.dg/debug/dwarf2-2.c (test for excess errors)
FAIL: gcc.dg/debug/dwarf2-2.c (test for excess errors)
FAIL: gcc.dg/debug/dwarf2-2.c (test for excess errors)
FAIL: gcc.dg/debug/dwarf2-2.c (test for excess errors)
FAIL: gcc.dg/debug/dwarf2-2.c (test for excess errors)
FAIL: gcc.dg/debug/dwarf2-2.c (test for excess errors)
FAIL: gcc.dg/debug/dwarf2-2.c (test for excess errors)
FAIL: gcc.dg/debug/dwarf2-2.c (test for excess errors)
FAIL: gcc.dg/debug/dwarf2-2.c (test for excess errors)
FAIL: gcc.dg/20001009-1.c (test for excess errors)
FAIL: gcc.dg/20010405-1.c (test for excess errors)
FAIL: gcc.dg/20020304-1.c (test for excess errors)
FAIL: gcc.dg/20030217-1.c (test for excess errors)
FAIL: gcc.dg/980211-1.c (test for excess errors)
FAIL: gcc.dg/builtins-1.c (test for excess errors)
FAIL: gcc.dg/builtins-2.c (test for excess errors)
FAIL: gcc.dg/builtins-21.c (test for excess errors)
FAIL: gcc.dg/builtins-22.c (test for excess errors)
FAIL: gcc.dg/builtins-9.c (test for excess errors)
FAIL: gcc.dg/complete-port.c (test for excess errors)
FAIL: gcc.dg/i386-cmov5.c (test for excess errors)
FAIL: gcc.dg/i386-fpcvt-2.c (test for excess errors)
FAIL: gcc.dg/i386-fpcvt-3.c (test for excess errors)
FAIL: gcc.dg/i386-fpcvt-4.c (test for excess errors)
FAIL: gcc.dg/i386-mmx-1.c (test for excess errors)
FAIL: gcc.dg/i386-mmx-2.c (test for excess errors)
FAIL: gcc.dg/i386-mmx-3.c (test for excess errors)
FAIL: gcc.dg/i386-sse-1.c (test for excess errors)
FAIL: gcc.dg/i386-sse-2.c (test for excess errors)
FAIL: gcc.dg/i386-sse-3.c (test for excess errors)
FAIL: gcc.dg/i386-ssefp-1.c (test for excess errors)
FAIL: gcc.dg/i386-ssefp-2.c (test for excess errors)
FAIL: gcc.dg/i386-ssetype-1.c (test for excess errors)
ERROR: gcc.dg/i386-ssetype-1.c: error executing dg-final: couldn't open "i386-ssetype-1.s": no such file or directory
UNRESOLVED: gcc.dg/i386-ssetype-1.c: error executing dg-final: couldn't open "i386-ssetype-1.s": no such file or directory
FAIL: gcc.dg/i386-ssetype-2.c (test for excess errors)
ERROR: gcc.dg/i386-ssetype-2.c: error executing dg-final: couldn't open "i386-ssetype-2.s": no such file or directory
UNRESOLVED: gcc.dg/i386-ssetype-2.c: error executing dg-final: couldn't open "i386-ssetype-2.s": no such file or directory
FAIL: gcc.dg/i386-ssetype-3.c (test for excess errors)
ERROR: gcc.dg/i386-ssetype-3.c: error executing dg-final: couldn't open "i386-ssetype-3.s": no such file or directory
UNRESOLVED: gcc.dg/i386-ssetype-3.c: error executing dg-final: couldn't open "i386-ssetype-3.s": no such file or directory
FAIL: gcc.dg/i386-ssetype-4.c (test for excess errors)
ERROR: gcc.dg/i386-ssetype-4.c: error executing dg-final: couldn't open "i386-ssetype-4.s": no such file or directory
UNRESOLVED: gcc.dg/i386-ssetype-4.c: error executing dg-final: couldn't open "i386-ssetype-4.s": no such file or directory
FAIL: gcc.dg/setjmp-1.c (test for excess errors)
FAIL: gcc.dg/pch/inline-3.c (test for excess errors)
FAIL: gcc.dg/pch/inline-3.c (test for excess errors)
FAIL: gcc.dg/pch/inline-3.c (test for excess errors)
FAIL: gcc.dg/pch/inline-3.c (test for excess errors)
FAIL: linkage.c
=== gcc Summary for unix/-m32 ===
# of expected passes 23220
# of unexpected failures 466
# of unexpected successes 11
# of expected failures 80
# of unresolved testcases 175
# of untested testcases 7
# of unsupported tests 233
Running target unix
FAIL: gcc.c-torture/compile/20000127-1.c (test for excess errors)
FAIL: gcc.c-torture/compile/20000127-1.c (test for excess errors)
FAIL: gcc.c-torture/compile/20000405-1.c (test for excess errors)
FAIL: gcc.c-torture/compile/20000718.c (test for excess errors)
FAIL: gcc.c-torture/compile/20000718.c (test for excess errors)
FAIL: gcc.c-torture/compile/20000718.c (test for excess errors)
FAIL: gcc.c-torture/compile/20000718.c (test for excess errors)
FAIL: gcc.c-torture/compile/20000718.c (test for excess errors)
FAIL: gcc.c-torture/compile/20000718.c (test for excess errors)
FAIL: gcc.c-torture/compile/20000718.c (test for excess errors)
FAIL: gcc.c-torture/compile/20000718.c (test for excess errors)
FAIL: gcc.c-torture/compile/20001212-1.c (test for excess errors)
FAIL: gcc.c-torture/compile/20001222-1.c (test for excess errors)
FAIL: gcc.c-torture/compile/20010421-1.c (test for excess errors)
FAIL: gcc.c-torture/compile/20010503-1.c (test for excess errors)
FAIL: gcc.c-torture/compile/20010503-1.c (test for excess errors)
FAIL: gcc.c-torture/compile/20010503-1.c (test for excess errors)
FAIL: gcc.c-torture/compile/20011109-1.c (test for excess errors)
FAIL: gcc.c-torture/compile/20011109-1.c (test for excess errors)
FAIL: gcc.c-torture/compile/20011109-1.c (test for excess errors)
FAIL: gcc.c-torture/compile/20011109-1.c (test for excess errors)
FAIL: gcc.c-torture/compile/20011109-1.c (test for excess errors)
FAIL: gcc.c-torture/compile/20011109-1.c (test for excess errors)
FAIL: gcc.c-torture/compile/20011109-1.c (test for excess errors)
FAIL: gcc.c-torture/compile/20011109-1.c (test for excess errors)
FAIL: gcc.c-torture/compile/20011130-2.c (test for excess errors)
FAIL: gcc.c-torture/compile/20011130-2.c (test for excess errors)
FAIL: gcc.c-torture/compile/20011130-2.c (test for excess errors)
FAIL: gcc.c-torture/compile/20011130-2.c (test for excess errors)
FAIL: gcc.c-torture/compile/20011130-2.c (test for excess errors)
FAIL: gcc.c-torture/compile/20011130-2.c (test for excess errors)
FAIL: gcc.c-torture/compile/20011130-2.c (test for excess errors)
FAIL: gcc.c-torture/compile/20011130-2.c (test for excess errors)
FAIL: gcc.c-torture/compile/20011217-2.c (test for excess errors)
FAIL: gcc.c-torture/compile/20011217-2.c (test for excess errors)
FAIL: gcc.c-torture/compile/20011217-2.c (test for excess errors)
FAIL: gcc.c-torture/compile/20011217-2.c (test for excess errors)
FAIL: gcc.c-torture/compile/20011217-2.c (test for excess errors)
FAIL: gcc.c-torture/compile/20011219-1.c (test for excess errors)
FAIL: gcc.c-torture/compile/20011219-1.c (test for excess errors)
FAIL: gcc.c-torture/compile/20011219-1.c (test for excess errors)
FAIL: gcc.c-torture/compile/20011219-1.c (test for excess errors)
FAIL: gcc.c-torture/compile/20011219-1.c (test for excess errors)
FAIL: gcc.c-torture/compile/20011219-1.c (test for excess errors)
FAIL: gcc.c-torture/compile/20011219-1.c (test for excess errors)
FAIL: gcc.c-torture/compile/20011219-1.c (test for excess errors)
FAIL: gcc.c-torture/compile/20011219-2.c (test for excess errors)
FAIL: gcc.c-torture/compile/20011219-2.c (test for excess errors)
FAIL: gcc.c-torture/compile/20011219-2.c (test for excess errors)
FAIL: gcc.c-torture/compile/20011219-2.c (test for excess errors)
FAIL: gcc.c-torture/compile/20011219-2.c (test for excess errors)
FAIL: gcc.c-torture/compile/20011219-2.c (test for excess errors)
FAIL: gcc.c-torture/compile/20020120-1.c (test for excess errors)
FAIL: gcc.c-torture/compile/20020309-2.c (test for excess errors)
FAIL: gcc.c-torture/compile/20020309-2.c (test for excess errors)
FAIL: gcc.c-torture/compile/20020309-2.c (test for excess errors)
FAIL: gcc.c-torture/compile/20020309-2.c (test for excess errors)
FAIL: gcc.c-torture/compile/20020309-2.c (test for excess errors)
FAIL: gcc.c-torture/compile/20020309-2.c (test for excess errors)
FAIL: gcc.c-torture/compile/20020309-2.c (test for excess errors)
FAIL: gcc.c-torture/compile/20020415-1.c (test for excess errors)
FAIL: gcc.c-torture/compile/20020604-1.c (test for excess errors)
FAIL: gcc.c-torture/compile/20020604-1.c (test for excess errors)
FAIL: gcc.c-torture/compile/20020604-1.c (test for excess errors)
FAIL: gcc.c-torture/compile/20020604-1.c (test for excess errors)
FAIL: gcc.c-torture/compile/20020604-1.c (test for excess errors)
FAIL: gcc.c-torture/compile/20020604-1.c (test for excess errors)
FAIL: gcc.c-torture/compile/20020604-1.c (test for excess errors)
FAIL: gcc.c-torture/compile/20020604-1.c (test for excess errors)
FAIL: gcc.c-torture/compile/20020709-1.c (test for excess errors)
FAIL: gcc.c-torture/compile/20020926-1.c (test for excess errors)
FAIL: gcc.c-torture/compile/20020930-1.c (test for excess errors)
FAIL: gcc.c-torture/compile/20020930-1.c (test for excess errors)
FAIL: gcc.c-torture/compile/20020930-1.c (test for excess errors)
FAIL: gcc.c-torture/compile/20020930-1.c (test for excess errors)
FAIL: gcc.c-torture/compile/20020930-1.c (test for excess errors)
FAIL: gcc.c-torture/compile/20020930-1.c (test for excess errors)
FAIL: gcc.c-torture/compile/20021212-1.c (test for excess errors)
FAIL: gcc.c-torture/compile/20021212-1.c (test for excess errors)
FAIL: gcc.c-torture/compile/20021212-1.c (test for excess errors)
FAIL: gcc.c-torture/compile/20021212-1.c (test for excess errors)
FAIL: gcc.c-torture/compile/20021212-1.c (test for excess errors)
FAIL: gcc.c-torture/compile/20021212-1.c (test for excess errors)
FAIL: gcc.c-torture/compile/20021212-1.c (test for excess errors)
FAIL: gcc.c-torture/compile/20021212-1.c (test for excess errors)
FAIL: gcc.c-torture/compile/20030206-1.c (test for excess errors)
FAIL: gcc.c-torture/compile/20030405-1.c (test for excess errors)
FAIL: gcc.c-torture/compile/20030405-1.c (test for excess errors)
FAIL: gcc.c-torture/compile/20030405-1.c (test for excess errors)
FAIL: gcc.c-torture/compile/20030405-1.c (test for excess errors)
FAIL: gcc.c-torture/compile/20030405-1.c (test for excess errors)
FAIL: gcc.c-torture/compile/20030415-1.c (test for excess errors)
FAIL: gcc.c-torture/compile/20030604-1.c (test for excess errors)
FAIL: gcc.c-torture/compile/20030624-1.c (test for excess errors)
FAIL: gcc.c-torture/compile/20030804-1.c (test for excess errors)
FAIL: gcc.c-torture/compile/20030804-1.c (test for excess errors)
FAIL: gcc.c-torture/compile/20030804-1.c (test for excess errors)
FAIL: gcc.c-torture/compile/20030804-1.c (test for excess errors)
FAIL: gcc.c-torture/compile/20030804-1.c (test for excess errors)
FAIL: gcc.c-torture/compile/20030804-1.c (test for excess errors)
FAIL: gcc.c-torture/compile/20030903-1.c (test for excess errors)
FAIL: gcc.c-torture/compile/20030903-1.c (test for excess errors)
FAIL: gcc.c-torture/compile/20030903-1.c (test for excess errors)
FAIL: gcc.c-torture/compile/20030903-1.c (test for excess errors)
FAIL: gcc.c-torture/compile/20030903-1.c (test for excess errors)
FAIL: gcc.c-torture/compile/20030903-1.c (test for excess errors)
FAIL: gcc.c-torture/compile/20030904-1.c (test for excess errors)
FAIL: gcc.c-torture/compile/20030904-1.c (test for excess errors)
FAIL: gcc.c-torture/compile/20030904-1.c (test for excess errors)
FAIL: gcc.c-torture/compile/20030904-1.c (test for excess errors)
FAIL: gcc.c-torture/compile/20030904-1.c (test for excess errors)
FAIL: gcc.c-torture/compile/20030904-1.c (test for excess errors)
FAIL: gcc.c-torture/compile/920409-2.c (test for excess errors)
FAIL: gcc.c-torture/compile/920409-2.c (test for excess errors)
FAIL: gcc.c-torture/compile/920409-2.c (test for excess errors)
FAIL: gcc.c-torture/compile/920409-2.c (test for excess errors)
FAIL: gcc.c-torture/compile/920409-2.c (test for excess errors)
FAIL: gcc.c-torture/compile/920409-2.c (test for excess errors)
FAIL: gcc.c-torture/compile/920410-1.c (test for excess errors)
FAIL: gcc.c-torture/compile/920410-1.c (test for excess errors)
FAIL: gcc.c-torture/compile/920410-1.c (test for excess errors)
FAIL: gcc.c-torture/compile/920410-1.c (test for excess errors)
FAIL: gcc.c-torture/compile/920410-1.c (test for excess errors)
FAIL: gcc.c-torture/compile/920410-1.c (test for excess errors)
FAIL: gcc.c-torture/compile/920413-1.c (test for excess errors)
FAIL: gcc.c-torture/compile/920413-1.c (test for excess errors)
FAIL: gcc.c-torture/compile/920413-1.c (test for excess errors)
FAIL: gcc.c-torture/compile/920413-1.c (test for excess errors)
FAIL: gcc.c-torture/compile/920413-1.c (test for excess errors)
FAIL: gcc.c-torture/compile/920428-2.c (test for excess errors)
FAIL: gcc.c-torture/compile/920428-2.c (test for excess errors)
FAIL: gcc.c-torture/compile/920428-2.c (test for excess errors)
FAIL: gcc.c-torture/compile/920428-2.c (test for excess errors)
FAIL: gcc.c-torture/compile/920428-2.c (test for excess errors)
FAIL: gcc.c-torture/compile/920428-2.c (test for excess errors)
FAIL: gcc.c-torture/compile/920428-2.c (test for excess errors)
FAIL: gcc.c-torture/compile/920428-2.c (test for excess errors)
FAIL: gcc.c-torture/compile/920501-18.c (test for excess errors)
FAIL: gcc.c-torture/compile/920501-18.c (test for excess errors)
FAIL: gcc.c-torture/compile/920501-18.c (test for excess errors)
FAIL: gcc.c-torture/compile/920501-18.c (test for excess errors)
FAIL: gcc.c-torture/compile/920501-18.c (test for excess errors)
FAIL: gcc.c-torture/compile/920501-18.c (test for excess errors)
FAIL: gcc.c-torture/compile/920501-18.c (test for excess errors)
FAIL: gcc.c-torture/compile/920501-4.c (test for excess errors)
FAIL: gcc.c-torture/compile/920501-4.c (test for excess errors)
FAIL: gcc.c-torture/compile/920501-4.c (test for excess errors)
FAIL: gcc.c-torture/compile/920501-4.c (test for excess errors)
FAIL: gcc.c-torture/compile/920501-4.c (test for excess errors)
FAIL: gcc.c-torture/compile/920501-4.c (test for excess errors)
FAIL: gcc.c-torture/compile/920501-6.c (test for excess errors)
FAIL: gcc.c-torture/compile/920501-6.c (test for excess errors)
FAIL: gcc.c-torture/compile/920501-6.c (test for excess errors)
FAIL: gcc.c-torture/compile/920501-6.c (test for excess errors)
FAIL: gcc.c-torture/compile/920501-6.c (test for excess errors)
FAIL: gcc.c-torture/compile/920501-6.c (test for excess errors)
FAIL: gcc.c-torture/compile/920617-1.c (test for excess errors)
FAIL: gcc.c-torture/compile/920617-1.c (test for excess errors)
FAIL: gcc.c-torture/compile/920617-1.c (test for excess errors)
FAIL: gcc.c-torture/compile/920617-1.c (test for excess errors)
FAIL: gcc.c-torture/compile/920617-1.c (test for excess errors)
FAIL: gcc.c-torture/compile/920617-1.c (test for excess errors)
FAIL: gcc.c-torture/compile/920617-2.c (test for excess errors)
FAIL: gcc.c-torture/compile/920706-1.c (test for excess errors)
FAIL: gcc.c-torture/compile/920710-2.c (test for excess errors)
FAIL: gcc.c-torture/compile/920710-2.c (test for excess errors)
FAIL: gcc.c-torture/compile/920710-2.c (test for excess errors)
FAIL: gcc.c-torture/compile/920710-2.c (test for excess errors)
FAIL: gcc.c-torture/compile/920710-2.c (test for excess errors)
FAIL: gcc.c-torture/compile/920710-2.c (test for excess errors)
FAIL: gcc.c-torture/compile/920710-2.c (test for excess errors)
FAIL: gcc.c-torture/compile/920710-2.c (test for excess errors)
FAIL: gcc.c-torture/compile/920723-1.c (test for excess errors)
FAIL: gcc.c-torture/compile/920723-1.c (test for excess errors)
FAIL: gcc.c-torture/compile/920723-1.c (test for excess errors)
FAIL: gcc.c-torture/compile/920723-1.c (test for excess errors)
FAIL: gcc.c-torture/compile/920723-1.c (test for excess errors)
FAIL: gcc.c-torture/compile/920723-1.c (test for excess errors)
FAIL: gcc.c-torture/compile/920723-1.c (test for excess errors)
FAIL: gcc.c-torture/compile/920723-1.c (test for excess errors)
FAIL: gcc.c-torture/compile/920820-1.c (test for excess errors)
FAIL: gcc.c-torture/compile/920829-1.c (test for excess errors)
FAIL: gcc.c-torture/compile/920928-2.c (test for excess errors)
FAIL: gcc.c-torture/compile/920928-2.c (test for excess errors)
FAIL: gcc.c-torture/compile/920928-2.c (test for excess errors)
FAIL: gcc.c-torture/compile/921109-1.c (test for excess errors)
FAIL: gcc.c-torture/compile/921109-1.c (test for excess errors)
FAIL: gcc.c-torture/compile/921109-1.c (test for excess errors)
FAIL: gcc.c-torture/compile/921109-1.c (test for excess errors)
FAIL: gcc.c-torture/compile/921109-1.c (test for excess errors)
FAIL: gcc.c-torture/compile/921109-1.c (test for excess errors)
FAIL: gcc.c-torture/compile/921206-1.c (test for excess errors)
FAIL: gcc.c-torture/compile/921206-1.c (test for excess errors)
FAIL: gcc.c-torture/compile/921206-1.c (test for excess errors)
FAIL: gcc.c-torture/compile/921206-1.c (test for excess errors)
FAIL: gcc.c-torture/compile/921206-1.c (test for excess errors)
FAIL: gcc.c-torture/compile/921206-1.c (test for excess errors)
FAIL: gcc.c-torture/compile/921206-1.c (test for excess errors)
FAIL: gcc.c-torture/compile/921206-1.c (test for excess errors)
FAIL: gcc.c-torture/compile/930120-1.c (test for excess errors)
FAIL: gcc.c-torture/compile/930120-1.c (test for excess errors)
FAIL: gcc.c-torture/compile/930120-1.c (test for excess errors)
FAIL: gcc.c-torture/compile/930120-1.c (test for excess errors)
FAIL: gcc.c-torture/compile/930120-1.c (test for excess errors)
FAIL: gcc.c-torture/compile/930120-1.c (test for excess errors)
FAIL: gcc.c-torture/compile/930120-1.c (test for excess errors)
FAIL: gcc.c-torture/compile/930120-1.c (test for excess errors)
FAIL: gcc.c-torture/compile/930217-1.c (test for excess errors)
FAIL: gcc.c-torture/compile/930217-1.c (test for excess errors)
FAIL: gcc.c-torture/compile/930217-1.c (test for excess errors)
FAIL: gcc.c-torture/compile/930217-1.c (test for excess errors)
FAIL: gcc.c-torture/compile/930217-1.c (test for excess errors)
FAIL: gcc.c-torture/compile/930217-1.c (test for excess errors)
FAIL: gcc.c-torture/compile/930222-1.c (test for excess errors)
FAIL: gcc.c-torture/compile/930222-1.c (test for excess errors)
FAIL: gcc.c-torture/compile/930222-1.c (test for excess errors)
FAIL: gcc.c-torture/compile/930222-1.c (test for excess errors)
FAIL: gcc.c-torture/compile/930222-1.c (test for excess errors)
FAIL: gcc.c-torture/compile/930222-1.c (test for excess errors)
FAIL: gcc.c-torture/compile/930421-1.c (test for excess errors)
FAIL: gcc.c-torture/compile/930506-1.c (test for excess errors)
FAIL: gcc.c-torture/compile/930513-2.c (test for excess errors)
FAIL: gcc.c-torture/compile/930513-2.c (test for excess errors)
FAIL: gcc.c-torture/compile/930513-2.c (test for excess errors)
FAIL: gcc.c-torture/compile/930513-2.c (test for excess errors)
FAIL: gcc.c-torture/compile/930513-2.c (test for excess errors)
FAIL: gcc.c-torture/compile/930513-2.c (test for excess errors)
FAIL: gcc.c-torture/compile/930513-2.c (test for excess errors)
FAIL: gcc.c-torture/compile/930611-1.c (test for excess errors)
FAIL: gcc.c-torture/compile/930611-1.c (test for excess errors)
FAIL: gcc.c-torture/compile/930611-1.c (test for excess errors)
FAIL: gcc.c-torture/compile/930611-1.c (test for excess errors)
FAIL: gcc.c-torture/compile/930611-1.c (test for excess errors)
FAIL: gcc.c-torture/compile/930611-1.c (test for excess errors)
FAIL: gcc.c-torture/compile/940718-1.c (test for excess errors)
FAIL: gcc.c-torture/compile/950613-1.c (test for excess errors)
FAIL: gcc.c-torture/compile/950816-1.c (test for excess errors)
FAIL: gcc.c-torture/compile/950816-2.c (test for excess errors)
FAIL: gcc.c-torture/compile/950922-1.c (test for excess errors)
FAIL: gcc.c-torture/compile/950922-1.c (test for excess errors)
FAIL: gcc.c-torture/compile/951106-1.c (test for excess errors)
FAIL: gcc.c-torture/compile/960704-1.c (test for excess errors)
FAIL: gcc.c-torture/compile/961010-1.c (test for excess errors)
FAIL: gcc.c-torture/compile/961010-1.c (test for excess errors)
FAIL: gcc.c-torture/compile/961010-1.c (test for excess errors)
FAIL: gcc.c-torture/compile/961010-1.c (test for excess errors)
FAIL: gcc.c-torture/compile/961010-1.c (test for excess errors)
FAIL: gcc.c-torture/compile/961010-1.c (test for excess errors)
FAIL: gcc.c-torture/compile/961031-1.c (test for excess errors)
FAIL: gcc.c-torture/compile/980506-2.c (test for excess errors)
FAIL: gcc.c-torture/compile/980506-2.c (test for excess errors)
FAIL: gcc.c-torture/compile/980506-2.c (test for excess errors)
FAIL: gcc.c-torture/compile/980506-2.c (test for excess errors)
FAIL: gcc.c-torture/compile/980506-2.c (test for excess errors)
FAIL: gcc.c-torture/compile/980506-2.c (test for excess errors)
FAIL: gcc.c-torture/compile/980821-1.c (test for excess errors)
FAIL: gcc.c-torture/compile/980821-1.c (test for excess errors)
FAIL: gcc.c-torture/compile/980821-1.c (test for excess errors)
FAIL: gcc.c-torture/compile/980821-1.c (test for excess errors)
FAIL: gcc.c-torture/compile/980821-1.c (test for excess errors)
FAIL: gcc.c-torture/compile/980821-1.c (test for excess errors)
FAIL: gcc.c-torture/compile/980821-1.c (test for excess errors)
FAIL: gcc.c-torture/compile/980821-1.c (test for excess errors)
FAIL: gcc.c-torture/compile/981007-1.c (test for excess errors)
FAIL: gcc.c-torture/compile/981007-1.c (test for excess errors)
FAIL: gcc.c-torture/compile/981223-1.c (test for excess errors)
FAIL: gcc.c-torture/compile/981223-1.c (test for excess errors)
FAIL: gcc.c-torture/compile/981223-1.c (test for excess errors)
FAIL: gcc.c-torture/compile/981223-1.c (test for excess errors)
FAIL: gcc.c-torture/compile/981223-1.c (test for excess errors)
FAIL: gcc.c-torture/compile/990107-1.c (test for excess errors)
FAIL: gcc.c-torture/compile/990203-1.c (test for excess errors)
FAIL: gcc.c-torture/compile/990203-1.c (test for excess errors)
FAIL: gcc.c-torture/compile/990523-1.c (test for excess errors)
FAIL: gcc.c-torture/compile/990523-1.c (test for excess errors)
FAIL: gcc.c-torture/compile/990523-1.c (test for excess errors)
FAIL: gcc.c-torture/compile/990523-1.c (test for excess errors)
FAIL: gcc.c-torture/compile/990523-1.c (test for excess errors)
FAIL: gcc.c-torture/compile/990523-1.c (test for excess errors)
FAIL: gcc.c-torture/compile/990523-1.c (test for excess errors)
FAIL: gcc.c-torture/compile/990523-1.c (test for excess errors)
FAIL: gcc.c-torture/compile/991026-1.c (test for excess errors)
FAIL: gcc.c-torture/compile/991026-1.c (test for excess errors)
FAIL: gcc.c-torture/compile/991026-1.c (test for excess errors)
FAIL: gcc.c-torture/compile/991026-1.c (test for excess errors)
FAIL: gcc.c-torture/compile/991026-1.c (test for excess errors)
FAIL: gcc.c-torture/compile/991026-1.c (test for excess errors)
FAIL: gcc.c-torture/compile/991202-1.c (test for excess errors)
FAIL: gcc.c-torture/compile/991202-1.c (test for excess errors)
FAIL: gcc.c-torture/compile/991202-1.c (test for excess errors)
FAIL: gcc.c-torture/compile/991202-1.c (test for excess errors)
FAIL: gcc.c-torture/compile/991202-1.c (test for excess errors)
FAIL: gcc.c-torture/compile/991202-1.c (test for excess errors)
FAIL: gcc.c-torture/compile/991213-1.c (test for excess errors)
FAIL: gcc.c-torture/compile/991214-1.c (test for excess errors)
FAIL: gcc.c-torture/compile/991214-1.c (test for excess errors)
FAIL: gcc.c-torture/compile/991214-1.c (test for excess errors)
FAIL: gcc.c-torture/compile/991214-1.c (test for excess errors)
FAIL: gcc.c-torture/compile/991214-1.c (test for excess errors)
FAIL: gcc.c-torture/compile/991214-1.c (test for excess errors)
FAIL: gcc.c-torture/compile/991214-1.c (test for excess errors)
FAIL: gcc.c-torture/compile/991214-1.c (test for excess errors)
FAIL: gcc.c-torture/compile/combine-hang.c (test for excess errors)
FAIL: gcc.c-torture/compile/combine-hang.c (test for excess errors)
FAIL: gcc.c-torture/compile/combine-hang.c (test for excess errors)
FAIL: gcc.c-torture/compile/combine-hang.c (test for excess errors)
FAIL: gcc.c-torture/compile/combine-hang.c (test for excess errors)
FAIL: gcc.c-torture/compile/combine-hang.c (test for excess errors)
FAIL: gcc.c-torture/compile/simd-1.c (test for excess errors)
FAIL: gcc.c-torture/compile/simd-1.c (test for excess errors)
FAIL: gcc.c-torture/compile/simd-1.c (test for excess errors)
FAIL: gcc.c-torture/compile/simd-1.c (test for excess errors)
FAIL: gcc.c-torture/compile/simd-1.c (test for excess errors)
FAIL: gcc.c-torture/compile/simd-1.c (test for excess errors)
FAIL: gcc.c-torture/compile/simd-2.c (test for excess errors)
FAIL: gcc.c-torture/compile/simd-2.c (test for excess errors)
FAIL: gcc.c-torture/compile/simd-2.c (test for excess errors)
FAIL: gcc.c-torture/compile/simd-2.c (test for excess errors)
FAIL: gcc.c-torture/compile/simd-2.c (test for excess errors)
FAIL: gcc.c-torture/compile/simd-2.c (test for excess errors)
FAIL: gcc.c-torture/compile/simd-3.c (test for excess errors)
FAIL: gcc.c-torture/compile/simd-3.c (test for excess errors)
FAIL: gcc.c-torture/compile/simd-3.c (test for excess errors)
FAIL: gcc.c-torture/compile/simd-3.c (test for excess errors)
FAIL: gcc.c-torture/compile/simd-3.c (test for excess errors)
FAIL: gcc.c-torture/compile/simd-3.c (test for excess errors)
FAIL: gcc.c-torture/compile/simd-5.c (test for excess errors)
FAIL: gcc.c-torture/compile/simd-5.c (test for excess errors)
FAIL: gcc.c-torture/compile/simd-5.c (test for excess errors)
FAIL: gcc.c-torture/compile/simd-5.c (test for excess errors)
FAIL: gcc.c-torture/compile/simd-5.c (test for excess errors)
FAIL: gcc.c-torture/compile/simd-5.c (test for excess errors)
FAIL: gcc.c-torture/execute/20000603-1.c compilation, -O0
UNRESOLVED: gcc.c-torture/execute/20000603-1.c execution, -O0
FAIL: gcc.c-torture/execute/20000603-1.c compilation, -O1
UNRESOLVED: gcc.c-torture/execute/20000603-1.c execution, -O1
FAIL: gcc.c-torture/execute/20000603-1.c compilation, -O2
UNRESOLVED: gcc.c-torture/execute/20000603-1.c execution, -O2
FAIL: gcc.c-torture/execute/20000603-1.c compilation, -O3 -fomit-frame-pointer
UNRESOLVED: gcc.c-torture/execute/20000603-1.c execution, -O3 -fomit-frame-pointer
FAIL: gcc.c-torture/execute/20000603-1.c compilation, -O3 -g
UNRESOLVED: gcc.c-torture/execute/20000603-1.c execution, -O3 -g
FAIL: gcc.c-torture/execute/20000603-1.c compilation, -Os
UNRESOLVED: gcc.c-torture/execute/20000603-1.c execution, -Os
FAIL: gcc.c-torture/execute/20000605-1.c compilation, -O0
UNRESOLVED: gcc.c-torture/execute/20000605-1.c execution, -O0
FAIL: gcc.c-torture/execute/20000605-1.c compilation, -O1
UNRESOLVED: gcc.c-torture/execute/20000605-1.c execution, -O1
FAIL: gcc.c-torture/execute/20000605-1.c compilation, -O2
UNRESOLVED: gcc.c-torture/execute/20000605-1.c execution, -O2
FAIL: gcc.c-torture/execute/20000605-1.c compilation, -O3 -fomit-frame-pointer
UNRESOLVED: gcc.c-torture/execute/20000605-1.c execution, -O3 -fomit-frame-pointer
FAIL: gcc.c-torture/execute/20000605-1.c compilation, -O3 -fomit-frame-pointer -funroll-loops
UNRESOLVED: gcc.c-torture/execute/20000605-1.c execution, -O3 -fomit-frame-pointer -funroll-loops
FAIL: gcc.c-torture/execute/20000605-1.c compilation, -O3 -fomit-frame-pointer -funroll-all-loops -finline-functions
UNRESOLVED: gcc.c-torture/execute/20000605-1.c execution, -O3 -fomit-frame-pointer -funroll-all-loops -finline-functions
FAIL: gcc.c-torture/execute/20000605-1.c compilation, -O3 -g
UNRESOLVED: gcc.c-torture/execute/20000605-1.c execution, -O3 -g
FAIL: gcc.c-torture/execute/20000605-1.c compilation, -Os
UNRESOLVED: gcc.c-torture/execute/20000605-1.c execution, -Os
FAIL: gcc.c-torture/execute/20000731-1.c compilation, -O0
UNRESOLVED: gcc.c-torture/execute/20000731-1.c execution, -O0
FAIL: gcc.c-torture/execute/20000731-1.c compilation, -O1
UNRESOLVED: gcc.c-torture/execute/20000731-1.c execution, -O1
FAIL: gcc.c-torture/execute/20000731-1.c compilation, -O2
UNRESOLVED: gcc.c-torture/execute/20000731-1.c execution, -O2
FAIL: gcc.c-torture/execute/20000731-1.c compilation, -O3 -fomit-frame-pointer
UNRESOLVED: gcc.c-torture/execute/20000731-1.c execution, -O3 -fomit-frame-pointer
FAIL: gcc.c-torture/execute/20000731-1.c compilation, -O3 -fomit-frame-pointer -funroll-loops
UNRESOLVED: gcc.c-torture/execute/20000731-1.c execution, -O3 -fomit-frame-pointer -funroll-loops
FAIL: gcc.c-torture/execute/20000731-1.c compilation, -O3 -fomit-frame-pointer -funroll-all-loops -finline-functions
UNRESOLVED: gcc.c-torture/execute/20000731-1.c execution, -O3 -fomit-frame-pointer -funroll-all-loops -finline-functions
FAIL: gcc.c-torture/execute/20000731-1.c compilation, -O3 -g
UNRESOLVED: gcc.c-torture/execute/20000731-1.c execution, -O3 -g
FAIL: gcc.c-torture/execute/20000731-1.c compilation, -Os
UNRESOLVED: gcc.c-torture/execute/20000731-1.c execution, -Os
FAIL: gcc.c-torture/execute/20001017-1.c compilation, -O0
UNRESOLVED: gcc.c-torture/execute/20001017-1.c execution, -O0
FAIL: gcc.c-torture/execute/20001017-1.c compilation, -O1
UNRESOLVED: gcc.c-torture/execute/20001017-1.c execution, -O1
FAIL: gcc.c-torture/execute/20001017-1.c compilation, -O2
UNRESOLVED: gcc.c-torture/execute/20001017-1.c execution, -O2
FAIL: gcc.c-torture/execute/20001121-1.c compilation, -O0
UNRESOLVED: gcc.c-torture/execute/20001121-1.c execution, -O0
FAIL: gcc.c-torture/execute/20010118-1.c compilation, -O0
UNRESOLVED: gcc.c-torture/execute/20010118-1.c execution, -O0
FAIL: gcc.c-torture/execute/20010118-1.c compilation, -O1
UNRESOLVED: gcc.c-torture/execute/20010118-1.c execution, -O1
FAIL: gcc.c-torture/execute/20010118-1.c compilation, -O2
UNRESOLVED: gcc.c-torture/execute/20010118-1.c execution, -O2
FAIL: gcc.c-torture/execute/20010118-1.c compilation, -O3 -fomit-frame-pointer
UNRESOLVED: gcc.c-torture/execute/20010118-1.c execution, -O3 -fomit-frame-pointer
FAIL: gcc.c-torture/execute/20010118-1.c compilation, -O3 -g
UNRESOLVED: gcc.c-torture/execute/20010118-1.c execution, -O3 -g
FAIL: gcc.c-torture/execute/20010118-1.c compilation, -Os
UNRESOLVED: gcc.c-torture/execute/20010118-1.c execution, -Os
FAIL: gcc.c-torture/execute/20010605-2.c compilation, -O0
UNRESOLVED: gcc.c-torture/execute/20010605-2.c execution, -O0
FAIL: gcc.c-torture/execute/20010605-2.c compilation, -O1
UNRESOLVED: gcc.c-torture/execute/20010605-2.c execution, -O1
FAIL: gcc.c-torture/execute/20010605-2.c compilation, -O2
UNRESOLVED: gcc.c-torture/execute/20010605-2.c execution, -O2
FAIL: gcc.c-torture/execute/20010605-2.c compilation, -O3 -fomit-frame-pointer
UNRESOLVED: gcc.c-torture/execute/20010605-2.c execution, -O3 -fomit-frame-pointer
FAIL: gcc.c-torture/execute/20010605-2.c compilation, -O3 -g
UNRESOLVED: gcc.c-torture/execute/20010605-2.c execution, -O3 -g
FAIL: gcc.c-torture/execute/20010605-2.c compilation, -Os
UNRESOLVED: gcc.c-torture/execute/20010605-2.c execution, -Os
FAIL: gcc.c-torture/execute/20011217-1.c compilation, -O0
UNRESOLVED: gcc.c-torture/execute/20011217-1.c execution, -O0
XPASS: gcc.c-torture/execute/20020227-1.c execution, -O0
FAIL: gcc.c-torture/execute/20020227-1.c compilation, -O1
UNRESOLVED: gcc.c-torture/execute/20020227-1.c execution, -O1
FAIL: gcc.c-torture/execute/20020227-1.c compilation, -O2
UNRESOLVED: gcc.c-torture/execute/20020227-1.c execution, -O2
FAIL: gcc.c-torture/execute/20020227-1.c compilation, -O3 -fomit-frame-pointer
UNRESOLVED: gcc.c-torture/execute/20020227-1.c execution, -O3 -fomit-frame-pointer
FAIL: gcc.c-torture/execute/20020227-1.c compilation, -O3 -g
UNRESOLVED: gcc.c-torture/execute/20020227-1.c execution, -O3 -g
FAIL: gcc.c-torture/execute/20020227-1.c compilation, -Os
UNRESOLVED: gcc.c-torture/execute/20020227-1.c execution, -Os
FAIL: gcc.c-torture/execute/20020314-1.c compilation, -O0
UNRESOLVED: gcc.c-torture/execute/20020314-1.c execution, -O0
FAIL: gcc.c-torture/execute/20020314-1.c compilation, -O1
UNRESOLVED: gcc.c-torture/execute/20020314-1.c execution, -O1
FAIL: gcc.c-torture/execute/20020314-1.c compilation, -O2
UNRESOLVED: gcc.c-torture/execute/20020314-1.c execution, -O2
FAIL: gcc.c-torture/execute/20020314-1.c compilation, -O3 -fomit-frame-pointer
UNRESOLVED: gcc.c-torture/execute/20020314-1.c execution, -O3 -fomit-frame-pointer
FAIL: gcc.c-torture/execute/20020314-1.c compilation, -O3 -g
UNRESOLVED: gcc.c-torture/execute/20020314-1.c execution, -O3 -g
FAIL: gcc.c-torture/execute/20020314-1.c compilation, -Os
UNRESOLVED: gcc.c-torture/execute/20020314-1.c execution, -Os
FAIL: gcc.c-torture/execute/20020321-1.c compilation, -O0
UNRESOLVED: gcc.c-torture/execute/20020321-1.c execution, -O0
FAIL: gcc.c-torture/execute/20020411-1.c compilation, -O0
UNRESOLVED: gcc.c-torture/execute/20020411-1.c execution, -O0
FAIL: gcc.c-torture/execute/20020413-1.c compilation, -O0
UNRESOLVED: gcc.c-torture/execute/20020413-1.c execution, -O0
FAIL: gcc.c-torture/execute/20020413-1.c compilation, -O3 -fomit-frame-pointer
UNRESOLVED: gcc.c-torture/execute/20020413-1.c execution, -O3 -fomit-frame-pointer
FAIL: gcc.c-torture/execute/20020413-1.c compilation, -O3 -fomit-frame-pointer -funroll-loops
UNRESOLVED: gcc.c-torture/execute/20020413-1.c execution, -O3 -fomit-frame-pointer -funroll-loops
FAIL: gcc.c-torture/execute/20020413-1.c compilation, -O3 -fomit-frame-pointer -funroll-all-loops -finline-functions
UNRESOLVED: gcc.c-torture/execute/20020413-1.c execution, -O3 -fomit-frame-pointer -funroll-all-loops -finline-functions
FAIL: gcc.c-torture/execute/20020413-1.c compilation, -O3 -g
UNRESOLVED: gcc.c-torture/execute/20020413-1.c execution, -O3 -g
FAIL: gcc.c-torture/execute/20020720-1.c compilation, -O0
UNRESOLVED: gcc.c-torture/execute/20020720-1.c execution, -O0
XPASS: gcc.c-torture/execute/20020720-1.c compilation, -O1
XPASS: gcc.c-torture/execute/20020720-1.c compilation, -O2
XPASS: gcc.c-torture/execute/20020720-1.c compilation, -O3 -fomit-frame-pointer
XPASS: gcc.c-torture/execute/20020720-1.c compilation, -O3 -g
XPASS: gcc.c-torture/execute/20020720-1.c compilation, -Os
FAIL: gcc.c-torture/execute/20021118-2.c compilation, -O0
UNRESOLVED: gcc.c-torture/execute/20021118-2.c execution, -O0
FAIL: gcc.c-torture/execute/20021118-2.c compilation, -O3 -fomit-frame-pointer
UNRESOLVED: gcc.c-torture/execute/20021118-2.c execution, -O3 -fomit-frame-pointer
FAIL: gcc.c-torture/execute/20021118-2.c compilation, -O3 -g
UNRESOLVED: gcc.c-torture/execute/20021118-2.c execution, -O3 -g
FAIL: gcc.c-torture/execute/20021120-1.c compilation, -O0
UNRESOLVED: gcc.c-torture/execute/20021120-1.c execution, -O0
FAIL: gcc.c-torture/execute/20021120-1.c compilation, -O1
UNRESOLVED: gcc.c-torture/execute/20021120-1.c execution, -O1
FAIL: gcc.c-torture/execute/20021120-1.c compilation, -O2
UNRESOLVED: gcc.c-torture/execute/20021120-1.c execution, -O2
FAIL: gcc.c-torture/execute/20021120-1.c compilation, -O3 -fomit-frame-pointer
UNRESOLVED: gcc.c-torture/execute/20021120-1.c execution, -O3 -fomit-frame-pointer
FAIL: gcc.c-torture/execute/20021120-1.c compilation, -O3 -fomit-frame-pointer -funroll-loops
UNRESOLVED: gcc.c-torture/execute/20021120-1.c execution, -O3 -fomit-frame-pointer -funroll-loops
FAIL: gcc.c-torture/execute/20021120-1.c compilation, -O3 -fomit-frame-pointer -funroll-all-loops -finline-functions
UNRESOLVED: gcc.c-torture/execute/20021120-1.c execution, -O3 -fomit-frame-pointer -funroll-all-loops -finline-functions
FAIL: gcc.c-torture/execute/20021120-1.c compilation, -O3 -g
UNRESOLVED: gcc.c-torture/execute/20021120-1.c execution, -O3 -g
FAIL: gcc.c-torture/execute/20021120-1.c compilation, -Os
UNRESOLVED: gcc.c-torture/execute/20021120-1.c execution, -Os
FAIL: gcc.c-torture/execute/20030125-1.c compilation, -O0
UNRESOLVED: gcc.c-torture/execute/20030125-1.c execution, -O0
FAIL: gcc.c-torture/execute/20030125-1.c compilation, -O2
UNRESOLVED: gcc.c-torture/execute/20030125-1.c execution, -O2
FAIL: gcc.c-torture/execute/20030125-1.c compilation, -O3 -fomit-frame-pointer
UNRESOLVED: gcc.c-torture/execute/20030125-1.c execution, -O3 -fomit-frame-pointer
FAIL: gcc.c-torture/execute/20030125-1.c compilation, -O3 -g
UNRESOLVED: gcc.c-torture/execute/20030125-1.c execution, -O3 -g
FAIL: gcc.c-torture/execute/20030125-1.c compilation, -Os
UNRESOLVED: gcc.c-torture/execute/20030125-1.c execution, -Os
FAIL: gcc.c-torture/execute/20030914-1.c compilation, -O0
UNRESOLVED: gcc.c-torture/execute/20030914-1.c execution, -O0
FAIL: gcc.c-torture/execute/20031003-1.c compilation, -O0
UNRESOLVED: gcc.c-torture/execute/20031003-1.c execution, -O0
FAIL: gcc.c-torture/execute/920501-8.c compilation, -O0
UNRESOLVED: gcc.c-torture/execute/920501-8.c execution, -O0
FAIL: gcc.c-torture/execute/920625-1.c compilation, -O0
UNRESOLVED: gcc.c-torture/execute/920625-1.c execution, -O0
FAIL: gcc.c-torture/execute/920625-1.c compilation, -O1
UNRESOLVED: gcc.c-torture/execute/920625-1.c execution, -O1
FAIL: gcc.c-torture/execute/920625-1.c compilation, -O2
UNRESOLVED: gcc.c-torture/execute/920625-1.c execution, -O2
FAIL: gcc.c-torture/execute/920625-1.c compilation, -O3 -fomit-frame-pointer
UNRESOLVED: gcc.c-torture/execute/920625-1.c execution, -O3 -fomit-frame-pointer
FAIL: gcc.c-torture/execute/920625-1.c compilation, -O3 -fomit-frame-pointer -funroll-loops
UNRESOLVED: gcc.c-torture/execute/920625-1.c execution, -O3 -fomit-frame-pointer -funroll-loops
FAIL: gcc.c-torture/execute/920625-1.c compilation, -O3 -fomit-frame-pointer -funroll-all-loops -finline-functions
UNRESOLVED: gcc.c-torture/execute/920625-1.c execution, -O3 -fomit-frame-pointer -funroll-all-loops -finline-functions
FAIL: gcc.c-torture/execute/920625-1.c compilation, -O3 -g
UNRESOLVED: gcc.c-torture/execute/920625-1.c execution, -O3 -g
FAIL: gcc.c-torture/execute/920625-1.c compilation, -Os
UNRESOLVED: gcc.c-torture/execute/920625-1.c execution, -Os
FAIL: gcc.c-torture/execute/921013-1.c compilation, -O1
UNRESOLVED: gcc.c-torture/execute/921013-1.c execution, -O1
FAIL: gcc.c-torture/execute/921013-1.c compilation, -O2
UNRESOLVED: gcc.c-torture/execute/921013-1.c execution, -O2
FAIL: gcc.c-torture/execute/921013-1.c compilation, -O3 -fomit-frame-pointer
UNRESOLVED: gcc.c-torture/execute/921013-1.c execution, -O3 -fomit-frame-pointer
FAIL: gcc.c-torture/execute/921013-1.c compilation, -O3 -fomit-frame-pointer -funroll-loops
UNRESOLVED: gcc.c-torture/execute/921013-1.c execution, -O3 -fomit-frame-pointer -funroll-loops
FAIL: gcc.c-torture/execute/921013-1.c compilation, -O3 -fomit-frame-pointer -funroll-all-loops -finline-functions
UNRESOLVED: gcc.c-torture/execute/921013-1.c execution, -O3 -fomit-frame-pointer -funroll-all-loops -finline-functions
FAIL: gcc.c-torture/execute/921013-1.c compilation, -O3 -g
UNRESOLVED: gcc.c-torture/execute/921013-1.c execution, -O3 -g
FAIL: gcc.c-torture/execute/921013-1.c compilation, -Os
UNRESOLVED: gcc.c-torture/execute/921013-1.c execution, -Os
FAIL: gcc.c-torture/execute/921019-2.c compilation, -O0
UNRESOLVED: gcc.c-torture/execute/921019-2.c execution, -O0
FAIL: gcc.c-torture/execute/921113-1.c compilation, -O0
UNRESOLVED: gcc.c-torture/execute/921113-1.c execution, -O0
FAIL: gcc.c-torture/execute/921113-1.c compilation, -O1
UNRESOLVED: gcc.c-torture/execute/921113-1.c execution, -O1
FAIL: gcc.c-torture/execute/921113-1.c compilation, -O2
UNRESOLVED: gcc.c-torture/execute/921113-1.c execution, -O2
FAIL: gcc.c-torture/execute/921113-1.c compilation, -O3 -fomit-frame-pointer
UNRESOLVED: gcc.c-torture/execute/921113-1.c execution, -O3 -fomit-frame-pointer
FAIL: gcc.c-torture/execute/921113-1.c compilation, -O3 -g
UNRESOLVED: gcc.c-torture/execute/921113-1.c execution, -O3 -g
FAIL: gcc.c-torture/execute/921113-1.c compilation, -Os
UNRESOLVED: gcc.c-torture/execute/921113-1.c execution, -Os
FAIL: gcc.c-torture/execute/921124-1.c compilation, -O0
UNRESOLVED: gcc.c-torture/execute/921124-1.c execution, -O0
FAIL: gcc.c-torture/execute/921208-1.c compilation, -O0
UNRESOLVED: gcc.c-torture/execute/921208-1.c execution, -O0
FAIL: gcc.c-torture/execute/921208-2.c compilation, -O0
UNRESOLVED: gcc.c-torture/execute/921208-2.c execution, -O0
FAIL: gcc.c-torture/execute/930106-1.c compilation, -O0
UNRESOLVED: gcc.c-torture/execute/930106-1.c execution, -O0
FAIL: gcc.c-torture/execute/930106-1.c compilation, -O1
UNRESOLVED: gcc.c-torture/execute/930106-1.c execution, -O1
FAIL: gcc.c-torture/execute/930513-1.c compilation, -O0
UNRESOLVED: gcc.c-torture/execute/930513-1.c execution, -O0
FAIL: gcc.c-torture/execute/930603-1.c compilation, -O0
UNRESOLVED: gcc.c-torture/execute/930603-1.c execution, -O0
FAIL: gcc.c-torture/execute/930603-1.c compilation, -O1
UNRESOLVED: gcc.c-torture/execute/930603-1.c execution, -O1
FAIL: gcc.c-torture/execute/930603-1.c compilation, -O2
UNRESOLVED: gcc.c-torture/execute/930603-1.c execution, -O2
FAIL: gcc.c-torture/execute/930603-1.c compilation, -O3 -fomit-frame-pointer
UNRESOLVED: gcc.c-torture/execute/930603-1.c execution, -O3 -fomit-frame-pointer
FAIL: gcc.c-torture/execute/930603-1.c compilation, -O3 -g
UNRESOLVED: gcc.c-torture/execute/930603-1.c execution, -O3 -g
FAIL: gcc.c-torture/execute/930603-1.c compilation, -Os
UNRESOLVED: gcc.c-torture/execute/930603-1.c execution, -Os
FAIL: gcc.c-torture/execute/930614-1.c compilation, -O1
UNRESOLVED: gcc.c-torture/execute/930614-1.c execution, -O1
FAIL: gcc.c-torture/execute/930614-2.c compilation, -O1
UNRESOLVED: gcc.c-torture/execute/930614-2.c execution, -O1
FAIL: gcc.c-torture/execute/930614-2.c compilation, -O2
UNRESOLVED: gcc.c-torture/execute/930614-2.c execution, -O2
FAIL: gcc.c-torture/execute/930614-2.c compilation, -O3 -fomit-frame-pointer
UNRESOLVED: gcc.c-torture/execute/930614-2.c execution, -O3 -fomit-frame-pointer
FAIL: gcc.c-torture/execute/930614-2.c compilation, -O3 -fomit-frame-pointer -funroll-loops
UNRESOLVED: gcc.c-torture/execute/930614-2.c execution, -O3 -fomit-frame-pointer -funroll-loops
FAIL: gcc.c-torture/execute/930614-2.c compilation, -O3 -fomit-frame-pointer -funroll-all-loops -finline-functions
UNRESOLVED: gcc.c-torture/execute/930614-2.c execution, -O3 -fomit-frame-pointer -funroll-all-loops -finline-functions
FAIL: gcc.c-torture/execute/930614-2.c compilation, -O3 -g
UNRESOLVED: gcc.c-torture/execute/930614-2.c execution, -O3 -g
FAIL: gcc.c-torture/execute/930614-2.c compilation, -Os
UNRESOLVED: gcc.c-torture/execute/930614-2.c execution, -Os
FAIL: gcc.c-torture/execute/930622-2.c compilation, -O0
UNRESOLVED: gcc.c-torture/execute/930622-2.c execution, -O0
FAIL: gcc.c-torture/execute/930622-2.c compilation, -O1
UNRESOLVED: gcc.c-torture/execute/930622-2.c execution, -O1
FAIL: gcc.c-torture/execute/930622-2.c compilation, -O2
UNRESOLVED: gcc.c-torture/execute/930622-2.c execution, -O2
FAIL: gcc.c-torture/execute/930622-2.c compilation, -O3 -fomit-frame-pointer
UNRESOLVED: gcc.c-torture/execute/930622-2.c execution, -O3 -fomit-frame-pointer
FAIL: gcc.c-torture/execute/930622-2.c compilation, -O3 -g
UNRESOLVED: gcc.c-torture/execute/930622-2.c execution, -O3 -g
FAIL: gcc.c-torture/execute/930622-2.c compilation, -Os
UNRESOLVED: gcc.c-torture/execute/930622-2.c execution, -Os
FAIL: gcc.c-torture/execute/930702-1.c compilation, -O0
UNRESOLVED: gcc.c-torture/execute/930702-1.c execution, -O0
FAIL: gcc.c-torture/execute/930702-1.c compilation, -O1
UNRESOLVED: gcc.c-torture/execute/930702-1.c execution, -O1
FAIL: gcc.c-torture/execute/930702-1.c compilation, -O2
UNRESOLVED: gcc.c-torture/execute/930702-1.c execution, -O2
FAIL: gcc.c-torture/execute/930702-1.c compilation, -Os
UNRESOLVED: gcc.c-torture/execute/930702-1.c execution, -Os
FAIL: gcc.c-torture/execute/930818-1.c compilation, -O1
UNRESOLVED: gcc.c-torture/execute/930818-1.c execution, -O1
FAIL: gcc.c-torture/execute/930818-1.c compilation, -O2
UNRESOLVED: gcc.c-torture/execute/930818-1.c execution, -O2
FAIL: gcc.c-torture/execute/930818-1.c compilation, -O3 -fomit-frame-pointer
UNRESOLVED: gcc.c-torture/execute/930818-1.c execution, -O3 -fomit-frame-pointer
FAIL: gcc.c-torture/execute/930818-1.c compilation, -O3 -g
UNRESOLVED: gcc.c-torture/execute/930818-1.c execution, -O3 -g
FAIL: gcc.c-torture/execute/930818-1.c compilation, -Os
UNRESOLVED: gcc.c-torture/execute/930818-1.c execution, -Os
FAIL: gcc.c-torture/execute/941021-1.c compilation, -O0
UNRESOLVED: gcc.c-torture/execute/941021-1.c execution, -O0
FAIL: gcc.c-torture/execute/941021-1.c compilation, -O1
UNRESOLVED: gcc.c-torture/execute/941021-1.c execution, -O1
FAIL: gcc.c-torture/execute/941021-1.c compilation, -O2
UNRESOLVED: gcc.c-torture/execute/941021-1.c execution, -O2
FAIL: gcc.c-torture/execute/941021-1.c compilation, -Os
UNRESOLVED: gcc.c-torture/execute/941021-1.c execution, -Os
FAIL: gcc.c-torture/execute/960215-1.c compilation, -O0
UNRESOLVED: gcc.c-torture/execute/960215-1.c execution, -O0
FAIL: gcc.c-torture/execute/960215-1.c compilation, -O1
UNRESOLVED: gcc.c-torture/execute/960215-1.c execution, -O1
FAIL: gcc.c-torture/execute/960215-1.c compilation, -O2
UNRESOLVED: gcc.c-torture/execute/960215-1.c execution, -O2
FAIL: gcc.c-torture/execute/960215-1.c compilation, -O3 -fomit-frame-pointer
UNRESOLVED: gcc.c-torture/execute/960215-1.c execution, -O3 -fomit-frame-pointer
FAIL: gcc.c-torture/execute/960215-1.c compilation, -O3 -g
UNRESOLVED: gcc.c-torture/execute/960215-1.c execution, -O3 -g
FAIL: gcc.c-torture/execute/960215-1.c compilation, -Os
UNRESOLVED: gcc.c-torture/execute/960215-1.c execution, -Os
FAIL: gcc.c-torture/execute/960302-1.c compilation, -Os
UNRESOLVED: gcc.c-torture/execute/960302-1.c execution, -Os
FAIL: gcc.c-torture/execute/960512-1.c compilation, -O0
UNRESOLVED: gcc.c-torture/execute/960512-1.c execution, -O0
FAIL: gcc.c-torture/execute/960512-1.c compilation, -O1
UNRESOLVED: gcc.c-torture/execute/960512-1.c execution, -O1
FAIL: gcc.c-torture/execute/960512-1.c compilation, -O2
UNRESOLVED: gcc.c-torture/execute/960512-1.c execution, -O2
FAIL: gcc.c-torture/execute/960512-1.c compilation, -Os
UNRESOLVED: gcc.c-torture/execute/960512-1.c execution, -Os
FAIL: gcc.c-torture/execute/960513-1.c compilation, -O0
UNRESOLVED: gcc.c-torture/execute/960513-1.c execution, -O0
FAIL: gcc.c-torture/execute/961223-1.c compilation, -O0
UNRESOLVED: gcc.c-torture/execute/961223-1.c execution, -O0
FAIL: gcc.c-torture/execute/980205.c compilation, -O0
UNRESOLVED: gcc.c-torture/execute/980205.c execution, -O0
FAIL: gcc.c-torture/execute/980205.c compilation, -O1
UNRESOLVED: gcc.c-torture/execute/980205.c execution, -O1
FAIL: gcc.c-torture/execute/980205.c compilation, -O2
UNRESOLVED: gcc.c-torture/execute/980205.c execution, -O2
FAIL: gcc.c-torture/execute/980205.c compilation, -O3 -fomit-frame-pointer
UNRESOLVED: gcc.c-torture/execute/980205.c execution, -O3 -fomit-frame-pointer
FAIL: gcc.c-torture/execute/980205.c compilation, -O3 -g
UNRESOLVED: gcc.c-torture/execute/980205.c execution, -O3 -g
FAIL: gcc.c-torture/execute/980205.c compilation, -Os
UNRESOLVED: gcc.c-torture/execute/980205.c execution, -Os
FAIL: gcc.c-torture/execute/980604-1.c compilation, -O0
UNRESOLVED: gcc.c-torture/execute/980604-1.c execution, -O0
FAIL: gcc.c-torture/execute/980604-1.c compilation, -O1
UNRESOLVED: gcc.c-torture/execute/980604-1.c execution, -O1
FAIL: gcc.c-torture/execute/980604-1.c compilation, -O2
UNRESOLVED: gcc.c-torture/execute/980604-1.c execution, -O2
FAIL: gcc.c-torture/execute/980604-1.c compilation, -O3 -fomit-frame-pointer
UNRESOLVED: gcc.c-torture/execute/980604-1.c execution, -O3 -fomit-frame-pointer
FAIL: gcc.c-torture/execute/980604-1.c compilation, -O3 -g
UNRESOLVED: gcc.c-torture/execute/980604-1.c execution, -O3 -g
FAIL: gcc.c-torture/execute/980604-1.c compilation, -Os
UNRESOLVED: gcc.c-torture/execute/980604-1.c execution, -Os
FAIL: gcc.c-torture/execute/980605-1.c compilation, -O0
UNRESOLVED: gcc.c-torture/execute/980605-1.c execution, -O0
FAIL: gcc.c-torture/execute/980709-1.c compilation, -O0
UNRESOLVED: gcc.c-torture/execute/980709-1.c execution, -O0
FAIL: gcc.c-torture/execute/980709-1.c compilation, -O1
UNRESOLVED: gcc.c-torture/execute/980709-1.c execution, -O1
FAIL: gcc.c-torture/execute/980709-1.c compilation, -O2
UNRESOLVED: gcc.c-torture/execute/980709-1.c execution, -O2
FAIL: gcc.c-torture/execute/980709-1.c compilation, -O3 -fomit-frame-pointer
UNRESOLVED: gcc.c-torture/execute/980709-1.c execution, -O3 -fomit-frame-pointer
FAIL: gcc.c-torture/execute/980709-1.c compilation, -O3 -g
UNRESOLVED: gcc.c-torture/execute/980709-1.c execution, -O3 -g
FAIL: gcc.c-torture/execute/980709-1.c compilation, -Os
UNRESOLVED: gcc.c-torture/execute/980709-1.c execution, -Os
FAIL: gcc.c-torture/execute/990117-1.c compilation, -O0
UNRESOLVED: gcc.c-torture/execute/990117-1.c execution, -O0
FAIL: gcc.c-torture/execute/990127-2.c compilation, -O0
UNRESOLVED: gcc.c-torture/execute/990127-2.c execution, -O0
FAIL: gcc.c-torture/execute/990127-2.c compilation, -O1
UNRESOLVED: gcc.c-torture/execute/990127-2.c execution, -O1
FAIL: gcc.c-torture/execute/990127-2.c compilation, -O2
UNRESOLVED: gcc.c-torture/execute/990127-2.c execution, -O2
FAIL: gcc.c-torture/execute/990127-2.c compilation, -Os
UNRESOLVED: gcc.c-torture/execute/990127-2.c execution, -Os
FAIL: gcc.c-torture/execute/990829-1.c compilation, -O0
UNRESOLVED: gcc.c-torture/execute/990829-1.c execution, -O0
FAIL: gcc.c-torture/execute/990829-1.c compilation, -O1
UNRESOLVED: gcc.c-torture/execute/990829-1.c execution, -O1
FAIL: gcc.c-torture/execute/990829-1.c compilation, -O2
UNRESOLVED: gcc.c-torture/execute/990829-1.c execution, -O2
FAIL: gcc.c-torture/execute/990829-1.c compilation, -O3 -fomit-frame-pointer
UNRESOLVED: gcc.c-torture/execute/990829-1.c execution, -O3 -fomit-frame-pointer
FAIL: gcc.c-torture/execute/990829-1.c compilation, -O3 -g
UNRESOLVED: gcc.c-torture/execute/990829-1.c execution, -O3 -g
FAIL: gcc.c-torture/execute/990829-1.c compilation, -Os
UNRESOLVED: gcc.c-torture/execute/990829-1.c execution, -Os
FAIL: gcc.c-torture/execute/991019-1.c compilation, -O0
UNRESOLVED: gcc.c-torture/execute/991019-1.c execution, -O0
FAIL: gcc.c-torture/execute/991030-1.c compilation, -O1
UNRESOLVED: gcc.c-torture/execute/991030-1.c execution, -O1
FAIL: gcc.c-torture/execute/991030-1.c compilation, -O2
UNRESOLVED: gcc.c-torture/execute/991030-1.c execution, -O2
FAIL: gcc.c-torture/execute/991030-1.c compilation, -O3 -fomit-frame-pointer
UNRESOLVED: gcc.c-torture/execute/991030-1.c execution, -O3 -fomit-frame-pointer
FAIL: gcc.c-torture/execute/991030-1.c compilation, -O3 -g
UNRESOLVED: gcc.c-torture/execute/991030-1.c execution, -O3 -g
FAIL: gcc.c-torture/execute/991030-1.c compilation, -Os
UNRESOLVED: gcc.c-torture/execute/991030-1.c execution, -Os
FAIL: gcc.c-torture/execute/991228-1.c compilation, -O0
UNRESOLVED: gcc.c-torture/execute/991228-1.c execution, -O0
FAIL: gcc.c-torture/execute/align-2.c compilation, -O1
UNRESOLVED: gcc.c-torture/execute/align-2.c execution, -O1
FAIL: gcc.c-torture/execute/align-2.c compilation, -O2
UNRESOLVED: gcc.c-torture/execute/align-2.c execution, -O2
FAIL: gcc.c-torture/execute/align-2.c compilation, -O3 -fomit-frame-pointer
UNRESOLVED: gcc.c-torture/execute/align-2.c execution, -O3 -fomit-frame-pointer
FAIL: gcc.c-torture/execute/align-2.c compilation, -O3 -g
UNRESOLVED: gcc.c-torture/execute/align-2.c execution, -O3 -g
FAIL: gcc.c-torture/execute/align-2.c compilation, -Os
UNRESOLVED: gcc.c-torture/execute/align-2.c execution, -Os
FAIL: gcc.c-torture/execute/arith-rand-ll.c compilation, -O1
UNRESOLVED: gcc.c-torture/execute/arith-rand-ll.c execution, -O1
FAIL: gcc.c-torture/execute/arith-rand-ll.c compilation, -O2
UNRESOLVED: gcc.c-torture/execute/arith-rand-ll.c execution, -O2
FAIL: gcc.c-torture/execute/arith-rand-ll.c compilation, -O3 -fomit-frame-pointer
UNRESOLVED: gcc.c-torture/execute/arith-rand-ll.c execution, -O3 -fomit-frame-pointer
FAIL: gcc.c-torture/execute/arith-rand-ll.c compilation, -O3 -fomit-frame-pointer -funroll-loops
UNRESOLVED: gcc.c-torture/execute/arith-rand-ll.c execution, -O3 -fomit-frame-pointer -funroll-loops
FAIL: gcc.c-torture/execute/arith-rand-ll.c compilation, -O3 -fomit-frame-pointer -funroll-all-loops -finline-functions
UNRESOLVED: gcc.c-torture/execute/arith-rand-ll.c execution, -O3 -fomit-frame-pointer -funroll-all-loops -finline-functions
FAIL: gcc.c-torture/execute/arith-rand-ll.c compilation, -O3 -g
UNRESOLVED: gcc.c-torture/execute/arith-rand-ll.c execution, -O3 -g
FAIL: gcc.c-torture/execute/arith-rand-ll.c compilation, -Os
UNRESOLVED: gcc.c-torture/execute/arith-rand-ll.c execution, -Os
FAIL: gcc.c-torture/execute/arith-rand.c compilation, -O1
UNRESOLVED: gcc.c-torture/execute/arith-rand.c execution, -O1
FAIL: gcc.c-torture/execute/arith-rand.c compilation, -O2
UNRESOLVED: gcc.c-torture/execute/arith-rand.c execution, -O2
FAIL: gcc.c-torture/execute/arith-rand.c compilation, -O3 -fomit-frame-pointer
UNRESOLVED: gcc.c-torture/execute/arith-rand.c execution, -O3 -fomit-frame-pointer
FAIL: gcc.c-torture/execute/arith-rand.c compilation, -O3 -fomit-frame-pointer -funroll-loops
UNRESOLVED: gcc.c-torture/execute/arith-rand.c execution, -O3 -fomit-frame-pointer -funroll-loops
FAIL: gcc.c-torture/execute/arith-rand.c compilation, -O3 -fomit-frame-pointer -funroll-all-loops -finline-functions
UNRESOLVED: gcc.c-torture/execute/arith-rand.c execution, -O3 -fomit-frame-pointer -funroll-all-loops -finline-functions
FAIL: gcc.c-torture/execute/arith-rand.c compilation, -O3 -g
UNRESOLVED: gcc.c-torture/execute/arith-rand.c execution, -O3 -g
FAIL: gcc.c-torture/execute/arith-rand.c compilation, -Os
UNRESOLVED: gcc.c-torture/execute/arith-rand.c execution, -Os
FAIL: gcc.c-torture/execute/builtin-complex-1.c compilation, -O0
UNRESOLVED: gcc.c-torture/execute/builtin-complex-1.c execution, -O0
FAIL: gcc.c-torture/execute/builtin-complex-1.c compilation, -O1
UNRESOLVED: gcc.c-torture/execute/builtin-complex-1.c execution, -O1
FAIL: gcc.c-torture/execute/cbrt.c compilation, -O0
UNRESOLVED: gcc.c-torture/execute/cbrt.c execution, -O0
FAIL: gcc.c-torture/execute/cbrt.c compilation, -O1
UNRESOLVED: gcc.c-torture/execute/cbrt.c execution, -O1
FAIL: gcc.c-torture/execute/cbrt.c compilation, -O2
UNRESOLVED: gcc.c-torture/execute/cbrt.c execution, -O2
FAIL: gcc.c-torture/execute/cbrt.c compilation, -O3 -fomit-frame-pointer
UNRESOLVED: gcc.c-torture/execute/cbrt.c execution, -O3 -fomit-frame-pointer
FAIL: gcc.c-torture/execute/cbrt.c compilation, -O3 -g
UNRESOLVED: gcc.c-torture/execute/cbrt.c execution, -O3 -g
FAIL: gcc.c-torture/execute/cbrt.c compilation, -Os
UNRESOLVED: gcc.c-torture/execute/cbrt.c execution, -Os
FAIL: gcc.c-torture/execute/complex-1.c compilation, -O0
UNRESOLVED: gcc.c-torture/execute/complex-1.c execution, -O0
FAIL: gcc.c-torture/execute/complex-1.c compilation, -O1
UNRESOLVED: gcc.c-torture/execute/complex-1.c execution, -O1
FAIL: gcc.c-torture/execute/complex-1.c compilation, -O2
UNRESOLVED: gcc.c-torture/execute/complex-1.c execution, -O2
FAIL: gcc.c-torture/execute/complex-1.c compilation, -Os
UNRESOLVED: gcc.c-torture/execute/complex-1.c execution, -Os
FAIL: gcc.c-torture/execute/complex-2.c compilation, -O0
UNRESOLVED: gcc.c-torture/execute/complex-2.c execution, -O0
FAIL: gcc.c-torture/execute/complex-2.c compilation, -O1
UNRESOLVED: gcc.c-torture/execute/complex-2.c execution, -O1
FAIL: gcc.c-torture/execute/complex-2.c compilation, -O2
UNRESOLVED: gcc.c-torture/execute/complex-2.c execution, -O2
FAIL: gcc.c-torture/execute/complex-2.c compilation, -Os
UNRESOLVED: gcc.c-torture/execute/complex-2.c execution, -Os
FAIL: gcc.c-torture/execute/complex-3.c compilation, -O0
UNRESOLVED: gcc.c-torture/execute/complex-3.c execution, -O0
FAIL: gcc.c-torture/execute/complex-3.c compilation, -O1
UNRESOLVED: gcc.c-torture/execute/complex-3.c execution, -O1
FAIL: gcc.c-torture/execute/complex-3.c compilation, -O2
UNRESOLVED: gcc.c-torture/execute/complex-3.c execution, -O2
FAIL: gcc.c-torture/execute/complex-3.c compilation, -O3 -fomit-frame-pointer
UNRESOLVED: gcc.c-torture/execute/complex-3.c execution, -O3 -fomit-frame-pointer
FAIL: gcc.c-torture/execute/complex-3.c compilation, -O3 -g
UNRESOLVED: gcc.c-torture/execute/complex-3.c execution, -O3 -g
FAIL: gcc.c-torture/execute/complex-3.c compilation, -Os
UNRESOLVED: gcc.c-torture/execute/complex-3.c execution, -Os
FAIL: gcc.c-torture/execute/complex-5.c compilation, -O0
UNRESOLVED: gcc.c-torture/execute/complex-5.c execution, -O0
FAIL: gcc.c-torture/execute/complex-5.c compilation, -O1
UNRESOLVED: gcc.c-torture/execute/complex-5.c execution, -O1
FAIL: gcc.c-torture/execute/complex-5.c compilation, -O2
UNRESOLVED: gcc.c-torture/execute/complex-5.c execution, -O2
FAIL: gcc.c-torture/execute/complex-5.c compilation, -O3 -fomit-frame-pointer
UNRESOLVED: gcc.c-torture/execute/complex-5.c execution, -O3 -fomit-frame-pointer
FAIL: gcc.c-torture/execute/complex-5.c compilation, -O3 -g
UNRESOLVED: gcc.c-torture/execute/complex-5.c execution, -O3 -g
FAIL: gcc.c-torture/execute/complex-5.c compilation, -Os
UNRESOLVED: gcc.c-torture/execute/complex-5.c execution, -Os
FAIL: gcc.c-torture/execute/complex-6.c compilation, -O0
UNRESOLVED: gcc.c-torture/execute/complex-6.c execution, -O0
FAIL: gcc.c-torture/execute/complex-6.c compilation, -O1
UNRESOLVED: gcc.c-torture/execute/complex-6.c execution, -O1
FAIL: gcc.c-torture/execute/complex-6.c compilation, -O2
UNRESOLVED: gcc.c-torture/execute/complex-6.c execution, -O2
FAIL: gcc.c-torture/execute/complex-6.c compilation, -O3 -fomit-frame-pointer
UNRESOLVED: gcc.c-torture/execute/complex-6.c execution, -O3 -fomit-frame-pointer
FAIL: gcc.c-torture/execute/complex-6.c compilation, -O3 -g
UNRESOLVED: gcc.c-torture/execute/complex-6.c execution, -O3 -g
FAIL: gcc.c-torture/execute/complex-6.c compilation, -Os
UNRESOLVED: gcc.c-torture/execute/complex-6.c execution, -Os
FAIL: gcc.c-torture/execute/conversion.c compilation, -O0
UNRESOLVED: gcc.c-torture/execute/conversion.c execution, -O0
FAIL: gcc.c-torture/execute/conversion.c compilation, -O1
UNRESOLVED: gcc.c-torture/execute/conversion.c execution, -O1
FAIL: gcc.c-torture/execute/conversion.c compilation, -O2
UNRESOLVED: gcc.c-torture/execute/conversion.c execution, -O2
FAIL: gcc.c-torture/execute/conversion.c compilation, -O3 -fomit-frame-pointer
UNRESOLVED: gcc.c-torture/execute/conversion.c execution, -O3 -fomit-frame-pointer
FAIL: gcc.c-torture/execute/conversion.c compilation, -O3 -g
UNRESOLVED: gcc.c-torture/execute/conversion.c execution, -O3 -g
FAIL: gcc.c-torture/execute/conversion.c compilation, -Os
UNRESOLVED: gcc.c-torture/execute/conversion.c execution, -Os
FAIL: gcc.c-torture/execute/cvt-1.c compilation, -O0
UNRESOLVED: gcc.c-torture/execute/cvt-1.c execution, -O0
FAIL: gcc.c-torture/execute/gofast.c compilation, -O0
UNRESOLVED: gcc.c-torture/execute/gofast.c execution, -O0
FAIL: gcc.c-torture/execute/gofast.c compilation, -O2
UNRESOLVED: gcc.c-torture/execute/gofast.c execution, -O2
FAIL: gcc.c-torture/execute/gofast.c compilation, -Os
UNRESOLVED: gcc.c-torture/execute/gofast.c execution, -Os
FAIL: gcc.c-torture/execute/loop-8.c compilation, -O1
UNRESOLVED: gcc.c-torture/execute/loop-8.c execution, -O1
FAIL: gcc.c-torture/execute/loop-8.c compilation, -O2
UNRESOLVED: gcc.c-torture/execute/loop-8.c execution, -O2
FAIL: gcc.c-torture/execute/loop-8.c compilation, -O3 -fomit-frame-pointer
UNRESOLVED: gcc.c-torture/execute/loop-8.c execution, -O3 -fomit-frame-pointer
FAIL: gcc.c-torture/execute/loop-8.c compilation, -O3 -fomit-frame-pointer -funroll-loops
UNRESOLVED: gcc.c-torture/execute/loop-8.c execution, -O3 -fomit-frame-pointer -funroll-loops
FAIL: gcc.c-torture/execute/loop-8.c compilation, -O3 -fomit-frame-pointer -funroll-all-loops -finline-functions
UNRESOLVED: gcc.c-torture/execute/loop-8.c execution, -O3 -fomit-frame-pointer -funroll-all-loops -finline-functions
FAIL: gcc.c-torture/execute/loop-8.c compilation, -O3 -g
UNRESOLVED: gcc.c-torture/execute/loop-8.c execution, -O3 -g
FAIL: gcc.c-torture/execute/loop-8.c compilation, -Os
UNRESOLVED: gcc.c-torture/execute/loop-8.c execution, -Os
FAIL: gcc.c-torture/execute/multi-ix.c execution, -Os
FAIL: gcc.c-torture/execute/nest-stdar-1.c compilation, -O0
UNRESOLVED: gcc.c-torture/execute/nest-stdar-1.c execution, -O0
FAIL: gcc.c-torture/execute/regstack-1.c compilation, -O0
UNRESOLVED: gcc.c-torture/execute/regstack-1.c execution, -O0
FAIL: gcc.c-torture/execute/regstack-1.c compilation, -O1
UNRESOLVED: gcc.c-torture/execute/regstack-1.c execution, -O1
FAIL: gcc.c-torture/execute/regstack-1.c compilation, -O2
UNRESOLVED: gcc.c-torture/execute/regstack-1.c execution, -O2
FAIL: gcc.c-torture/execute/regstack-1.c compilation, -O3 -fomit-frame-pointer
UNRESOLVED: gcc.c-torture/execute/regstack-1.c execution, -O3 -fomit-frame-pointer
FAIL: gcc.c-torture/execute/regstack-1.c compilation, -O3 -g
UNRESOLVED: gcc.c-torture/execute/regstack-1.c execution, -O3 -g
FAIL: gcc.c-torture/execute/regstack-1.c compilation, -Os
UNRESOLVED: gcc.c-torture/execute/regstack-1.c execution, -Os
FAIL: gcc.c-torture/execute/simd-1.c compilation, -O1
UNRESOLVED: gcc.c-torture/execute/simd-1.c execution, -O1
FAIL: gcc.c-torture/execute/simd-1.c compilation, -O2
UNRESOLVED: gcc.c-torture/execute/simd-1.c execution, -O2
FAIL: gcc.c-torture/execute/simd-1.c compilation, -O3 -fomit-frame-pointer
UNRESOLVED: gcc.c-torture/execute/simd-1.c execution, -O3 -fomit-frame-pointer
FAIL: gcc.c-torture/execute/simd-1.c compilation, -O3 -g
UNRESOLVED: gcc.c-torture/execute/simd-1.c execution, -O3 -g
FAIL: gcc.c-torture/execute/simd-1.c compilation, -Os
UNRESOLVED: gcc.c-torture/execute/simd-1.c execution, -Os
FAIL: gcc.c-torture/execute/simd-2.c compilation, -O1
UNRESOLVED: gcc.c-torture/execute/simd-2.c execution, -O1
FAIL: gcc.c-torture/execute/simd-2.c compilation, -O2
UNRESOLVED: gcc.c-torture/execute/simd-2.c execution, -O2
FAIL: gcc.c-torture/execute/simd-2.c compilation, -O3 -fomit-frame-pointer
UNRESOLVED: gcc.c-torture/execute/simd-2.c execution, -O3 -fomit-frame-pointer
FAIL: gcc.c-torture/execute/simd-2.c compilation, -O3 -g
UNRESOLVED: gcc.c-torture/execute/simd-2.c execution, -O3 -g
FAIL: gcc.c-torture/execute/simd-2.c compilation, -Os
UNRESOLVED: gcc.c-torture/execute/simd-2.c execution, -Os
FAIL: gcc.c-torture/execute/simd-4.c compilation, -O0
UNRESOLVED: gcc.c-torture/execute/simd-4.c execution, -O0
FAIL: gcc.c-torture/execute/simd-4.c compilation, -O1
UNRESOLVED: gcc.c-torture/execute/simd-4.c execution, -O1
FAIL: gcc.c-torture/execute/simd-4.c compilation, -O2
UNRESOLVED: gcc.c-torture/execute/simd-4.c execution, -O2
FAIL: gcc.c-torture/execute/simd-4.c compilation, -O3 -fomit-frame-pointer
UNRESOLVED: gcc.c-torture/execute/simd-4.c execution, -O3 -fomit-frame-pointer
FAIL: gcc.c-torture/execute/simd-4.c compilation, -O3 -g
UNRESOLVED: gcc.c-torture/execute/simd-4.c execution, -O3 -g
FAIL: gcc.c-torture/execute/simd-4.c compilation, -Os
UNRESOLVED: gcc.c-torture/execute/simd-4.c execution, -Os
FAIL: gcc.c-torture/execute/strct-pack-1.c compilation, -O1
UNRESOLVED: gcc.c-torture/execute/strct-pack-1.c execution, -O1
FAIL: gcc.c-torture/execute/strct-pack-1.c compilation, -O2
UNRESOLVED: gcc.c-torture/execute/strct-pack-1.c execution, -O2
FAIL: gcc.c-torture/execute/strct-pack-1.c compilation, -O3 -fomit-frame-pointer
UNRESOLVED: gcc.c-torture/execute/strct-pack-1.c execution, -O3 -fomit-frame-pointer
FAIL: gcc.c-torture/execute/strct-pack-1.c compilation, -O3 -g
UNRESOLVED: gcc.c-torture/execute/strct-pack-1.c execution, -O3 -g
FAIL: gcc.c-torture/execute/strct-pack-1.c compilation, -Os
UNRESOLVED: gcc.c-torture/execute/strct-pack-1.c execution, -Os
FAIL: gcc.c-torture/execute/string-opt-7.c compilation, -O2
UNRESOLVED: gcc.c-torture/execute/string-opt-7.c execution, -O2
FAIL: gcc.c-torture/execute/string-opt-7.c compilation, -O3 -fomit-frame-pointer
UNRESOLVED: gcc.c-torture/execute/string-opt-7.c execution, -O3 -fomit-frame-pointer
FAIL: gcc.c-torture/execute/string-opt-7.c compilation, -O3 -g
UNRESOLVED: gcc.c-torture/execute/string-opt-7.c execution, -O3 -g
FAIL: gcc.c-torture/execute/struct-ret-1.c compilation, -O0
UNRESOLVED: gcc.c-torture/execute/struct-ret-1.c execution, -O0
FAIL: gcc.c-torture/execute/struct-ret-1.c compilation, -O1
UNRESOLVED: gcc.c-torture/execute/struct-ret-1.c execution, -O1
FAIL: gcc.c-torture/execute/struct-ret-1.c compilation, -O2
UNRESOLVED: gcc.c-torture/execute/struct-ret-1.c execution, -O2
FAIL: gcc.c-torture/execute/struct-ret-1.c compilation, -O3 -fomit-frame-pointer
UNRESOLVED: gcc.c-torture/execute/struct-ret-1.c execution, -O3 -fomit-frame-pointer
FAIL: gcc.c-torture/execute/struct-ret-1.c compilation, -O3 -g
UNRESOLVED: gcc.c-torture/execute/struct-ret-1.c execution, -O3 -g
FAIL: gcc.c-torture/execute/va-arg-12.c compilation, -O0
UNRESOLVED: gcc.c-torture/execute/va-arg-12.c execution, -O0
FAIL: gcc.c-torture/execute/va-arg-12.c compilation, -O1
UNRESOLVED: gcc.c-torture/execute/va-arg-12.c execution, -O1
FAIL: gcc.c-torture/execute/va-arg-12.c compilation, -O2
UNRESOLVED: gcc.c-torture/execute/va-arg-12.c execution, -O2
FAIL: gcc.c-torture/execute/va-arg-12.c compilation, -O3 -fomit-frame-pointer
UNRESOLVED: gcc.c-torture/execute/va-arg-12.c execution, -O3 -fomit-frame-pointer
FAIL: gcc.c-torture/execute/va-arg-12.c compilation, -O3 -g
UNRESOLVED: gcc.c-torture/execute/va-arg-12.c execution, -O3 -g
FAIL: gcc.c-torture/execute/va-arg-12.c compilation, -Os
UNRESOLVED: gcc.c-torture/execute/va-arg-12.c execution, -Os
FAIL: gcc.c-torture/execute/va-arg-15.c compilation, -O0
UNRESOLVED: gcc.c-torture/execute/va-arg-15.c execution, -O0
FAIL: gcc.c-torture/execute/va-arg-15.c compilation, -O1
UNRESOLVED: gcc.c-torture/execute/va-arg-15.c execution, -O1
FAIL: gcc.c-torture/execute/va-arg-15.c compilation, -O2
UNRESOLVED: gcc.c-torture/execute/va-arg-15.c execution, -O2
FAIL: gcc.c-torture/execute/va-arg-15.c compilation, -O3 -fomit-frame-pointer
UNRESOLVED: gcc.c-torture/execute/va-arg-15.c execution, -O3 -fomit-frame-pointer
FAIL: gcc.c-torture/execute/va-arg-15.c compilation, -O3 -fomit-frame-pointer -funroll-loops
UNRESOLVED: gcc.c-torture/execute/va-arg-15.c execution, -O3 -fomit-frame-pointer -funroll-loops
FAIL: gcc.c-torture/execute/va-arg-15.c compilation, -O3 -fomit-frame-pointer -funroll-all-loops -finline-functions
UNRESOLVED: gcc.c-torture/execute/va-arg-15.c execution, -O3 -fomit-frame-pointer -funroll-all-loops -finline-functions
FAIL: gcc.c-torture/execute/va-arg-15.c compilation, -O3 -g
UNRESOLVED: gcc.c-torture/execute/va-arg-15.c execution, -O3 -g
FAIL: gcc.c-torture/execute/va-arg-16.c compilation, -O0
UNRESOLVED: gcc.c-torture/execute/va-arg-16.c execution, -O0
FAIL: gcc.c-torture/execute/va-arg-16.c compilation, -O1
UNRESOLVED: gcc.c-torture/execute/va-arg-16.c execution, -O1
FAIL: gcc.c-torture/execute/va-arg-16.c compilation, -O2
UNRESOLVED: gcc.c-torture/execute/va-arg-16.c execution, -O2
FAIL: gcc.c-torture/execute/va-arg-16.c compilation, -O3 -fomit-frame-pointer
UNRESOLVED: gcc.c-torture/execute/va-arg-16.c execution, -O3 -fomit-frame-pointer
FAIL: gcc.c-torture/execute/va-arg-16.c compilation, -O3 -g
UNRESOLVED: gcc.c-torture/execute/va-arg-16.c execution, -O3 -g
FAIL: gcc.c-torture/execute/va-arg-16.c compilation, -Os
UNRESOLVED: gcc.c-torture/execute/va-arg-16.c execution, -Os
FAIL: gcc.c-torture/execute/va-arg-17.c compilation, -O0
UNRESOLVED: gcc.c-torture/execute/va-arg-17.c execution, -O0
FAIL: gcc.c-torture/execute/va-arg-17.c compilation, -O1
UNRESOLVED: gcc.c-torture/execute/va-arg-17.c execution, -O1
FAIL: gcc.c-torture/execute/va-arg-17.c compilation, -O2
UNRESOLVED: gcc.c-torture/execute/va-arg-17.c execution, -O2
FAIL: gcc.c-torture/execute/va-arg-17.c compilation, -O3 -fomit-frame-pointer
UNRESOLVED: gcc.c-torture/execute/va-arg-17.c execution, -O3 -fomit-frame-pointer
FAIL: gcc.c-torture/execute/va-arg-17.c compilation, -O3 -g
UNRESOLVED: gcc.c-torture/execute/va-arg-17.c execution, -O3 -g
FAIL: gcc.c-torture/execute/va-arg-17.c compilation, -Os
UNRESOLVED: gcc.c-torture/execute/va-arg-17.c execution, -Os
FAIL: gcc.c-torture/execute/va-arg-18.c compilation, -O0
UNRESOLVED: gcc.c-torture/execute/va-arg-18.c execution, -O0
FAIL: gcc.c-torture/execute/va-arg-18.c compilation, -O1
UNRESOLVED: gcc.c-torture/execute/va-arg-18.c execution, -O1
FAIL: gcc.c-torture/execute/va-arg-18.c compilation, -O2
UNRESOLVED: gcc.c-torture/execute/va-arg-18.c execution, -O2
FAIL: gcc.c-torture/execute/va-arg-18.c compilation, -O3 -fomit-frame-pointer
UNRESOLVED: gcc.c-torture/execute/va-arg-18.c execution, -O3 -fomit-frame-pointer
FAIL: gcc.c-torture/execute/va-arg-18.c compilation, -O3 -g
UNRESOLVED: gcc.c-torture/execute/va-arg-18.c execution, -O3 -g
FAIL: gcc.c-torture/execute/va-arg-24.c execution, -O0
FAIL: gcc.c-torture/execute/va-arg-24.c execution, -O1
FAIL: gcc.c-torture/execute/va-arg-24.c execution, -O2
FAIL: gcc.c-torture/execute/va-arg-24.c execution, -O3 -fomit-frame-pointer
FAIL: gcc.c-torture/execute/va-arg-24.c execution, -O3 -g
FAIL: gcc.c-torture/execute/va-arg-24.c execution, -Os
FAIL: gcc.c-torture/execute/va-arg-5.c compilation, -O0
UNRESOLVED: gcc.c-torture/execute/va-arg-5.c execution, -O0
FAIL: gcc.c-torture/execute/va-arg-5.c compilation, -O1
UNRESOLVED: gcc.c-torture/execute/va-arg-5.c execution, -O1
FAIL: gcc.c-torture/execute/va-arg-5.c compilation, -O2
UNRESOLVED: gcc.c-torture/execute/va-arg-5.c execution, -O2
FAIL: gcc.c-torture/execute/va-arg-5.c compilation, -O3 -fomit-frame-pointer
UNRESOLVED: gcc.c-torture/execute/va-arg-5.c execution, -O3 -fomit-frame-pointer
FAIL: gcc.c-torture/execute/va-arg-5.c compilation, -O3 -g
UNRESOLVED: gcc.c-torture/execute/va-arg-5.c execution, -O3 -g
FAIL: gcc.c-torture/execute/va-arg-5.c compilation, -Os
UNRESOLVED: gcc.c-torture/execute/va-arg-5.c execution, -Os
FAIL: gcc.c-torture/execute/va-arg-6.c compilation, -O0
UNRESOLVED: gcc.c-torture/execute/va-arg-6.c execution, -O0
FAIL: gcc.c-torture/execute/va-arg-6.c compilation, -O1
UNRESOLVED: gcc.c-torture/execute/va-arg-6.c execution, -O1
FAIL: gcc.c-torture/execute/va-arg-6.c compilation, -O2
UNRESOLVED: gcc.c-torture/execute/va-arg-6.c execution, -O2
FAIL: gcc.c-torture/execute/va-arg-6.c compilation, -O3 -fomit-frame-pointer
UNRESOLVED: gcc.c-torture/execute/va-arg-6.c execution, -O3 -fomit-frame-pointer
FAIL: gcc.c-torture/execute/va-arg-6.c compilation, -O3 -g
UNRESOLVED: gcc.c-torture/execute/va-arg-6.c execution, -O3 -g
FAIL: gcc.c-torture/execute/va-arg-6.c compilation, -Os
UNRESOLVED: gcc.c-torture/execute/va-arg-6.c execution, -Os
FAIL: gcc.c-torture/execute/va-arg-7.c compilation, -O0
UNRESOLVED: gcc.c-torture/execute/va-arg-7.c execution, -O0
FAIL: gcc.c-torture/execute/va-arg-7.c compilation, -O1
UNRESOLVED: gcc.c-torture/execute/va-arg-7.c execution, -O1
FAIL: gcc.c-torture/execute/va-arg-7.c compilation, -O2
UNRESOLVED: gcc.c-torture/execute/va-arg-7.c execution, -O2
FAIL: gcc.c-torture/execute/va-arg-7.c compilation, -O3 -fomit-frame-pointer
UNRESOLVED: gcc.c-torture/execute/va-arg-7.c execution, -O3 -fomit-frame-pointer
FAIL: gcc.c-torture/execute/va-arg-7.c compilation, -O3 -g
UNRESOLVED: gcc.c-torture/execute/va-arg-7.c execution, -O3 -g
UNRESOLVED: gcc.c-torture/execute/wchar_t-1.c execution, -O0
UNRESOLVED: gcc.c-torture/execute/wchar_t-1.c execution, -O1
UNRESOLVED: gcc.c-torture/execute/wchar_t-1.c execution, -O2
UNRESOLVED: gcc.c-torture/execute/wchar_t-1.c execution, -O3 -fomit-frame-pointer
UNRESOLVED: gcc.c-torture/execute/wchar_t-1.c execution, -O3 -g
UNRESOLVED: gcc.c-torture/execute/wchar_t-1.c execution, -Os
FAIL: gcc.c-torture/execute/ieee/20001122-1.c compilation, -O0
UNRESOLVED: gcc.c-torture/execute/ieee/20001122-1.c execution, -O0
FAIL: gcc.c-torture/execute/ieee/20001122-1.c compilation, -O1
UNRESOLVED: gcc.c-torture/execute/ieee/20001122-1.c execution, -O1
FAIL: gcc.c-torture/execute/ieee/20001122-1.c compilation, -O2
UNRESOLVED: gcc.c-torture/execute/ieee/20001122-1.c execution, -O2
FAIL: gcc.c-torture/execute/ieee/20001122-1.c compilation, -O3 -fomit-frame-pointer
UNRESOLVED: gcc.c-torture/execute/ieee/20001122-1.c execution, -O3 -fomit-frame-pointer
FAIL: gcc.c-torture/execute/ieee/20001122-1.c compilation, -O3 -fomit-frame-pointer -funroll-loops
UNRESOLVED: gcc.c-torture/execute/ieee/20001122-1.c execution, -O3 -fomit-frame-pointer -funroll-loops
FAIL: gcc.c-torture/execute/ieee/20001122-1.c compilation, -O3 -fomit-frame-pointer -funroll-all-loops -finline-functions
UNRESOLVED: gcc.c-torture/execute/ieee/20001122-1.c execution, -O3 -fomit-frame-pointer -funroll-all-loops -finline-functions
FAIL: gcc.c-torture/execute/ieee/20001122-1.c compilation, -O3 -g
UNRESOLVED: gcc.c-torture/execute/ieee/20001122-1.c execution, -O3 -g
FAIL: gcc.c-torture/execute/ieee/20001122-1.c compilation, -Os
UNRESOLVED: gcc.c-torture/execute/ieee/20001122-1.c execution, -Os
FAIL: gcc.c-torture/execute/ieee/20010114-2.c compilation, -O0
UNRESOLVED: gcc.c-torture/execute/ieee/20010114-2.c execution, -O0
FAIL: gcc.c-torture/execute/ieee/20010114-2.c compilation, -O1
UNRESOLVED: gcc.c-torture/execute/ieee/20010114-2.c execution, -O1
FAIL: gcc.c-torture/execute/ieee/20010114-2.c compilation, -O2
UNRESOLVED: gcc.c-torture/execute/ieee/20010114-2.c execution, -O2
FAIL: gcc.c-torture/execute/ieee/20010114-2.c compilation, -O3 -fomit-frame-pointer
UNRESOLVED: gcc.c-torture/execute/ieee/20010114-2.c execution, -O3 -fomit-frame-pointer
FAIL: gcc.c-torture/execute/ieee/20010114-2.c compilation, -O3 -g
UNRESOLVED: gcc.c-torture/execute/ieee/20010114-2.c execution, -O3 -g
FAIL: gcc.c-torture/execute/ieee/20010114-2.c compilation, -Os
UNRESOLVED: gcc.c-torture/execute/ieee/20010114-2.c execution, -Os
FAIL: gcc.c-torture/execute/ieee/20010226-1.c compilation, -O0
UNRESOLVED: gcc.c-torture/execute/ieee/20010226-1.c execution, -O0
FAIL: gcc.c-torture/execute/ieee/20010226-1.c compilation, -O1
UNRESOLVED: gcc.c-torture/execute/ieee/20010226-1.c execution, -O1
FAIL: gcc.c-torture/execute/ieee/20010226-1.c compilation, -O2
UNRESOLVED: gcc.c-torture/execute/ieee/20010226-1.c execution, -O2
FAIL: gcc.c-torture/execute/ieee/20010226-1.c compilation, -O3 -fomit-frame-pointer
UNRESOLVED: gcc.c-torture/execute/ieee/20010226-1.c execution, -O3 -fomit-frame-pointer
FAIL: gcc.c-torture/execute/ieee/20010226-1.c compilation, -O3 -g
UNRESOLVED: gcc.c-torture/execute/ieee/20010226-1.c execution, -O3 -g
FAIL: gcc.c-torture/execute/ieee/20010226-1.c compilation, -Os
UNRESOLVED: gcc.c-torture/execute/ieee/20010226-1.c execution, -Os
FAIL: gcc.c-torture/execute/ieee/20030331-1.c compilation, -O0
UNRESOLVED: gcc.c-torture/execute/ieee/20030331-1.c execution, -O0
FAIL: gcc.c-torture/execute/ieee/20030331-1.c compilation, -O1
UNRESOLVED: gcc.c-torture/execute/ieee/20030331-1.c execution, -O1
FAIL: gcc.c-torture/execute/ieee/20030331-1.c compilation, -O2
UNRESOLVED: gcc.c-torture/execute/ieee/20030331-1.c execution, -O2
FAIL: gcc.c-torture/execute/ieee/20030331-1.c compilation, -O3 -fomit-frame-pointer
UNRESOLVED: gcc.c-torture/execute/ieee/20030331-1.c execution, -O3 -fomit-frame-pointer
FAIL: gcc.c-torture/execute/ieee/20030331-1.c compilation, -O3 -g
UNRESOLVED: gcc.c-torture/execute/ieee/20030331-1.c execution, -O3 -g
FAIL: gcc.c-torture/execute/ieee/20030331-1.c compilation, -Os
UNRESOLVED: gcc.c-torture/execute/ieee/20030331-1.c execution, -Os
FAIL: gcc.c-torture/execute/ieee/920518-1.c compilation, -O0
UNRESOLVED: gcc.c-torture/execute/ieee/920518-1.c execution, -O0
FAIL: gcc.c-torture/execute/ieee/920810-1.c compilation, -O0
UNRESOLVED: gcc.c-torture/execute/ieee/920810-1.c execution, -O0
FAIL: gcc.c-torture/execute/ieee/920810-1.c compilation, -O1
UNRESOLVED: gcc.c-torture/execute/ieee/920810-1.c execution, -O1
FAIL: gcc.c-torture/execute/ieee/920810-1.c compilation, -O2
UNRESOLVED: gcc.c-torture/execute/ieee/920810-1.c execution, -O2
FAIL: gcc.c-torture/execute/ieee/920810-1.c compilation, -O3 -fomit-frame-pointer
UNRESOLVED: gcc.c-torture/execute/ieee/920810-1.c execution, -O3 -fomit-frame-pointer
FAIL: gcc.c-torture/execute/ieee/920810-1.c compilation, -O3 -g
UNRESOLVED: gcc.c-torture/execute/ieee/920810-1.c execution, -O3 -g
FAIL: gcc.c-torture/execute/ieee/920810-1.c compilation, -Os
UNRESOLVED: gcc.c-torture/execute/ieee/920810-1.c execution, -Os
FAIL: gcc.c-torture/execute/ieee/980619-1.c compilation, -O0
UNRESOLVED: gcc.c-torture/execute/ieee/980619-1.c execution, -O0
FAIL: gcc.c-torture/execute/ieee/980619-1.c compilation, -O1
UNRESOLVED: gcc.c-torture/execute/ieee/980619-1.c execution, -O1
FAIL: gcc.c-torture/execute/ieee/980619-1.c compilation, -O2
UNRESOLVED: gcc.c-torture/execute/ieee/980619-1.c execution, -O2
FAIL: gcc.c-torture/execute/ieee/980619-1.c compilation, -O3 -fomit-frame-pointer
UNRESOLVED: gcc.c-torture/execute/ieee/980619-1.c execution, -O3 -fomit-frame-pointer
FAIL: gcc.c-torture/execute/ieee/980619-1.c compilation, -O3 -fomit-frame-pointer -funroll-loops
UNRESOLVED: gcc.c-torture/execute/ieee/980619-1.c execution, -O3 -fomit-frame-pointer -funroll-loops
FAIL: gcc.c-torture/execute/ieee/980619-1.c compilation, -O3 -fomit-frame-pointer -funroll-all-loops -finline-functions
UNRESOLVED: gcc.c-torture/execute/ieee/980619-1.c execution, -O3 -fomit-frame-pointer -funroll-all-loops -finline-functions
FAIL: gcc.c-torture/execute/ieee/980619-1.c compilation, -O3 -g
UNRESOLVED: gcc.c-torture/execute/ieee/980619-1.c execution, -O3 -g
FAIL: gcc.c-torture/execute/ieee/980619-1.c compilation, -Os
UNRESOLVED: gcc.c-torture/execute/ieee/980619-1.c execution, -Os
FAIL: gcc.c-torture/execute/ieee/fp-cmp-1.c compilation, -O1
UNRESOLVED: gcc.c-torture/execute/ieee/fp-cmp-1.c execution, -O1
FAIL: gcc.c-torture/execute/ieee/fp-cmp-1.c compilation, -O2
UNRESOLVED: gcc.c-torture/execute/ieee/fp-cmp-1.c execution, -O2
FAIL: gcc.c-torture/execute/ieee/fp-cmp-1.c compilation, -O3 -fomit-frame-pointer
UNRESOLVED: gcc.c-torture/execute/ieee/fp-cmp-1.c execution, -O3 -fomit-frame-pointer
FAIL: gcc.c-torture/execute/ieee/fp-cmp-1.c compilation, -O3 -fomit-frame-pointer -funroll-loops
UNRESOLVED: gcc.c-torture/execute/ieee/fp-cmp-1.c execution, -O3 -fomit-frame-pointer -funroll-loops
FAIL: gcc.c-torture/execute/ieee/fp-cmp-1.c compilation, -O3 -fomit-frame-pointer -funroll-all-loops -finline-functions
UNRESOLVED: gcc.c-torture/execute/ieee/fp-cmp-1.c execution, -O3 -fomit-frame-pointer -funroll-all-loops -finline-functions
FAIL: gcc.c-torture/execute/ieee/fp-cmp-1.c compilation, -O3 -g
UNRESOLVED: gcc.c-torture/execute/ieee/fp-cmp-1.c execution, -O3 -g
FAIL: gcc.c-torture/execute/ieee/fp-cmp-1.c compilation, -Os
UNRESOLVED: gcc.c-torture/execute/ieee/fp-cmp-1.c execution, -Os
FAIL: gcc.c-torture/execute/ieee/fp-cmp-2.c compilation, -O1
UNRESOLVED: gcc.c-torture/execute/ieee/fp-cmp-2.c execution, -O1
FAIL: gcc.c-torture/execute/ieee/fp-cmp-2.c compilation, -O2
UNRESOLVED: gcc.c-torture/execute/ieee/fp-cmp-2.c execution, -O2
FAIL: gcc.c-torture/execute/ieee/fp-cmp-2.c compilation, -O3 -fomit-frame-pointer
UNRESOLVED: gcc.c-torture/execute/ieee/fp-cmp-2.c execution, -O3 -fomit-frame-pointer
FAIL: gcc.c-torture/execute/ieee/fp-cmp-2.c compilation, -O3 -fomit-frame-pointer -funroll-loops
UNRESOLVED: gcc.c-torture/execute/ieee/fp-cmp-2.c execution, -O3 -fomit-frame-pointer -funroll-loops
FAIL: gcc.c-torture/execute/ieee/fp-cmp-2.c compilation, -O3 -fomit-frame-pointer -funroll-all-loops -finline-functions
UNRESOLVED: gcc.c-torture/execute/ieee/fp-cmp-2.c execution, -O3 -fomit-frame-pointer -funroll-all-loops -finline-functions
FAIL: gcc.c-torture/execute/ieee/fp-cmp-2.c compilation, -O3 -g
UNRESOLVED: gcc.c-torture/execute/ieee/fp-cmp-2.c execution, -O3 -g
FAIL: gcc.c-torture/execute/ieee/fp-cmp-2.c compilation, -Os
UNRESOLVED: gcc.c-torture/execute/ieee/fp-cmp-2.c execution, -Os
FAIL: gcc.c-torture/execute/ieee/fp-cmp-4.c compilation, -O0
UNRESOLVED: gcc.c-torture/execute/ieee/fp-cmp-4.c execution, -O0
FAIL: gcc.c-torture/execute/ieee/fp-cmp-4.c compilation, -O1
UNRESOLVED: gcc.c-torture/execute/ieee/fp-cmp-4.c execution, -O1
FAIL: gcc.c-torture/execute/ieee/fp-cmp-4.c compilation, -O2
UNRESOLVED: gcc.c-torture/execute/ieee/fp-cmp-4.c execution, -O2
FAIL: gcc.c-torture/execute/ieee/fp-cmp-4.c compilation, -O3 -fomit-frame-pointer
UNRESOLVED: gcc.c-torture/execute/ieee/fp-cmp-4.c execution, -O3 -fomit-frame-pointer
FAIL: gcc.c-torture/execute/ieee/fp-cmp-4.c compilation, -O3 -fomit-frame-pointer -funroll-loops
UNRESOLVED: gcc.c-torture/execute/ieee/fp-cmp-4.c execution, -O3 -fomit-frame-pointer -funroll-loops
FAIL: gcc.c-torture/execute/ieee/fp-cmp-4.c compilation, -O3 -fomit-frame-pointer -funroll-all-loops -finline-functions
UNRESOLVED: gcc.c-torture/execute/ieee/fp-cmp-4.c execution, -O3 -fomit-frame-pointer -funroll-all-loops -finline-functions
FAIL: gcc.c-torture/execute/ieee/fp-cmp-4.c compilation, -O3 -g
UNRESOLVED: gcc.c-torture/execute/ieee/fp-cmp-4.c execution, -O3 -g
FAIL: gcc.c-torture/execute/ieee/fp-cmp-4.c compilation, -Os
UNRESOLVED: gcc.c-torture/execute/ieee/fp-cmp-4.c execution, -Os
FAIL: gcc.c-torture/execute/ieee/fp-cmp-5.c compilation, -O0
UNRESOLVED: gcc.c-torture/execute/ieee/fp-cmp-5.c execution, -O0
FAIL: gcc.c-torture/execute/ieee/fp-cmp-5.c compilation, -O2
UNRESOLVED: gcc.c-torture/execute/ieee/fp-cmp-5.c execution, -O2
FAIL: gcc.c-torture/execute/ieee/fp-cmp-5.c compilation, -O3 -fomit-frame-pointer
UNRESOLVED: gcc.c-torture/execute/ieee/fp-cmp-5.c execution, -O3 -fomit-frame-pointer
FAIL: gcc.c-torture/execute/ieee/fp-cmp-5.c compilation, -O3 -fomit-frame-pointer -funroll-loops
UNRESOLVED: gcc.c-torture/execute/ieee/fp-cmp-5.c execution, -O3 -fomit-frame-pointer -funroll-loops
FAIL: gcc.c-torture/execute/ieee/fp-cmp-5.c compilation, -O3 -fomit-frame-pointer -funroll-all-loops -finline-functions
UNRESOLVED: gcc.c-torture/execute/ieee/fp-cmp-5.c execution, -O3 -fomit-frame-pointer -funroll-all-loops -finline-functions
FAIL: gcc.c-torture/execute/ieee/fp-cmp-5.c compilation, -O3 -g
UNRESOLVED: gcc.c-torture/execute/ieee/fp-cmp-5.c execution, -O3 -g
FAIL: gcc.c-torture/execute/ieee/fp-cmp-5.c compilation, -Os
UNRESOLVED: gcc.c-torture/execute/ieee/fp-cmp-5.c execution, -Os
FAIL: gcc.c-torture/execute/ieee/fp-cmp-8.c compilation, -O0
UNRESOLVED: gcc.c-torture/execute/ieee/fp-cmp-8.c execution, -O0
FAIL: gcc.c-torture/execute/ieee/fp-cmp-8.c compilation, -O1
UNRESOLVED: gcc.c-torture/execute/ieee/fp-cmp-8.c execution, -O1
FAIL: gcc.c-torture/execute/ieee/fp-cmp-8.c compilation, -O2
UNRESOLVED: gcc.c-torture/execute/ieee/fp-cmp-8.c execution, -O2
FAIL: gcc.c-torture/execute/ieee/fp-cmp-8.c compilation, -O3 -fomit-frame-pointer
UNRESOLVED: gcc.c-torture/execute/ieee/fp-cmp-8.c execution, -O3 -fomit-frame-pointer
FAIL: gcc.c-torture/execute/ieee/fp-cmp-8.c compilation, -O3 -fomit-frame-pointer -funroll-loops
UNRESOLVED: gcc.c-torture/execute/ieee/fp-cmp-8.c execution, -O3 -fomit-frame-pointer -funroll-loops
FAIL: gcc.c-torture/execute/ieee/fp-cmp-8.c compilation, -O3 -fomit-frame-pointer -funroll-all-loops -finline-functions
UNRESOLVED: gcc.c-torture/execute/ieee/fp-cmp-8.c execution, -O3 -fomit-frame-pointer -funroll-all-loops -finline-functions
FAIL: gcc.c-torture/execute/ieee/fp-cmp-8.c compilation, -O3 -g
UNRESOLVED: gcc.c-torture/execute/ieee/fp-cmp-8.c execution, -O3 -g
FAIL: gcc.c-torture/execute/ieee/fp-cmp-8.c compilation, -Os
UNRESOLVED: gcc.c-torture/execute/ieee/fp-cmp-8.c execution, -Os
FAIL: gcc.c-torture/execute/ieee/hugeval.c compilation, -O0
UNRESOLVED: gcc.c-torture/execute/ieee/hugeval.c execution, -O0
FAIL: gcc.c-torture/execute/ieee/hugeval.c compilation, -O1
UNRESOLVED: gcc.c-torture/execute/ieee/hugeval.c execution, -O1
FAIL: gcc.c-torture/execute/ieee/hugeval.c compilation, -O2
UNRESOLVED: gcc.c-torture/execute/ieee/hugeval.c execution, -O2
FAIL: gcc.c-torture/execute/ieee/hugeval.c compilation, -O3 -fomit-frame-pointer
UNRESOLVED: gcc.c-torture/execute/ieee/hugeval.c execution, -O3 -fomit-frame-pointer
FAIL: gcc.c-torture/execute/ieee/hugeval.c compilation, -O3 -g
UNRESOLVED: gcc.c-torture/execute/ieee/hugeval.c execution, -O3 -g
FAIL: gcc.c-torture/execute/ieee/hugeval.c compilation, -Os
UNRESOLVED: gcc.c-torture/execute/ieee/hugeval.c execution, -Os
FAIL: gcc.c-torture/execute/ieee/inf-1.c compilation, -O0
UNRESOLVED: gcc.c-torture/execute/ieee/inf-1.c execution, -O0
FAIL: gcc.c-torture/execute/ieee/inf-1.c compilation, -O1
UNRESOLVED: gcc.c-torture/execute/ieee/inf-1.c execution, -O1
FAIL: gcc.c-torture/execute/ieee/inf-2.c compilation, -O0
UNRESOLVED: gcc.c-torture/execute/ieee/inf-2.c execution, -O0
FAIL: gcc.c-torture/execute/ieee/minuszero.c compilation, -O0
UNRESOLVED: gcc.c-torture/execute/ieee/minuszero.c execution, -O0
FAIL: gcc.c-torture/execute/ieee/minuszero.c compilation, -O1
UNRESOLVED: gcc.c-torture/execute/ieee/minuszero.c execution, -O1
FAIL: gcc.c-torture/execute/ieee/minuszero.c compilation, -O2
UNRESOLVED: gcc.c-torture/execute/ieee/minuszero.c execution, -O2
FAIL: gcc.c-torture/execute/ieee/minuszero.c compilation, -O3 -fomit-frame-pointer
UNRESOLVED: gcc.c-torture/execute/ieee/minuszero.c execution, -O3 -fomit-frame-pointer
FAIL: gcc.c-torture/execute/ieee/minuszero.c compilation, -O3 -fomit-frame-pointer -funroll-loops
UNRESOLVED: gcc.c-torture/execute/ieee/minuszero.c execution, -O3 -fomit-frame-pointer -funroll-loops
FAIL: gcc.c-torture/execute/ieee/minuszero.c compilation, -O3 -fomit-frame-pointer -funroll-all-loops -finline-functions
UNRESOLVED: gcc.c-torture/execute/ieee/minuszero.c execution, -O3 -fomit-frame-pointer -funroll-all-loops -finline-functions
FAIL: gcc.c-torture/execute/ieee/minuszero.c compilation, -O3 -g
UNRESOLVED: gcc.c-torture/execute/ieee/minuszero.c execution, -O3 -g
FAIL: gcc.c-torture/execute/ieee/minuszero.c compilation, -Os
UNRESOLVED: gcc.c-torture/execute/ieee/minuszero.c execution, -Os
FAIL: gcc.c-torture/execute/ieee/mzero2.c compilation, -O0
UNRESOLVED: gcc.c-torture/execute/ieee/mzero2.c execution, -O0
FAIL: gcc.c-torture/execute/ieee/mzero2.c compilation, -O1
UNRESOLVED: gcc.c-torture/execute/ieee/mzero2.c execution, -O1
FAIL: gcc.c-torture/execute/ieee/mzero2.c compilation, -O2
UNRESOLVED: gcc.c-torture/execute/ieee/mzero2.c execution, -O2
FAIL: gcc.c-torture/execute/ieee/mzero2.c compilation, -O3 -fomit-frame-pointer
UNRESOLVED: gcc.c-torture/execute/ieee/mzero2.c execution, -O3 -fomit-frame-pointer
FAIL: gcc.c-torture/execute/ieee/mzero2.c compilation, -O3 -g
UNRESOLVED: gcc.c-torture/execute/ieee/mzero2.c execution, -O3 -g
FAIL: gcc.c-torture/execute/ieee/mzero2.c compilation, -Os
UNRESOLVED: gcc.c-torture/execute/ieee/mzero2.c execution, -Os
FAIL: gcc.c-torture/execute/ieee/mzero3.c compilation, -O0
UNRESOLVED: gcc.c-torture/execute/ieee/mzero3.c execution, -O0
FAIL: gcc.c-torture/execute/ieee/mzero3.c compilation, -O1
UNRESOLVED: gcc.c-torture/execute/ieee/mzero3.c execution, -O1
FAIL: gcc.c-torture/execute/ieee/mzero3.c compilation, -O2
UNRESOLVED: gcc.c-torture/execute/ieee/mzero3.c execution, -O2
FAIL: gcc.c-torture/execute/ieee/mzero3.c compilation, -O3 -fomit-frame-pointer
UNRESOLVED: gcc.c-torture/execute/ieee/mzero3.c execution, -O3 -fomit-frame-pointer
FAIL: gcc.c-torture/execute/ieee/mzero3.c compilation, -O3 -g
UNRESOLVED: gcc.c-torture/execute/ieee/mzero3.c execution, -O3 -g
FAIL: gcc.c-torture/execute/ieee/mzero3.c compilation, -Os
UNRESOLVED: gcc.c-torture/execute/ieee/mzero3.c execution, -Os
FAIL: gcc.c-torture/execute/ieee/mzero4.c compilation, -O0
UNRESOLVED: gcc.c-torture/execute/ieee/mzero4.c execution, -O0
FAIL: gcc.c-torture/execute/ieee/mzero4.c compilation, -O1
UNRESOLVED: gcc.c-torture/execute/ieee/mzero4.c execution, -O1
FAIL: gcc.c-torture/execute/ieee/mzero4.c compilation, -O2
UNRESOLVED: gcc.c-torture/execute/ieee/mzero4.c execution, -O2
FAIL: gcc.c-torture/execute/ieee/mzero4.c compilation, -O3 -fomit-frame-pointer
UNRESOLVED: gcc.c-torture/execute/ieee/mzero4.c execution, -O3 -fomit-frame-pointer
FAIL: gcc.c-torture/execute/ieee/mzero4.c compilation, -O3 -g
UNRESOLVED: gcc.c-torture/execute/ieee/mzero4.c execution, -O3 -g
FAIL: gcc.c-torture/execute/ieee/mzero4.c compilation, -Os
UNRESOLVED: gcc.c-torture/execute/ieee/mzero4.c execution, -Os
FAIL: gcc.c-torture/execute/ieee/rbug.c compilation, -O0
UNRESOLVED: gcc.c-torture/execute/ieee/rbug.c execution, -O0
FAIL: gcc.c-torture/execute/ieee/rbug.c compilation, -O1
UNRESOLVED: gcc.c-torture/execute/ieee/rbug.c execution, -O1
FAIL: gcc.c-torture/execute/ieee/rbug.c compilation, -O2
UNRESOLVED: gcc.c-torture/execute/ieee/rbug.c execution, -O2
FAIL: gcc.c-torture/execute/ieee/rbug.c compilation, -Os
UNRESOLVED: gcc.c-torture/execute/ieee/rbug.c execution, -Os
FAIL: gcc.c-torture/unsorted/BUG11.c, -O0
FAIL: gcc.c-torture/unsorted/BUG17.c, -O0
FAIL: gcc.c-torture/unsorted/BUG22.c, -O0
FAIL: gcc.c-torture/unsorted/BUG6.c, -O0
FAIL: gcc.c-torture/unsorted/DFcmp.c, -O1
FAIL: gcc.c-torture/unsorted/DFcmp.c, -O2
FAIL: gcc.c-torture/unsorted/DFcmp.c, -O3 -fomit-frame-pointer
FAIL: gcc.c-torture/unsorted/DFcmp.c, -O3 -g
FAIL: gcc.c-torture/unsorted/DFcmp.c, -Os
FAIL: gcc.c-torture/unsorted/SFset.c, -O0
FAIL: gcc.c-torture/unsorted/SFset.c, -O1
FAIL: gcc.c-torture/unsorted/SFset.c, -O2
FAIL: gcc.c-torture/unsorted/SFset.c, -O3 -fomit-frame-pointer
FAIL: gcc.c-torture/unsorted/SFset.c, -O3 -g
FAIL: gcc.c-torture/unsorted/SFset.c, -Os
FAIL: gcc.c-torture/unsorted/bge.c, -O0
FAIL: gcc.c-torture/unsorted/blk.c, -O0
FAIL: gcc.c-torture/unsorted/cc.c, -O0
FAIL: gcc.c-torture/unsorted/cc.c, -O1
FAIL: gcc.c-torture/unsorted/conv.c, -O0
FAIL: gcc.c-torture/unsorted/conv_tst.c, -O0
FAIL: gcc.c-torture/unsorted/conv_tst.c, -O1
FAIL: gcc.c-torture/unsorted/conv_tst.c, -O2
FAIL: gcc.c-torture/unsorted/conv_tst.c, -O3 -fomit-frame-pointer
FAIL: gcc.c-torture/unsorted/conv_tst.c, -O3 -g
FAIL: gcc.c-torture/unsorted/conv_tst.c, -Os
FAIL: gcc.c-torture/unsorted/dbl_parm.c, -O0
FAIL: gcc.c-torture/unsorted/dbl_parm.c, -O1
FAIL: gcc.c-torture/unsorted/divdf.c, -O0
FAIL: gcc.c-torture/unsorted/f1.c, -O0
FAIL: gcc.c-torture/unsorted/fdmul.c, -O0
FAIL: gcc.c-torture/unsorted/float.c, -O0
FAIL: gcc.c-torture/unsorted/flt_const.c, -O0
FAIL: gcc.c-torture/unsorted/ifreg.c, -O0
FAIL: gcc.c-torture/unsorted/ifreg.c, -O1
FAIL: gcc.c-torture/unsorted/ifreg.c, -O2
FAIL: gcc.c-torture/unsorted/ifreg.c, -O3 -fomit-frame-pointer
FAIL: gcc.c-torture/unsorted/ifreg.c, -O3 -g
FAIL: gcc.c-torture/unsorted/ifreg.c, -Os
FAIL: gcc.c-torture/unsorted/mdouble.c, -O0
FAIL: gcc.c-torture/unsorted/pp.c, -O0
FAIL: gcc.c-torture/unsorted/pret-arg.c, -O0
FAIL: gcc.c-torture/unsorted/round.c, -O0
FAIL: gcc.c-torture/unsorted/structret.c, -O0
FAIL: gcc.c-torture/unsorted/udconvert.c, -O0
FAIL: gcc.c-torture/unsorted/xneg.c, -O0
FAIL: gcc.dg/compat/fnptr-by-value-1 c_compat_x_tst.o compile
FAIL: gcc.dg/compat/fnptr-by-value-1 c_compat_y_tst.o compile
FAIL: gcc.dg/compat/scalar-by-value-1 c_compat_x_tst.o compile
FAIL: gcc.dg/compat/scalar-by-value-1 c_compat_y_tst.o compile
FAIL: gcc.dg/compat/scalar-by-value-2 c_compat_x_tst.o compile
FAIL: gcc.dg/compat/scalar-by-value-2 c_compat_y_tst.o compile
FAIL: gcc.dg/compat/scalar-by-value-3 c_compat_x_tst.o compile
FAIL: gcc.dg/compat/scalar-by-value-3 c_compat_y_tst.o compile
FAIL: gcc.dg/compat/scalar-by-value-4 c_compat_x_tst.o compile
FAIL: gcc.dg/compat/scalar-by-value-4 c_compat_y_tst.o compile
FAIL: gcc.dg/compat/scalar-return-1 c_compat_x_tst.o compile
FAIL: gcc.dg/compat/scalar-return-1 c_compat_y_tst.o compile
FAIL: gcc.dg/compat/scalar-return-2 c_compat_x_tst.o compile
FAIL: gcc.dg/compat/scalar-return-2 c_compat_y_tst.o compile
FAIL: gcc.dg/compat/scalar-return-3 c_compat_x_tst.o compile
FAIL: gcc.dg/compat/scalar-return-3 c_compat_y_tst.o compile
FAIL: gcc.dg/compat/scalar-return-4 c_compat_x_tst.o compile
FAIL: gcc.dg/compat/scalar-return-4 c_compat_y_tst.o compile
FAIL: gcc.dg/compat/struct-align-1 c_compat_x_tst.o compile
FAIL: gcc.dg/compat/struct-align-1 c_compat_y_tst.o compile
FAIL: gcc.dg/compat/struct-align-1 c_compat_x_tst.o-c_compat_y_alt.o execute
FAIL: gcc.dg/compat/struct-align-1 c_compat_x_alt.o-c_compat_y_tst.o execute
FAIL: gcc.dg/compat/struct-by-value-10 c_compat_x_tst.o compile
FAIL: gcc.dg/compat/struct-by-value-10 c_compat_y_tst.o compile
FAIL: gcc.dg/compat/struct-by-value-16 c_compat_x_tst.o compile
FAIL: gcc.dg/compat/struct-by-value-16 c_compat_y_tst.o compile
FAIL: gcc.dg/compat/struct-by-value-17 c_compat_x_tst.o compile
FAIL: gcc.dg/compat/struct-by-value-17 c_compat_y_tst.o compile
FAIL: gcc.dg/compat/struct-by-value-18 c_compat_x_tst.o compile
FAIL: gcc.dg/compat/struct-by-value-18 c_compat_y_tst.o compile
FAIL: gcc.dg/compat/struct-by-value-19 c_compat_x_tst.o compile
FAIL: gcc.dg/compat/struct-by-value-19 c_compat_y_tst.o compile
FAIL: gcc.dg/compat/struct-by-value-20 c_compat_x_tst.o compile
FAIL: gcc.dg/compat/struct-by-value-20 c_compat_y_tst.o compile
FAIL: gcc.dg/compat/struct-by-value-5 c_compat_x_tst.o compile
FAIL: gcc.dg/compat/struct-by-value-5 c_compat_y_tst.o compile
FAIL: gcc.dg/compat/struct-by-value-6 c_compat_x_tst.o compile
FAIL: gcc.dg/compat/struct-by-value-6 c_compat_y_tst.o compile
FAIL: gcc.dg/compat/struct-by-value-7 c_compat_x_tst.o compile
FAIL: gcc.dg/compat/struct-by-value-7 c_compat_y_tst.o compile
FAIL: gcc.dg/compat/struct-return-10 c_compat_x_tst.o compile
FAIL: gcc.dg/compat/struct-return-10 c_compat_y_tst.o compile
FAIL: gcc.dg/compat/struct-return-19 c_compat_x_tst.o compile
FAIL: gcc.dg/compat/struct-return-19 c_compat_y_tst.o compile
FAIL: gcc.dg/compat/struct-return-20 c_compat_x_tst.o compile
FAIL: gcc.dg/compat/struct-return-20 c_compat_y_tst.o compile
FAIL: gcc.dg/compat/vector-1 c_compat_x_alt.o compile
FAIL: gcc.dg/compat/vector-1 c_compat_y_alt.o compile
FAIL: gcc.dg/compat/vector-1 c_compat_x_tst.o compile
FAIL: gcc.dg/compat/vector-1 c_compat_y_tst.o compile
UNRESOLVED: gcc.dg/compat/vector-1 c_compat_x_tst.o-c_compat_y_tst.o link
UNRESOLVED: gcc.dg/compat/vector-1 c_compat_x_tst.o-c_compat_y_tst.o execute
UNRESOLVED: gcc.dg/compat/vector-1 c_compat_x_tst.o-c_compat_y_alt.o link
UNRESOLVED: gcc.dg/compat/vector-1 c_compat_x_tst.o-c_compat_y_alt.o execute
UNRESOLVED: gcc.dg/compat/vector-1 c_compat_x_alt.o-c_compat_y_tst.o link
UNRESOLVED: gcc.dg/compat/vector-1 c_compat_x_alt.o-c_compat_y_tst.o execute
UNRESOLVED: gcc.dg/compat/vector-1 c_compat_x_alt.o-c_compat_y_alt.o link
UNRESOLVED: gcc.dg/compat/vector-1 c_compat_x_alt.o-c_compat_y_alt.o execute
FAIL: gcc.dg/compat/vector-2 c_compat_x_alt.o compile
FAIL: gcc.dg/compat/vector-2 c_compat_y_alt.o compile
FAIL: gcc.dg/compat/vector-2 c_compat_x_tst.o compile
FAIL: gcc.dg/compat/vector-2 c_compat_y_tst.o compile
UNRESOLVED: gcc.dg/compat/vector-2 c_compat_x_tst.o-c_compat_y_tst.o link
UNRESOLVED: gcc.dg/compat/vector-2 c_compat_x_tst.o-c_compat_y_tst.o execute
UNRESOLVED: gcc.dg/compat/vector-2 c_compat_x_tst.o-c_compat_y_alt.o link
UNRESOLVED: gcc.dg/compat/vector-2 c_compat_x_tst.o-c_compat_y_alt.o execute
UNRESOLVED: gcc.dg/compat/vector-2 c_compat_x_alt.o-c_compat_y_tst.o link
UNRESOLVED: gcc.dg/compat/vector-2 c_compat_x_alt.o-c_compat_y_tst.o execute
UNRESOLVED: gcc.dg/compat/vector-2 c_compat_x_alt.o-c_compat_y_alt.o link
UNRESOLVED: gcc.dg/compat/vector-2 c_compat_x_alt.o-c_compat_y_alt.o execute
FAIL: gcc.dg/debug/debug-1.c scan-assembler xyzzy
FAIL: gcc.dg/debug/debug-1.c scan-assembler xyzzy
FAIL: gcc.dg/debug/debug-1.c scan-assembler xyzzy
FAIL: gcc.dg/debug/debug-1.c scan-assembler xyzzy
FAIL: gcc.dg/debug/debug-2.c scan-assembler xyzzy
FAIL: gcc.dg/debug/debug-2.c scan-assembler xyzzy
FAIL: gcc.dg/debug/debug-2.c scan-assembler xyzzy
FAIL: gcc.dg/debug/debug-2.c scan-assembler xyzzy
FAIL: gcc.dg/debug/dwarf2-2.c (test for excess errors)
FAIL: gcc.dg/debug/dwarf2-2.c (test for excess errors)
FAIL: gcc.dg/debug/dwarf2-2.c (test for excess errors)
FAIL: gcc.dg/debug/dwarf2-2.c (test for excess errors)
FAIL: gcc.dg/debug/dwarf2-2.c (test for excess errors)
FAIL: gcc.dg/debug/dwarf2-2.c (test for excess errors)
FAIL: gcc.dg/debug/dwarf2-2.c (test for excess errors)
FAIL: gcc.dg/debug/dwarf2-2.c (test for excess errors)
FAIL: gcc.dg/debug/dwarf2-2.c (test for excess errors)
FAIL: gcc.dg/20001009-1.c (test for excess errors)
FAIL: gcc.dg/20001117-1.c (test for excess errors)
FAIL: gcc.dg/20010405-1.c (test for excess errors)
FAIL: gcc.dg/20020103-1.c scan-assembler-not LC
FAIL: gcc.dg/20020304-1.c (test for excess errors)
FAIL: gcc.dg/20020319-1.c (test for excess errors)
FAIL: gcc.dg/20020418-1.c (test for excess errors)
FAIL: gcc.dg/20020418-2.c (test for excess errors)
FAIL: gcc.dg/20020607-2.c (test for excess errors)
FAIL: gcc.dg/20030204-1.c (test for excess errors)
FAIL: gcc.dg/20030217-1.c (test for excess errors)
FAIL: gcc.dg/20030324-1.c (test for excess errors)
FAIL: gcc.dg/20030820-1.c (test for excess errors)
FAIL: gcc.dg/20030826-1.c (test for excess errors)
FAIL: gcc.dg/20030926-1.c (test for excess errors)
FAIL: gcc.dg/980211-1.c (test for excess errors)
FAIL: gcc.dg/builtins-1.c (test for excess errors)
FAIL: gcc.dg/builtins-15.c (test for excess errors)
FAIL: gcc.dg/builtins-16.c (test for excess errors)
FAIL: gcc.dg/builtins-2.c (test for excess errors)
FAIL: gcc.dg/builtins-21.c (test for excess errors)
FAIL: gcc.dg/builtins-22.c (test for excess errors)
FAIL: gcc.dg/builtins-23.c (test for excess errors)
FAIL: gcc.dg/builtins-24.c (test for excess errors)
FAIL: gcc.dg/builtins-6.c (test for excess errors)
FAIL: gcc.dg/builtins-9.c (test for excess errors)
FAIL: gcc.dg/complete-port.c (test for excess errors)
FAIL: gcc.dg/conv-1.c (test for excess errors)
FAIL: gcc.dg/fnegate-1.c (test for excess errors)
FAIL: gcc.dg/i386-fpcvt-1.c (test for excess errors)
FAIL: gcc.dg/i386-fpcvt-2.c (test for excess errors)
FAIL: gcc.dg/i386-fpcvt-3.c (test for excess errors)
FAIL: gcc.dg/i386-local.c scan-assembler magic[^\\n]*eax
FAIL: gcc.dg/i386-mmx-1.c (test for excess errors)
FAIL: gcc.dg/i386-mmx-2.c (test for excess errors)
FAIL: gcc.dg/i386-mmx-3.c (test for excess errors)
FAIL: gcc.dg/i386-pentium4-not-mull.c (test for excess errors)
ERROR: gcc.dg/i386-pentium4-not-mull.c: error executing dg-final: couldn't open "i386-pentium4-not-mull.s": no such file or directory
UNRESOLVED: gcc.dg/i386-pentium4-not-mull.c: error executing dg-final: couldn't open "i386-pentium4-not-mull.s": no such file or directory
FAIL: gcc.dg/i386-sse-1.c (test for excess errors)
FAIL: gcc.dg/i386-sse-2.c (test for excess errors)
FAIL: gcc.dg/i386-sse-3.c (test for excess errors)
FAIL: gcc.dg/i386-ssefp-1.c (test for excess errors)
FAIL: gcc.dg/i386-ssefp-2.c (test for excess errors)
FAIL: gcc.dg/i386-ssetype-1.c (test for excess errors)
ERROR: gcc.dg/i386-ssetype-1.c: error executing dg-final: couldn't open "i386-ssetype-1.s": no such file or directory
UNRESOLVED: gcc.dg/i386-ssetype-1.c: error executing dg-final: couldn't open "i386-ssetype-1.s": no such file or directory
FAIL: gcc.dg/i386-ssetype-2.c (test for excess errors)
ERROR: gcc.dg/i386-ssetype-2.c: error executing dg-final: couldn't open "i386-ssetype-2.s": no such file or directory
UNRESOLVED: gcc.dg/i386-ssetype-2.c: error executing dg-final: couldn't open "i386-ssetype-2.s": no such file or directory
FAIL: gcc.dg/i386-ssetype-3.c (test for excess errors)
ERROR: gcc.dg/i386-ssetype-3.c: error executing dg-final: couldn't open "i386-ssetype-3.s": no such file or directory
UNRESOLVED: gcc.dg/i386-ssetype-3.c: error executing dg-final: couldn't open "i386-ssetype-3.s": no such file or directory
FAIL: gcc.dg/i386-ssetype-4.c (test for excess errors)
ERROR: gcc.dg/i386-ssetype-4.c: error executing dg-final: couldn't open "i386-ssetype-4.s": no such file or directory
UNRESOLVED: gcc.dg/i386-ssetype-4.c: error executing dg-final: couldn't open "i386-ssetype-4.s": no such file or directory
FAIL: gcc.dg/wtr-conversion-1.c (test for excess errors)
FAIL: gcc.dg/format/asm_fprintf-1.c (test for excess errors)
FAIL: gcc.dg/format/asm_fprintf-1.c (test for excess errors)
FAIL: gcc.dg/format/attr-2.c (test for excess errors)
FAIL: gcc.dg/format/attr-2.c (test for excess errors)
FAIL: gcc.dg/format/c90-printf-1.c (test for excess errors)
FAIL: gcc.dg/format/c90-printf-1.c (test for excess errors)
FAIL: gcc.dg/format/c90-printf-2.c (test for excess errors)
FAIL: gcc.dg/format/c90-printf-2.c (test for excess errors)
FAIL: gcc.dg/format/c99-printf-1.c (test for excess errors)
FAIL: gcc.dg/format/c99-printf-1.c (test for excess errors)
FAIL: gcc.dg/format/diag-1.c (test for excess errors)
FAIL: gcc.dg/format/diag-1.c (test for excess errors)
FAIL: gcc.dg/format/ext-1.c (test for excess errors)
FAIL: gcc.dg/format/ext-1.c (test for excess errors)
FAIL: gcc.dg/format/gcc_diag-1.c (test for excess errors)
FAIL: gcc.dg/format/gcc_diag-1.c (test for excess errors)
FAIL: gcc.dg/format/strfmon-1.c (test for excess errors)
FAIL: gcc.dg/format/strfmon-1.c (test for excess errors)
FAIL: gcc.dg/format/xopen-1.c (test for excess errors)
FAIL: gcc.dg/format/xopen-1.c (test for excess errors)
FAIL: gcc.dg/pch/inline-3.c (test for excess errors)
FAIL: gcc.dg/pch/inline-3.c (test for excess errors)
FAIL: gcc.dg/pch/inline-3.c (test for excess errors)
FAIL: gcc.dg/pch/inline-3.c (test for excess errors)
FAIL: gcc.dg/torture/builtin-attr-1.c (test for excess errors)
FAIL: gcc.dg/torture/builtin-math-1.c (test for excess errors)
WARNING: program timed out.
FAIL: gcc.misc-tests/gcov-9.c execution test
WARNING: program timed out.
FAIL: linkage.c
WARNING: program timed out.
FAIL: gcc.misc-tests/mg.c
=== gcc Summary for unix ===
# of expected passes 22391
# of unexpected failures 990
# of unexpected successes 6
# of expected failures 80
# of unresolved testcases 485
# of untested testcases 7
# of unsupported tests 233
=== gcc Summary ===
# of expected passes 45611
# of unexpected failures 1456
# of unexpected successes 17
# of expected failures 160
# of unresolved testcases 660
# of untested testcases 14
# of unsupported tests 466
WARNING: program timed out.
=== g++ tests ===
Running target unix/-m32
FAIL: g++.dg/eh/cleanup1.C (test for excess errors)
FAIL: g++.dg/eh/registers1.C (test for excess errors)
FAIL: g++.dg/eh/simd-1.C (test for excess errors)
WARNING: g++.dg/eh/simd-1.C compilation failed to produce executable
FAIL: g++.dg/eh/simd-2.C (test for excess errors)
WARNING: g++.dg/eh/simd-2.C compilation failed to produce executable
XPASS: g++.dg/ext/lvalue1.C not an lvalue (test for errors, line 7)
FAIL: g++.dg/ext/pretty1.C scan-assembler top level
FAIL: g++.dg/ext/pretty2.C (test for excess errors)
WARNING: g++.dg/ext/pretty2.C compilation failed to produce executable
FAIL: g++.dg/opt/conj2.C (test for excess errors)
FAIL: g++.dg/opt/reg-stack.C (test for excess errors)
FAIL: g++.dg/other/anon-union.C (test for excess errors)
FAIL: g++.dg/parse/crash10.C (test for errors, line 14)
FAIL: g++.dg/template/local2.C (test for excess errors)
FAIL: g++.dg/template/operator1.C (test for excess errors)
XPASS: g++.dg/warn/Wunused-2.C (test for warnings, line 5)
FAIL: g++.old-deja/g++.brendan/code-gen6.C (test for excess errors)
FAIL: g++.old-deja/g++.brendan/complex1.C (test for excess errors)
FAIL: g++.old-deja/g++.brendan/overload7.C (test for excess errors)
FAIL: g++.old-deja/g++.jason/overload22.C (test for excess errors)
FAIL: g++.old-deja/g++.law/code-gen5.C (test for excess errors)
WARNING: g++.old-deja/g++.mike/p10769a.C compilation failed to produce executable
FAIL: g++.old-deja/g++.mike/p991.C (test for excess errors)
FAIL: g++.old-deja/g++.mike/warn5.C (test for excess errors)
WARNING: g++.old-deja/g++.other/enum5.C compilation failed to produce executable
XPASS: g++.old-deja/g++.other/init5.C execution test
FAIL: g++.old-deja/g++.pt/crash68.C (test for excess errors)
FAIL: g++.old-deja/g++.pt/expr1.C (test for excess errors)
WARNING: g++.old-deja/g++.pt/friend44.C compilation failed to produce executable
FAIL: g++.old-deja/g++.pt/recursion.C (test for excess errors)
FAIL: g++.old-deja/g++.pt/t21.C (test for excess errors)
FAIL: g++.old-deja/g++.pt/t29.C (test for excess errors)
FAIL: g++.old-deja/g++.pt/t30.C (test for excess errors)
FAIL: g++.old-deja/g++.pt/tiemann2.C (test for excess errors)
FAIL: g++.old-deja/g++.robertl/eb120.C (test for excess errors)
FAIL: g++.old-deja/g++.robertl/eb127.C (test for excess errors)
=== g++ Summary for unix/-m32 ===
# of expected passes 8973
# of unexpected failures 28
# of unexpected successes 3
# of expected failures 59
# of unsupported tests 59
Running target unix
FAIL: g++.dg/eh/cleanup1.C (test for excess errors)
FAIL: g++.dg/eh/registers1.C (test for excess errors)
FAIL: g++.dg/ext/attrib8.C (test for excess errors)
FAIL: g++.dg/ext/fnname1.C (test for excess errors)
FAIL: g++.dg/ext/instantiate1.C (test for excess errors)
XPASS: g++.dg/ext/lvalue1.C not an lvalue (test for errors, line 7)
FAIL: g++.dg/ext/pretty1.C (test for excess errors)
FAIL: g++.dg/ext/pretty1.C scan-assembler top level
FAIL: g++.dg/ext/pretty2.C (test for excess errors)
WARNING: g++.dg/ext/pretty2.C compilation failed to produce executable
FAIL: g++.dg/lookup/two-stage1.C (test for excess errors)
FAIL: g++.dg/opt/alias1.C (test for excess errors)
FAIL: g++.dg/opt/conj1.C (test for excess errors)
FAIL: g++.dg/opt/conj2.C (test for excess errors)
FAIL: g++.dg/opt/reg-stack.C (test for excess errors)
FAIL: g++.dg/opt/reg-stack2.C (test for excess errors)
FAIL: g++.dg/opt/unroll1.C (test for excess errors)
FAIL: g++.dg/other/anon-union.C (test for excess errors)
FAIL: g++.dg/parse/crash10.C (test for errors, line 14)
FAIL: g++.dg/parse/expr2.C (test for excess errors)
FAIL: g++.dg/parse/parens2.C (test for excess errors)
FAIL: g++.dg/parse/parse7.C (test for excess errors)
FAIL: g++.dg/template/conv3.C (test for excess errors)
FAIL: g++.dg/template/explicit-instantiation3.C (test for excess errors)
FAIL: g++.dg/template/friend23.C (test for excess errors)
FAIL: g++.dg/template/local2.C (test for excess errors)
FAIL: g++.dg/template/operator1.C (test for excess errors)
FAIL: g++.dg/template/template-id-1.C (test for excess errors)
XPASS: g++.dg/warn/Wunused-2.C (test for warnings, line 5)
FAIL: g++.dg/warn/oldcast1.C (test for excess errors)
FAIL: g++.old-deja/g++.brendan/code-gen6.C (test for excess errors)
FAIL: g++.old-deja/g++.brendan/complex1.C (test for excess errors)
FAIL: g++.old-deja/g++.brendan/crash20.C (test for excess errors)
FAIL: g++.old-deja/g++.brendan/nest21.C (test for excess errors)
FAIL: g++.old-deja/g++.brendan/overload7.C (test for excess errors)
FAIL: g++.old-deja/g++.brendan/overload8.C (test for excess errors)
FAIL: g++.old-deja/g++.brendan/template23.C (test for excess errors)
FAIL: g++.old-deja/g++.brendan/template25.C (test for excess errors)
FAIL: g++.old-deja/g++.brendan/union1.C (test for excess errors)
FAIL: g++.old-deja/g++.bugs/900511_01.C (test for excess errors)
FAIL: g++.old-deja/g++.eh/crash3.C (test for excess errors)
FAIL: g++.old-deja/g++.jason/loverload3.C (test for excess errors)
FAIL: g++.old-deja/g++.jason/overload15.C (test for excess errors)
FAIL: g++.old-deja/g++.jason/overload22.C (test for excess errors)
FAIL: g++.old-deja/g++.jason/template16.C (test for excess errors)
FAIL: g++.old-deja/g++.law/arg5.C (test for excess errors)
FAIL: g++.old-deja/g++.law/code-gen5.C (test for excess errors)
FAIL: g++.old-deja/g++.law/ctors12.C (test for excess errors)
FAIL: g++.old-deja/g++.law/ctors6.C (test for excess errors)
FAIL: g++.old-deja/g++.law/cvt12.C (test for excess errors)
FAIL: g++.old-deja/g++.mike/bool2.C (test for excess errors)
FAIL: g++.old-deja/g++.mike/net16.C (test for excess errors)
WARNING: g++.old-deja/g++.mike/p10769a.C compilation failed to produce executable
FAIL: g++.old-deja/g++.mike/p6611.C (test for excess errors)
FAIL: g++.old-deja/g++.mike/p7651.C (test for excess errors)
FAIL: g++.old-deja/g++.mike/p991.C (test for excess errors)
FAIL: g++.old-deja/g++.mike/pt1.C (test for excess errors)
FAIL: g++.old-deja/g++.mike/warn5.C (test for excess errors)
FAIL: g++.old-deja/g++.other/cond4.C (test for excess errors)
FAIL: g++.old-deja/g++.other/crash34.C (test for excess errors)
FAIL: g++.old-deja/g++.other/ctor1.C (test for excess errors)
FAIL: g++.old-deja/g++.other/debug9.C (test for excess errors)
WARNING: g++.old-deja/g++.other/enum5.C compilation failed to produce executable
XPASS: g++.old-deja/g++.other/init5.C execution test
FAIL: g++.old-deja/g++.other/unchanging1.C (test for excess errors)
FAIL: g++.old-deja/g++.other/using6.C (test for excess errors)
FAIL: g++.old-deja/g++.pt/alignof.C (test for excess errors)
FAIL: g++.old-deja/g++.pt/crash52.C (test for excess errors)
FAIL: g++.old-deja/g++.pt/crash68.C (test for excess errors)
FAIL: g++.old-deja/g++.pt/explicit31.C (test for excess errors)
FAIL: g++.old-deja/g++.pt/explicit8.C (test for excess errors)
FAIL: g++.old-deja/g++.pt/expr1.C (test for excess errors)
FAIL: g++.old-deja/g++.pt/friend10.C (test for excess errors)
FAIL: g++.old-deja/g++.pt/friend12.C (test for excess errors)
FAIL: g++.old-deja/g++.pt/friend13.C (test for excess errors)
WARNING: g++.old-deja/g++.pt/friend44.C compilation failed to produce executable
FAIL: g++.old-deja/g++.pt/friend6.C (test for excess errors)
FAIL: g++.old-deja/g++.pt/instantiate11.C (test for excess errors)
FAIL: g++.old-deja/g++.pt/memclass9.C (test for excess errors)
FAIL: g++.old-deja/g++.pt/memtemp65.C (test for excess errors)
FAIL: g++.old-deja/g++.pt/overload8.C (test for excess errors)
FAIL: g++.old-deja/g++.pt/recursion.C (test for excess errors)
FAIL: g++.old-deja/g++.pt/spec1.C (test for excess errors)
FAIL: g++.old-deja/g++.pt/spec15.C (test for excess errors)
FAIL: g++.old-deja/g++.pt/stmtexpr2.C (test for excess errors)
FAIL: g++.old-deja/g++.pt/t16.C (test for excess errors)
FAIL: g++.old-deja/g++.pt/t20.C (test for excess errors)
FAIL: g++.old-deja/g++.pt/t21.C (test for excess errors)
FAIL: g++.old-deja/g++.pt/t26.C (test for excess errors)
FAIL: g++.old-deja/g++.pt/t27.C (test for excess errors)
FAIL: g++.old-deja/g++.pt/t28.C (test for excess errors)
FAIL: g++.old-deja/g++.pt/t29.C (test for excess errors)
FAIL: g++.old-deja/g++.pt/t30.C (test for excess errors)
FAIL: g++.old-deja/g++.pt/tiemann2.C (test for excess errors)
FAIL: g++.old-deja/g++.pt/vaarg2.C (test for excess errors)
FAIL: g++.old-deja/g++.robertl/eb120.C (test for excess errors)
FAIL: g++.old-deja/g++.robertl/eb127.C (test for excess errors)
FAIL: g++.old-deja/g++.robertl/eb132.C (test for excess errors)
FAIL: g++.old-deja/g++.robertl/eb61.C (test for excess errors)
FAIL: g++.old-deja/g++.robertl/eb65.C (test for excess errors)
=== g++ Summary for unix ===
# of expected passes 8910
# of unexpected failures 93
# of unexpected successes 3
# of expected failures 59
# of unsupported tests 59
=== g++ Summary ===
# of expected passes 17883
# of unexpected failures 121
# of unexpected successes 6
# of expected failures 118
# of unsupported tests 118
/builds/gcc/misc/gcc/testsuite/../g++ version 3.4 20031009 (experimental) (new RA)
=== objc tests ===
Running target unix/-m32
ERROR: tcl error sourcing /cvs/gcc-new-regalloc-branch/gcc/testsuite/objc.dg/dg.exp.
ERROR: bad option "-[Base translateOriginToPoint:] pass: 1 Web 1 class GENERAL_REGS insn class FLOAT_REGS
=== objc Summary for unix/-m32 ===
# of expected passes 1043
# of unsupported tests 1
Running target unix
FAIL: objc.dg/call-super-1.m (test for excess errors)
FAIL: objc.dg/call-super-2.m (test for excess errors)
FAIL: objc.dg/desig-init-1.m (test for excess errors)
ERROR: tcl error sourcing /cvs/gcc-new-regalloc-branch/gcc/testsuite/objc.dg/dg.exp.
ERROR: bad option "-[Foo setRect:withInt:] pass: 1 Web 1 class GENERAL_REGS insn class SSE_REGS
=== objc Summary for unix ===
# of expected passes 1174
# of unexpected failures 3
# of unsupported tests 3
=== objc Summary ===
# of expected passes 2217
# of unexpected failures 3
# of unsupported tests 4
/builds/gcc/misc/gcc/xgcc version 3.4 20031009 (experimental) (new RA)
=== libffi tests ===
Running target unix/-m32
FAIL: libffi.call/cls_16byte.c (test for excess errors)
FAIL: libffi.call/cls_1_1byte.c execution test
FAIL: libffi.call/cls_20byte.c (test for excess errors)
FAIL: libffi.call/cls_24byte.c (test for excess errors)
FAIL: libffi.call/cls_2byte.c execution test
FAIL: libffi.call/cls_3_1byte.c execution test
FAIL: libffi.call/cls_5byte.c execution test
FAIL: libffi.call/cls_6byte.c execution test
FAIL: libffi.call/cls_8byte.c (test for excess errors)
FAIL: libffi.call/cls_ulonglong.c execution test
FAIL: libffi.call/float.c (test for excess errors)
FAIL: libffi.call/float1.c (test for excess errors)
FAIL: libffi.call/float2.c (test for excess errors)
FAIL: libffi.call/many.c (test for excess errors)
FAIL: libffi.call/nested_struct.c (test for excess errors)
FAIL: libffi.call/nested_struct1.c (test for excess errors)
FAIL: libffi.call/problem1.c (test for excess errors)
FAIL: libffi.call/struct1.c (test for excess errors)
FAIL: libffi.call/struct2.c (test for excess errors)
FAIL: libffi.call/struct6.c (test for excess errors)
FAIL: libffi.call/struct7.c (test for excess errors)
FAIL: libffi.call/struct8.c (test for excess errors)
FAIL: libffi.call/struct9.c (test for excess errors)
=== libffi Summary for unix/-m32 ===
# of expected passes 96
# of unexpected failures 23
# of unsupported tests 2
Running target unix
FAIL: libffi.call/closure_fn0.c (test for excess errors)
FAIL: libffi.call/closure_fn0.c execution test
FAIL: libffi.call/closure_fn1.c (test for excess errors)
FAIL: libffi.call/closure_fn1.c execution test
FAIL: libffi.call/closure_fn2.c (test for excess errors)
FAIL: libffi.call/closure_fn2.c execution test
FAIL: libffi.call/closure_fn3.c (test for excess errors)
FAIL: libffi.call/closure_fn3.c execution test
FAIL: libffi.call/cls_12byte.c execution test
FAIL: libffi.call/cls_16byte.c (test for excess errors)
FAIL: libffi.call/cls_16byte.c execution test
FAIL: libffi.call/cls_1_1byte.c execution test
FAIL: libffi.call/cls_20byte.c (test for excess errors)
FAIL: libffi.call/cls_20byte.c execution test
FAIL: libffi.call/cls_24byte.c (test for excess errors)
FAIL: libffi.call/cls_24byte.c execution test
FAIL: libffi.call/cls_2byte.c execution test
FAIL: libffi.call/cls_3_1byte.c execution test
FAIL: libffi.call/cls_3byte1.c execution test
FAIL: libffi.call/cls_3byte2.c execution test
FAIL: libffi.call/cls_4_1byte.c execution test
FAIL: libffi.call/cls_4byte.c execution test
FAIL: libffi.call/cls_5byte.c execution test
FAIL: libffi.call/cls_6byte.c execution test
FAIL: libffi.call/cls_7byte.c execution test
FAIL: libffi.call/cls_8byte.c (test for excess errors)
FAIL: libffi.call/cls_8byte.c execution test
FAIL: libffi.call/cls_double.c (test for excess errors)
FAIL: libffi.call/cls_double.c execution test
FAIL: libffi.call/cls_float.c execution test
FAIL: libffi.call/cls_uchar.c execution test
FAIL: libffi.call/cls_uint.c execution test
FAIL: libffi.call/cls_ulonglong.c execution test
FAIL: libffi.call/cls_ushort.c execution test
FAIL: libffi.call/float.c (test for excess errors)
FAIL: libffi.call/float1.c (test for excess errors)
FAIL: libffi.call/float2.c (test for excess errors)
FAIL: libffi.call/many.c (test for excess errors)
FAIL: libffi.call/nested_struct.c (test for excess errors)
FAIL: libffi.call/nested_struct.c execution test
FAIL: libffi.call/nested_struct1.c (test for excess errors)
FAIL: libffi.call/nested_struct1.c execution test
FAIL: libffi.call/problem1.c (test for excess errors)
FAIL: libffi.call/problem1.c execution test
FAIL: libffi.call/pyobjc-tc.c (test for excess errors)
FAIL: libffi.call/pyobjc-tc.c execution test
FAIL: libffi.call/struct1.c (test for excess errors)
FAIL: libffi.call/struct2.c (test for excess errors)
FAIL: libffi.call/struct6.c (test for excess errors)
FAIL: libffi.call/struct7.c (test for excess errors)
FAIL: libffi.call/struct8.c (test for excess errors)
FAIL: libffi.call/struct9.c (test for excess errors)
FAIL: libffi.special/unwindtest.cc (test for excess errors)
=== libffi Summary for unix ===
# of expected passes 44
# of unexpected failures 53
# of unsupported tests 2
=== libffi Summary ===
# of expected passes 140
# of unexpected failures 76
# of unsupported tests 4
=== libjava tests ===
Running target unix/-m32
FAIL: OperatorBenchmark compilation from source
FAIL: OperatorBenchmark compilation from bytecode
FAIL: OperatorBenchmark -O3 compilation from source
FAIL: T20020604 compilation from source
FAIL: T20020604 compilation from bytecode
FAIL: T20020604 -O3 compilation from source
FAIL: T20020604 -O3 compilation from bytecode
FAIL: CompareNaN compilation from bytecode
FAIL: MathBuiltin compilation from source
FAIL: MathBuiltin -O3 compilation from source
FAIL: MathBuiltin -O3 compilation from bytecode
FAIL: PR3096 compilation from source
FAIL: PR3096 compilation from bytecode
FAIL: PR3096 -O3 compilation from source
FAIL: PR3096 -O3 compilation from bytecode
FAIL: Thread_Monitor -O3 compilation from bytecode
FAIL: Throw_2 execution - source compiled test
FAIL: Throw_2 execution - gij test
FAIL: Throw_2 execution - bytecode->native test
FAIL: Throw_2 -O3 execution - source compiled test
FAIL: Throw_2 execution - gij test
FAIL: Throw_2 -O3 execution - bytecode->native test
FAIL: err12 compilation from bytecode
FAIL: err4 compilation from source
FAIL: err4 compilation from bytecode
FAIL: err4 -O3 compilation from bytecode
=== libjava Summary for unix/-m32 ===
# of expected passes 3057
# of unexpected failures 26
# of expected failures 10
# of untested testcases 40
Running target unix
FAIL: OperatorBenchmark compilation from source
FAIL: OperatorBenchmark compilation from bytecode
FAIL: OperatorBenchmark -O3 compilation from source
FAIL: OperatorBenchmark -O3 compilation from bytecode
FAIL: T20020604 compilation from source
FAIL: T20020604 compilation from bytecode
FAIL: T20020604 -O3 compilation from source
FAIL: final_initialization_in_ctor -O3 compilation from source
FAIL: final_initialization_in_ctor -O3 compilation from bytecode
FAIL: perc compilation from source
FAIL: perc compilation from bytecode
FAIL: zeroexp compilation from source
FAIL: zeroexp compilation from bytecode
FAIL: zeroexp -O3 compilation from source
FAIL: zeroexp -O3 compilation from bytecode
FAIL: calls.c compilation
FAIL: Array_3 -O3 execution - source compiled test
FAIL: CompareNaN compilation from bytecode
FAIL: InvokeReturn compilation from source
FAIL: InvokeReturn compilation from bytecode
FAIL: MathBuiltin compilation from source
FAIL: MathBuiltin compilation from bytecode
FAIL: MathBuiltin -O3 compilation from source
FAIL: Matrix4f -O3 compilation from source
FAIL: Matrix4f -O3 compilation from bytecode
FAIL: PR141 compilation from source
FAIL: PR141 compilation from bytecode
FAIL: PR160 compilation from source
FAIL: PR160 compilation from bytecode
FAIL: PR160 -O3 compilation from source
FAIL: PR3096 compilation from source
FAIL: PR3096 compilation from bytecode
FAIL: PR3096 -O3 compilation from source
FAIL: PR3096 -O3 compilation from bytecode
FAIL: TLtest compilation from source
FAIL: TLtest compilation from bytecode
FAIL: Throw_2 compilation from source
FAIL: Throw_2 compilation from bytecode
FAIL: err12 compilation from source
FAIL: err12 compilation from bytecode
FAIL: err4 compilation from source
FAIL: err4 compilation from bytecode
FAIL: negzero compilation from source
FAIL: negzero compilation from bytecode
=== libjava Summary for unix ===
# of expected passes 3014
# of unexpected failures 44
# of expected failures 10
# of untested testcases 63
=== libjava Summary ===
# of expected passes 6071
# of unexpected failures 70
# of expected failures 20
# of untested testcases 103
=== libstdc++-v3 check-abi Summary ===
# of added symbols: 135
# of missing symbols: 198
# of incompatible symbols: 202
=== libstdc++ tests ===
Running target unix/-m32
FAIL: 22_locale/codecvt/in/wchar_t/2.cc execution test
FAIL: 22_locale/codecvt/in/wchar_t/3.cc execution test
FAIL: 22_locale/codecvt/length/wchar_t/2.cc execution test
FAIL: 22_locale/codecvt/length/wchar_t/3.cc execution test
FAIL: 22_locale/codecvt/out/wchar_t/2.cc execution test
FAIL: 22_locale/codecvt/out/wchar_t/3.cc execution test
FAIL: 22_locale/codecvt/unicode/1.cc execution test
FAIL: 22_locale/codecvt/unicode/char.cc execution test
FAIL: 22_locale/ctype/widen/wchar_t/2.cc execution test
FAIL: 22_locale/locale/cons/12352.cc execution test
FAIL: 22_locale/locale/cons/12438.cc execution test
FAIL: 22_locale/messages/members/char/1.cc execution test
FAIL: 22_locale/messages/members/char/2.cc execution test
FAIL: 22_locale/messages/members/char/wrapped_env.cc execution test
FAIL: 22_locale/messages_byname/1.cc execution test
FAIL: 22_locale/money_get/get/char/1.cc (test for excess errors)
WARNING: 22_locale/money_get/get/char/1.cc compilation failed to produce executable
FAIL: 22_locale/money_get/get/char/2.cc (test for excess errors)
WARNING: 22_locale/money_get/get/char/2.cc compilation failed to produce executable
FAIL: 22_locale/money_get/get/char/5.cc (test for excess errors)
WARNING: 22_locale/money_get/get/char/5.cc compilation failed to produce executable
FAIL: 22_locale/money_get/get/char/wrapped_env.cc (test for excess errors)
WARNING: 22_locale/money_get/get/char/wrapped_env.cc compilation failed to produce executable
FAIL: 22_locale/money_get/get/char/wrapped_locale.cc (test for excess errors)
WARNING: 22_locale/money_get/get/char/wrapped_locale.cc compilation failed to produce executable
FAIL: 22_locale/money_get/get/wchar_t/1.cc (test for excess errors)
WARNING: 22_locale/money_get/get/wchar_t/1.cc compilation failed to produce executable
FAIL: 22_locale/money_get/get/wchar_t/2.cc (test for excess errors)
WARNING: 22_locale/money_get/get/wchar_t/2.cc compilation failed to produce executable
FAIL: 22_locale/money_get/get/wchar_t/5.cc (test for excess errors)
WARNING: 22_locale/money_get/get/wchar_t/5.cc compilation failed to produce executable
FAIL: 22_locale/money_get/get/wchar_t/7.cc (test for excess errors)
WARNING: 22_locale/money_get/get/wchar_t/7.cc compilation failed to produce executable
FAIL: 22_locale/money_get/get/wchar_t/wrapped_env.cc (test for excess errors)
WARNING: 22_locale/money_get/get/wchar_t/wrapped_env.cc compilation failed to produce executable
FAIL: 22_locale/money_get/get/wchar_t/wrapped_locale.cc (test for excess errors)
WARNING: 22_locale/money_get/get/wchar_t/wrapped_locale.cc compilation failed to produce executable
FAIL: 22_locale/money_put/put/wchar_t/1.cc execution test
FAIL: 22_locale/money_put/put/wchar_t/3.cc execution test
FAIL: 22_locale/money_put/put/wchar_t/wrapped_env.cc execution test
FAIL: 22_locale/time_get/get_date/char/3.cc (test for excess errors)
WARNING: 22_locale/time_get/get_date/char/3.cc compilation failed to produce executable
FAIL: 22_locale/time_get/get_date/char/wrapped_env.cc (test for excess errors)
WARNING: 22_locale/time_get/get_date/char/wrapped_env.cc compilation failed to produce executable
FAIL: 22_locale/time_get/get_date/char/wrapped_locale.cc (test for excess errors)
WARNING: 22_locale/time_get/get_date/char/wrapped_locale.cc compilation failed to produce executable
FAIL: 22_locale/time_get/get_date/wchar_t/3.cc (test for excess errors)
WARNING: 22_locale/time_get/get_date/wchar_t/3.cc compilation failed to produce executable
FAIL: 22_locale/time_get/get_date/wchar_t/wrapped_env.cc (test for excess errors)
WARNING: 22_locale/time_get/get_date/wchar_t/wrapped_env.cc compilation failed to produce executable
FAIL: 22_locale/time_get/get_date/wchar_t/wrapped_locale.cc (test for excess errors)
WARNING: 22_locale/time_get/get_date/wchar_t/wrapped_locale.cc compilation failed to produce executable
FAIL: 22_locale/time_get/get_monthname/char/3.cc (test for excess errors)
WARNING: 22_locale/time_get/get_monthname/char/3.cc compilation failed to produce executable
FAIL: 22_locale/time_get/get_monthname/char/wrapped_env.cc (test for excess errors)
WARNING: 22_locale/time_get/get_monthname/char/wrapped_env.cc compilation failed to produce executable
FAIL: 22_locale/time_get/get_monthname/char/wrapped_locale.cc (test for excess errors)
WARNING: 22_locale/time_get/get_monthname/char/wrapped_locale.cc compilation failed to produce executable
FAIL: 22_locale/time_get/get_monthname/wchar_t/3.cc (test for excess errors)
WARNING: 22_locale/time_get/get_monthname/wchar_t/3.cc compilation failed to produce executable
FAIL: 22_locale/time_get/get_monthname/wchar_t/wrapped_env.cc (test for excess errors)
WARNING: 22_locale/time_get/get_monthname/wchar_t/wrapped_env.cc compilation failed to produce executable
FAIL: 22_locale/time_get/get_monthname/wchar_t/wrapped_locale.cc (test for excess errors)
WARNING: 22_locale/time_get/get_monthname/wchar_t/wrapped_locale.cc compilation failed to produce executable
FAIL: 22_locale/time_get/get_time/char/3.cc (test for excess errors)
WARNING: 22_locale/time_get/get_time/char/3.cc compilation failed to produce executable
FAIL: 22_locale/time_get/get_time/char/wrapped_env.cc (test for excess errors)
WARNING: 22_locale/time_get/get_time/char/wrapped_env.cc compilation failed to produce executable
FAIL: 22_locale/time_get/get_time/char/wrapped_locale.cc (test for excess errors)
WARNING: 22_locale/time_get/get_time/char/wrapped_locale.cc compilation failed to produce executable
FAIL: 22_locale/time_get/get_time/wchar_t/3.cc (test for excess errors)
WARNING: 22_locale/time_get/get_time/wchar_t/3.cc compilation failed to produce executable
FAIL: 22_locale/time_get/get_time/wchar_t/wrapped_env.cc (test for excess errors)
WARNING: 22_locale/time_get/get_time/wchar_t/wrapped_env.cc compilation failed to produce executable
FAIL: 22_locale/time_get/get_time/wchar_t/wrapped_locale.cc (test for excess errors)
WARNING: 22_locale/time_get/get_time/wchar_t/wrapped_locale.cc compilation failed to produce executable
FAIL: 22_locale/time_get/get_weekday/char/3.cc (test for excess errors)
WARNING: 22_locale/time_get/get_weekday/char/3.cc compilation failed to produce executable
FAIL: 22_locale/time_get/get_weekday/char/wrapped_env.cc (test for excess errors)
WARNING: 22_locale/time_get/get_weekday/char/wrapped_env.cc compilation failed to produce executable
FAIL: 22_locale/time_get/get_weekday/char/wrapped_locale.cc (test for excess errors)
WARNING: 22_locale/time_get/get_weekday/char/wrapped_locale.cc compilation failed to produce executable
FAIL: 22_locale/time_get/get_weekday/wchar_t/3.cc (test for excess errors)
WARNING: 22_locale/time_get/get_weekday/wchar_t/3.cc compilation failed to produce executable
FAIL: 22_locale/time_get/get_weekday/wchar_t/wrapped_env.cc (test for excess errors)
WARNING: 22_locale/time_get/get_weekday/wchar_t/wrapped_env.cc compilation failed to produce executable
FAIL: 22_locale/time_get/get_weekday/wchar_t/wrapped_locale.cc (test for excess errors)
WARNING: 22_locale/time_get/get_weekday/wchar_t/wrapped_locale.cc compilation failed to produce executable
FAIL: 22_locale/time_get/get_year/char/3.cc (test for excess errors)
WARNING: 22_locale/time_get/get_year/char/3.cc compilation failed to produce executable
FAIL: 22_locale/time_get/get_year/char/wrapped_env.cc (test for excess errors)
WARNING: 22_locale/time_get/get_year/char/wrapped_env.cc compilation failed to produce executable
FAIL: 22_locale/time_get/get_year/char/wrapped_locale.cc (test for excess errors)
WARNING: 22_locale/time_get/get_year/char/wrapped_locale.cc compilation failed to produce executable
FAIL: 22_locale/time_get/get_year/wchar_t/3.cc (test for excess errors)
WARNING: 22_locale/time_get/get_year/wchar_t/3.cc compilation failed to produce executable
FAIL: 22_locale/time_get/get_year/wchar_t/wrapped_env.cc (test for excess errors)
WARNING: 22_locale/time_get/get_year/wchar_t/wrapped_env.cc compilation failed to produce executable
FAIL: 22_locale/time_get/get_year/wchar_t/wrapped_locale.cc (test for excess errors)
WARNING: 22_locale/time_get/get_year/wchar_t/wrapped_locale.cc compilation failed to produce executable
XPASS: 26_numerics/c99_classification_macros_c.cc (test for excess errors)
FAIL: 26_numerics/complex_value.cc (test for excess errors)
FAIL: 26_numerics/valarray.cc (test for excess errors)
FAIL: 27_io/basic_filebuf/underflow/wchar_t/9520.cc execution test
FAIL: 27_io/objects/wchar_t/9520.cc execution test
=== libstdc++ Summary for unix/-m32 ===
# of expected passes 2044
# of unexpected failures 63
# of unexpected successes 1
# of expected failures 11
Running target unix
FAIL: 18_support/numeric_limits.cc (test for excess errors)
FAIL: 20_util/pairs.cc (test for excess errors)
FAIL: 22_locale/locale/cons/12352.cc execution test
FAIL: 22_locale/locale/cons/12438.cc execution test
FAIL: 22_locale/messages/members/char/1.cc execution test
FAIL: 22_locale/messages/members/char/2.cc execution test
FAIL: 22_locale/messages/members/char/wrapped_env.cc execution test
FAIL: 22_locale/messages/members/char/wrapped_locale.cc execution test
FAIL: 22_locale/messages_byname/1.cc execution test
FAIL: 22_locale/num_get/get/char/6.cc (test for excess errors)
FAIL: 22_locale/num_get/get/char/wrapped_env.cc (test for excess errors)
FAIL: 22_locale/num_get/get/char/wrapped_locale.cc (test for excess errors)
FAIL: 22_locale/num_get/get/wchar_t/6.cc (test for excess errors)
FAIL: 22_locale/num_get/get/wchar_t/wrapped_env.cc (test for excess errors)
FAIL: 22_locale/num_get/get/wchar_t/wrapped_locale.cc (test for excess errors)
FAIL: 22_locale/num_put/put/char/1.cc (test for excess errors)
FAIL: 22_locale/num_put/put/char/6.cc (test for excess errors)
FAIL: 22_locale/num_put/put/char/wrapped_env.cc (test for excess errors)
FAIL: 22_locale/num_put/put/char/wrapped_locale.cc (test for excess errors)
FAIL: 22_locale/num_put/put/wchar_t/1.cc (test for excess errors)
FAIL: 22_locale/num_put/put/wchar_t/6.cc (test for excess errors)
FAIL: 22_locale/num_put/put/wchar_t/wrapped_env.cc (test for excess errors)
FAIL: 22_locale/num_put/put/wchar_t/wrapped_locale.cc (test for excess errors)
FAIL: 25_algorithms/min_max.cc (test for excess errors)
FAIL: 26_numerics/binary_closure.cc (test for excess errors)
FAIL: 26_numerics/c99_classification_macros_c++.cc (test for excess errors)
XPASS: 26_numerics/c99_classification_macros_c.cc (test for excess errors)
FAIL: 26_numerics/c_math.cc (test for excess errors)
FAIL: 26_numerics/complex_inserters_extractors.cc (test for excess errors)
FAIL: 26_numerics/complex_value.cc (test for excess errors)
FAIL: 26_numerics/fabs_inline.cc (test for excess errors)
FAIL: 27_io/basic_istream/extractors_arithmetic/char/01.cc (test for excess errors)
FAIL: 27_io/basic_istream/extractors_arithmetic/char/07.cc (test for excess errors)
FAIL: 27_io/basic_istream/extractors_arithmetic/char/09.cc (test for excess errors)
FAIL: 27_io/basic_istream/extractors_arithmetic/char/10.cc (test for excess errors)
FAIL: 27_io/basic_istream/extractors_arithmetic/char/13.cc (test for excess errors)
FAIL: 27_io/basic_istream/extractors_arithmetic/char/9555-ia.cc (test for excess errors)
FAIL: 27_io/basic_ostream/inserters_arithmetic/char/2.cc (test for excess errors)
FAIL: 27_io/basic_ostream/inserters_arithmetic/char/4402.cc (test for excess errors)
FAIL: 27_io/basic_ostream/inserters_arithmetic/char/5.cc (test for excess errors)
FAIL: 27_io/basic_ostream/inserters_arithmetic/char/6.cc (test for excess errors)
FAIL: 27_io/basic_ostream/inserters_arithmetic/char/9555-oa.cc (test for excess errors)
=== libstdc++ Summary for unix ===
# of expected passes 2107
# of unexpected failures 41
# of unexpected successes 1
# of expected failures 11
=== libstdc++ Summary ===
# of expected passes 4151
# of unexpected failures 104
# of unexpected successes 2
# of expected failures 22
Compiler version: 3.4 20031009 (experimental) (new RA)
Platform: x86_64-suse-linux-gnu
configure flags: --prefix=/opt/gcc/new-regalloc --disable-nls --enable-threads=posix --enable-clocale=gnu --enable-__cxa_atexit --enable-shared --enable-languages=c,c++,ada,java,f77,objc --with-system-zlib x86_64-suse-linux-gnu
Version of binutils: GNU ld version 2.15.90.0.1.1 20040303 (SuSE Linux)
Version of glibc (/lib/libc.so.6): 2.3.3 (20040405)
Version of glibc (/lib64/libc.so.6): 2.3.3 (20040325)